207.46.13.102 - - [29/Mar/2026:13:53:17 +0000] "GET /?u=7097447708900&channel=29a13e&from=pin.php%3Fid%3D477089-1811%26name%3D%E3%82%AA%E3%83%BC%E3%83%88%E3%83%90%E3%82%A4+CNC+%E3%83%9A%E3%83%80%E3%83%AB%E3%83%90%E3%83%83%E3%82%AF%E3%82%B9%E3%83%86%E3%83%83%E3%83%97%E8%AA%BF%E6%95%B4%E5%8F%AF%E8%83%BD%E3%81%AA%E4%BD%8D%E7%BD%AE%E3%83%AA%E3%82%A2%E3%82%BB%E3%83%83%E3%83%88%E3%83%95%E3%83%83%E3%83%88%E3%83%AC%E3%82%B9%E3%83%88%E3%83%95%E3%83%83%E3%83%88%E3%83%9A%E3%82%B0+Kawasaki+Z1000+ABS+201 HTTP/1.1" 200 210066 "-" "Mozilla/5.0 AppleWebKit/537.36 (KHTML, like Gecko; compatible; bingbot/2.0; +http://www.bing.com/bingbot.htm) Chrome/116.0.1938.76 Safari/537.36"
216.73.216.217 - - [29/Mar/2026:13:53:17 +0000] "GET /shop/dicotyledon/basilica004248094621.shtm HTTP/1.1" 404 38901 "https://sunra.be/shop/dicotyledon/basilica004248094621.shtm" "Mozilla/5.0 AppleWebKit/537.36 (KHTML, like Gecko; compatible; ClaudeBot/1.0; +claudebot@anthropic.com)"
109.138.142.133 - - [29/Mar/2026:13:53:23 +0000] "GET / HTTP/1.1" 301 - "https://www.google.com/" "Mozilla/5.0 (iPhone; CPU iPhone OS 26_3_1 like Mac OS X) AppleWebKit/605.1.15 (KHTML, like Gecko) GSA/413.1.887139264 Mobile/15E148 Safari/604.1"
74.105.67.198 - - [29/Mar/2026:13:53:25 +0000] "GET /shopdetail/legislation/200042525 HTTP/1.1" 301 - "-" "Mozilla/5.0 (Macintosh; Intel Mac OS X 10_15_7) AppleWebKit/537.36 (KHTML, like Gecko) Chrome/130.0.6723.69 Safari/537.36"
109.138.142.133 - - [29/Mar/2026:13:53:25 +0000] "GET / HTTP/1.1" 200 134832 "https://www.google.com/" "Mozilla/5.0 (iPhone; CPU iPhone OS 26_3_1 like Mac OS X) AppleWebKit/605.1.15 (KHTML, like Gecko) GSA/413.1.887139264 Mobile/15E148 Safari/604.1"
109.138.142.133 - - [29/Mar/2026:13:53:27 +0000] "GET /wp-content/themes/sunra/assets/lightbox/css/lightbox.min.css?ver=6.9.4 HTTP/1.1" 200 2574 "https://www.sunra.be/" "Mozilla/5.0 (iPhone; CPU iPhone OS 26_3_1 like Mac OS X) AppleWebKit/605.1.15 (KHTML, like Gecko) GSA/413.1.887139264 Mobile/15E148 Safari/604.1"
109.138.142.133 - - [29/Mar/2026:13:53:27 +0000] "GET /wp-content/themes/sunra/assets/css/owl.theme.default.css?ver=6.9.4 HTTP/1.1" 200 1380 "https://www.sunra.be/" "Mozilla/5.0 (iPhone; CPU iPhone OS 26_3_1 like Mac OS X) AppleWebKit/605.1.15 (KHTML, like Gecko) GSA/413.1.887139264 Mobile/15E148 Safari/604.1"
109.138.142.133 - - [29/Mar/2026:13:53:27 +0000] "GET /wp-content/plugins/instagram-feed/css/sbi-styles.min.css?ver=6.10.0 HTTP/1.1" 200 41838 "https://www.sunra.be/" "Mozilla/5.0 (iPhone; CPU iPhone OS 26_3_1 like Mac OS X) AppleWebKit/605.1.15 (KHTML, like Gecko) GSA/413.1.887139264 Mobile/15E148 Safari/604.1"
109.138.142.133 - - [29/Mar/2026:13:53:27 +0000] "GET /wp-content/plugins/contact-form-7/includes/css/styles.css?ver=6.1.5 HTTP/1.1" 200 2947 "https://www.sunra.be/" "Mozilla/5.0 (iPhone; CPU iPhone OS 26_3_1 like Mac OS X) AppleWebKit/605.1.15 (KHTML, like Gecko) GSA/413.1.887139264 Mobile/15E148 Safari/604.1"
109.138.142.133 - - [29/Mar/2026:13:53:27 +0000] "GET /wp-content/themes/sunra/assets/css/owl.carousel.min.css?ver=6.9.4 HTTP/1.1" 200 3351 "https://www.sunra.be/" "Mozilla/5.0 (iPhone; CPU iPhone OS 26_3_1 like Mac OS X) AppleWebKit/605.1.15 (KHTML, like Gecko) GSA/413.1.887139264 Mobile/15E148 Safari/604.1"
109.138.142.133 - - [29/Mar/2026:13:53:27 +0000] "GET /wp-content/uploads/2023/06/instagram.png HTTP/1.1" 200 2595 "https://www.sunra.be/" "Mozilla/5.0 (iPhone; CPU iPhone OS 26_3_1 like Mac OS X) AppleWebKit/605.1.15 (KHTML, like Gecko) GSA/413.1.887139264 Mobile/15E148 Safari/604.1"
109.138.142.133 - - [29/Mar/2026:13:53:27 +0000] "GET /wp-content/themes/sunra/style.css?t=1774792406&ver=6.9.4 HTTP/1.1" 200 24715 "https://www.sunra.be/" "Mozilla/5.0 (iPhone; CPU iPhone OS 26_3_1 like Mac OS X) AppleWebKit/605.1.15 (KHTML, like Gecko) GSA/413.1.887139264 Mobile/15E148 Safari/604.1"
109.138.142.133 - - [29/Mar/2026:13:53:27 +0000] "GET /wp-content/uploads/smile_fonts/Defaults/Defaults.css?ver=3.19.6 HTTP/1.1" 200 27639 "https://www.sunra.be/" "Mozilla/5.0 (iPhone; CPU iPhone OS 26_3_1 like Mac OS X) AppleWebKit/605.1.15 (KHTML, like Gecko) GSA/413.1.887139264 Mobile/15E148 Safari/604.1"
109.138.142.133 - - [29/Mar/2026:13:53:27 +0000] "GET /wp-content/uploads/2023/06/icon_1.png HTTP/1.1" 200 1317 "https://www.sunra.be/" "Mozilla/5.0 (iPhone; CPU iPhone OS 26_3_1 like Mac OS X) AppleWebKit/605.1.15 (KHTML, like Gecko) GSA/413.1.887139264 Mobile/15E148 Safari/604.1"
109.138.142.133 - - [29/Mar/2026:13:53:27 +0000] "GET /wp-content/plugins/Ultimate_VC_Addons/assets/min-css/style.min.css?ver=3.19.6 HTTP/1.1" 200 13362 "https://www.sunra.be/" "Mozilla/5.0 (iPhone; CPU iPhone OS 26_3_1 like Mac OS X) AppleWebKit/605.1.15 (KHTML, like Gecko) GSA/413.1.887139264 Mobile/15E148 Safari/604.1"
109.138.142.133 - - [29/Mar/2026:13:53:27 +0000] "GET /wp-includes/css/dist/block-library/style.min.css?ver=6.9.4 HTTP/1.1" 200 119358 "https://www.sunra.be/" "Mozilla/5.0 (iPhone; CPU iPhone OS 26_3_1 like Mac OS X) AppleWebKit/605.1.15 (KHTML, like Gecko) GSA/413.1.887139264 Mobile/15E148 Safari/604.1"
109.138.142.133 - - [29/Mar/2026:13:53:27 +0000] "GET /wp-content/uploads/2023/06/icon_2.png HTTP/1.1" 200 981 "https://www.sunra.be/" "Mozilla/5.0 (iPhone; CPU iPhone OS 26_3_1 like Mac OS X) AppleWebKit/605.1.15 (KHTML, like Gecko) GSA/413.1.887139264 Mobile/15E148 Safari/604.1"
109.138.142.133 - - [29/Mar/2026:13:53:27 +0000] "GET /wp-content/uploads/2023/06/whatsapp-1.png HTTP/1.1" 200 15490 "https://www.sunra.be/" "Mozilla/5.0 (iPhone; CPU iPhone OS 26_3_1 like Mac OS X) AppleWebKit/605.1.15 (KHTML, like Gecko) GSA/413.1.887139264 Mobile/15E148 Safari/604.1"
109.138.142.133 - - [29/Mar/2026:13:53:27 +0000] "GET /wp-content/plugins/Ultimate_VC_Addons/assets/min-css/headings.min.css?ver=3.19.6 HTTP/1.1" 200 1255 "https://www.sunra.be/" "Mozilla/5.0 (iPhone; CPU iPhone OS 26_3_1 like Mac OS X) AppleWebKit/605.1.15 (KHTML, like Gecko) GSA/413.1.887139264 Mobile/15E148 Safari/604.1"
109.138.142.133 - - [29/Mar/2026:13:53:27 +0000] "GET /wp-content/themes/sunra/assets/css/bootstrap.min.css?ver=6.9.4 HTTP/1.1" 200 194699 "https://www.sunra.be/" "Mozilla/5.0 (iPhone; CPU iPhone OS 26_3_1 like Mac OS X) AppleWebKit/605.1.15 (KHTML, like Gecko) GSA/413.1.887139264 Mobile/15E148 Safari/604.1"
109.138.142.133 - - [29/Mar/2026:13:53:27 +0000] "GET /wp-content/plugins/sitepress-multilingual-cms/res/js/cookies/language-cookie.js?ver=476000 HTTP/1.1" 200 290 "https://www.sunra.be/" "Mozilla/5.0 (iPhone; CPU iPhone OS 26_3_1 like Mac OS X) AppleWebKit/605.1.15 (KHTML, like Gecko) GSA/413.1.887139264 Mobile/15E148 Safari/604.1"
109.138.142.133 - - [29/Mar/2026:13:53:27 +0000] "GET /wp-content/uploads/2023/06/icon_4.png HTTP/1.1" 200 1135 "https://www.sunra.be/" "Mozilla/5.0 (iPhone; CPU iPhone OS 26_3_1 like Mac OS X) AppleWebKit/605.1.15 (KHTML, like Gecko) GSA/413.1.887139264 Mobile/15E148 Safari/604.1"
109.138.142.133 - - [29/Mar/2026:13:53:27 +0000] "GET /wp-includes/js/jquery/jquery-migrate.min.js?ver=3.4.1 HTTP/1.1" 200 13577 "https://www.sunra.be/" "Mozilla/5.0 (iPhone; CPU iPhone OS 26_3_1 like Mac OS X) AppleWebKit/605.1.15 (KHTML, like Gecko) GSA/413.1.887139264 Mobile/15E148 Safari/604.1"
109.138.142.133 - - [29/Mar/2026:13:53:27 +0000] "GET /wp-includes/js/jquery/jquery.min.js?ver=3.7.1 HTTP/1.1" 200 87553 "https://www.sunra.be/" "Mozilla/5.0 (iPhone; CPU iPhone OS 26_3_1 like Mac OS X) AppleWebKit/605.1.15 (KHTML, like Gecko) GSA/413.1.887139264 Mobile/15E148 Safari/604.1"
109.138.142.133 - - [29/Mar/2026:13:53:27 +0000] "GET /wp-content/plugins/Ultimate_VC_Addons/assets/min-js/ultimate-params.min.js?ver=3.19.6 HTTP/1.1" 200 1102 "https://www.sunra.be/" "Mozilla/5.0 (iPhone; CPU iPhone OS 26_3_1 like Mac OS X) AppleWebKit/605.1.15 (KHTML, like Gecko) GSA/413.1.887139264 Mobile/15E148 Safari/604.1"
109.138.142.133 - - [29/Mar/2026:13:53:27 +0000] "GET /wp-content/plugins/Ultimate_VC_Addons/assets/min-js/headings.min.js?ver=3.19.6 HTTP/1.1" 200 2714 "https://www.sunra.be/" "Mozilla/5.0 (iPhone; CPU iPhone OS 26_3_1 like Mac OS X) AppleWebKit/605.1.15 (KHTML, like Gecko) GSA/413.1.887139264 Mobile/15E148 Safari/604.1"
109.138.142.133 - - [29/Mar/2026:13:53:27 +0000] "GET /wp-content/plugins/js_composer/assets/lib/bower/animate-css/animate.min.css?ver=6.10.0 HTTP/1.1" 200 16177 "https://www.sunra.be/" "Mozilla/5.0 (iPhone; CPU iPhone OS 26_3_1 like Mac OS X) AppleWebKit/605.1.15 (KHTML, like Gecko) GSA/413.1.887139264 Mobile/15E148 Safari/604.1"
109.138.142.133 - - [29/Mar/2026:13:53:27 +0000] "GET /wp-content/uploads/2023/06/icon_3.png HTTP/1.1" 200 1189 "https://www.sunra.be/" "Mozilla/5.0 (iPhone; CPU iPhone OS 26_3_1 like Mac OS X) AppleWebKit/605.1.15 (KHTML, like Gecko) GSA/413.1.887139264 Mobile/15E148 Safari/604.1"
109.138.142.133 - - [29/Mar/2026:13:53:27 +0000] "GET /wp-content/uploads/2023/06/footer_logo.png HTTP/1.1" 200 3303 "https://www.sunra.be/" "Mozilla/5.0 (iPhone; CPU iPhone OS 26_3_1 like Mac OS X) AppleWebKit/605.1.15 (KHTML, like Gecko) GSA/413.1.887139264 Mobile/15E148 Safari/604.1"
109.138.142.133 - - [29/Mar/2026:13:53:27 +0000] "GET /wp-content/plugins/js_composer/assets/lib/bower/font-awesome/css/v4-shims.min.css?ver=6.10.0 HTTP/1.1" 200 34399 "https://www.sunra.be/" "Mozilla/5.0 (iPhone; CPU iPhone OS 26_3_1 like Mac OS X) AppleWebKit/605.1.15 (KHTML, like Gecko) GSA/413.1.887139264 Mobile/15E148 Safari/604.1"
109.138.142.133 - - [29/Mar/2026:13:53:27 +0000] "GET /wp-content/plugins/js_composer/assets/lib/bower/font-awesome/css/all.min.css?ver=6.10.0 HTTP/1.1" 200 55921 "https://www.sunra.be/" "Mozilla/5.0 (iPhone; CPU iPhone OS 26_3_1 like Mac OS X) AppleWebKit/605.1.15 (KHTML, like Gecko) GSA/413.1.887139264 Mobile/15E148 Safari/604.1"
109.138.142.133 - - [29/Mar/2026:13:53:27 +0000] "GET /wp-content/plugins/revslider/public/assets/css/rs6.css?ver=6.6.12 HTTP/1.1" 200 58260 "https://www.sunra.be/" "Mozilla/5.0 (iPhone; CPU iPhone OS 26_3_1 like Mac OS X) AppleWebKit/605.1.15 (KHTML, like Gecko) GSA/413.1.887139264 Mobile/15E148 Safari/604.1"
109.138.142.133 - - [29/Mar/2026:13:53:27 +0000] "GET /wp-content/plugins/js_composer/assets/css/js_composer.min.css?ver=6.10.0 HTTP/1.1" 200 462565 "https://www.sunra.be/" "Mozilla/5.0 (iPhone; CPU iPhone OS 26_3_1 like Mac OS X) AppleWebKit/605.1.15 (KHTML, like Gecko) GSA/413.1.887139264 Mobile/15E148 Safari/604.1"
109.138.142.133 - - [29/Mar/2026:13:53:27 +0000] "GET /wp-includes/js/dist/hooks.min.js?ver=dd5603f07f9220ed27f1 HTTP/1.1" 200 5661 "https://www.sunra.be/" "Mozilla/5.0 (iPhone; CPU iPhone OS 26_3_1 like Mac OS X) AppleWebKit/605.1.15 (KHTML, like Gecko) GSA/413.1.887139264 Mobile/15E148 Safari/604.1"
109.138.142.133 - - [29/Mar/2026:13:53:27 +0000] "GET /wp-content/uploads/2023/06/fb.png HTTP/1.1" 200 1430 "https://www.sunra.be/" "Mozilla/5.0 (iPhone; CPU iPhone OS 26_3_1 like Mac OS X) AppleWebKit/605.1.15 (KHTML, like Gecko) GSA/413.1.887139264 Mobile/15E148 Safari/604.1"
109.138.142.133 - - [29/Mar/2026:13:53:27 +0000] "GET /wp-content/uploads/2023/06/tw.png HTTP/1.1" 200 1114 "https://www.sunra.be/" "Mozilla/5.0 (iPhone; CPU iPhone OS 26_3_1 like Mac OS X) AppleWebKit/605.1.15 (KHTML, like Gecko) GSA/413.1.887139264 Mobile/15E148 Safari/604.1"
109.138.142.133 - - [29/Mar/2026:13:53:27 +0000] "GET /wp-includes/js/dist/i18n.min.js?ver=c26c3dc7bed366793375 HTTP/1.1" 200 5314 "https://www.sunra.be/" "Mozilla/5.0 (iPhone; CPU iPhone OS 26_3_1 like Mac OS X) AppleWebKit/605.1.15 (KHTML, like Gecko) GSA/413.1.887139264 Mobile/15E148 Safari/604.1"
109.138.142.133 - - [29/Mar/2026:13:53:27 +0000] "GET /wp-content/plugins/contact-form-7/includes/swv/js/index.js?ver=6.1.5 HTTP/1.1" 200 12512 "https://www.sunra.be/" "Mozilla/5.0 (iPhone; CPU iPhone OS 26_3_1 like Mac OS X) AppleWebKit/605.1.15 (KHTML, like Gecko) GSA/413.1.887139264 Mobile/15E148 Safari/604.1"
109.138.142.133 - - [29/Mar/2026:13:53:27 +0000] "GET /wp-content/plugins/contact-form-7/includes/js/index.js?ver=6.1.5 HTTP/1.1" 200 13452 "https://www.sunra.be/" "Mozilla/5.0 (iPhone; CPU iPhone OS 26_3_1 like Mac OS X) AppleWebKit/605.1.15 (KHTML, like Gecko) GSA/413.1.887139264 Mobile/15E148 Safari/604.1"
109.138.142.133 - - [29/Mar/2026:13:53:27 +0000] "GET /wp-content/plugins/facebook-conversion-pixel/pixel-cat.min.js?ver=3.3.0 HTTP/1.1" 200 27878 "https://www.sunra.be/" "Mozilla/5.0 (iPhone; CPU iPhone OS 26_3_1 like Mac OS X) AppleWebKit/605.1.15 (KHTML, like Gecko) GSA/413.1.887139264 Mobile/15E148 Safari/604.1"
109.138.142.133 - - [29/Mar/2026:13:53:27 +0000] "GET /wp-content/plugins/facebook-conversion-pixel/video.js?ver=6.9.4 HTTP/1.1" 200 10428 "https://www.sunra.be/" "Mozilla/5.0 (iPhone; CPU iPhone OS 26_3_1 like Mac OS X) AppleWebKit/605.1.15 (KHTML, like Gecko) GSA/413.1.887139264 Mobile/15E148 Safari/604.1"
109.138.142.133 - - [29/Mar/2026:13:53:27 +0000] "GET /wp-content/uploads/2023/06/yt.png HTTP/1.1" 200 1305 "https://www.sunra.be/" "Mozilla/5.0 (iPhone; CPU iPhone OS 26_3_1 like Mac OS X) AppleWebKit/605.1.15 (KHTML, like Gecko) GSA/413.1.887139264 Mobile/15E148 Safari/604.1"
109.138.142.133 - - [29/Mar/2026:13:53:27 +0000] "GET /wp-content/plugins/js_composer/assets/js/dist/js_composer_front.min.js?ver=6.10.0 HTTP/1.1" 200 20050 "https://www.sunra.be/" "Mozilla/5.0 (iPhone; CPU iPhone OS 26_3_1 like Mac OS X) AppleWebKit/605.1.15 (KHTML, like Gecko) GSA/413.1.887139264 Mobile/15E148 Safari/604.1"
109.138.142.133 - - [29/Mar/2026:13:53:27 +0000] "GET /wp-content/plugins/js_composer/assets/lib/vc_waypoints/vc-waypoints.min.js?ver=6.10.0 HTTP/1.1" 200 9237 "https://www.sunra.be/" "Mozilla/5.0 (iPhone; CPU iPhone OS 26_3_1 like Mac OS X) AppleWebKit/605.1.15 (KHTML, like Gecko) GSA/413.1.887139264 Mobile/15E148 Safari/604.1"
109.138.142.133 - - [29/Mar/2026:13:53:27 +0000] "GET /wp-content/themes/sunra/assets/js/bootstrap.bundle.min.js?ver=6.9.4 HTTP/1.1" 200 80421 "https://www.sunra.be/" "Mozilla/5.0 (iPhone; CPU iPhone OS 26_3_1 like Mac OS X) AppleWebKit/605.1.15 (KHTML, like Gecko) GSA/413.1.887139264 Mobile/15E148 Safari/604.1"
109.138.142.133 - - [29/Mar/2026:13:53:27 +0000] "GET /wp-content/themes/sunra/assets/js/owl.carousel.min.js?ver=6.9.4 HTTP/1.1" 200 44342 "https://www.sunra.be/" "Mozilla/5.0 (iPhone; CPU iPhone OS 26_3_1 like Mac OS X) AppleWebKit/605.1.15 (KHTML, like Gecko) GSA/413.1.887139264 Mobile/15E148 Safari/604.1"
109.138.142.133 - - [29/Mar/2026:13:53:27 +0000] "GET /wp-content/themes/sunra/assets/lightbox/js/lightbox.min.js?ver=6.9.4 HTTP/1.1" 200 9754 "https://www.sunra.be/" "Mozilla/5.0 (iPhone; CPU iPhone OS 26_3_1 like Mac OS X) AppleWebKit/605.1.15 (KHTML, like Gecko) GSA/413.1.887139264 Mobile/15E148 Safari/604.1"
109.138.142.133 - - [29/Mar/2026:13:53:27 +0000] "GET /wp-content/plugins/instagram-feed/js/sbi-scripts.min.js?ver=6.10.0 HTTP/1.1" 200 26773 "https://www.sunra.be/" "Mozilla/5.0 (iPhone; CPU iPhone OS 26_3_1 like Mac OS X) AppleWebKit/605.1.15 (KHTML, like Gecko) GSA/413.1.887139264 Mobile/15E148 Safari/604.1"
109.138.142.133 - - [29/Mar/2026:13:53:27 +0000] "GET /wp-content/plugins/revslider/public/assets/assets/dummy.png HTTP/1.1" 200 68 "https://www.sunra.be/" "Mozilla/5.0 (iPhone; CPU iPhone OS 26_3_1 like Mac OS X) AppleWebKit/605.1.15 (KHTML, like Gecko) GSA/413.1.887139264 Mobile/15E148 Safari/604.1"
109.138.142.133 - - [29/Mar/2026:13:53:27 +0000] "GET /wp-content/plugins/revslider/public/assets/js/rbtools.min.js?ver=6.6.12 HTTP/1.1" 200 165339 "https://www.sunra.be/" "Mozilla/5.0 (iPhone; CPU iPhone OS 26_3_1 like Mac OS X) AppleWebKit/605.1.15 (KHTML, like Gecko) GSA/413.1.887139264 Mobile/15E148 Safari/604.1"
109.138.142.133 - - [29/Mar/2026:13:53:27 +0000] "GET /wp-content/plugins/js_composer/assets/lib/bower/font-awesome/webfonts/fa-solid-900.woff2 HTTP/1.1" 200 75760 "https://www.sunra.be/" "Mozilla/5.0 (iPhone; CPU iPhone OS 26_3_1 like Mac OS X) AppleWebKit/605.1.15 (KHTML, like Gecko) GSA/413.1.887139264 Mobile/15E148 Safari/604.1"
109.138.142.133 - - [29/Mar/2026:13:53:27 +0000] "GET /wp-content/plugins/revslider/public/assets/js/rs6.min.js?ver=6.6.12 HTTP/1.1" 200 414606 "https://www.sunra.be/" "Mozilla/5.0 (iPhone; CPU iPhone OS 26_3_1 like Mac OS X) AppleWebKit/605.1.15 (KHTML, like Gecko) GSA/413.1.887139264 Mobile/15E148 Safari/604.1"
109.138.142.133 - - [29/Mar/2026:13:53:27 +0000] "GET /wp-content/uploads/2023/06/footer_logo.png HTTP/1.1" 200 3303 "https://www.sunra.be/" "Mozilla/5.0 (iPhone; CPU iPhone OS 26_3_1 like Mac OS X) AppleWebKit/605.1.15 (KHTML, like Gecko) GSA/413.1.887139264 Mobile/15E148 Safari/604.1"
109.138.142.133 - - [29/Mar/2026:13:53:27 +0000] "GET /wp-content/uploads/2023/06/homepage-French-03.jpg HTTP/1.1" 200 288431 "https://www.sunra.be/" "Mozilla/5.0 (iPhone; CPU iPhone OS 26_3_1 like Mac OS X) AppleWebKit/605.1.15 (KHTML, like Gecko) GSA/413.1.887139264 Mobile/15E148 Safari/604.1"
109.138.142.133 - - [29/Mar/2026:13:53:27 +0000] "GET /wp-content/uploads/2023/06/homepage-French-01.jpg HTTP/1.1" 200 344731 "https://www.sunra.be/" "Mozilla/5.0 (iPhone; CPU iPhone OS 26_3_1 like Mac OS X) AppleWebKit/605.1.15 (KHTML, like Gecko) GSA/413.1.887139264 Mobile/15E148 Safari/604.1"
109.138.142.133 - - [29/Mar/2026:13:53:27 +0000] "GET /wp-content/uploads/2023/06/homepage-French-04.jpg HTTP/1.1" 200 263417 "https://www.sunra.be/" "Mozilla/5.0 (iPhone; CPU iPhone OS 26_3_1 like Mac OS X) AppleWebKit/605.1.15 (KHTML, like Gecko) GSA/413.1.887139264 Mobile/15E148 Safari/604.1"
109.138.142.133 - - [29/Mar/2026:13:53:27 +0000] "GET /wp-content/plugins/js_composer/assets/lib/bower/font-awesome/webfonts/fa-regular-400.woff2 HTTP/1.1" 200 13564 "https://www.sunra.be/" "Mozilla/5.0 (iPhone; CPU iPhone OS 26_3_1 like Mac OS X) AppleWebKit/605.1.15 (KHTML, like Gecko) GSA/413.1.887139264 Mobile/15E148 Safari/604.1"
109.138.142.133 - - [29/Mar/2026:13:53:27 +0000] "GET /wp-content/uploads/2023/06/homepage-French-02.jpg HTTP/1.1" 200 234921 "https://www.sunra.be/" "Mozilla/5.0 (iPhone; CPU iPhone OS 26_3_1 like Mac OS X) AppleWebKit/605.1.15 (KHTML, like Gecko) GSA/413.1.887139264 Mobile/15E148 Safari/604.1"
109.138.142.133 - - [29/Mar/2026:13:53:27 +0000] "GET /wp-content/plugins/revslider/public/assets/fonts/revicons/revicons.woff?5510888 HTTP/1.1" 200 7536 "https://www.sunra.be/" "Mozilla/5.0 (iPhone; CPU iPhone OS 26_3_1 like Mac OS X) AppleWebKit/605.1.15 (KHTML, like Gecko) GSA/413.1.887139264 Mobile/15E148 Safari/604.1"
109.138.142.133 - - [29/Mar/2026:13:53:27 +0000] "GET /wp-content/uploads/2023/06/Miku-Home-BG-Desk-01.jpg HTTP/1.1" 200 119395 "https://www.sunra.be/" "Mozilla/5.0 (iPhone; CPU iPhone OS 26_3_1 like Mac OS X) AppleWebKit/605.1.15 (KHTML, like Gecko) GSA/413.1.887139264 Mobile/15E148 Safari/604.1"
109.138.142.133 - - [29/Mar/2026:13:53:28 +0000] "GET /wp-content/uploads/2024/01/RoboS-French-06.jpg HTTP/1.1" 200 423323 "https://www.sunra.be/" "Mozilla/5.0 (iPhone; CPU iPhone OS 26_3_1 like Mac OS X) AppleWebKit/605.1.15 (KHTML, like Gecko) GSA/413.1.887139264 Mobile/15E148 Safari/604.1"
109.138.142.133 - - [29/Mar/2026:13:53:28 +0000] "GET /wp-content/uploads/2023/06/crystal-French-08-08-1.jpg HTTP/1.1" 200 161112 "https://www.sunra.be/" "Mozilla/5.0 (iPhone; CPU iPhone OS 26_3_1 like Mac OS X) AppleWebKit/605.1.15 (KHTML, like Gecko) GSA/413.1.887139264 Mobile/15E148 Safari/604.1"
109.138.142.133 - - [29/Mar/2026:13:53:28 +0000] "GET /wp-content/uploads/2024/01/Miku-French-05.jpg HTTP/1.1" 200 564032 "https://www.sunra.be/" "Mozilla/5.0 (iPhone; CPU iPhone OS 26_3_1 like Mac OS X) AppleWebKit/605.1.15 (KHTML, like Gecko) GSA/413.1.887139264 Mobile/15E148 Safari/604.1"
109.138.142.133 - - [29/Mar/2026:13:53:27 +0000] "GET /wp-content/uploads/2023/06/bike-12.png HTTP/1.1" 200 533112 "https://www.sunra.be/" "Mozilla/5.0 (iPhone; CPU iPhone OS 26_3_1 like Mac OS X) AppleWebKit/605.1.15 (KHTML, like Gecko) GSA/413.1.887139264 Mobile/15E148 Safari/604.1"
109.138.142.133 - - [29/Mar/2026:13:53:28 +0000] "GET /wp-content/uploads/2024/01/Hawk-French-07.jpg HTTP/1.1" 200 544970 "https://www.sunra.be/" "Mozilla/5.0 (iPhone; CPU iPhone OS 26_3_1 like Mac OS X) AppleWebKit/605.1.15 (KHTML, like Gecko) GSA/413.1.887139264 Mobile/15E148 Safari/604.1"
109.138.142.133 - - [29/Mar/2026:13:53:28 +0000] "GET /wp-content/uploads/2023/07/Miku-Super-03.png HTTP/1.1" 200 3233 "https://www.sunra.be/" "Mozilla/5.0 (iPhone; CPU iPhone OS 26_3_1 like Mac OS X) AppleWebKit/605.1.15 (KHTML, like Gecko) GSA/413.1.887139264 Mobile/15E148 Safari/604.1"
109.138.142.133 - - [29/Mar/2026:13:53:28 +0000] "GET /wp-content/uploads/2023/06/Miku-Home-BG-Mobile-01.jpg HTTP/1.1" 200 316907 "https://www.sunra.be/" "Mozilla/5.0 (iPhone; CPU iPhone OS 26_3_1 like Mac OS X) AppleWebKit/605.1.15 (KHTML, like Gecko) GSA/413.1.887139264 Mobile/15E148 Safari/604.1"
109.138.142.133 - - [29/Mar/2026:13:53:28 +0000] "GET //wp-content/uploads/2023/06/Rectangle-201.png HTTP/1.1" 200 135 "https://www.sunra.be/" "Mozilla/5.0 (iPhone; CPU iPhone OS 26_3_1 like Mac OS X) AppleWebKit/605.1.15 (KHTML, like Gecko) GSA/413.1.887139264 Mobile/15E148 Safari/604.1"
109.138.142.133 - - [29/Mar/2026:13:53:28 +0000] "GET /wp-content/uploads/2023/06/removal-1-4.png HTTP/1.1" 200 81904 "https://www.sunra.be/" "Mozilla/5.0 (iPhone; CPU iPhone OS 26_3_1 like Mac OS X) AppleWebKit/605.1.15 (KHTML, like Gecko) GSA/413.1.887139264 Mobile/15E148 Safari/604.1"
109.138.142.133 - - [29/Mar/2026:13:53:28 +0000] "GET /wp-content/uploads/2023/06/Hawk11-1-5.png HTTP/1.1" 200 72970 "https://www.sunra.be/" "Mozilla/5.0 (iPhone; CPU iPhone OS 26_3_1 like Mac OS X) AppleWebKit/605.1.15 (KHTML, like Gecko) GSA/413.1.887139264 Mobile/15E148 Safari/604.1"
109.138.142.133 - - [29/Mar/2026:13:53:28 +0000] "GET /wp-content/uploads/2023/06/Crystal3333-1-4.png HTTP/1.1" 200 67620 "https://www.sunra.be/" "Mozilla/5.0 (iPhone; CPU iPhone OS 26_3_1 like Mac OS X) AppleWebKit/605.1.15 (KHTML, like Gecko) GSA/413.1.887139264 Mobile/15E148 Safari/604.1"
109.138.142.133 - - [29/Mar/2026:13:53:28 +0000] "GET /wp-content/uploads/2023/06/arrow-icon.png HTTP/1.1" 200 273 "https://www.sunra.be/" "Mozilla/5.0 (iPhone; CPU iPhone OS 26_3_1 like Mac OS X) AppleWebKit/605.1.15 (KHTML, like Gecko) GSA/413.1.887139264 Mobile/15E148 Safari/604.1"
109.138.142.133 - - [29/Mar/2026:13:53:28 +0000] "GET /wp-content/themes/sunra/assets/lightbox/images/prev.png HTTP/1.1" 200 1360 "https://www.sunra.be/" "Mozilla/5.0 (iPhone; CPU iPhone OS 26_3_1 like Mac OS X) AppleWebKit/605.1.15 (KHTML, like Gecko) GSA/413.1.887139264 Mobile/15E148 Safari/604.1"
109.138.142.133 - - [29/Mar/2026:13:53:28 +0000] "GET /wp-content/themes/sunra/assets/lightbox/images/next.png HTTP/1.1" 200 1350 "https://www.sunra.be/" "Mozilla/5.0 (iPhone; CPU iPhone OS 26_3_1 like Mac OS X) AppleWebKit/605.1.15 (KHTML, like Gecko) GSA/413.1.887139264 Mobile/15E148 Safari/604.1"
109.138.142.133 - - [29/Mar/2026:13:53:28 +0000] "GET /wp-content/themes/sunra/assets/lightbox/images/loading.gif HTTP/1.1" 200 8476 "https://www.sunra.be/" "Mozilla/5.0 (iPhone; CPU iPhone OS 26_3_1 like Mac OS X) AppleWebKit/605.1.15 (KHTML, like Gecko) GSA/413.1.887139264 Mobile/15E148 Safari/604.1"
109.138.142.133 - - [29/Mar/2026:13:53:28 +0000] "GET /wp-content/themes/sunra/assets/lightbox/images/close.png HTTP/1.1" 200 280 "https://www.sunra.be/" "Mozilla/5.0 (iPhone; CPU iPhone OS 26_3_1 like Mac OS X) AppleWebKit/605.1.15 (KHTML, like Gecko) GSA/413.1.887139264 Mobile/15E148 Safari/604.1"
109.138.142.133 - - [29/Mar/2026:13:53:28 +0000] "GET /wp-content/plugins/revslider/public/assets/assets/transparent.png HTTP/1.1" 200 122 "https://www.sunra.be/" "Mozilla/5.0 (iPhone; CPU iPhone OS 26_3_1 like Mac OS X) AppleWebKit/605.1.15 (KHTML, like Gecko) GSA/413.1.887139264 Mobile/15E148 Safari/604.1"
109.138.142.133 - - [29/Mar/2026:13:53:28 +0000] "GET /wp-content/uploads/2024/01/80-100-French-01.png HTTP/1.1" 200 11800 "https://www.sunra.be/" "Mozilla/5.0 (iPhone; CPU iPhone OS 26_3_1 like Mac OS X) AppleWebKit/605.1.15 (KHTML, like Gecko) GSA/413.1.887139264 Mobile/15E148 Safari/604.1"
109.138.142.133 - - [29/Mar/2026:13:53:28 +0000] "GET /wp-content/uploads/2024/07/SUNRA_Offre-speciale_rotate_ombre-1.png HTTP/1.1" 200 31000 "https://www.sunra.be/" "Mozilla/5.0 (iPhone; CPU iPhone OS 26_3_1 like Mac OS X) AppleWebKit/605.1.15 (KHTML, like Gecko) GSA/413.1.887139264 Mobile/15E148 Safari/604.1"
109.138.142.133 - - [29/Mar/2026:13:53:28 +0000] "GET /wp-content/uploads/2023/07/Robo-02.png HTTP/1.1" 200 4178 "https://www.sunra.be/" "Mozilla/5.0 (iPhone; CPU iPhone OS 26_3_1 like Mac OS X) AppleWebKit/605.1.15 (KHTML, like Gecko) GSA/413.1.887139264 Mobile/15E148 Safari/604.1"
109.138.142.133 - - [29/Mar/2026:13:53:28 +0000] "GET /wp-content/uploads/2023/06/Crysta1.webp HTTP/1.1" 200 29044 "https://www.sunra.be/" "Mozilla/5.0 (iPhone; CPU iPhone OS 26_3_1 like Mac OS X) AppleWebKit/605.1.15 (KHTML, like Gecko) GSA/413.1.887139264 Mobile/15E148 Safari/604.1"
109.138.142.133 - - [29/Mar/2026:13:53:28 +0000] "GET /wp-content/uploads/2023/07/Crystal-01.png HTTP/1.1" 200 3182 "https://www.sunra.be/" "Mozilla/5.0 (iPhone; CPU iPhone OS 26_3_1 like Mac OS X) AppleWebKit/605.1.15 (KHTML, like Gecko) GSA/413.1.887139264 Mobile/15E148 Safari/604.1"
109.138.142.133 - - [29/Mar/2026:13:53:28 +0000] "GET /wp-content/uploads/2023/07/Crystal-01.png HTTP/1.1" 200 3182 "https://www.sunra.be/" "Mozilla/5.0 (iPhone; CPU iPhone OS 26_3_1 like Mac OS X) AppleWebKit/605.1.15 (KHTML, like Gecko) GSA/413.1.887139264 Mobile/15E148 Safari/604.1"
109.138.142.133 - - [29/Mar/2026:13:53:28 +0000] "GET /wp-content/uploads/2023/06/Hawk3.webp HTTP/1.1" 200 30264 "https://www.sunra.be/" "Mozilla/5.0 (iPhone; CPU iPhone OS 26_3_1 like Mac OS X) AppleWebKit/605.1.15 (KHTML, like Gecko) GSA/413.1.887139264 Mobile/15E148 Safari/604.1"
109.138.142.133 - - [29/Mar/2026:13:53:28 +0000] "GET /wp-content/uploads/2023/06/Crystal-Home-BG-Desk-01.jpg HTTP/1.1" 200 123265 "https://www.sunra.be/" "Mozilla/5.0 (iPhone; CPU iPhone OS 26_3_1 like Mac OS X) AppleWebKit/605.1.15 (KHTML, like Gecko) GSA/413.1.887139264 Mobile/15E148 Safari/604.1"
109.138.142.133 - - [29/Mar/2026:13:53:28 +0000] "GET /wp-content/uploads/2023/07/Crystal-03.png HTTP/1.1" 200 3233 "https://www.sunra.be/" "Mozilla/5.0 (iPhone; CPU iPhone OS 26_3_1 like Mac OS X) AppleWebKit/605.1.15 (KHTML, like Gecko) GSA/413.1.887139264 Mobile/15E148 Safari/604.1"
109.138.142.133 - - [29/Mar/2026:13:53:28 +0000] "GET /wp-content/uploads/2023/06/Hawk-Home-BG-Desk-01.jpg HTTP/1.1" 200 152635 "https://www.sunra.be/" "Mozilla/5.0 (iPhone; CPU iPhone OS 26_3_1 like Mac OS X) AppleWebKit/605.1.15 (KHTML, like Gecko) GSA/413.1.887139264 Mobile/15E148 Safari/604.1"
109.138.142.133 - - [29/Mar/2026:13:53:28 +0000] "GET /wp-content/uploads/2023/06/Hawk-Home-BG-Mobile-01.jpg HTTP/1.1" 200 326740 "https://www.sunra.be/" "Mozilla/5.0 (iPhone; CPU iPhone OS 26_3_1 like Mac OS X) AppleWebKit/605.1.15 (KHTML, like Gecko) GSA/413.1.887139264 Mobile/15E148 Safari/604.1"
109.138.142.133 - - [29/Mar/2026:13:53:27 +0000] "GET /wp-json/contact-form-7/v1/contact-forms/6624/feedback/schema HTTP/1.1" 200 1938 "https://www.sunra.be/" "Mozilla/5.0 (iPhone; CPU iPhone OS 26_3_1 like Mac OS X) AppleWebKit/605.1.15 (KHTML, like Gecko) GSA/413.1.887139264 Mobile/15E148 Safari/604.1"
109.138.142.133 - - [29/Mar/2026:13:53:29 +0000] "GET /wp-content/uploads/2023/07/Crystal-02.png HTTP/1.1" 200 4124 "https://www.sunra.be/" "Mozilla/5.0 (iPhone; CPU iPhone OS 26_3_1 like Mac OS X) AppleWebKit/605.1.15 (KHTML, like Gecko) GSA/413.1.887139264 Mobile/15E148 Safari/604.1"
109.138.142.133 - - [29/Mar/2026:13:53:29 +0000] "GET /wp-content/uploads/2023/06/Crystal-Home-BG-Mobile-01.jpg HTTP/1.1" 200 81114 "https://www.sunra.be/" "Mozilla/5.0 (iPhone; CPU iPhone OS 26_3_1 like Mac OS X) AppleWebKit/605.1.15 (KHTML, like Gecko) GSA/413.1.887139264 Mobile/15E148 Safari/604.1"
38.154.41.196 - - [29/Mar/2026:13:53:30 +0000] "GET /en/spareparts/rear-fork-cover/ HTTP/1.1" 200 38333 "-" "Mozilla/5.0 (Macintosh; Intel Mac OS X 10_15_7) AppleWebKit/537.36 (KHTML, like Gecko) Chrome/142.0.0.0 Safari/537.36"
99.26.64.125 - - [29/Mar/2026:13:53:34 +0000] "GET /shopdetail/legislation/200042525 HTTP/1.1" 404 38883 "-" "Mozilla/5.0 (Macintosh; Intel Mac OS X 10_15_7) AppleWebKit/537.36 (KHTML, like Gecko) Chrome/130.0.6723.69 Safari/537.36"
216.73.216.217 - - [29/Mar/2026:13:53:34 +0000] "GET /shop/caesarean/resuscitation002553286252.shtm HTTP/1.1" 301 - "-" "Mozilla/5.0 AppleWebKit/537.36 (KHTML, like Gecko; compatible; ClaudeBot/1.0; +claudebot@anthropic.com)"
216.73.216.217 - - [29/Mar/2026:13:53:36 +0000] "GET /shop/caesarean/resuscitation002553286252.shtm HTTP/1.1" 404 38907 "https://sunra.be/shop/caesarean/resuscitation002553286252.shtm" "Mozilla/5.0 AppleWebKit/537.36 (KHTML, like Gecko; compatible; ClaudeBot/1.0; +claudebot@anthropic.com)"
202.76.173.74 - - [29/Mar/2026:13:53:38 +0000] "GET /shopdetail/drawer/287004406 HTTP/1.1" 404 38873 "-" "Mozilla/5.0 (Windows NT 10.0; Win64; x64) AppleWebKit/537.36 (KHTML, like Gecko) Chrome/132.0.6834.83 Safari/537.36"
109.138.142.133 - - [29/Mar/2026:13:53:46 +0000] "GET /wp-content/uploads/2023/06/bm4josy2-1-1.png HTTP/1.1" 200 846201 "https://www.sunra.be/" "Mozilla/5.0 (iPhone; CPU iPhone OS 26_3_1 like Mac OS X) AppleWebKit/605.1.15 (KHTML, like Gecko) GSA/413.1.887139264 Mobile/15E148 Safari/604.1"
109.138.142.133 - - [29/Mar/2026:13:53:46 +0000] "GET /wp-content/uploads/2023/07/7-M-01-1.png HTTP/1.1" 200 22546 "https://www.sunra.be/" "Mozilla/5.0 (iPhone; CPU iPhone OS 26_3_1 like Mac OS X) AppleWebKit/605.1.15 (KHTML, like Gecko) GSA/413.1.887139264 Mobile/15E148 Safari/604.1"
216.73.216.217 - - [29/Mar/2026:13:53:46 +0000] "GET /shop/symmetrian/recount002077014357.shtm HTTP/1.1" 301 - "-" "Mozilla/5.0 AppleWebKit/537.36 (KHTML, like Gecko; compatible; ClaudeBot/1.0; +claudebot@anthropic.com)"
77.75.78.161 - - [29/Mar/2026:13:53:46 +0000] "GET /spare-parts/ HTTP/1.1" 200 67550 "-" "Mozilla/5.0 (compatible; SeznamBot/4.0; +https://o-seznam.cz/napoveda/vyhledavani/en/seznambot-crawler/)"
216.73.216.217 - - [29/Mar/2026:13:53:48 +0000] "GET /shop/symmetrian/recount002077014357.shtm HTTP/1.1" 404 38897 "https://sunra.be/shop/symmetrian/recount002077014357.shtm" "Mozilla/5.0 AppleWebKit/537.36 (KHTML, like Gecko; compatible; ClaudeBot/1.0; +claudebot@anthropic.com)"
109.138.142.133 - - [29/Mar/2026:13:53:55 +0000] "GET /wp-content/uploads/2023/06/Frame.png HTTP/1.1" 200 129261 "https://www.sunra.be/" "Mozilla/5.0 (iPhone; CPU iPhone OS 26_3_1 like Mac OS X) AppleWebKit/605.1.15 (KHTML, like Gecko) GSA/413.1.887139264 Mobile/15E148 Safari/604.1"
129.222.195.116 - - [29/Mar/2026:13:54:02 +0000] "GET /shopdetail/legislation/230007767 HTTP/1.1" 301 - "-" "Mozilla/5.0 (Macintosh; Intel Mac OS X 13.6; rv:131.0) Gecko/20100101 Firefox/131.0"
217.182.68.102 - - [29/Mar/2026:13:54:03 +0000] "POST /wp-cron.php?doing_wp_cron=1774792443.9627521038055419921875 HTTP/1.1" 200 - "-" "WordPress/6.9.4; https://www.sunra.be"
216.73.216.217 - - [29/Mar/2026:13:54:04 +0000] "GET /shop/greeter/scorbutic003826701126.shtm HTTP/1.1" 301 - "-" "Mozilla/5.0 AppleWebKit/537.36 (KHTML, like Gecko; compatible; ClaudeBot/1.0; +claudebot@anthropic.com)"
216.73.216.217 - - [29/Mar/2026:13:54:06 +0000] "GET /shop/greeter/scorbutic003826701126.shtm HTTP/1.1" 404 38895 "https://sunra.be/shop/greeter/scorbutic003826701126.shtm" "Mozilla/5.0 AppleWebKit/537.36 (KHTML, like Gecko; compatible; ClaudeBot/1.0; +claudebot@anthropic.com)"
109.138.142.133 - - [29/Mar/2026:13:54:07 +0000] "GET /contact-us/ HTTP/1.1" 200 62585 "https://www.sunra.be/" "Mozilla/5.0 (iPhone; CPU iPhone OS 26_3_1 like Mac OS X) AppleWebKit/605.1.15 (KHTML, like Gecko) GSA/413.1.887139264 Mobile/15E148 Safari/604.1"
109.138.142.133 - - [29/Mar/2026:13:54:09 +0000] "GET /wp-content/themes/sunra/style.css?t=1774792448&ver=6.9.4 HTTP/1.1" 200 24715 "https://www.sunra.be/contact-us/" "Mozilla/5.0 (iPhone; CPU iPhone OS 26_3_1 like Mac OS X) AppleWebKit/605.1.15 (KHTML, like Gecko) GSA/413.1.887139264 Mobile/15E148 Safari/604.1"
109.138.142.133 - - [29/Mar/2026:13:54:09 +0000] "GET /wp-content/uploads/2023/06/icon-01-150x150.png HTTP/1.1" 200 5796 "https://www.sunra.be/contact-us/" "Mozilla/5.0 (iPhone; CPU iPhone OS 26_3_1 like Mac OS X) AppleWebKit/605.1.15 (KHTML, like Gecko) GSA/413.1.887139264 Mobile/15E148 Safari/604.1"
109.138.142.133 - - [29/Mar/2026:13:54:09 +0000] "GET /wp-content/uploads/2023/06/icon-02-150x150.png HTTP/1.1" 200 4196 "https://www.sunra.be/contact-us/" "Mozilla/5.0 (iPhone; CPU iPhone OS 26_3_1 like Mac OS X) AppleWebKit/605.1.15 (KHTML, like Gecko) GSA/413.1.887139264 Mobile/15E148 Safari/604.1"
109.138.142.133 - - [29/Mar/2026:13:54:09 +0000] "GET /wp-content/uploads/2023/06/removal-1.png HTTP/1.1" 200 81904 "https://www.sunra.be/" "Mozilla/5.0 (iPhone; CPU iPhone OS 26_3_1 like Mac OS X) AppleWebKit/605.1.15 (KHTML, like Gecko) GSA/413.1.887139264 Mobile/15E148 Safari/604.1"
109.138.142.133 - - [29/Mar/2026:13:54:09 +0000] "GET /wp-content/uploads/2023/06/man-buying-fast-motorcycle-with-help-beautiful-brunette-saleswoman-1-3.png?id=857 HTTP/1.1" 200 827263 "https://www.sunra.be/contact-us/" "Mozilla/5.0 (iPhone; CPU iPhone OS 26_3_1 like Mac OS X) AppleWebKit/605.1.15 (KHTML, like Gecko) GSA/413.1.887139264 Mobile/15E148 Safari/604.1"
108.30.37.124 - - [29/Mar/2026:13:54:07 +0000] "GET /shopdetail/legislation/230007767 HTTP/1.1" 404 38883 "-" "Mozilla/5.0 (Macintosh; Intel Mac OS X 13.6; rv:131.0) Gecko/20100101 Firefox/131.0"
109.138.142.133 - - [29/Mar/2026:13:54:09 +0000] "GET /wp-json/contact-form-7/v1/contact-forms/1260/feedback/schema HTTP/1.1" 200 1957 "https://www.sunra.be/contact-us/" "Mozilla/5.0 (iPhone; CPU iPhone OS 26_3_1 like Mac OS X) AppleWebKit/605.1.15 (KHTML, like Gecko) GSA/413.1.887139264 Mobile/15E148 Safari/604.1"
109.138.142.133 - - [29/Mar/2026:13:54:09 +0000] "GET /wp-json/contact-form-7/v1/contact-forms/6624/feedback/schema HTTP/1.1" 200 1938 "https://www.sunra.be/contact-us/" "Mozilla/5.0 (iPhone; CPU iPhone OS 26_3_1 like Mac OS X) AppleWebKit/605.1.15 (KHTML, like Gecko) GSA/413.1.887139264 Mobile/15E148 Safari/604.1"
66.249.81.224 - - [29/Mar/2026:13:54:10 +0000] "GET /contact-us/ HTTP/1.1" 200 211230 "-" "Mozilla/5.0 (Linux; Android 10; K) AppleWebKit/537.36 (KHTML, like Gecko) Chrome/138.0.0.0 Mobile Safari/537.36 (compatible; Google-Read-Aloud; +https://support.google.com/webmasters/answer/1061943)"
74.125.210.172 - - [29/Mar/2026:13:54:10 +0000] "GET /contact-us/ HTTP/1.1" 200 211230 "-" "Mozilla/5.0 (Linux; Android 10; K) AppleWebKit/537.36 (KHTML, like Gecko) Chrome/138.0.0.0 Mobile Safari/537.36 (compatible; Google-Read-Aloud; +https://support.google.com/webmasters/answer/1061943)"
216.73.216.217 - - [29/Mar/2026:13:54:23 +0000] "GET /shop/reciprocornous/globosity003901619364.shtm HTTP/1.1" 301 - "-" "Mozilla/5.0 AppleWebKit/537.36 (KHTML, like Gecko; compatible; ClaudeBot/1.0; +claudebot@anthropic.com)"
216.73.216.217 - - [29/Mar/2026:13:54:25 +0000] "GET /shop/reciprocornous/globosity003901619364.shtm HTTP/1.1" 404 38909 "https://sunra.be/shop/reciprocornous/globosity003901619364.shtm" "Mozilla/5.0 AppleWebKit/537.36 (KHTML, like Gecko; compatible; ClaudeBot/1.0; +claudebot@anthropic.com)"
114.119.151.83 - - [29/Mar/2026:13:54:31 +0000] "GET /shop/larix/tarrier06212721377.shtm HTTP/1.1" 301 - "https://sunra.be/?sitemap297.xml" "Mozilla/5.0 (Linux; Android 7.0;) AppleWebKit/537.36 (KHTML, like Gecko) Mobile Safari/537.36 (compatible; PetalBot;+https://webmaster.petalsearch.com/site/petalbot)"
47.15.182.68 - - [29/Mar/2026:13:54:32 +0000] "GET /shopdetail/file/281002678/ HTTP/1.1" 404 38869 "-" "Mozilla/5.0 (Macintosh; Intel Mac OS X 13_7_1) AppleWebKit/537.36 (KHTML, like Gecko) Chrome/133.0.6943.141 Safari/537.36"
114.119.151.83 - - [29/Mar/2026:13:54:35 +0000] "GET /shop/larix/tarrier06212721377.shtm HTTP/1.1" 404 37544 "https://sunra.be/?sitemap297.xml" "Mozilla/5.0 (Linux; Android 7.0;) AppleWebKit/537.36 (KHTML, like Gecko) Mobile Safari/537.36 (compatible; PetalBot;+https://webmaster.petalsearch.com/site/petalbot)"
123.26.108.32 - - [29/Mar/2026:13:54:39 +0000] "GET /shopdetail/managing/192037963 HTTP/1.1" 301 - "-" "Mozilla/5.0 (Macintosh; Intel Mac OS X 14_4_1) AppleWebKit/537.36 (KHTML, like Gecko) Chrome/134.0.6998.45 Safari/537.36"
86.243.14.204 - - [29/Mar/2026:13:54:42 +0000] "GET /shopdetail/managing/192037963 HTTP/1.1" 404 38877 "-" "Mozilla/5.0 (Macintosh; Intel Mac OS X 14_4_1) AppleWebKit/537.36 (KHTML, like Gecko) Chrome/134.0.6998.45 Safari/537.36"
216.73.216.217 - - [29/Mar/2026:13:54:42 +0000] "GET /shop/infamies/fenced002696500830.shtm HTTP/1.1" 301 - "-" "Mozilla/5.0 AppleWebKit/537.36 (KHTML, like Gecko; compatible; ClaudeBot/1.0; +claudebot@anthropic.com)"
216.73.216.217 - - [29/Mar/2026:13:54:44 +0000] "GET /shop/infamies/fenced002696500830.shtm HTTP/1.1" 404 38891 "https://sunra.be/shop/infamies/fenced002696500830.shtm" "Mozilla/5.0 AppleWebKit/537.36 (KHTML, like Gecko; compatible; ClaudeBot/1.0; +claudebot@anthropic.com)"
216.73.216.217 - - [29/Mar/2026:13:55:01 +0000] "GET /shop/pythocenic/cnemial001355503253.shtm HTTP/1.1" 301 - "-" "Mozilla/5.0 AppleWebKit/537.36 (KHTML, like Gecko; compatible; ClaudeBot/1.0; +claudebot@anthropic.com)"
217.182.68.102 - - [29/Mar/2026:13:55:03 +0000] "POST /wp-cron.php?doing_wp_cron=1774792503.6654388904571533203125 HTTP/1.1" 200 - "-" "WordPress/6.9.4; https://www.sunra.be"
216.73.216.217 - - [29/Mar/2026:13:55:05 +0000] "GET /shop/pythocenic/cnemial001355503253.shtm HTTP/1.1" 404 38897 "https://sunra.be/shop/pythocenic/cnemial001355503253.shtm" "Mozilla/5.0 AppleWebKit/537.36 (KHTML, like Gecko; compatible; ClaudeBot/1.0; +claudebot@anthropic.com)"
181.91.85.130 - - [29/Mar/2026:13:55:18 +0000] "GET /shopdetail/migration/108003363 HTTP/1.1" 301 - "-" "Mozilla/5.0 (Macintosh; Intel Mac OS X 11_3_1) AppleWebKit/537.36 (KHTML, like Gecko) Chrome/125.0.6422.176 Safari/537.36"
109.138.142.133 - - [29/Mar/2026:13:55:20 +0000] "GET /our-models/ HTTP/1.1" 200 38417 "https://www.google.com/url?q=https://www.sunra.be/our-models/&sa=U&sqi=2&ved=2ahUKEwjBnKLqoMWTAxX8gv0HHaT5NyIQFnoECFsQAQ&usg=AOvVaw0vnqI7XT4Rg6cHzIGmfixW" "Mozilla/5.0 (iPhone; CPU iPhone OS 26_3_1 like Mac OS X) AppleWebKit/605.1.15 (KHTML, like Gecko) GSA/413.1.887139264 Mobile/15E148 Safari/604.1"
109.138.142.133 - - [29/Mar/2026:13:55:22 +0000] "GET /wp-content/themes/sunra/style.css?t=1774792521&ver=6.9.4 HTTP/1.1" 200 24715 "https://www.sunra.be/our-models/" "Mozilla/5.0 (iPhone; CPU iPhone OS 26_3_1 like Mac OS X) AppleWebKit/605.1.15 (KHTML, like Gecko) GSA/413.1.887139264 Mobile/15E148 Safari/604.1"
207.46.13.155 - - [29/Mar/2026:13:55:21 +0000] "GET /168877441 HTTP/1.1" 200 208298 "-" "Mozilla/5.0 AppleWebKit/537.36 (KHTML, like Gecko; compatible; bingbot/2.0; +http://www.bing.com/bingbot.htm) Chrome/116.0.1938.76 Safari/537.36"
39.34.150.171 - - [29/Mar/2026:13:55:22 +0000] "GET /shopdetail/migration/108003363 HTTP/1.1" 404 38879 "-" "Mozilla/5.0 (Macintosh; Intel Mac OS X 11_3_1) AppleWebKit/537.36 (KHTML, like Gecko) Chrome/125.0.6422.176 Safari/537.36"
161.142.151.211 - - [29/Mar/2026:13:55:22 +0000] "GET /shopdetail/general/152022997 HTTP/1.1" 404 38875 "-" "Mozilla/5.0 (Windows NT 10.0; Win64; x64) AppleWebKit/537.36 (KHTML, like Gecko) Chrome/128.0.6613.84 Safari/537.36"
123.27.156.59 - - [29/Mar/2026:13:55:53 +0000] "GET /shopdetail/organic/200016149 HTTP/1.1" 301 - "-" "Mozilla/5.0 (Macintosh; Intel Mac OS X 15_4_1) AppleWebKit/537.36 (KHTML, like Gecko) Chrome/134.0.6998.88 Safari/537.36"
217.182.68.102 - - [29/Mar/2026:13:55:55 +0000] "POST /wp-cron.php?doing_wp_cron=1774792555.0142569541931152343750 HTTP/1.1" 200 - "-" "WordPress/6.9.4; https://www.sunra.be"
114.119.155.22 - - [29/Mar/2026:13:55:58 +0000] "GET /shop/larix/tarrier06212721377.shtm HTTP/1.1" 301 - "https://sunra.be/?sitemap485.xml" "Mozilla/5.0 (Linux; Android 7.0;) AppleWebKit/537.36 (KHTML, like Gecko) Mobile Safari/537.36 (compatible; PetalBot;+https://webmaster.petalsearch.com/site/petalbot)"
36.83.133.250 - - [29/Mar/2026:13:55:58 +0000] "GET /shopdetail/organic/200016149 HTTP/1.1" 404 38875 "-" "Mozilla/5.0 (Macintosh; Intel Mac OS X 15_4_1) AppleWebKit/537.36 (KHTML, like Gecko) Chrome/134.0.6998.88 Safari/537.36"
207.46.13.141 - - [29/Mar/2026:13:56:01 +0000] "GET /?u=9043079931106&channel=7f4f8b&from=goods.php%3Fid%3D799311-73%26name%3D%E3%80%90PHILO+SOPHY%E3%80%91%E8%83%8C%E4%B8%AD%E3%81%82%E3%81%8D%E3%83%89%E3%83%AC%E3%82%B9+%E3%82%B7%E3%83%AB%E3%82%AF100%25+36+a0272 HTTP/1.1" 200 210007 "-" "Mozilla/5.0 AppleWebKit/537.36 (KHTML, like Gecko; compatible; bingbot/2.0; +http://www.bing.com/bingbot.htm) Chrome/116.0.1938.76 Safari/537.36"
109.138.142.133 - - [29/Mar/2026:13:56:03 +0000] "GET /faqs/ HTTP/1.1" 200 51492 "https://www.sunra.be/our-models/" "Mozilla/5.0 (iPhone; CPU iPhone OS 26_3_1 like Mac OS X) AppleWebKit/605.1.15 (KHTML, like Gecko) GSA/413.1.887139264 Mobile/15E148 Safari/604.1"
109.138.142.133 - - [29/Mar/2026:13:56:05 +0000] "GET /wp-content/themes/sunra/style.css?t=1774792564&ver=6.9.4 HTTP/1.1" 200 24715 "https://www.sunra.be/faqs/" "Mozilla/5.0 (iPhone; CPU iPhone OS 26_3_1 like Mac OS X) AppleWebKit/605.1.15 (KHTML, like Gecko) GSA/413.1.887139264 Mobile/15E148 Safari/604.1"
109.138.142.133 - - [29/Mar/2026:13:56:05 +0000] "GET /wp-content/uploads/2023/06/man-buying-fast-motorcycle-with-help-beautiful-brunette-saleswoman-1-4.png?id=1367 HTTP/1.1" 200 1146985 "https://www.sunra.be/faqs/" "Mozilla/5.0 (iPhone; CPU iPhone OS 26_3_1 like Mac OS X) AppleWebKit/605.1.15 (KHTML, like Gecko) GSA/413.1.887139264 Mobile/15E148 Safari/604.1"
66.249.73.13 - - [29/Mar/2026:13:56:06 +0000] "GET /?u=1071577836001&channel=b6d57f&from=goods.php?shop/obligate/mynheer023786849152.shtm HTTP/1.1" 200 216280 "-" "Mozilla/5.0 (Linux; Android 6.0.1; Nexus 5X Build/MMB29P) AppleWebKit/537.36 (KHTML, like Gecko) Chrome/146.0.7680.153 Mobile Safari/537.36 (compatible; Googlebot/2.1; +http://www.google.com/bot.html)"
196.191.144.79 - - [29/Mar/2026:13:56:15 +0000] "GET /shopdetail/general/159018902 HTTP/1.1" 404 38875 "-" "Mozilla/5.0 (Macintosh; Intel Mac OS X 11.4; rv:136.0) Gecko/20100101 Firefox/136.0"
66.9.160.59 - - [29/Mar/2026:13:56:30 +0000] "GET /shopdetail/pit/062049627 HTTP/1.1" 301 - "-" "Mozilla/5.0 (Macintosh; Intel Mac OS X 13.7; rv:126.0) Gecko/20100101 Firefox/126.0"
87.245.113.205 - - [29/Mar/2026:13:56:34 +0000] "GET /shopdetail/pit/062049627 HTTP/1.1" 404 38867 "-" "Mozilla/5.0 (Macintosh; Intel Mac OS X 13.7; rv:126.0) Gecko/20100101 Firefox/126.0"
109.138.142.133 - - [29/Mar/2026:13:57:01 +0000] "GET /wp-content/themes/sunra/style.css?t=1774792621&ver=6.9.4 HTTP/1.1" 200 24715 "https://www.sunra.be/our-models/miku-super/" "Mozilla/5.0 (iPhone; CPU iPhone OS 26_3_1 like Mac OS X) AppleWebKit/605.1.15 (KHTML, like Gecko) GSA/413.1.887139264 Mobile/15E148 Safari/604.1"
109.138.142.133 - - [29/Mar/2026:13:57:01 +0000] "GET /wp-content/themes/sunra/assets/js/rotatetool.js HTTP/1.1" 200 71600 "https://www.sunra.be/our-models/miku-super/" "Mozilla/5.0 (iPhone; CPU iPhone OS 26_3_1 like Mac OS X) AppleWebKit/605.1.15 (KHTML, like Gecko) GSA/413.1.887139264 Mobile/15E148 Safari/604.1"
109.138.142.133 - - [29/Mar/2026:13:57:01 +0000] "GET /wp-content/plugins/js_composer/assets/lib/vc_accordion/vc-accordion.min.js?ver=6.10.0 HTTP/1.1" 200 11025 "https://www.sunra.be/our-models/miku-super/" "Mozilla/5.0 (iPhone; CPU iPhone OS 26_3_1 like Mac OS X) AppleWebKit/605.1.15 (KHTML, like Gecko) GSA/413.1.887139264 Mobile/15E148 Safari/604.1"
109.138.142.133 - - [29/Mar/2026:13:57:01 +0000] "GET /wp-content/plugins/js_composer/assets/lib/vc-tta-autoplay/vc-tta-autoplay.min.js?ver=6.10.0 HTTP/1.1" 200 2545 "https://www.sunra.be/our-models/miku-super/" "Mozilla/5.0 (iPhone; CPU iPhone OS 26_3_1 like Mac OS X) AppleWebKit/605.1.15 (KHTML, like Gecko) GSA/413.1.887139264 Mobile/15E148 Safari/604.1"
109.138.142.133 - - [29/Mar/2026:13:57:01 +0000] "GET /wp-content/plugins/js_composer/assets/lib/vc_tabs/vc-tabs.min.js?ver=6.10.0 HTTP/1.1" 200 4168 "https://www.sunra.be/our-models/miku-super/" "Mozilla/5.0 (iPhone; CPU iPhone OS 26_3_1 like Mac OS X) AppleWebKit/605.1.15 (KHTML, like Gecko) GSA/413.1.887139264 Mobile/15E148 Safari/604.1"
109.138.142.133 - - [29/Mar/2026:13:57:01 +0000] "GET /wp-content/plugins/js_composer/assets/css/js_composer_tta.min.css?ver=6.10.0 HTTP/1.1" 200 273142 "https://www.sunra.be/our-models/miku-super/" "Mozilla/5.0 (iPhone; CPU iPhone OS 26_3_1 like Mac OS X) AppleWebKit/605.1.15 (KHTML, like Gecko) GSA/413.1.887139264 Mobile/15E148 Safari/604.1"
109.138.142.133 - - [29/Mar/2026:13:57:01 +0000] "GET /wp-content/uploads/2023/06/icons-02.png HTTP/1.1" 200 5508 "https://www.sunra.be/our-models/miku-super/" "Mozilla/5.0 (iPhone; CPU iPhone OS 26_3_1 like Mac OS X) AppleWebKit/605.1.15 (KHTML, like Gecko) GSA/413.1.887139264 Mobile/15E148 Safari/604.1"
109.138.142.133 - - [29/Mar/2026:13:57:01 +0000] "GET /wp-content/uploads/2023/06/icons-03.png HTTP/1.1" 200 6552 "https://www.sunra.be/our-models/miku-super/" "Mozilla/5.0 (iPhone; CPU iPhone OS 26_3_1 like Mac OS X) AppleWebKit/605.1.15 (KHTML, like Gecko) GSA/413.1.887139264 Mobile/15E148 Safari/604.1"
109.138.142.133 - - [29/Mar/2026:13:57:01 +0000] "GET /wp-content/uploads/2023/06/Introducing-MIKU-Super-1080p.mp4 HTTP/1.1" 206 2 "https://www.sunra.be/our-models/miku-super/" "Mozilla/5.0 (iPhone; CPU iPhone OS 26_3_1 like Mac OS X) AppleWebKit/605.1.15 (KHTML, like Gecko) GSA/413.1.887139264 Mobile/15E148 Safari/604.1"
109.138.142.133 - - [29/Mar/2026:13:57:01 +0000] "GET /wp-content/uploads/2023/06/icons-04.png HTTP/1.1" 200 6494 "https://www.sunra.be/our-models/miku-super/" "Mozilla/5.0 (iPhone; CPU iPhone OS 26_3_1 like Mac OS X) AppleWebKit/605.1.15 (KHTML, like Gecko) GSA/413.1.887139264 Mobile/15E148 Safari/604.1"
109.138.142.133 - - [29/Mar/2026:13:57:01 +0000] "GET /wp-content/uploads/2023/06/icons-01.png HTTP/1.1" 200 5528 "https://www.sunra.be/our-models/miku-super/" "Mozilla/5.0 (iPhone; CPU iPhone OS 26_3_1 like Mac OS X) AppleWebKit/605.1.15 (KHTML, like Gecko) GSA/413.1.887139264 Mobile/15E148 Safari/604.1"
109.138.142.133 - - [29/Mar/2026:13:57:01 +0000] "GET /wp-content/uploads/2023/06/RED-1.png HTTP/1.1" 200 761 "https://www.sunra.be/" "Mozilla/5.0 (iPhone; CPU iPhone OS 26_3_1 like Mac OS X) AppleWebKit/605.1.15 (KHTML, like Gecko) GSA/413.1.887139264 Mobile/15E148 Safari/604.1"
109.138.142.133 - - [29/Mar/2026:13:57:01 +0000] "GET /wp-content/uploads/2023/06/DSC06418-3.jpg HTTP/1.1" 200 1031196 "https://www.sunra.be/our-models/miku-super/" "Mozilla/5.0 (iPhone; CPU iPhone OS 26_3_1 like Mac OS X) AppleWebKit/605.1.15 (KHTML, like Gecko) GSA/413.1.887139264 Mobile/15E148 Safari/604.1"
109.138.142.133 - - [29/Mar/2026:13:57:01 +0000] "GET /wp-content/uploads/2023/06/Blue-1.png HTTP/1.1" 200 763 "https://www.sunra.be/" "Mozilla/5.0 (iPhone; CPU iPhone OS 26_3_1 like Mac OS X) AppleWebKit/605.1.15 (KHTML, like Gecko) GSA/413.1.887139264 Mobile/15E148 Safari/604.1"
109.138.142.133 - - [29/Mar/2026:13:57:01 +0000] "GET /wp-content/uploads/2023/06/Yellow-1.png HTTP/1.1" 200 777 "https://www.sunra.be/" "Mozilla/5.0 (iPhone; CPU iPhone OS 26_3_1 like Mac OS X) AppleWebKit/605.1.15 (KHTML, like Gecko) GSA/413.1.887139264 Mobile/15E148 Safari/604.1"
109.138.142.133 - - [29/Mar/2026:13:57:01 +0000] "GET /wp-content/uploads/2023/06/Black-1.png HTTP/1.1" 200 620 "https://www.sunra.be/" "Mozilla/5.0 (iPhone; CPU iPhone OS 26_3_1 like Mac OS X) AppleWebKit/605.1.15 (KHTML, like Gecko) GSA/413.1.887139264 Mobile/15E148 Safari/604.1"
109.138.142.133 - - [29/Mar/2026:13:57:01 +0000] "GET /wp-content/uploads/2023/06/DSC06420-3.jpg HTTP/1.1" 200 1164062 "https://www.sunra.be/our-models/miku-super/" "Mozilla/5.0 (iPhone; CPU iPhone OS 26_3_1 like Mac OS X) AppleWebKit/605.1.15 (KHTML, like Gecko) GSA/413.1.887139264 Mobile/15E148 Safari/604.1"
109.138.142.133 - - [29/Mar/2026:13:57:01 +0000] "GET /wp-content/uploads/2023/06/Introducing-MIKU-Super-1080p.mp4 HTTP/1.1" 206 18345850 "https://www.sunra.be/our-models/miku-super/" "Mozilla/5.0 (iPhone; CPU iPhone OS 26_3_1 like Mac OS X) AppleWebKit/605.1.15 (KHTML, like Gecko) GSA/413.1.887139264 Mobile/15E148 Safari/604.1"
109.138.142.133 - - [29/Mar/2026:13:57:01 +0000] "GET /wp-content/uploads/2023/06/Introducing-MIKU-Super-1080p.mp4 HTTP/1.1" 206 61306 "https://www.sunra.be/our-models/miku-super/" "Mozilla/5.0 (iPhone; CPU iPhone OS 26_3_1 like Mac OS X) AppleWebKit/605.1.15 (KHTML, like Gecko) GSA/413.1.887139264 Mobile/15E148 Safari/604.1"
109.138.142.133 - - [29/Mar/2026:13:57:01 +0000] "GET /wp-content/uploads/2023/06/White-1.png HTTP/1.1" 200 741 "https://www.sunra.be/" "Mozilla/5.0 (iPhone; CPU iPhone OS 26_3_1 like Mac OS X) AppleWebKit/605.1.15 (KHTML, like Gecko) GSA/413.1.887139264 Mobile/15E148 Safari/604.1"
109.138.142.133 - - [29/Mar/2026:13:57:01 +0000] "GET /wp-content/uploads/2023/06/DSC06414-3.jpg HTTP/1.1" 200 950526 "https://www.sunra.be/our-models/miku-super/" "Mozilla/5.0 (iPhone; CPU iPhone OS 26_3_1 like Mac OS X) AppleWebKit/605.1.15 (KHTML, like Gecko) GSA/413.1.887139264 Mobile/15E148 Safari/604.1"
109.138.142.133 - - [29/Mar/2026:13:56:59 +0000] "GET /our-models/miku-super/ HTTP/1.1" 200 106982 "https://www.sunra.be/faqs/" "Mozilla/5.0 (iPhone; CPU iPhone OS 26_3_1 like Mac OS X) AppleWebKit/605.1.15 (KHTML, like Gecko) GSA/413.1.887139264 Mobile/15E148 Safari/604.1"
109.138.142.133 - - [29/Mar/2026:13:57:02 +0000] "GET /wp-content/uploads/2023/06/specs-Bg-Miku-02.jpg HTTP/1.1" 200 98484 "https://www.sunra.be/our-models/miku-super/" "Mozilla/5.0 (iPhone; CPU iPhone OS 26_3_1 like Mac OS X) AppleWebKit/605.1.15 (KHTML, like Gecko) GSA/413.1.887139264 Mobile/15E148 Safari/604.1"
109.138.142.133 - - [29/Mar/2026:13:57:02 +0000] "GET /wp-content/uploads/2023/06/s19-1.webp HTTP/1.1" 200 49532 "https://www.sunra.be/" "Mozilla/5.0 (iPhone; CPU iPhone OS 26_3_1 like Mac OS X) AppleWebKit/605.1.15 (KHTML, like Gecko) GSA/413.1.887139264 Mobile/15E148 Safari/604.1"
