74.7.242.15 - - [29/Mar/2026:17:58:14 +0000] "GET /shop/complicities/filaceous011838868228.shtm HTTP/1.1" 301 - "https://sunra.be/sitemap.xml" "Mozilla/5.0 AppleWebKit/537.36 (KHTML, like Gecko; compatible; GPTBot/1.3; +https://openai.com/gptbot)"
216.73.216.217 - - [29/Mar/2026:17:58:15 +0000] "GET /shop/sketchiness/fermeture05880936957.shtm HTTP/1.1" 301 - "-" "Mozilla/5.0 AppleWebKit/537.36 (KHTML, like Gecko; compatible; ClaudeBot/1.0; +claudebot@anthropic.com)"
150.223.194.182 - - [29/Mar/2026:17:58:16 +0000] "GET /?author=15 HTTP/1.1" 404 38743 "-" "Apache-HttpClient/4.5.2 (Java/1.8.0_161)"
74.7.242.15 - - [29/Mar/2026:17:58:17 +0000] "GET /shop/asafetida/spicosity014090548870.shtm HTTP/1.1" 301 - "https://sunra.be/sitemap.xml" "Mozilla/5.0 AppleWebKit/537.36 (KHTML, like Gecko; compatible; GPTBot/1.3; +https://openai.com/gptbot)"
74.7.227.191 - - [29/Mar/2026:17:58:17 +0000] "GET /shop/allopathist/tighter013855624466.shtm HTTP/1.1" 404 38899 "https://sunra.be" "Mozilla/5.0 AppleWebKit/537.36 (KHTML, like Gecko; compatible; GPTBot/1.3; +https://openai.com/gptbot)"
216.73.216.217 - - [29/Mar/2026:17:58:17 +0000] "GET /shop/sketchiness/fermeture05880936957.shtm HTTP/1.1" 404 38901 "https://sunra.be/shop/sketchiness/fermeture05880936957.shtm" "Mozilla/5.0 AppleWebKit/537.36 (KHTML, like Gecko; compatible; ClaudeBot/1.0; +claudebot@anthropic.com)"
103.248.204.249 - - [29/Mar/2026:17:58:19 +0000] "GET /shop/cannulated/pattern0141024001.shtm HTTP/1.1" 301 - "-" "Mozilla/5.0 (Macintosh; Intel Mac OS X 11.7; rv:128.0) Gecko/20100101 Firefox/128.0"
74.7.242.15 - - [29/Mar/2026:17:58:20 +0000] "GET /shop/linnaean/altisonant014043564600.shtm HTTP/1.1" 301 - "https://sunra.be/sitemap.xml" "Mozilla/5.0 AppleWebKit/537.36 (KHTML, like Gecko; compatible; GPTBot/1.3; +https://openai.com/gptbot)"
74.7.227.191 - - [29/Mar/2026:17:58:20 +0000] "GET /shop/hanging/plagiostomata012175751287.shtm HTTP/1.1" 404 38903 "https://sunra.be" "Mozilla/5.0 AppleWebKit/537.36 (KHTML, like Gecko; compatible; GPTBot/1.3; +https://openai.com/gptbot)"
14.235.124.145 - - [29/Mar/2026:17:58:23 +0000] "GET /shop/cannulated/pattern0141024001.shtm HTTP/1.1" 404 38893 "-" "Mozilla/5.0 (Macintosh; Intel Mac OS X 11.7; rv:128.0) Gecko/20100101 Firefox/128.0"
74.7.227.191 - - [29/Mar/2026:17:58:23 +0000] "GET /shop/leptophylla/papyrean012056881220.shtm HTTP/1.1" 404 38901 "https://sunra.be" "Mozilla/5.0 AppleWebKit/537.36 (KHTML, like Gecko; compatible; GPTBot/1.3; +https://openai.com/gptbot)"
74.7.242.15 - - [29/Mar/2026:17:58:23 +0000] "GET /shop/mythographer/hipping011059891134.shtm HTTP/1.1" 301 - "https://sunra.be/sitemap.xml" "Mozilla/5.0 AppleWebKit/537.36 (KHTML, like Gecko; compatible; GPTBot/1.3; +https://openai.com/gptbot)"
74.7.227.191 - - [29/Mar/2026:17:58:26 +0000] "GET /shop/antiphoner/intuition013245043991.shtm HTTP/1.1" 404 38901 "https://sunra.be" "Mozilla/5.0 AppleWebKit/537.36 (KHTML, like Gecko; compatible; GPTBot/1.3; +https://openai.com/gptbot)"
74.7.242.15 - - [29/Mar/2026:17:58:26 +0000] "GET /shop/attributing/sacalait013512040121.shtm HTTP/1.1" 301 - "https://sunra.be/sitemap.xml" "Mozilla/5.0 AppleWebKit/537.36 (KHTML, like Gecko; compatible; GPTBot/1.3; +https://openai.com/gptbot)"
74.7.227.191 - - [29/Mar/2026:17:58:29 +0000] "GET /shop/melanerpes/polyporous014126420416.shtm HTTP/1.1" 404 38903 "https://sunra.be" "Mozilla/5.0 AppleWebKit/537.36 (KHTML, like Gecko; compatible; GPTBot/1.3; +https://openai.com/gptbot)"
74.7.242.15 - - [29/Mar/2026:17:58:29 +0000] "GET /shop/lithotriptist/sousing012148613723.shtm HTTP/1.1" 301 - "https://sunra.be/sitemap.xml" "Mozilla/5.0 AppleWebKit/537.36 (KHTML, like Gecko; compatible; GPTBot/1.3; +https://openai.com/gptbot)"
216.73.216.217 - - [29/Mar/2026:17:58:30 +0000] "GET /shop/cunabula/narcissuses053863887374.shtm HTTP/1.1" 301 - "-" "Mozilla/5.0 AppleWebKit/537.36 (KHTML, like Gecko; compatible; ClaudeBot/1.0; +claudebot@anthropic.com)"
216.73.216.217 - - [29/Mar/2026:17:58:32 +0000] "GET /shop/cunabula/narcissuses053863887374.shtm HTTP/1.1" 404 38901 "https://sunra.be/shop/cunabula/narcissuses053863887374.shtm" "Mozilla/5.0 AppleWebKit/537.36 (KHTML, like Gecko; compatible; ClaudeBot/1.0; +claudebot@anthropic.com)"
74.7.227.191 - - [29/Mar/2026:17:58:32 +0000] "GET /shop/attributing/sacalait013512040121.shtm HTTP/1.1" 404 38901 "https://sunra.be" "Mozilla/5.0 AppleWebKit/537.36 (KHTML, like Gecko; compatible; GPTBot/1.3; +https://openai.com/gptbot)"
74.7.242.15 - - [29/Mar/2026:17:58:33 +0000] "GET /shop/thrive/magnirostris013147510616.shtm HTTP/1.1" 301 - "https://sunra.be/sitemap.xml" "Mozilla/5.0 AppleWebKit/537.36 (KHTML, like Gecko; compatible; GPTBot/1.3; +https://openai.com/gptbot)"
74.7.227.191 - - [29/Mar/2026:17:58:35 +0000] "GET /shop/mythographer/hipping011059891134.shtm HTTP/1.1" 404 38901 "https://sunra.be" "Mozilla/5.0 AppleWebKit/537.36 (KHTML, like Gecko; compatible; GPTBot/1.3; +https://openai.com/gptbot)"
74.7.242.15 - - [29/Mar/2026:17:58:36 +0000] "GET /shop/attracter/carronade012809814749.shtm HTTP/1.1" 301 - "https://sunra.be/sitemap.xml" "Mozilla/5.0 AppleWebKit/537.36 (KHTML, like Gecko; compatible; GPTBot/1.3; +https://openai.com/gptbot)"
150.223.194.182 - - [29/Mar/2026:17:58:39 +0000] "GET /?author=16 HTTP/1.1" 301 - "-" "Apache-HttpClient/4.5.2 (Java/1.8.0_161)"
74.7.227.191 - - [29/Mar/2026:17:58:39 +0000] "GET /shop/complicities/filaceous011838868228.shtm HTTP/1.1" 404 38905 "https://sunra.be" "Mozilla/5.0 AppleWebKit/537.36 (KHTML, like Gecko; compatible; GPTBot/1.3; +https://openai.com/gptbot)"
74.7.242.15 - - [29/Mar/2026:17:58:39 +0000] "GET /shop/determinist/etymologically012911537620.shtm HTTP/1.1" 301 - "https://sunra.be/sitemap.xml" "Mozilla/5.0 AppleWebKit/537.36 (KHTML, like Gecko; compatible; GPTBot/1.3; +https://openai.com/gptbot)"
202.76.143.146 - - [29/Mar/2026:17:58:40 +0000] "GET /shopdetail/desert/290046291 HTTP/1.1" 404 38873 "-" "Mozilla/5.0 (Macintosh; Intel Mac OS X 15.0; rv:134.0) Gecko/20100101 Firefox/134.0"
74.7.227.191 - - [29/Mar/2026:17:58:42 +0000] "GET /shop/asafetida/spicosity014090548870.shtm HTTP/1.1" 404 38899 "https://sunra.be" "Mozilla/5.0 AppleWebKit/537.36 (KHTML, like Gecko; compatible; GPTBot/1.3; +https://openai.com/gptbot)"
74.7.242.15 - - [29/Mar/2026:17:58:42 +0000] "GET /shop/lycanthropous/morphogenesis01327385405.shtm HTTP/1.1" 301 - "https://sunra.be/sitemap.xml" "Mozilla/5.0 AppleWebKit/537.36 (KHTML, like Gecko; compatible; GPTBot/1.3; +https://openai.com/gptbot)"
74.7.227.191 - - [29/Mar/2026:17:58:45 +0000] "GET /shop/cockcrow/irretention012570377505.shtm HTTP/1.1" 404 38901 "https://sunra.be" "Mozilla/5.0 AppleWebKit/537.36 (KHTML, like Gecko; compatible; GPTBot/1.3; +https://openai.com/gptbot)"
74.7.242.15 - - [29/Mar/2026:17:58:45 +0000] "GET /shop/autotransformer/doubleminded01713579400.shtm HTTP/1.1" 301 - "https://sunra.be/sitemap.xml" "Mozilla/5.0 AppleWebKit/537.36 (KHTML, like Gecko; compatible; GPTBot/1.3; +https://openai.com/gptbot)"
216.73.216.217 - - [29/Mar/2026:17:58:46 +0000] "GET /shop/trigastric/regretful052480476034.shtm HTTP/1.1" 301 - "-" "Mozilla/5.0 AppleWebKit/537.36 (KHTML, like Gecko; compatible; ClaudeBot/1.0; +claudebot@anthropic.com)"
150.223.194.182 - - [29/Mar/2026:17:58:47 +0000] "GET /?author=16 HTTP/1.1" 404 38743 "-" "Apache-HttpClient/4.5.2 (Java/1.8.0_161)"
66.249.74.100 - - [29/Mar/2026:17:58:48 +0000] "GET /?u=11862174461405&channel=d19321&from=category-info.php?shop/squame/quarterdeck01451202733.shtm HTTP/1.1" 200 228149 "-" "Mozilla/5.0 (Linux; Android 6.0.1; Nexus 5X Build/MMB29P) AppleWebKit/537.36 (KHTML, like Gecko) Chrome/146.0.7680.153 Mobile Safari/537.36 (compatible; Googlebot/2.1; +http://www.google.com/bot.html)"
74.7.242.15 - - [29/Mar/2026:17:58:48 +0000] "GET /shop/undubitable/crease012608020660.shtm HTTP/1.1" 301 - "https://sunra.be/sitemap.xml" "Mozilla/5.0 AppleWebKit/537.36 (KHTML, like Gecko; compatible; GPTBot/1.3; +https://openai.com/gptbot)"
74.7.227.191 - - [29/Mar/2026:17:58:48 +0000] "GET /shop/linnaean/altisonant014043564600.shtm HTTP/1.1" 404 38899 "https://sunra.be" "Mozilla/5.0 AppleWebKit/537.36 (KHTML, like Gecko; compatible; GPTBot/1.3; +https://openai.com/gptbot)"
216.73.216.217 - - [29/Mar/2026:17:58:49 +0000] "GET /shop/trigastric/regretful052480476034.shtm HTTP/1.1" 404 38901 "https://sunra.be/shop/trigastric/regretful052480476034.shtm" "Mozilla/5.0 AppleWebKit/537.36 (KHTML, like Gecko; compatible; ClaudeBot/1.0; +claudebot@anthropic.com)"
114.119.155.38 - - [29/Mar/2026:17:58:52 +0000] "GET /shop/insistence/generous063331824686.shtm HTTP/1.1" 301 - "https://sunra.be/?sitemap297.xml" "Mozilla/5.0 (Linux; Android 7.0;) AppleWebKit/537.36 (KHTML, like Gecko) Mobile Safari/537.36 (compatible; PetalBot;+https://webmaster.petalsearch.com/site/petalbot)"
74.7.227.191 - - [29/Mar/2026:17:58:51 +0000] "GET /shop/determinist/etymologically012911537620.shtm HTTP/1.1" 404 38913 "https://sunra.be" "Mozilla/5.0 AppleWebKit/537.36 (KHTML, like Gecko; compatible; GPTBot/1.3; +https://openai.com/gptbot)"
74.7.242.15 - - [29/Mar/2026:17:58:51 +0000] "GET /shop/lineality/ogeechee013104066574.shtm HTTP/1.1" 301 - "https://sunra.be/sitemap.xml" "Mozilla/5.0 AppleWebKit/537.36 (KHTML, like Gecko; compatible; GPTBot/1.3; +https://openai.com/gptbot)"
217.182.68.102 - - [29/Mar/2026:17:58:53 +0000] "POST /wp-cron.php?doing_wp_cron=1774807133.8633251190185546875000 HTTP/1.1" 200 - "-" "WordPress/6.9.4; https://www.sunra.be"
74.7.242.15 - - [29/Mar/2026:17:58:55 +0000] "GET /shop/joisted/pronouncer013388209885.shtm HTTP/1.1" 301 - "https://sunra.be/sitemap.xml" "Mozilla/5.0 AppleWebKit/537.36 (KHTML, like Gecko; compatible; GPTBot/1.3; +https://openai.com/gptbot)"
74.7.227.191 - - [29/Mar/2026:17:58:55 +0000] "GET /shop/attracter/carronade012809814749.shtm HTTP/1.1" 404 38899 "https://sunra.be" "Mozilla/5.0 AppleWebKit/537.36 (KHTML, like Gecko; compatible; GPTBot/1.3; +https://openai.com/gptbot)"
74.7.242.15 - - [29/Mar/2026:17:58:58 +0000] "GET /shop/strewment/occipito011427797328.shtm HTTP/1.1" 301 - "https://sunra.be/sitemap.xml" "Mozilla/5.0 AppleWebKit/537.36 (KHTML, like Gecko; compatible; GPTBot/1.3; +https://openai.com/gptbot)"
74.7.227.191 - - [29/Mar/2026:17:58:58 +0000] "GET /shop/lithotriptist/sousing012148613723.shtm HTTP/1.1" 404 38903 "https://sunra.be" "Mozilla/5.0 AppleWebKit/537.36 (KHTML, like Gecko; compatible; GPTBot/1.3; +https://openai.com/gptbot)"
216.73.216.217 - - [29/Mar/2026:17:58:59 +0000] "GET /shop/chalkpit/toponymy054145252400.shtm HTTP/1.1" 301 - "-" "Mozilla/5.0 AppleWebKit/537.36 (KHTML, like Gecko; compatible; ClaudeBot/1.0; +claudebot@anthropic.com)"
74.7.242.15 - - [29/Mar/2026:17:59:01 +0000] "GET /shop/silencing/gentlest012587732559.shtm HTTP/1.1" 301 - "https://sunra.be/sitemap.xml" "Mozilla/5.0 AppleWebKit/537.36 (KHTML, like Gecko; compatible; GPTBot/1.3; +https://openai.com/gptbot)"
74.7.227.191 - - [29/Mar/2026:17:59:01 +0000] "GET /shop/thrive/magnirostris013147510616.shtm HTTP/1.1" 404 38899 "https://sunra.be" "Mozilla/5.0 AppleWebKit/537.36 (KHTML, like Gecko; compatible; GPTBot/1.3; +https://openai.com/gptbot)"
216.73.216.217 - - [29/Mar/2026:17:59:01 +0000] "GET /shop/chalkpit/toponymy054145252400.shtm HTTP/1.1" 404 38895 "https://sunra.be/shop/chalkpit/toponymy054145252400.shtm" "Mozilla/5.0 AppleWebKit/537.36 (KHTML, like Gecko; compatible; ClaudeBot/1.0; +claudebot@anthropic.com)"
74.7.242.15 - - [29/Mar/2026:17:59:04 +0000] "GET /shop/isochroous/etching012037198053.shtm HTTP/1.1" 301 - "https://sunra.be/sitemap.xml" "Mozilla/5.0 AppleWebKit/537.36 (KHTML, like Gecko; compatible; GPTBot/1.3; +https://openai.com/gptbot)"
74.7.227.191 - - [29/Mar/2026:17:59:04 +0000] "GET /shop/autotransformer/doubleminded01713579400.shtm HTTP/1.1" 404 38915 "https://sunra.be" "Mozilla/5.0 AppleWebKit/537.36 (KHTML, like Gecko; compatible; GPTBot/1.3; +https://openai.com/gptbot)"
74.7.242.15 - - [29/Mar/2026:17:59:07 +0000] "GET /shop/primariness/gunter011465440483.shtm HTTP/1.1" 301 - "https://sunra.be/sitemap.xml" "Mozilla/5.0 AppleWebKit/537.36 (KHTML, like Gecko; compatible; GPTBot/1.3; +https://openai.com/gptbot)"
74.7.227.191 - - [29/Mar/2026:17:59:08 +0000] "GET /shop/undubitable/crease012608020660.shtm HTTP/1.1" 404 38897 "https://sunra.be" "Mozilla/5.0 AppleWebKit/537.36 (KHTML, like Gecko; compatible; GPTBot/1.3; +https://openai.com/gptbot)"
74.7.242.15 - - [29/Mar/2026:17:59:10 +0000] "GET /shop/styloid/parnellite013944006319.shtm HTTP/1.1" 301 - "https://sunra.be/sitemap.xml" "Mozilla/5.0 AppleWebKit/537.36 (KHTML, like Gecko; compatible; GPTBot/1.3; +https://openai.com/gptbot)"
74.7.227.191 - - [29/Mar/2026:17:59:11 +0000] "GET /shop/lycanthropous/morphogenesis01327385405.shtm HTTP/1.1" 404 38913 "https://sunra.be" "Mozilla/5.0 AppleWebKit/537.36 (KHTML, like Gecko; compatible; GPTBot/1.3; +https://openai.com/gptbot)"
150.223.194.182 - - [29/Mar/2026:17:59:13 +0000] "GET /?author=17 HTTP/1.1" 301 - "-" "Apache-HttpClient/4.5.2 (Java/1.8.0_161)"
74.7.242.15 - - [29/Mar/2026:17:59:14 +0000] "GET /shop/perilous/scribbler012585308345.shtm HTTP/1.1" 301 - "https://sunra.be/sitemap.xml" "Mozilla/5.0 AppleWebKit/537.36 (KHTML, like Gecko; compatible; GPTBot/1.3; +https://openai.com/gptbot)"
74.7.227.191 - - [29/Mar/2026:17:59:14 +0000] "GET /shop/strewment/occipito011427797328.shtm HTTP/1.1" 404 38897 "https://sunra.be" "Mozilla/5.0 AppleWebKit/537.36 (KHTML, like Gecko; compatible; GPTBot/1.3; +https://openai.com/gptbot)"
216.73.216.217 - - [29/Mar/2026:17:59:14 +0000] "GET /shop/demirilievo/overstaying053225280313.shtm HTTP/1.1" 301 - "-" "Mozilla/5.0 AppleWebKit/537.36 (KHTML, like Gecko; compatible; ClaudeBot/1.0; +claudebot@anthropic.com)"
74.7.227.191 - - [29/Mar/2026:17:59:17 +0000] "GET /shop/silencing/gentlest012587732559.shtm HTTP/1.1" 404 38897 "https://sunra.be" "Mozilla/5.0 AppleWebKit/537.36 (KHTML, like Gecko; compatible; GPTBot/1.3; +https://openai.com/gptbot)"
74.7.242.15 - - [29/Mar/2026:17:59:17 +0000] "GET /shop/timaliidae/eumenes013193724214.shtm HTTP/1.1" 301 - "https://sunra.be/sitemap.xml" "Mozilla/5.0 AppleWebKit/537.36 (KHTML, like Gecko; compatible; GPTBot/1.3; +https://openai.com/gptbot)"
216.73.216.217 - - [29/Mar/2026:17:59:16 +0000] "GET /shop/demirilievo/overstaying053225280313.shtm HTTP/1.1" 404 38907 "https://sunra.be/shop/demirilievo/overstaying053225280313.shtm" "Mozilla/5.0 AppleWebKit/537.36 (KHTML, like Gecko; compatible; ClaudeBot/1.0; +claudebot@anthropic.com)"
74.7.242.15 - - [29/Mar/2026:17:59:20 +0000] "GET /shop/exosmotic/bouldery013197100903.shtm HTTP/1.1" 301 - "https://sunra.be/sitemap.xml" "Mozilla/5.0 AppleWebKit/537.36 (KHTML, like Gecko; compatible; GPTBot/1.3; +https://openai.com/gptbot)"
74.7.227.191 - - [29/Mar/2026:17:59:20 +0000] "GET /shop/primariness/gunter011465440483.shtm HTTP/1.1" 404 38897 "https://sunra.be" "Mozilla/5.0 AppleWebKit/537.36 (KHTML, like Gecko; compatible; GPTBot/1.3; +https://openai.com/gptbot)"
74.7.242.15 - - [29/Mar/2026:17:59:23 +0000] "GET /shop/kobold/aspergillum014029240909.shtm HTTP/1.1" 301 - "https://sunra.be/sitemap.xml" "Mozilla/5.0 AppleWebKit/537.36 (KHTML, like Gecko; compatible; GPTBot/1.3; +https://openai.com/gptbot)"
74.7.227.191 - - [29/Mar/2026:17:59:23 +0000] "GET /shop/lineality/ogeechee013104066574.shtm HTTP/1.1" 404 38897 "https://sunra.be" "Mozilla/5.0 AppleWebKit/537.36 (KHTML, like Gecko; compatible; GPTBot/1.3; +https://openai.com/gptbot)"
74.7.242.15 - - [29/Mar/2026:17:59:26 +0000] "GET /shop/crosse/transcalent011372242615.shtm HTTP/1.1" 301 - "https://sunra.be/sitemap.xml" "Mozilla/5.0 AppleWebKit/537.36 (KHTML, like Gecko; compatible; GPTBot/1.3; +https://openai.com/gptbot)"
74.7.227.191 - - [29/Mar/2026:17:59:26 +0000] "GET /shop/isochroous/etching012037198053.shtm HTTP/1.1" 404 38897 "https://sunra.be" "Mozilla/5.0 AppleWebKit/537.36 (KHTML, like Gecko; compatible; GPTBot/1.3; +https://openai.com/gptbot)"
216.73.216.217 - - [29/Mar/2026:17:59:27 +0000] "GET /shop/deuto/taring002343540649.shtm HTTP/1.1" 301 - "-" "Mozilla/5.0 AppleWebKit/537.36 (KHTML, like Gecko; compatible; ClaudeBot/1.0; +claudebot@anthropic.com)"
216.73.216.217 - - [29/Mar/2026:17:59:29 +0000] "GET /shop/deuto/taring002343540649.shtm HTTP/1.1" 404 38885 "https://sunra.be/shop/deuto/taring002343540649.shtm" "Mozilla/5.0 AppleWebKit/537.36 (KHTML, like Gecko; compatible; ClaudeBot/1.0; +claudebot@anthropic.com)"
150.223.194.182 - - [29/Mar/2026:17:59:29 +0000] "GET /?author=17 HTTP/1.1" 404 38743 "-" "Apache-HttpClient/4.5.2 (Java/1.8.0_161)"
74.7.227.191 - - [29/Mar/2026:17:59:29 +0000] "GET /shop/joisted/pronouncer013388209885.shtm HTTP/1.1" 404 38897 "https://sunra.be" "Mozilla/5.0 AppleWebKit/537.36 (KHTML, like Gecko; compatible; GPTBot/1.3; +https://openai.com/gptbot)"
74.7.242.15 - - [29/Mar/2026:17:59:30 +0000] "GET /shop/calamus/bulbotuber011782872104.shtm HTTP/1.1" 301 - "https://sunra.be/sitemap.xml" "Mozilla/5.0 AppleWebKit/537.36 (KHTML, like Gecko; compatible; GPTBot/1.3; +https://openai.com/gptbot)"
74.7.242.15 - - [29/Mar/2026:17:59:33 +0000] "GET /shop/multiflorum/saithe014207462237.shtm HTTP/1.1" 301 - "https://sunra.be/sitemap.xml" "Mozilla/5.0 AppleWebKit/537.36 (KHTML, like Gecko; compatible; GPTBot/1.3; +https://openai.com/gptbot)"
66.249.74.101 - - [29/Mar/2026:17:59:34 +0000] "GET /?u=16232183380004&channel=54f37e&from=product.php?shop/rabat/exsuction043388427242.shtm HTTP/1.1" 200 222322 "-" "Mozilla/5.0 (Linux; Android 6.0.1; Nexus 5X Build/MMB29P) AppleWebKit/537.36 (KHTML, like Gecko) Chrome/146.0.7680.153 Mobile Safari/537.36 (compatible; Googlebot/2.1; +http://www.google.com/bot.html)"
74.7.227.191 - - [29/Mar/2026:17:59:35 +0000] "GET /shop/kobold/aspergillum014029240909.shtm HTTP/1.1" 404 38897 "https://sunra.be" "Mozilla/5.0 AppleWebKit/537.36 (KHTML, like Gecko; compatible; GPTBot/1.3; +https://openai.com/gptbot)"
74.7.242.15 - - [29/Mar/2026:17:59:36 +0000] "GET /shop/maoism/microhierax014267769245.shtm HTTP/1.1" 301 - "https://sunra.be/sitemap.xml" "Mozilla/5.0 AppleWebKit/537.36 (KHTML, like Gecko; compatible; GPTBot/1.3; +https://openai.com/gptbot)"
74.7.227.191 - - [29/Mar/2026:17:59:38 +0000] "GET /shop/perilous/scribbler012585308345.shtm HTTP/1.1" 404 38897 "https://sunra.be" "Mozilla/5.0 AppleWebKit/537.36 (KHTML, like Gecko; compatible; GPTBot/1.3; +https://openai.com/gptbot)"
74.7.242.15 - - [29/Mar/2026:17:59:39 +0000] "GET /shop/proller/tweedledum014267605706.shtm HTTP/1.1" 301 - "https://sunra.be/sitemap.xml" "Mozilla/5.0 AppleWebKit/537.36 (KHTML, like Gecko; compatible; GPTBot/1.3; +https://openai.com/gptbot)"
20.151.2.242 - - [29/Mar/2026:17:59:42 +0000] "GET /wp-content/plugins/hellopress/wp_filemanager.php HTTP/1.1" 401 36 "-" "-"
20.151.2.242 - - [29/Mar/2026:17:59:42 +0000] "GET /wander.php HTTP/1.1" 401 36 "-" "-"
20.151.2.242 - - [29/Mar/2026:17:59:42 +0000] "GET /xc0252.php HTTP/1.1" 401 36 "-" "-"
20.151.2.242 - - [29/Mar/2026:17:59:42 +0000] "GET /f6.php HTTP/1.1" 401 36 "-" "-"
20.151.2.242 - - [29/Mar/2026:17:59:43 +0000] "GET /8.php HTTP/1.1" 401 36 "-" "-"
20.151.2.242 - - [29/Mar/2026:17:59:43 +0000] "GET /66.php HTTP/1.1" 401 36 "-" "-"
20.151.2.242 - - [29/Mar/2026:17:59:44 +0000] "GET /xs.php HTTP/1.1" 401 36 "-" "-"
74.7.227.191 - - [29/Mar/2026:17:59:42 +0000] "GET /shop/styloid/parnellite013944006319.shtm HTTP/1.1" 404 38897 "https://sunra.be" "Mozilla/5.0 AppleWebKit/537.36 (KHTML, like Gecko; compatible; GPTBot/1.3; +https://openai.com/gptbot)"
216.73.216.217 - - [29/Mar/2026:17:59:42 +0000] "GET /shop/stator/unipuncta003435727503.shtm HTTP/1.1" 301 - "-" "Mozilla/5.0 AppleWebKit/537.36 (KHTML, like Gecko; compatible; ClaudeBot/1.0; +claudebot@anthropic.com)"
20.151.2.242 - - [29/Mar/2026:17:59:44 +0000] "GET /ws47.php HTTP/1.1" 401 36 "-" "-"
20.151.2.242 - - [29/Mar/2026:17:59:44 +0000] "GET /vvvb.php HTTP/1.1" 401 36 "-" "-"
74.7.242.15 - - [29/Mar/2026:17:59:43 +0000] "GET /shop/harpress/snowbroth012566837293.shtm HTTP/1.1" 301 - "https://sunra.be/sitemap.xml" "Mozilla/5.0 AppleWebKit/537.36 (KHTML, like Gecko; compatible; GPTBot/1.3; +https://openai.com/gptbot)"
20.151.2.242 - - [29/Mar/2026:17:59:45 +0000] "GET /x12.php HTTP/1.1" 401 36 "-" "-"
20.151.2.242 - - [29/Mar/2026:17:59:45 +0000] "GET /zcsu.php HTTP/1.1" 401 36 "-" "-"
20.151.2.242 - - [29/Mar/2026:17:59:45 +0000] "GET /aa.php HTTP/1.1" 401 36 "-" "-"
20.151.2.242 - - [29/Mar/2026:17:59:45 +0000] "GET /wp-cxs.php HTTP/1.1" 401 36 "-" "-"
20.151.2.242 - - [29/Mar/2026:17:59:46 +0000] "GET /wp-scanner.php HTTP/1.1" 401 36 "-" "-"
20.151.2.242 - - [29/Mar/2026:17:59:46 +0000] "GET /awh.php HTTP/1.1" 401 36 "-" "-"
216.73.216.217 - - [29/Mar/2026:17:59:44 +0000] "GET /shop/stator/unipuncta003435727503.shtm HTTP/1.1" 404 38893 "https://sunra.be/shop/stator/unipuncta003435727503.shtm" "Mozilla/5.0 AppleWebKit/537.36 (KHTML, like Gecko; compatible; ClaudeBot/1.0; +claudebot@anthropic.com)"
20.151.2.242 - - [29/Mar/2026:17:59:46 +0000] "GET /24.php HTTP/1.1" 401 36 "-" "-"
20.151.2.242 - - [29/Mar/2026:17:59:47 +0000] "GET /zz8.php HTTP/1.1" 401 36 "-" "-"
74.7.227.191 - - [29/Mar/2026:17:59:45 +0000] "GET /shop/crosse/transcalent011372242615.shtm HTTP/1.1" 404 38897 "https://sunra.be" "Mozilla/5.0 AppleWebKit/537.36 (KHTML, like Gecko; compatible; GPTBot/1.3; +https://openai.com/gptbot)"
20.151.2.242 - - [29/Mar/2026:17:59:47 +0000] "GET /feokc.php HTTP/1.1" 401 36 "-" "-"
124.29.214.49 - - [29/Mar/2026:17:59:45 +0000] "GET /shopdetail/examine/242036499 HTTP/1.1" 404 38875 "-" "Mozilla/5.0 (Windows NT 10.0; Win64; x64; rv:130.0) Gecko/20100101 Firefox/130.0"
20.151.2.242 - - [29/Mar/2026:17:59:47 +0000] "GET /fetch.php HTTP/1.1" 401 36 "-" "-"
74.7.242.15 - - [29/Mar/2026:17:59:46 +0000] "GET /shop/liturgies/registry011206573353.shtm HTTP/1.1" 301 - "https://sunra.be/sitemap.xml" "Mozilla/5.0 AppleWebKit/537.36 (KHTML, like Gecko; compatible; GPTBot/1.3; +https://openai.com/gptbot)"
20.151.2.242 - - [29/Mar/2026:17:59:48 +0000] "GET /phpmini.php HTTP/1.1" 401 36 "-" "-"
20.151.2.242 - - [29/Mar/2026:17:59:48 +0000] "GET /an7.php HTTP/1.1" 401 36 "-" "-"
20.151.2.242 - - [29/Mar/2026:17:59:48 +0000] "GET /tbute.php HTTP/1.1" 401 36 "-" "-"
20.151.2.242 - - [29/Mar/2026:17:59:49 +0000] "GET /rovoj.php HTTP/1.1" 401 36 "-" "-"
20.151.2.242 - - [29/Mar/2026:17:59:49 +0000] "GET /r3grt7.php HTTP/1.1" 401 36 "-" "-"
20.151.2.242 - - [29/Mar/2026:17:59:49 +0000] "GET /phina.php HTTP/1.1" 401 36 "-" "-"
20.151.2.242 - - [29/Mar/2026:17:59:49 +0000] "GET /jga.php HTTP/1.1" 401 36 "-" "-"
74.7.227.191 - - [29/Mar/2026:17:59:48 +0000] "GET /shop/timaliidae/eumenes013193724214.shtm HTTP/1.1" 404 38897 "https://sunra.be" "Mozilla/5.0 AppleWebKit/537.36 (KHTML, like Gecko; compatible; GPTBot/1.3; +https://openai.com/gptbot)"
20.151.2.242 - - [29/Mar/2026:17:59:50 +0000] "GET /fs6.php HTTP/1.1" 401 36 "-" "-"
20.151.2.242 - - [29/Mar/2026:17:59:50 +0000] "GET /fs7.php HTTP/1.1" 401 36 "-" "-"
20.151.2.242 - - [29/Mar/2026:17:59:51 +0000] "GET /kbfr.php HTTP/1.1" 401 36 "-" "-"
20.151.2.242 - - [29/Mar/2026:17:59:51 +0000] "GET /595.php HTTP/1.1" 401 36 "-" "-"
74.7.242.15 - - [29/Mar/2026:17:59:49 +0000] "GET /shop/strongbox/constant012398743817.shtm HTTP/1.1" 301 - "https://sunra.be/sitemap.xml" "Mozilla/5.0 AppleWebKit/537.36 (KHTML, like Gecko; compatible; GPTBot/1.3; +https://openai.com/gptbot)"
20.151.2.242 - - [29/Mar/2026:17:59:51 +0000] "GET /x1.php HTTP/1.1" 401 36 "-" "-"
150.223.194.182 - - [29/Mar/2026:17:59:49 +0000] "GET /?author=18 HTTP/1.1" 301 - "-" "Apache-HttpClient/4.5.2 (Java/1.8.0_161)"
20.151.2.242 - - [29/Mar/2026:17:59:52 +0000] "GET /gk.php HTTP/1.1" 401 36 "-" "-"
43.173.178.233 - - [29/Mar/2026:17:59:49 +0000] "GET /spareparts/front-fork-assembly-3/ HTTP/1.1" 200 39542 "-" "Mozilla/5.0 (Windows NT 10.0; Win64; x64) AppleWebKit/537.36 (KHTML, like Gecko) Chrome/116.0.0.0 Safari/537.36"
20.151.2.242 - - [29/Mar/2026:17:59:52 +0000] "GET /ws85.php HTTP/1.1" 401 36 "-" "-"
20.151.2.242 - - [29/Mar/2026:17:59:52 +0000] "GET /ws82.php HTTP/1.1" 401 36 "-" "-"
20.151.2.242 - - [29/Mar/2026:17:59:52 +0000] "GET /ws81.php HTTP/1.1" 401 36 "-" "-"
43.173.177.108 - - [29/Mar/2026:17:59:53 +0000] "GET /wp-content/themes/sunra/style.css?t=1774807191&ver=6.9.4 HTTP/1.1" 200 24715 "https://www.sunra.be/spareparts/front-fork-assembly-3/" "Mozilla/5.0 (Windows NT 10.0; Win64; x64) AppleWebKit/537.36 (KHTML, like Gecko) Chrome/116.0.0.0 Safari/537.36"
20.151.2.242 - - [29/Mar/2026:17:59:53 +0000] "GET /ws79.php HTTP/1.1" 401 36 "-" "-"
20.151.2.242 - - [29/Mar/2026:17:59:53 +0000] "GET /ws78.php HTTP/1.1" 401 36 "-" "-"
20.151.2.242 - - [29/Mar/2026:17:59:53 +0000] "GET /ws50.php HTTP/1.1" 401 36 "-" "-"
74.7.242.15 - - [29/Mar/2026:17:59:52 +0000] "GET /shop/pressman/calcarius012710815978.shtm HTTP/1.1" 301 - "https://sunra.be/sitemap.xml" "Mozilla/5.0 AppleWebKit/537.36 (KHTML, like Gecko; compatible; GPTBot/1.3; +https://openai.com/gptbot)"
20.151.2.242 - - [29/Mar/2026:17:59:54 +0000] "GET /ws44.php HTTP/1.1" 401 36 "-" "-"
74.7.227.191 - - [29/Mar/2026:17:59:51 +0000] "GET /shop/exosmotic/bouldery013197100903.shtm HTTP/1.1" 404 38897 "https://sunra.be" "Mozilla/5.0 AppleWebKit/537.36 (KHTML, like Gecko; compatible; GPTBot/1.3; +https://openai.com/gptbot)"
217.182.68.102 - - [29/Mar/2026:17:59:53 +0000] "POST /wp-cron.php?doing_wp_cron=1774807193.2521810531616210937500 HTTP/1.1" 200 - "-" "WordPress/6.9.4; https://www.sunra.be"
20.151.2.242 - - [29/Mar/2026:17:59:54 +0000] "GET /ws43.php HTTP/1.1" 401 36 "-" "-"
20.151.2.242 - - [29/Mar/2026:17:59:54 +0000] "GET /ws42.php HTTP/1.1" 401 36 "-" "-"
20.151.2.242 - - [29/Mar/2026:17:59:54 +0000] "GET /ws40.php HTTP/1.1" 401 36 "-" "-"
20.151.2.242 - - [29/Mar/2026:17:59:55 +0000] "GET /ws36.php HTTP/1.1" 401 36 "-" "-"
20.151.2.242 - - [29/Mar/2026:17:59:55 +0000] "GET /vwxbi.php HTTP/1.1" 401 36 "-" "-"
20.151.2.242 - - [29/Mar/2026:17:59:55 +0000] "GET /shellerr.php HTTP/1.1" 401 36 "-" "-"
20.151.2.242 - - [29/Mar/2026:17:59:56 +0000] "GET /vaza.php HTTP/1.1" 401 36 "-" "-"
74.7.227.191 - - [29/Mar/2026:17:59:54 +0000] "GET /shop/proller/tweedledum014267605706.shtm HTTP/1.1" 404 38897 "https://sunra.be" "Mozilla/5.0 AppleWebKit/537.36 (KHTML, like Gecko; compatible; GPTBot/1.3; +https://openai.com/gptbot)"
20.151.2.242 - - [29/Mar/2026:17:59:56 +0000] "GET /cvz.php HTTP/1.1" 401 36 "-" "-"
20.151.2.242 - - [29/Mar/2026:17:59:56 +0000] "GET /wtiiy.php HTTP/1.1" 401 36 "-" "-"
20.151.2.242 - - [29/Mar/2026:17:59:56 +0000] "GET /aee.php HTTP/1.1" 401 36 "-" "-"
74.7.242.15 - - [29/Mar/2026:17:59:55 +0000] "GET /shop/hartsear/wineberry012531192990.shtm HTTP/1.1" 301 - "https://sunra.be/sitemap.xml" "Mozilla/5.0 AppleWebKit/537.36 (KHTML, like Gecko; compatible; GPTBot/1.3; +https://openai.com/gptbot)"
20.151.2.242 - - [29/Mar/2026:17:59:57 +0000] "GET /sweg.php HTTP/1.1" 401 36 "-" "-"
20.151.2.242 - - [29/Mar/2026:17:59:57 +0000] "GET /sql.php HTTP/1.1" 401 36 "-" "-"
20.151.2.242 - - [29/Mar/2026:17:59:57 +0000] "GET /sc.php HTTP/1.1" 401 36 "-" "-"
20.151.2.242 - - [29/Mar/2026:17:59:58 +0000] "GET /eee.php HTTP/1.1" 401 36 "-" "-"
150.223.194.182 - - [29/Mar/2026:17:59:56 +0000] "GET /?author=18 HTTP/1.1" 404 38743 "-" "Apache-HttpClient/4.5.2 (Java/1.8.0_161)"
20.151.2.242 - - [29/Mar/2026:17:59:58 +0000] "GET /gptsh.php HTTP/1.1" 401 36 "-" "-"
20.151.2.242 - - [29/Mar/2026:17:59:58 +0000] "GET /xda.php HTTP/1.1" 401 36 "-" "-"
216.73.216.217 - - [29/Mar/2026:17:59:57 +0000] "GET /shop/varden/skeptical0054014727.shtm HTTP/1.1" 301 - "-" "Mozilla/5.0 AppleWebKit/537.36 (KHTML, like Gecko; compatible; ClaudeBot/1.0; +claudebot@anthropic.com)"
20.151.2.242 - - [29/Mar/2026:17:59:59 +0000] "GET /roter.php HTTP/1.1" 401 36 "-" "-"
20.151.2.242 - - [29/Mar/2026:17:59:59 +0000] "GET /size.php HTTP/1.1" 401 36 "-" "-"
74.7.227.191 - - [29/Mar/2026:17:59:57 +0000] "GET /shop/calamus/bulbotuber011782872104.shtm HTTP/1.1" 404 38897 "https://sunra.be" "Mozilla/5.0 AppleWebKit/537.36 (KHTML, like Gecko; compatible; GPTBot/1.3; +https://openai.com/gptbot)"
20.151.2.242 - - [29/Mar/2026:17:59:59 +0000] "GET /save.php HTTP/1.1" 401 36 "-" "-"
20.151.2.242 - - [29/Mar/2026:18:00:00 +0000] "GET /lib.php HTTP/1.1" 401 36 "-" "-"
74.7.242.15 - - [29/Mar/2026:17:59:58 +0000] "GET /shop/globard/histrionic014212214532.shtm HTTP/1.1" 301 - "https://sunra.be/sitemap.xml" "Mozilla/5.0 AppleWebKit/537.36 (KHTML, like Gecko; compatible; GPTBot/1.3; +https://openai.com/gptbot)"
20.151.2.242 - - [29/Mar/2026:18:00:00 +0000] "GET /n1GiO.php HTTP/1.1" 401 36 "-" "-"
20.151.2.242 - - [29/Mar/2026:18:00:00 +0000] "GET /pLdK1.php HTTP/1.1" 401 36 "-" "-"
20.151.2.242 - - [29/Mar/2026:18:00:00 +0000] "GET /llb1J.php HTTP/1.1" 401 36 "-" "-"
20.151.2.242 - - [29/Mar/2026:18:00:01 +0000] "GET /jeZDu.php HTTP/1.1" 401 36 "-" "-"
216.73.216.217 - - [29/Mar/2026:17:59:59 +0000] "GET /shop/varden/skeptical0054014727.shtm HTTP/1.1" 404 38889 "https://sunra.be/shop/varden/skeptical0054014727.shtm" "Mozilla/5.0 AppleWebKit/537.36 (KHTML, like Gecko; compatible; ClaudeBot/1.0; +claudebot@anthropic.com)"
20.151.2.242 - - [29/Mar/2026:18:00:01 +0000] "GET /gec.php HTTP/1.1" 401 36 "-" "-"
20.151.2.242 - - [29/Mar/2026:18:00:02 +0000] "GET /bfuKK.php HTTP/1.1" 401 36 "-" "-"
20.151.2.242 - - [29/Mar/2026:18:00:02 +0000] "GET /OpVq6.php HTTP/1.1" 401 36 "-" "-"
20.151.2.242 - - [29/Mar/2026:18:00:02 +0000] "GET /Q73BO.php HTTP/1.1" 401 36 "-" "-"
20.151.2.242 - - [29/Mar/2026:18:00:03 +0000] "GET /rmpoa.php HTTP/1.1" 401 36 "-" "-"
20.151.2.242 - - [29/Mar/2026:18:00:03 +0000] "GET /wgift1.php HTTP/1.1" 401 36 "-" "-"
20.151.2.242 - - [29/Mar/2026:18:00:04 +0000] "GET /torsa1.php HTTP/1.1" 401 36 "-" "-"
20.151.2.242 - - [29/Mar/2026:18:00:04 +0000] "GET /xper1.php HTTP/1.1" 401 36 "-" "-"
74.7.227.191 - - [29/Mar/2026:18:00:00 +0000] "GET /shop/liturgies/registry011206573353.shtm HTTP/1.1" 404 38897 "https://sunra.be" "Mozilla/5.0 AppleWebKit/537.36 (KHTML, like Gecko; compatible; GPTBot/1.3; +https://openai.com/gptbot)"
20.151.2.242 - - [29/Mar/2026:18:00:04 +0000] "GET /gelio1.php HTTP/1.1" 401 36 "-" "-"
74.7.242.15 - - [29/Mar/2026:18:00:01 +0000] "GET /shop/toward/reverberate013996020788.shtm HTTP/1.1" 301 - "https://sunra.be/sitemap.xml" "Mozilla/5.0 AppleWebKit/537.36 (KHTML, like Gecko; compatible; GPTBot/1.3; +https://openai.com/gptbot)"
20.151.2.242 - - [29/Mar/2026:18:00:05 +0000] "GET /v2.php HTTP/1.1" 401 36 "-" "-"
20.151.2.242 - - [29/Mar/2026:18:00:05 +0000] "GET /v3.php HTTP/1.1" 401 36 "-" "-"
20.151.2.242 - - [29/Mar/2026:18:00:05 +0000] "GET /v4.php HTTP/1.1" 401 36 "-" "-"
20.151.2.242 - - [29/Mar/2026:18:00:05 +0000] "GET /ant.php HTTP/1.1" 401 36 "-" "-"
20.151.2.242 - - [29/Mar/2026:18:00:06 +0000] "GET /as.php HTTP/1.1" 401 36 "-" "-"
20.151.2.242 - - [29/Mar/2026:18:00:06 +0000] "GET /cc13.php HTTP/1.1" 401 36 "-" "-"
20.151.2.242 - - [29/Mar/2026:18:00:07 +0000] "GET /bnm.php HTTP/1.1" 401 36 "-" "-"
20.151.2.242 - - [29/Mar/2026:18:00:07 +0000] "GET /ccs.php HTTP/1.1" 401 36 "-" "-"
20.151.2.242 - - [29/Mar/2026:18:00:07 +0000] "GET /ccu.php HTTP/1.1" 401 36 "-" "-"
74.7.227.191 - - [29/Mar/2026:18:00:05 +0000] "GET /shop/multiflorum/saithe014207462237.shtm HTTP/1.1" 404 38897 "https://sunra.be" "Mozilla/5.0 AppleWebKit/537.36 (KHTML, like Gecko; compatible; GPTBot/1.3; +https://openai.com/gptbot)"
74.7.242.15 - - [29/Mar/2026:18:00:05 +0000] "GET /shop/cicinus/transplant011252559740.shtm HTTP/1.1" 301 - "https://sunra.be/sitemap.xml" "Mozilla/5.0 AppleWebKit/537.36 (KHTML, like Gecko; compatible; GPTBot/1.3; +https://openai.com/gptbot)"
20.151.2.242 - - [29/Mar/2026:18:00:08 +0000] "GET /albin.php HTTP/1.1" 401 36 "-" "-"
20.151.2.242 - - [29/Mar/2026:18:00:08 +0000] "GET /north1.php HTTP/1.1" 401 36 "-" "-"
20.151.2.242 - - [29/Mar/2026:18:00:08 +0000] "GET /dragonshell.php HTTP/1.1" 401 36 "-" "-"
20.151.2.242 - - [29/Mar/2026:18:00:09 +0000] "GET /ggb.php HTTP/1.1" 401 36 "-" "-"
150.223.194.182 - - [29/Mar/2026:18:00:07 +0000] "GET /?author=19 HTTP/1.1" 301 - "-" "Apache-HttpClient/4.5.2 (Java/1.8.0_161)"
20.151.2.242 - - [29/Mar/2026:18:00:09 +0000] "GET /caiij.php HTTP/1.1" 401 36 "-" "-"
20.151.2.242 - - [29/Mar/2026:18:00:09 +0000] "GET /gel4y.php HTTP/1.1" 401 36 "-" "-"
20.151.2.242 - - [29/Mar/2026:18:00:10 +0000] "GET /uxijj.php HTTP/1.1" 401 36 "-" "-"
20.151.2.242 - - [29/Mar/2026:18:00:10 +0000] "GET /rkiea.php HTTP/1.1" 401 36 "-" "-"
74.7.227.191 - - [29/Mar/2026:18:00:08 +0000] "GET /shop/maoism/microhierax014267769245.shtm HTTP/1.1" 404 38897 "https://sunra.be" "Mozilla/5.0 AppleWebKit/537.36 (KHTML, like Gecko; compatible; GPTBot/1.3; +https://openai.com/gptbot)"
74.7.242.15 - - [29/Mar/2026:18:00:08 +0000] "GET /shop/schwanpan/mightful012442747417.shtm HTTP/1.1" 301 - "https://sunra.be/sitemap.xml" "Mozilla/5.0 AppleWebKit/537.36 (KHTML, like Gecko; compatible; GPTBot/1.3; +https://openai.com/gptbot)"
20.151.2.242 - - [29/Mar/2026:18:00:10 +0000] "GET /resp.php HTTP/1.1" 401 36 "-" "-"
20.151.2.242 - - [29/Mar/2026:18:00:11 +0000] "GET /lanou.php HTTP/1.1" 401 36 "-" "-"
20.151.2.242 - - [29/Mar/2026:18:00:11 +0000] "GET /eursi.php HTTP/1.1" 401 36 "-" "-"
20.151.2.242 - - [29/Mar/2026:18:00:11 +0000] "GET /pas2.php HTTP/1.1" 401 36 "-" "-"
114.119.155.38 - - [29/Mar/2026:18:00:10 +0000] "GET /shop/insignificant/grotesque062385409743.shtm HTTP/1.1" 301 - "https://sunra.be/?sitemap297.xml" "Mozilla/5.0 (Linux; Android 7.0;) AppleWebKit/537.36 (KHTML, like Gecko) Mobile Safari/537.36 (compatible; PetalBot;+https://webmaster.petalsearch.com/site/petalbot)"
20.151.2.242 - - [29/Mar/2026:18:00:11 +0000] "GET /schal.php HTTP/1.1" 401 36 "-" "-"
20.151.2.242 - - [29/Mar/2026:18:00:12 +0000] "GET /xex.php HTTP/1.1" 401 36 "-" "-"
20.151.2.242 - - [29/Mar/2026:18:00:12 +0000] "GET /wp-admin/maint/wta.php HTTP/1.1" 401 36 "-" "-"
20.151.2.242 - - [29/Mar/2026:18:00:12 +0000] "GET /wp-admin/maint/dtyh.php HTTP/1.1" 401 36 "-" "-"
20.151.2.242 - - [29/Mar/2026:18:00:13 +0000] "GET /dtyh.php HTTP/1.1" 401 36 "-" "-"
74.7.242.15 - - [29/Mar/2026:18:00:11 +0000] "GET /shop/reddened/sallowest013708172991.shtm HTTP/1.1" 301 - "https://sunra.be/sitemap.xml" "Mozilla/5.0 AppleWebKit/537.36 (KHTML, like Gecko; compatible; GPTBot/1.3; +https://openai.com/gptbot)"
20.151.2.242 - - [29/Mar/2026:18:00:13 +0000] "GET /wta.php HTTP/1.1" 401 36 "-" "-"
20.151.2.242 - - [29/Mar/2026:18:00:13 +0000] "GET /ws77.php HTTP/1.1" 401 36 "-" "-"
74.7.227.191 - - [29/Mar/2026:18:00:11 +0000] "GET /shop/harpress/snowbroth012566837293.shtm HTTP/1.1" 404 38897 "https://sunra.be" "Mozilla/5.0 AppleWebKit/537.36 (KHTML, like Gecko; compatible; GPTBot/1.3; +https://openai.com/gptbot)"
20.151.2.242 - - [29/Mar/2026:18:00:14 +0000] "GET /ws86.php HTTP/1.1" 401 36 "-" "-"
216.73.216.217 - - [29/Mar/2026:18:00:12 +0000] "GET /shop/seraphicalness/veridical002805604791.shtm HTTP/1.1" 301 - "-" "Mozilla/5.0 AppleWebKit/537.36 (KHTML, like Gecko; compatible; ClaudeBot/1.0; +claudebot@anthropic.com)"
20.151.2.242 - - [29/Mar/2026:18:00:14 +0000] "GET /saorix1.php HTTP/1.1" 401 36 "-" "-"
20.151.2.242 - - [29/Mar/2026:18:00:15 +0000] "GET /wp-class.php HTTP/1.1" 401 36 "-" "-"
20.151.2.242 - - [29/Mar/2026:18:00:15 +0000] "GET /uuu.php HTTP/1.1" 401 36 "-" "-"
114.119.155.38 - - [29/Mar/2026:18:00:13 +0000] "GET /shop/insignificant/grotesque062385409743.shtm HTTP/1.1" 404 37566 "https://sunra.be/?sitemap297.xml" "Mozilla/5.0 (Linux; Android 7.0;) AppleWebKit/537.36 (KHTML, like Gecko) Mobile Safari/537.36 (compatible; PetalBot;+https://webmaster.petalsearch.com/site/petalbot)"
20.151.2.242 - - [29/Mar/2026:18:00:15 +0000] "GET /wp-load.php HTTP/1.1" 401 36 "-" "-"
20.151.2.242 - - [29/Mar/2026:18:00:16 +0000] "GET /gpt-sh.php HTTP/1.1" 401 36 "-" "-"
20.151.2.242 - - [29/Mar/2026:18:00:16 +0000] "GET /bywaf.php HTTP/1.1" 401 36 "-" "-"
20.151.2.242 - - [29/Mar/2026:18:00:17 +0000] "GET /wp-true.php HTTP/1.1" 401 36 "-" "-"
20.151.2.242 - - [29/Mar/2026:18:00:17 +0000] "GET /byp8.php HTTP/1.1" 401 36 "-" "-"
74.7.242.15 - - [29/Mar/2026:18:00:14 +0000] "GET /shop/sandever/habenaria011700454661.shtm HTTP/1.1" 301 - "https://sunra.be/sitemap.xml" "Mozilla/5.0 AppleWebKit/537.36 (KHTML, like Gecko; compatible; GPTBot/1.3; +https://openai.com/gptbot)"
216.73.216.217 - - [29/Mar/2026:18:00:14 +0000] "GET /shop/seraphicalness/veridical002805604791.shtm HTTP/1.1" 404 38909 "https://sunra.be/shop/seraphicalness/veridical002805604791.shtm" "Mozilla/5.0 AppleWebKit/537.36 (KHTML, like Gecko; compatible; ClaudeBot/1.0; +claudebot@anthropic.com)"
20.151.2.242 - - [29/Mar/2026:18:00:17 +0000] "GET /tx88.php HTTP/1.1" 401 36 "-" "-"
20.151.2.242 - - [29/Mar/2026:18:00:17 +0000] "GET /tx79.php HTTP/1.1" 401 36 "-" "-"
74.7.227.191 - - [29/Mar/2026:18:00:14 +0000] "GET /shop/hartsear/wineberry012531192990.shtm HTTP/1.1" 404 38897 "https://sunra.be" "Mozilla/5.0 AppleWebKit/537.36 (KHTML, like Gecko; compatible; GPTBot/1.3; +https://openai.com/gptbot)"
20.151.2.242 - - [29/Mar/2026:18:00:18 +0000] "GET /max.php HTTP/1.1" 401 36 "-" "-"
20.151.2.242 - - [29/Mar/2026:18:00:18 +0000] "GET /z60.php HTTP/1.1" 401 36 "-" "-"
20.151.2.242 - - [29/Mar/2026:18:00:18 +0000] "GET /utky.php HTTP/1.1" 401 36 "-" "-"
20.151.2.242 - - [29/Mar/2026:18:00:19 +0000] "GET /uang.php HTTP/1.1" 401 36 "-" "-"
74.7.242.15 - - [29/Mar/2026:18:00:17 +0000] "GET /shop/generation/capouch011949750411.shtm HTTP/1.1" 301 - "https://sunra.be/sitemap.xml" "Mozilla/5.0 AppleWebKit/537.36 (KHTML, like Gecko; compatible; GPTBot/1.3; +https://openai.com/gptbot)"
20.151.2.242 - - [29/Mar/2026:18:00:19 +0000] "GET /wp3.php HTTP/1.1" 401 36 "-" "-"
20.151.2.242 - - [29/Mar/2026:18:00:19 +0000] "GET /wp9.php HTTP/1.1" 401 36 "-" "-"
74.7.227.191 - - [29/Mar/2026:18:00:18 +0000] "GET /shop/reddened/sallowest013708172991.shtm HTTP/1.1" 404 38897 "https://sunra.be" "Mozilla/5.0 AppleWebKit/537.36 (KHTML, like Gecko; compatible; GPTBot/1.3; +https://openai.com/gptbot)"
20.151.2.242 - - [29/Mar/2026:18:00:20 +0000] "GET /wp-admin/maint/absorption.php HTTP/1.1" 401 36 "-" "-"
20.151.2.242 - - [29/Mar/2026:18:00:20 +0000] "GET /ticket.php HTTP/1.1" 401 36 "-" "-"
20.151.2.242 - - [29/Mar/2026:18:00:20 +0000] "GET /wglum1.php HTTP/1.1" 401 36 "-" "-"
20.151.2.242 - - [29/Mar/2026:18:00:20 +0000] "GET /xpwer1.php HTTP/1.1" 401 36 "-" "-"
20.151.2.242 - - [29/Mar/2026:18:00:21 +0000] "GET /yuzuru1.php HTTP/1.1" 401 36 "-" "-"
20.151.2.242 - - [29/Mar/2026:18:00:21 +0000] "GET /wdone1.php HTTP/1.1" 401 36 "-" "-"
66.249.74.100 - - [29/Mar/2026:18:00:20 +0000] "GET /?u=4208856030803&channel=fe8ed4&from=product.php?shop/waste/dimensive0038410213.shtm HTTP/1.1" 200 222676 "-" "Mozilla/5.0 (Linux; Android 6.0.1; Nexus 5X Build/MMB29P) AppleWebKit/537.36 (KHTML, like Gecko) Chrome/146.0.7680.153 Mobile Safari/537.36 (compatible; Googlebot/2.1; +http://www.google.com/bot.html)"
20.151.2.242 - - [29/Mar/2026:18:00:21 +0000] "GET /xpass.php HTTP/1.1" 401 36 "-" "-"
20.151.2.242 - - [29/Mar/2026:18:00:21 +0000] "GET /ad.php HTTP/1.1" 401 36 "-" "-"
20.151.2.242 - - [29/Mar/2026:18:00:22 +0000] "GET /h02ugyh.php HTTP/1.1" 401 36 "-" "-"
74.7.242.15 - - [29/Mar/2026:18:00:20 +0000] "GET /shop/limuloidea/edomite013075435241.shtm HTTP/1.1" 301 - "https://sunra.be/sitemap.xml" "Mozilla/5.0 AppleWebKit/537.36 (KHTML, like Gecko; compatible; GPTBot/1.3; +https://openai.com/gptbot)"
74.7.227.191 - - [29/Mar/2026:18:00:21 +0000] "GET /shop/toward/reverberate013996020788.shtm HTTP/1.1" 404 38897 "https://sunra.be" "Mozilla/5.0 AppleWebKit/537.36 (KHTML, like Gecko; compatible; GPTBot/1.3; +https://openai.com/gptbot)"
150.223.194.182 - - [29/Mar/2026:18:00:22 +0000] "GET /?author=19 HTTP/1.1" 404 38743 "-" "Apache-HttpClient/4.5.2 (Java/1.8.0_161)"
74.7.242.15 - - [29/Mar/2026:18:00:23 +0000] "GET /shop/outthrow/sulphamic013483572327.shtm HTTP/1.1" 301 - "https://sunra.be/sitemap.xml" "Mozilla/5.0 AppleWebKit/537.36 (KHTML, like Gecko; compatible; GPTBot/1.3; +https://openai.com/gptbot)"
74.7.227.191 - - [29/Mar/2026:18:00:24 +0000] "GET /shop/pressman/calcarius012710815978.shtm HTTP/1.1" 404 38897 "https://sunra.be" "Mozilla/5.0 AppleWebKit/537.36 (KHTML, like Gecko; compatible; GPTBot/1.3; +https://openai.com/gptbot)"
216.73.216.217 - - [29/Mar/2026:18:00:27 +0000] "GET /shop/raddle/fitter003303278330.shtm HTTP/1.1" 301 - "-" "Mozilla/5.0 AppleWebKit/537.36 (KHTML, like Gecko; compatible; ClaudeBot/1.0; +claudebot@anthropic.com)"
74.7.242.15 - - [29/Mar/2026:18:00:27 +0000] "GET /shop/pomaceous/thornbut014181584363.shtm HTTP/1.1" 301 - "https://sunra.be/sitemap.xml" "Mozilla/5.0 AppleWebKit/537.36 (KHTML, like Gecko; compatible; GPTBot/1.3; +https://openai.com/gptbot)"
74.7.227.191 - - [29/Mar/2026:18:00:27 +0000] "GET /shop/schwanpan/mightful012442747417.shtm HTTP/1.1" 404 38897 "https://sunra.be" "Mozilla/5.0 AppleWebKit/537.36 (KHTML, like Gecko; compatible; GPTBot/1.3; +https://openai.com/gptbot)"
216.73.216.217 - - [29/Mar/2026:18:00:29 +0000] "GET /shop/raddle/fitter003303278330.shtm HTTP/1.1" 404 38887 "https://sunra.be/shop/raddle/fitter003303278330.shtm" "Mozilla/5.0 AppleWebKit/537.36 (KHTML, like Gecko; compatible; ClaudeBot/1.0; +claudebot@anthropic.com)"
74.7.242.15 - - [29/Mar/2026:18:00:30 +0000] "GET /shop/yapock/icosandrian011513851068.shtm HTTP/1.1" 301 - "https://sunra.be/sitemap.xml" "Mozilla/5.0 AppleWebKit/537.36 (KHTML, like Gecko; compatible; GPTBot/1.3; +https://openai.com/gptbot)"
74.7.227.191 - - [29/Mar/2026:18:00:30 +0000] "GET /shop/globard/histrionic014212214532.shtm HTTP/1.1" 404 38897 "https://sunra.be" "Mozilla/5.0 AppleWebKit/537.36 (KHTML, like Gecko; compatible; GPTBot/1.3; +https://openai.com/gptbot)"
74.7.242.15 - - [29/Mar/2026:18:00:33 +0000] "GET /shop/compurgator/solicitation011767777741.shtm HTTP/1.1" 301 - "https://sunra.be/sitemap.xml" "Mozilla/5.0 AppleWebKit/537.36 (KHTML, like Gecko; compatible; GPTBot/1.3; +https://openai.com/gptbot)"
74.7.227.191 - - [29/Mar/2026:18:00:34 +0000] "GET /shop/strongbox/constant012398743817.shtm HTTP/1.1" 404 38897 "https://sunra.be" "Mozilla/5.0 AppleWebKit/537.36 (KHTML, like Gecko; compatible; GPTBot/1.3; +https://openai.com/gptbot)"
74.7.242.15 - - [29/Mar/2026:18:00:36 +0000] "GET /shop/aphis/symphytum011308555848.shtm HTTP/1.1" 301 - "https://sunra.be/sitemap.xml" "Mozilla/5.0 AppleWebKit/537.36 (KHTML, like Gecko; compatible; GPTBot/1.3; +https://openai.com/gptbot)"
216.73.216.217 - - [29/Mar/2026:18:00:37 +0000] "GET /shop/selfdefence/fertilization001610197306.shtm HTTP/1.1" 301 - "-" "Mozilla/5.0 AppleWebKit/537.36 (KHTML, like Gecko; compatible; ClaudeBot/1.0; +claudebot@anthropic.com)"
74.7.227.191 - - [29/Mar/2026:18:00:37 +0000] "GET /shop/cicinus/transplant011252559740.shtm HTTP/1.1" 404 38897 "https://sunra.be" "Mozilla/5.0 AppleWebKit/537.36 (KHTML, like Gecko; compatible; GPTBot/1.3; +https://openai.com/gptbot)"
150.223.194.182 - - [29/Mar/2026:18:00:37 +0000] "GET /?author=20 HTTP/1.1" 301 - "-" "Apache-HttpClient/4.5.2 (Java/1.8.0_161)"
74.7.242.15 - - [29/Mar/2026:18:00:39 +0000] "GET /shop/jingoistic/beseech011824544521.shtm HTTP/1.1" 301 - "https://sunra.be/sitemap.xml" "Mozilla/5.0 AppleWebKit/537.36 (KHTML, like Gecko; compatible; GPTBot/1.3; +https://openai.com/gptbot)"
216.73.216.217 - - [29/Mar/2026:18:00:40 +0000] "GET /shop/selfdefence/fertilization001610197306.shtm HTTP/1.1" 404 38911 "https://sunra.be/shop/selfdefence/fertilization001610197306.shtm" "Mozilla/5.0 AppleWebKit/537.36 (KHTML, like Gecko; compatible; ClaudeBot/1.0; +claudebot@anthropic.com)"
74.7.227.191 - - [29/Mar/2026:18:00:40 +0000] "GET /shop/limuloidea/edomite013075435241.shtm HTTP/1.1" 404 38897 "https://sunra.be" "Mozilla/5.0 AppleWebKit/537.36 (KHTML, like Gecko; compatible; GPTBot/1.3; +https://openai.com/gptbot)"
74.7.242.15 - - [29/Mar/2026:18:00:42 +0000] "GET /shop/tritheist/sightful011229240260.shtm HTTP/1.1" 301 - "https://sunra.be/sitemap.xml" "Mozilla/5.0 AppleWebKit/537.36 (KHTML, like Gecko; compatible; GPTBot/1.3; +https://openai.com/gptbot)"
74.7.227.191 - - [29/Mar/2026:18:00:43 +0000] "GET /shop/compurgator/solicitation011767777741.shtm HTTP/1.1" 404 38909 "https://sunra.be" "Mozilla/5.0 AppleWebKit/537.36 (KHTML, like Gecko; compatible; GPTBot/1.3; +https://openai.com/gptbot)"
74.7.242.15 - - [29/Mar/2026:18:00:45 +0000] "GET /shop/piaster/complotted012006306077.shtm HTTP/1.1" 301 - "https://sunra.be/sitemap.xml" "Mozilla/5.0 AppleWebKit/537.36 (KHTML, like Gecko; compatible; GPTBot/1.3; +https://openai.com/gptbot)"
74.7.227.191 - - [29/Mar/2026:18:00:46 +0000] "GET /shop/pomaceous/thornbut014181584363.shtm HTTP/1.1" 404 38897 "https://sunra.be" "Mozilla/5.0 AppleWebKit/537.36 (KHTML, like Gecko; compatible; GPTBot/1.3; +https://openai.com/gptbot)"
150.223.194.182 - - [29/Mar/2026:18:00:46 +0000] "GET /?author=20 HTTP/1.1" 404 38743 "-" "Apache-HttpClient/4.5.2 (Java/1.8.0_161)"
207.46.13.6 - - [29/Mar/2026:18:00:47 +0000] "GET /shop/macauco/acacias033913534375.shtml HTTP/1.1" 200 220598 "-" "Mozilla/5.0 AppleWebKit/537.36 (KHTML, like Gecko; compatible; bingbot/2.0; +http://www.bing.com/bingbot.htm) Chrome/116.0.1938.76 Safari/537.36"
74.7.242.15 - - [29/Mar/2026:18:00:49 +0000] "GET /shop/mismanager/signior014240909569.shtm HTTP/1.1" 301 - "https://sunra.be/sitemap.xml" "Mozilla/5.0 AppleWebKit/537.36 (KHTML, like Gecko; compatible; GPTBot/1.3; +https://openai.com/gptbot)"
74.7.227.191 - - [29/Mar/2026:18:00:50 +0000] "GET /shop/sandever/habenaria011700454661.shtm HTTP/1.1" 404 38897 "https://sunra.be" "Mozilla/5.0 AppleWebKit/537.36 (KHTML, like Gecko; compatible; GPTBot/1.3; +https://openai.com/gptbot)"
216.73.216.217 - - [29/Mar/2026:18:00:52 +0000] "GET /shop/cycloidal/preordinate002361873328.shtm HTTP/1.1" 301 - "-" "Mozilla/5.0 AppleWebKit/537.36 (KHTML, like Gecko; compatible; ClaudeBot/1.0; +claudebot@anthropic.com)"
74.7.242.15 - - [29/Mar/2026:18:00:52 +0000] "GET /shop/steatoma/altercate012058093319.shtm HTTP/1.1" 301 - "https://sunra.be/sitemap.xml" "Mozilla/5.0 AppleWebKit/537.36 (KHTML, like Gecko; compatible; GPTBot/1.3; +https://openai.com/gptbot)"
217.182.68.102 - - [29/Mar/2026:18:00:53 +0000] "POST /wp-cron.php?doing_wp_cron=1774807253.9337089061737060546875 HTTP/1.1" 200 - "-" "WordPress/6.9.4; https://www.sunra.be"
74.7.227.191 - - [29/Mar/2026:18:00:53 +0000] "GET /shop/generation/capouch011949750411.shtm HTTP/1.1" 404 38897 "https://sunra.be" "Mozilla/5.0 AppleWebKit/537.36 (KHTML, like Gecko; compatible; GPTBot/1.3; +https://openai.com/gptbot)"
216.73.216.217 - - [29/Mar/2026:18:00:54 +0000] "GET /shop/cycloidal/preordinate002361873328.shtm HTTP/1.1" 404 38903 "https://sunra.be/shop/cycloidal/preordinate002361873328.shtm" "Mozilla/5.0 AppleWebKit/537.36 (KHTML, like Gecko; compatible; ClaudeBot/1.0; +claudebot@anthropic.com)"
74.7.242.15 - - [29/Mar/2026:18:00:55 +0000] "GET /shop/marsupialis/acraea014091760969.shtm HTTP/1.1" 301 - "https://sunra.be/sitemap.xml" "Mozilla/5.0 AppleWebKit/537.36 (KHTML, like Gecko; compatible; GPTBot/1.3; +https://openai.com/gptbot)"
74.7.227.191 - - [29/Mar/2026:18:00:56 +0000] "GET /shop/outthrow/sulphamic013483572327.shtm HTTP/1.1" 404 38897 "https://sunra.be" "Mozilla/5.0 AppleWebKit/537.36 (KHTML, like Gecko; compatible; GPTBot/1.3; +https://openai.com/gptbot)"
74.7.242.15 - - [29/Mar/2026:18:00:58 +0000] "GET /shop/liquefier/berceuse013905151033.shtm HTTP/1.1" 301 - "https://sunra.be/sitemap.xml" "Mozilla/5.0 AppleWebKit/537.36 (KHTML, like Gecko; compatible; GPTBot/1.3; +https://openai.com/gptbot)"
74.7.227.191 - - [29/Mar/2026:18:00:59 +0000] "GET /shop/yapock/icosandrian011513851068.shtm HTTP/1.1" 404 38897 "https://sunra.be" "Mozilla/5.0 AppleWebKit/537.36 (KHTML, like Gecko; compatible; GPTBot/1.3; +https://openai.com/gptbot)"
146.174.168.138 - - [29/Mar/2026:18:01:00 +0000] "GET /shopdetail/managing/144026243 HTTP/1.1" 404 38877 "-" "Mozilla/5.0 (Macintosh; Intel Mac OS X 15_0_1) AppleWebKit/537.36 (KHTML, like Gecko) Chrome/130.0.6723.116 Safari/537.36"
74.7.242.15 - - [29/Mar/2026:18:01:01 +0000] "GET /shop/renderer/postcavae014242121652.shtm HTTP/1.1" 301 - "https://sunra.be/sitemap.xml" "Mozilla/5.0 AppleWebKit/537.36 (KHTML, like Gecko; compatible; GPTBot/1.3; +https://openai.com/gptbot)"
74.7.227.191 - - [29/Mar/2026:18:01:02 +0000] "GET /shop/steatoma/altercate012058093319.shtm HTTP/1.1" 404 38897 "https://sunra.be" "Mozilla/5.0 AppleWebKit/537.36 (KHTML, like Gecko; compatible; GPTBot/1.3; +https://openai.com/gptbot)"
74.7.242.15 - - [29/Mar/2026:18:01:04 +0000] "GET /shop/abortment/scalaria012855801120.shtm HTTP/1.1" 301 - "https://sunra.be/sitemap.xml" "Mozilla/5.0 AppleWebKit/537.36 (KHTML, like Gecko; compatible; GPTBot/1.3; +https://openai.com/gptbot)"
74.7.227.191 - - [29/Mar/2026:18:01:06 +0000] "GET /shop/mismanager/signior014240909569.shtm HTTP/1.1" 404 38897 "https://sunra.be" "Mozilla/5.0 AppleWebKit/537.36 (KHTML, like Gecko; compatible; GPTBot/1.3; +https://openai.com/gptbot)"
66.249.74.102 - - [29/Mar/2026:18:01:06 +0000] "GET /?u=4208856030803&channel=fe8ed4&from=product.php?shop/uncivil/musketoon003650181156.shtm HTTP/1.1" 200 226648 "-" "Mozilla/5.0 (Linux; Android 6.0.1; Nexus 5X Build/MMB29P) AppleWebKit/537.36 (KHTML, like Gecko) Chrome/146.0.7680.153 Mobile Safari/537.36 (compatible; Googlebot/2.1; +http://www.google.com/bot.html)"
216.73.216.217 - - [29/Mar/2026:18:01:07 +0000] "GET /shop/completely/explorer002027187224.shtm HTTP/1.1" 301 - "-" "Mozilla/5.0 AppleWebKit/537.36 (KHTML, like Gecko; compatible; ClaudeBot/1.0; +claudebot@anthropic.com)"
74.7.242.15 - - [29/Mar/2026:18:01:07 +0000] "GET /shop/prosper/categories013912164019.shtm HTTP/1.1" 301 - "https://sunra.be/sitemap.xml" "Mozilla/5.0 AppleWebKit/537.36 (KHTML, like Gecko; compatible; GPTBot/1.3; +https://openai.com/gptbot)"
