5.39.109.185 - - [29/Mar/2026:12:54:12 +0000] "GET /?t=83895270858 HTTP/1.1" 301 - "-" "Mozilla/5.0 (compatible; AhrefsBot/7.0; +http://ahrefs.com/robot/)"
109.130.167.137 - - [29/Mar/2026:12:54:17 +0000] "GET /our-models/ HTTP/1.1" 200 39758 "https://www.sunra.be/contact-us/" "Mozilla/5.0 (Windows NT 10.0; Win64; x64) AppleWebKit/537.36 (KHTML, like Gecko) Chrome/146.0.0.0 Safari/537.36 Edg/146.0.0.0"
37.67.209.74 - - [29/Mar/2026:12:54:19 +0000] "GET /shopdetail/brain/089019014 HTTP/1.1" 301 - "-" "Mozilla/5.0 (Windows NT 10.0; Win64; x64) AppleWebKit/537.36 (KHTML, like Gecko) Chrome/126.0.6478.182 Safari/537.36"
109.130.167.137 - - [29/Mar/2026:12:54:19 +0000] "GET /our-models/crystal-2/ HTTP/1.1" 200 102786 "https://www.sunra.be/contact-us/" "Mozilla/5.0 (Windows NT 10.0; Win64; x64) AppleWebKit/537.36 (KHTML, like Gecko) Chrome/146.0.0.0 Safari/537.36 Edg/146.0.0.0"
109.130.167.137 - - [29/Mar/2026:12:54:21 +0000] "GET /wp-content/themes/sunra/style.css?t=1774788861&ver=6.9.4 HTTP/1.1" 200 24715 "https://www.sunra.be/our-models/crystal-2/" "Mozilla/5.0 (Windows NT 10.0; Win64; x64) AppleWebKit/537.36 (KHTML, like Gecko) Chrome/146.0.0.0 Safari/537.36 Edg/146.0.0.0"
109.130.167.137 - - [29/Mar/2026:12:54:21 +0000] "GET /wp-content/uploads/2023/06/Untitled-4-02-4.jpg HTTP/1.1" 200 691935 "https://www.sunra.be/our-models/crystal-2/" "Mozilla/5.0 (Windows NT 10.0; Win64; x64) AppleWebKit/537.36 (KHTML, like Gecko) Chrome/146.0.0.0 Safari/537.36 Edg/146.0.0.0"
109.130.167.137 - - [29/Mar/2026:12:54:21 +0000] "GET /wp-content/uploads/2023/06/Untitled-4-01-4.jpg HTTP/1.1" 200 519513 "https://www.sunra.be/our-models/crystal-2/" "Mozilla/5.0 (Windows NT 10.0; Win64; x64) AppleWebKit/537.36 (KHTML, like Gecko) Chrome/146.0.0.0 Safari/537.36 Edg/146.0.0.0"
109.130.167.137 - - [29/Mar/2026:12:54:21 +0000] "GET /wp-content/uploads/2023/06/Silver.png HTTP/1.1" 200 778 "https://www.sunra.be/" "Mozilla/5.0 (Windows NT 10.0; Win64; x64) AppleWebKit/537.36 (KHTML, like Gecko) Chrome/146.0.0.0 Safari/537.36 Edg/146.0.0.0"
109.130.167.137 - - [29/Mar/2026:12:54:21 +0000] "GET /wp-content/uploads/2023/06/specs-Bg-crystal2-01.jpg HTTP/1.1" 200 83212 "https://www.sunra.be/wp-content/themes/sunra/style.css?t=1774788861&ver=6.9.4" "Mozilla/5.0 (Windows NT 10.0; Win64; x64) AppleWebKit/537.36 (KHTML, like Gecko) Chrome/146.0.0.0 Safari/537.36 Edg/146.0.0.0"
109.130.167.137 - - [29/Mar/2026:12:54:21 +0000] "GET /wp-content/uploads/2023/06/Untitled-4-04-4.jpg HTTP/1.1" 200 614537 "https://www.sunra.be/our-models/crystal-2/" "Mozilla/5.0 (Windows NT 10.0; Win64; x64) AppleWebKit/537.36 (KHTML, like Gecko) Chrome/146.0.0.0 Safari/537.36 Edg/146.0.0.0"
109.130.167.137 - - [29/Mar/2026:12:54:21 +0000] "GET /wp-content/uploads/2023/06/Untitled-4-05-3.jpg HTTP/1.1" 200 654663 "https://www.sunra.be/our-models/crystal-2/" "Mozilla/5.0 (Windows NT 10.0; Win64; x64) AppleWebKit/537.36 (KHTML, like Gecko) Chrome/146.0.0.0 Safari/537.36 Edg/146.0.0.0"
109.130.167.137 - - [29/Mar/2026:12:54:21 +0000] "GET /wp-content/uploads/2023/06/Crystal2-1.webp HTTP/1.1" 200 34406 "https://www.sunra.be/" "Mozilla/5.0 (Windows NT 10.0; Win64; x64) AppleWebKit/537.36 (KHTML, like Gecko) Chrome/146.0.0.0 Safari/537.36 Edg/146.0.0.0"
109.130.167.137 - - [29/Mar/2026:12:54:21 +0000] "GET /wp-content/uploads/2023/06/Crystal-2.mp4 HTTP/1.1" 206 4290492 "https://www.sunra.be/our-models/crystal-2/" "Mozilla/5.0 (Windows NT 10.0; Win64; x64) AppleWebKit/537.36 (KHTML, like Gecko) Chrome/146.0.0.0 Safari/537.36 Edg/146.0.0.0"
109.130.167.137 - - [29/Mar/2026:12:54:21 +0000] "GET /wp-content/uploads/2023/06/Crystal-2.mp4 HTTP/1.1" 206 30652 "https://www.sunra.be/our-models/crystal-2/" "Mozilla/5.0 (Windows NT 10.0; Win64; x64) AppleWebKit/537.36 (KHTML, like Gecko) Chrome/146.0.0.0 Safari/537.36 Edg/146.0.0.0"
109.130.167.137 - - [29/Mar/2026:12:54:21 +0000] "GET /wp-content/uploads/2023/06/Crystal3333-1.webp HTTP/1.1" 200 40258 "https://www.sunra.be/" "Mozilla/5.0 (Windows NT 10.0; Win64; x64) AppleWebKit/537.36 (KHTML, like Gecko) Chrome/146.0.0.0 Safari/537.36 Edg/146.0.0.0"
109.130.167.137 - - [29/Mar/2026:12:54:21 +0000] "GET /wp-content/uploads/2023/06/Crystal9-1.webp HTTP/1.1" 200 41210 "https://www.sunra.be/" "Mozilla/5.0 (Windows NT 10.0; Win64; x64) AppleWebKit/537.36 (KHTML, like Gecko) Chrome/146.0.0.0 Safari/537.36 Edg/146.0.0.0"
109.130.167.137 - - [29/Mar/2026:12:54:21 +0000] "GET /wp-content/uploads/2023/06/Crystal11-1.webp HTTP/1.1" 200 39196 "https://www.sunra.be/" "Mozilla/5.0 (Windows NT 10.0; Win64; x64) AppleWebKit/537.36 (KHTML, like Gecko) Chrome/146.0.0.0 Safari/537.36 Edg/146.0.0.0"
109.130.167.137 - - [29/Mar/2026:12:54:21 +0000] "GET /wp-content/uploads/2023/06/Untitled-4-03-4.jpg HTTP/1.1" 200 507459 "https://www.sunra.be/our-models/crystal-2/" "Mozilla/5.0 (Windows NT 10.0; Win64; x64) AppleWebKit/537.36 (KHTML, like Gecko) Chrome/146.0.0.0 Safari/537.36 Edg/146.0.0.0"
109.130.167.137 - - [29/Mar/2026:12:54:22 +0000] "GET /wp-content/uploads/2023/06/cry9.png HTTP/1.1" 200 406318 "https://www.sunra.be/our-models/crystal-2/" "Mozilla/5.0 (Windows NT 10.0; Win64; x64) AppleWebKit/537.36 (KHTML, like Gecko) Chrome/146.0.0.0 Safari/537.36 Edg/146.0.0.0"
109.130.167.137 - - [29/Mar/2026:12:54:22 +0000] "GET /wp-content/uploads/2023/06/Crysta1.webp HTTP/1.1" 200 29044 "https://www.sunra.be/our-models/crystal-2/" "Mozilla/5.0 (Windows NT 10.0; Win64; x64) AppleWebKit/537.36 (KHTML, like Gecko) Chrome/146.0.0.0 Safari/537.36 Edg/146.0.0.0"
109.130.167.137 - - [29/Mar/2026:12:54:22 +0000] "GET /wp-content/uploads/2023/06/Crystal2.webp HTTP/1.1" 200 34406 "https://www.sunra.be/our-models/crystal-2/" "Mozilla/5.0 (Windows NT 10.0; Win64; x64) AppleWebKit/537.36 (KHTML, like Gecko) Chrome/146.0.0.0 Safari/537.36 Edg/146.0.0.0"
109.130.167.137 - - [29/Mar/2026:12:54:22 +0000] "GET /wp-content/uploads/2023/06/Crystal3.webp HTTP/1.1" 200 33868 "https://www.sunra.be/our-models/crystal-2/" "Mozilla/5.0 (Windows NT 10.0; Win64; x64) AppleWebKit/537.36 (KHTML, like Gecko) Chrome/146.0.0.0 Safari/537.36 Edg/146.0.0.0"
109.130.167.137 - - [29/Mar/2026:12:54:22 +0000] "GET /wp-content/uploads/2023/06/Crystal4.webp HTTP/1.1" 200 17134 "https://www.sunra.be/our-models/crystal-2/" "Mozilla/5.0 (Windows NT 10.0; Win64; x64) AppleWebKit/537.36 (KHTML, like Gecko) Chrome/146.0.0.0 Safari/537.36 Edg/146.0.0.0"
109.130.167.137 - - [29/Mar/2026:12:54:22 +0000] "GET /wp-content/uploads/2023/06/Crystal5.webp HTTP/1.1" 200 18392 "https://www.sunra.be/our-models/crystal-2/" "Mozilla/5.0 (Windows NT 10.0; Win64; x64) AppleWebKit/537.36 (KHTML, like Gecko) Chrome/146.0.0.0 Safari/537.36 Edg/146.0.0.0"
109.130.167.137 - - [29/Mar/2026:12:54:22 +0000] "GET /wp-content/uploads/2023/06/Crystal7.webp HTTP/1.1" 200 28498 "https://www.sunra.be/our-models/crystal-2/" "Mozilla/5.0 (Windows NT 10.0; Win64; x64) AppleWebKit/537.36 (KHTML, like Gecko) Chrome/146.0.0.0 Safari/537.36 Edg/146.0.0.0"
109.130.167.137 - - [29/Mar/2026:12:54:22 +0000] "GET /wp-content/uploads/2023/06/Crystal6.webp HTTP/1.1" 200 29020 "https://www.sunra.be/our-models/crystal-2/" "Mozilla/5.0 (Windows NT 10.0; Win64; x64) AppleWebKit/537.36 (KHTML, like Gecko) Chrome/146.0.0.0 Safari/537.36 Edg/146.0.0.0"
109.130.167.137 - - [29/Mar/2026:12:54:22 +0000] "GET /wp-content/uploads/2023/06/Crystal8.webp HTTP/1.1" 200 28214 "https://www.sunra.be/our-models/crystal-2/" "Mozilla/5.0 (Windows NT 10.0; Win64; x64) AppleWebKit/537.36 (KHTML, like Gecko) Chrome/146.0.0.0 Safari/537.36 Edg/146.0.0.0"
109.130.167.137 - - [29/Mar/2026:12:54:22 +0000] "GET /wp-content/uploads/2023/06/Crystal11.webp HTTP/1.1" 200 39196 "https://www.sunra.be/our-models/crystal-2/" "Mozilla/5.0 (Windows NT 10.0; Win64; x64) AppleWebKit/537.36 (KHTML, like Gecko) Chrome/146.0.0.0 Safari/537.36 Edg/146.0.0.0"
109.130.167.137 - - [29/Mar/2026:12:54:21 +0000] "GET /wp-content/uploads/2023/06/Crystal-2.mp4 HTTP/1.1" 206 3955946 "https://www.sunra.be/our-models/crystal-2/" "Mozilla/5.0 (Windows NT 10.0; Win64; x64) AppleWebKit/537.36 (KHTML, like Gecko) Chrome/146.0.0.0 Safari/537.36 Edg/146.0.0.0"
109.130.167.137 - - [29/Mar/2026:12:54:22 +0000] "GET /our-models/crystal-2/assets/styles.css HTTP/1.1" 404 38893 "https://www.sunra.be/our-models/crystal-2/" "Mozilla/5.0 (Windows NT 10.0; Win64; x64) AppleWebKit/537.36 (KHTML, like Gecko) Chrome/146.0.0.0 Safari/537.36 Edg/146.0.0.0"
181.58.28.176 - - [29/Mar/2026:12:54:23 +0000] "GET /shopdetail/brain/089019014 HTTP/1.1" 404 38871 "-" "Mozilla/5.0 (Windows NT 10.0; Win64; x64) AppleWebKit/537.36 (KHTML, like Gecko) Chrome/126.0.6478.182 Safari/537.36"
176.59.205.127 - - [29/Mar/2026:12:54:26 +0000] "GET /shopdetail/popularity/247014104 HTTP/1.1" 404 38881 "-" "Mozilla/5.0 (Macintosh; Intel Mac OS X 12_1_0) AppleWebKit/537.36 (KHTML, like Gecko) Chrome/128.0.6613.137 Safari/537.36"
109.130.167.137 - - [29/Mar/2026:12:54:41 +0000] "GET /wp-content/uploads/2023/06/Crystal-02-768x768.jpg HTTP/1.1" 200 44355 "https://www.sunra.be/our-models/crystal-2/" "Mozilla/5.0 (Windows NT 10.0; Win64; x64) AppleWebKit/537.36 (KHTML, like Gecko) Chrome/146.0.0.0 Safari/537.36 Edg/146.0.0.0"
109.130.167.137 - - [29/Mar/2026:12:54:41 +0000] "GET /wp-content/uploads/2023/06/Crystal-01-768x768.jpg HTTP/1.1" 200 49224 "https://www.sunra.be/our-models/crystal-2/" "Mozilla/5.0 (Windows NT 10.0; Win64; x64) AppleWebKit/537.36 (KHTML, like Gecko) Chrome/146.0.0.0 Safari/537.36 Edg/146.0.0.0"
207.46.13.116 - - [29/Mar/2026:12:54:54 +0000] "GET /shop/supervacaneous/whack062809579186.shtml HTTP/1.1" 200 234385 "-" "Mozilla/5.0 AppleWebKit/537.36 (KHTML, like Gecko; compatible; bingbot/2.0; +http://www.bing.com/bingbot.htm) Chrome/116.0.1938.76 Safari/537.36"
216.73.216.217 - - [29/Mar/2026:12:54:53 +0000] "GET /shop/eriococcidae/technicals051513406832.shtm HTTP/1.1" 301 - "-" "Mozilla/5.0 AppleWebKit/537.36 (KHTML, like Gecko; compatible; ClaudeBot/1.0; +claudebot@anthropic.com)"
217.182.68.102 - - [29/Mar/2026:12:54:55 +0000] "POST /wp-cron.php?doing_wp_cron=1774788895.2146220207214355468750 HTTP/1.1" 200 - "-" "WordPress/6.9.4; https://www.sunra.be"
114.119.149.159 - - [29/Mar/2026:12:54:56 +0000] "GET /shop/lividness/aggeration062620727096.shtm HTTP/1.1" 301 - "https://sunra.be/?sitemap297.xml" "Mozilla/5.0 (Linux; Android 7.0;) AppleWebKit/537.36 (KHTML, like Gecko) Mobile Safari/537.36 (compatible; PetalBot;+https://webmaster.petalsearch.com/site/petalbot)"
216.73.216.217 - - [29/Mar/2026:12:54:56 +0000] "GET /shop/eriococcidae/technicals051513406832.shtm HTTP/1.1" 404 38907 "https://sunra.be/shop/eriococcidae/technicals051513406832.shtm" "Mozilla/5.0 AppleWebKit/537.36 (KHTML, like Gecko; compatible; ClaudeBot/1.0; +claudebot@anthropic.com)"
114.119.149.159 - - [29/Mar/2026:12:54:59 +0000] "GET /shop/lividness/aggeration062620727096.shtm HTTP/1.1" 404 37560 "https://sunra.be/?sitemap297.xml" "Mozilla/5.0 (Linux; Android 7.0;) AppleWebKit/537.36 (KHTML, like Gecko) Mobile Safari/537.36 (compatible; PetalBot;+https://webmaster.petalsearch.com/site/petalbot)"
109.130.167.137 - - [29/Mar/2026:12:55:00 +0000] "GET /our-models/ HTTP/1.1" 200 39758 "https://www.sunra.be/our-models/crystal-2/" "Mozilla/5.0 (Windows NT 10.0; Win64; x64) AppleWebKit/537.36 (KHTML, like Gecko) Chrome/146.0.0.0 Safari/537.36 Edg/146.0.0.0"
216.73.216.217 - - [29/Mar/2026:12:55:01 +0000] "GET /shop/detox/norroy051720498744.shtm HTTP/1.1" 301 - "-" "Mozilla/5.0 AppleWebKit/537.36 (KHTML, like Gecko; compatible; ClaudeBot/1.0; +claudebot@anthropic.com)"
109.130.167.137 - - [29/Mar/2026:12:55:02 +0000] "GET /our-models/robo/ HTTP/1.1" 200 102864 "https://www.sunra.be/our-models/crystal-2/" "Mozilla/5.0 (Windows NT 10.0; Win64; x64) AppleWebKit/537.36 (KHTML, like Gecko) Chrome/146.0.0.0 Safari/537.36 Edg/146.0.0.0"
109.130.167.137 - - [29/Mar/2026:12:55:04 +0000] "GET /wp-content/themes/sunra/style.css?t=1774788904&ver=6.9.4 HTTP/1.1" 200 24715 "https://www.sunra.be/our-models/robo/" "Mozilla/5.0 (Windows NT 10.0; Win64; x64) AppleWebKit/537.36 (KHTML, like Gecko) Chrome/146.0.0.0 Safari/537.36 Edg/146.0.0.0"
109.130.167.137 - - [29/Mar/2026:12:55:04 +0000] "GET /wp-content/uploads/2023/06/Untitled-4-01-3.jpg HTTP/1.1" 200 704870 "https://www.sunra.be/our-models/robo/" "Mozilla/5.0 (Windows NT 10.0; Win64; x64) AppleWebKit/537.36 (KHTML, like Gecko) Chrome/146.0.0.0 Safari/537.36 Edg/146.0.0.0"
109.130.167.137 - - [29/Mar/2026:12:55:04 +0000] "GET /wp-content/uploads/2023/06/Untitled-4-02-3.jpg HTTP/1.1" 200 675397 "https://www.sunra.be/our-models/robo/" "Mozilla/5.0 (Windows NT 10.0; Win64; x64) AppleWebKit/537.36 (KHTML, like Gecko) Chrome/146.0.0.0 Safari/537.36 Edg/146.0.0.0"
109.130.167.137 - - [29/Mar/2026:12:55:04 +0000] "GET /wp-content/uploads/2023/06/specs-Bg-robos-01.jpg HTTP/1.1" 200 105609 "https://www.sunra.be/wp-content/themes/sunra/style.css?t=1774788904&ver=6.9.4" "Mozilla/5.0 (Windows NT 10.0; Win64; x64) AppleWebKit/537.36 (KHTML, like Gecko) Chrome/146.0.0.0 Safari/537.36 Edg/146.0.0.0"
109.130.167.137 - - [29/Mar/2026:12:55:04 +0000] "GET /wp-content/uploads/2023/06/Untitled-4-04-3.jpg HTTP/1.1" 200 594765 "https://www.sunra.be/our-models/robo/" "Mozilla/5.0 (Windows NT 10.0; Win64; x64) AppleWebKit/537.36 (KHTML, like Gecko) Chrome/146.0.0.0 Safari/537.36 Edg/146.0.0.0"
109.130.167.137 - - [29/Mar/2026:12:55:04 +0000] "GET /wp-content/uploads/2023/06/Untitled-4-05-2.jpg HTTP/1.1" 200 670131 "https://www.sunra.be/our-models/robo/" "Mozilla/5.0 (Windows NT 10.0; Win64; x64) AppleWebKit/537.36 (KHTML, like Gecko) Chrome/146.0.0.0 Safari/537.36 Edg/146.0.0.0"
109.130.167.137 - - [29/Mar/2026:12:55:04 +0000] "GET /wp-content/uploads/2023/06/Untitled-4-03-3.jpg HTTP/1.1" 200 911144 "https://www.sunra.be/our-models/robo/" "Mozilla/5.0 (Windows NT 10.0; Win64; x64) AppleWebKit/537.36 (KHTML, like Gecko) Chrome/146.0.0.0 Safari/537.36 Edg/146.0.0.0"
109.130.167.137 - - [29/Mar/2026:12:55:05 +0000] "GET /wp-content/uploads/2023/06/robo_che1-1-2.webp HTTP/1.1" 200 112550 "https://www.sunra.be/" "Mozilla/5.0 (Windows NT 10.0; Win64; x64) AppleWebKit/537.36 (KHTML, like Gecko) Chrome/146.0.0.0 Safari/537.36 Edg/146.0.0.0"
109.130.167.137 - - [29/Mar/2026:12:55:05 +0000] "GET /wp-content/uploads/2023/06/1-ROBO-3.png HTTP/1.1" 200 270355 "https://www.sunra.be/" "Mozilla/5.0 (Windows NT 10.0; Win64; x64) AppleWebKit/537.36 (KHTML, like Gecko) Chrome/146.0.0.0 Safari/537.36 Edg/146.0.0.0"
109.130.167.137 - - [29/Mar/2026:12:55:05 +0000] "GET /wp-content/uploads/2023/06/ROBO-S.mp4 HTTP/1.1" 206 15400410 "https://www.sunra.be/our-models/robo/" "Mozilla/5.0 (Windows NT 10.0; Win64; x64) AppleWebKit/537.36 (KHTML, like Gecko) Chrome/146.0.0.0 Safari/537.36 Edg/146.0.0.0"
109.130.167.137 - - [29/Mar/2026:12:55:05 +0000] "GET /wp-content/uploads/2023/06/ROBO-S.mp4 HTTP/1.1" 206 32218 "https://www.sunra.be/our-models/robo/" "Mozilla/5.0 (Windows NT 10.0; Win64; x64) AppleWebKit/537.36 (KHTML, like Gecko) Chrome/146.0.0.0 Safari/537.36 Edg/146.0.0.0"
109.130.167.137 - - [29/Mar/2026:12:55:05 +0000] "GET /wp-content/uploads/2023/06/ROBO-4-1.png HTTP/1.1" 200 148104 "https://www.sunra.be/our-models/robo/" "Mozilla/5.0 (Windows NT 10.0; Win64; x64) AppleWebKit/537.36 (KHTML, like Gecko) Chrome/146.0.0.0 Safari/537.36 Edg/146.0.0.0"
109.130.167.137 - - [29/Mar/2026:12:55:05 +0000] "GET /wp-content/uploads/2023/06/ROBO-1.png HTTP/1.1" 200 199882 "https://www.sunra.be/our-models/robo/" "Mozilla/5.0 (Windows NT 10.0; Win64; x64) AppleWebKit/537.36 (KHTML, like Gecko) Chrome/146.0.0.0 Safari/537.36 Edg/146.0.0.0"
109.130.167.137 - - [29/Mar/2026:12:55:05 +0000] "GET /wp-content/uploads/2023/06/ROBO-8.png HTTP/1.1" 200 267523 "https://www.sunra.be/our-models/robo/" "Mozilla/5.0 (Windows NT 10.0; Win64; x64) AppleWebKit/537.36 (KHTML, like Gecko) Chrome/146.0.0.0 Safari/537.36 Edg/146.0.0.0"
109.130.167.137 - - [29/Mar/2026:12:55:05 +0000] "GET /wp-content/uploads/2023/06/ROBO-5.png HTTP/1.1" 200 167086 "https://www.sunra.be/our-models/robo/" "Mozilla/5.0 (Windows NT 10.0; Win64; x64) AppleWebKit/537.36 (KHTML, like Gecko) Chrome/146.0.0.0 Safari/537.36 Edg/146.0.0.0"
109.130.167.137 - - [29/Mar/2026:12:55:05 +0000] "GET /wp-content/uploads/2023/06/ROBO-3.png HTTP/1.1" 200 256378 "https://www.sunra.be/our-models/robo/" "Mozilla/5.0 (Windows NT 10.0; Win64; x64) AppleWebKit/537.36 (KHTML, like Gecko) Chrome/146.0.0.0 Safari/537.36 Edg/146.0.0.0"
109.130.167.137 - - [29/Mar/2026:12:55:05 +0000] "GET /wp-content/uploads/2023/06/ROBO-7.png HTTP/1.1" 200 276180 "https://www.sunra.be/our-models/robo/" "Mozilla/5.0 (Windows NT 10.0; Win64; x64) AppleWebKit/537.36 (KHTML, like Gecko) Chrome/146.0.0.0 Safari/537.36 Edg/146.0.0.0"
216.73.216.217 - - [29/Mar/2026:12:55:04 +0000] "GET /shop/detox/norroy051720498744.shtm HTTP/1.1" 404 38885 "https://sunra.be/shop/detox/norroy051720498744.shtm" "Mozilla/5.0 AppleWebKit/537.36 (KHTML, like Gecko; compatible; ClaudeBot/1.0; +claudebot@anthropic.com)"
109.130.167.137 - - [29/Mar/2026:12:55:05 +0000] "GET /our-models/robo/assets/styles.css HTTP/1.1" 404 38883 "https://www.sunra.be/our-models/robo/" "Mozilla/5.0 (Windows NT 10.0; Win64; x64) AppleWebKit/537.36 (KHTML, like Gecko) Chrome/146.0.0.0 Safari/537.36 Edg/146.0.0.0"
216.73.216.217 - - [29/Mar/2026:12:55:08 +0000] "GET /shop/mesophryon/selfrestraint041394236827.shtm HTTP/1.1" 301 - "-" "Mozilla/5.0 AppleWebKit/537.36 (KHTML, like Gecko; compatible; ClaudeBot/1.0; +claudebot@anthropic.com)"
216.73.216.217 - - [29/Mar/2026:12:55:10 +0000] "GET /shop/mesophryon/selfrestraint041394236827.shtm HTTP/1.1" 404 38909 "https://sunra.be/shop/mesophryon/selfrestraint041394236827.shtm" "Mozilla/5.0 AppleWebKit/537.36 (KHTML, like Gecko; compatible; ClaudeBot/1.0; +claudebot@anthropic.com)"
109.130.167.137 - - [29/Mar/2026:12:55:12 +0000] "GET /our-models/ HTTP/1.1" 200 39758 "https://www.sunra.be/our-models/robo/" "Mozilla/5.0 (Windows NT 10.0; Win64; x64) AppleWebKit/537.36 (KHTML, like Gecko) Chrome/146.0.0.0 Safari/537.36 Edg/146.0.0.0"
187.189.90.162 - - [29/Mar/2026:12:55:15 +0000] "GET /shopdetail/changing/107044384 HTTP/1.1" 301 - "-" "Mozilla/5.0 (Windows NT 10.0; Win64; x64) AppleWebKit/537.36 (KHTML, like Gecko) Chrome/133.0.6943.141 Safari/537.36"
109.130.167.137 - - [29/Mar/2026:12:55:14 +0000] "GET /our-models/hawk/ HTTP/1.1" 200 102270 "https://www.sunra.be/our-models/robo/" "Mozilla/5.0 (Windows NT 10.0; Win64; x64) AppleWebKit/537.36 (KHTML, like Gecko) Chrome/146.0.0.0 Safari/537.36 Edg/146.0.0.0"
109.130.167.137 - - [29/Mar/2026:12:55:16 +0000] "GET /wp-content/themes/sunra/style.css?t=1774788916&ver=6.9.4 HTTP/1.1" 200 24715 "https://www.sunra.be/our-models/hawk/" "Mozilla/5.0 (Windows NT 10.0; Win64; x64) AppleWebKit/537.36 (KHTML, like Gecko) Chrome/146.0.0.0 Safari/537.36 Edg/146.0.0.0"
109.130.167.137 - - [29/Mar/2026:12:55:16 +0000] "GET /wp-content/uploads/2023/06/Untitled-4-01-1.jpg HTTP/1.1" 200 786827 "https://www.sunra.be/our-models/hawk/" "Mozilla/5.0 (Windows NT 10.0; Win64; x64) AppleWebKit/537.36 (KHTML, like Gecko) Chrome/146.0.0.0 Safari/537.36 Edg/146.0.0.0"
109.130.167.137 - - [29/Mar/2026:12:55:16 +0000] "GET /wp-content/uploads/2023/06/Untitled-4-02-1.jpg HTTP/1.1" 200 710212 "https://www.sunra.be/our-models/hawk/" "Mozilla/5.0 (Windows NT 10.0; Win64; x64) AppleWebKit/537.36 (KHTML, like Gecko) Chrome/146.0.0.0 Safari/537.36 Edg/146.0.0.0"
109.130.167.137 - - [29/Mar/2026:12:55:17 +0000] "GET /wp-content/uploads/2023/06/specs-Bg-hawk-01.jpg HTTP/1.1" 200 266174 "https://www.sunra.be/wp-content/themes/sunra/style.css?t=1774788916&ver=6.9.4" "Mozilla/5.0 (Windows NT 10.0; Win64; x64) AppleWebKit/537.36 (KHTML, like Gecko) Chrome/146.0.0.0 Safari/537.36 Edg/146.0.0.0"
109.130.167.137 - - [29/Mar/2026:12:55:17 +0000] "GET /wp-content/uploads/2023/06/Hawk9-1.webp HTTP/1.1" 200 40998 "https://www.sunra.be/" "Mozilla/5.0 (Windows NT 10.0; Win64; x64) AppleWebKit/537.36 (KHTML, like Gecko) Chrome/146.0.0.0 Safari/537.36 Edg/146.0.0.0"
109.130.167.137 - - [29/Mar/2026:12:55:17 +0000] "GET /wp-content/uploads/2023/06/Hawk10-1.webp HTTP/1.1" 200 39794 "https://www.sunra.be/" "Mozilla/5.0 (Windows NT 10.0; Win64; x64) AppleWebKit/537.36 (KHTML, like Gecko) Chrome/146.0.0.0 Safari/537.36 Edg/146.0.0.0"
109.130.167.137 - - [29/Mar/2026:12:55:17 +0000] "GET /wp-content/uploads/2023/06/mk_left-1.webp HTTP/1.1" 200 44724 "https://www.sunra.be/" "Mozilla/5.0 (Windows NT 10.0; Win64; x64) AppleWebKit/537.36 (KHTML, like Gecko) Chrome/146.0.0.0 Safari/537.36 Edg/146.0.0.0"
109.130.167.137 - - [29/Mar/2026:12:55:17 +0000] "GET /wp-content/uploads/2023/06/Hawk11-1.webp HTTP/1.1" 200 42132 "https://www.sunra.be/" "Mozilla/5.0 (Windows NT 10.0; Win64; x64) AppleWebKit/537.36 (KHTML, like Gecko) Chrome/146.0.0.0 Safari/537.36 Edg/146.0.0.0"
109.130.167.137 - - [29/Mar/2026:12:55:16 +0000] "GET /wp-content/uploads/2023/06/Untitled-4-03-1.jpg HTTP/1.1" 200 863096 "https://www.sunra.be/our-models/hawk/" "Mozilla/5.0 (Windows NT 10.0; Win64; x64) AppleWebKit/537.36 (KHTML, like Gecko) Chrome/146.0.0.0 Safari/537.36 Edg/146.0.0.0"
109.130.167.137 - - [29/Mar/2026:12:55:16 +0000] "GET /wp-content/uploads/2023/06/Untitled-4-05-1.jpg HTTP/1.1" 200 1116422 "https://www.sunra.be/our-models/hawk/" "Mozilla/5.0 (Windows NT 10.0; Win64; x64) AppleWebKit/537.36 (KHTML, like Gecko) Chrome/146.0.0.0 Safari/537.36 Edg/146.0.0.0"
109.130.167.137 - - [29/Mar/2026:12:55:16 +0000] "GET /wp-content/uploads/2023/06/Untitled-4-04-1.jpg HTTP/1.1" 200 791305 "https://www.sunra.be/our-models/hawk/" "Mozilla/5.0 (Windows NT 10.0; Win64; x64) AppleWebKit/537.36 (KHTML, like Gecko) Chrome/146.0.0.0 Safari/537.36 Edg/146.0.0.0"
109.130.167.137 - - [29/Mar/2026:12:55:17 +0000] "GET /wp-content/uploads/2023/06/Hawk5.webp HTTP/1.1" 200 17218 "https://www.sunra.be/our-models/hawk/" "Mozilla/5.0 (Windows NT 10.0; Win64; x64) AppleWebKit/537.36 (KHTML, like Gecko) Chrome/146.0.0.0 Safari/537.36 Edg/146.0.0.0"
109.130.167.137 - - [29/Mar/2026:12:55:17 +0000] "GET /wp-content/uploads/2023/06/Hawk3-1.webp HTTP/1.1" 200 30264 "https://www.sunra.be/our-models/hawk/" "Mozilla/5.0 (Windows NT 10.0; Win64; x64) AppleWebKit/537.36 (KHTML, like Gecko) Chrome/146.0.0.0 Safari/537.36 Edg/146.0.0.0"
109.130.167.137 - - [29/Mar/2026:12:55:17 +0000] "GET /wp-content/uploads/2023/06/Hawk4.webp HTTP/1.1" 200 39820 "https://www.sunra.be/our-models/hawk/" "Mozilla/5.0 (Windows NT 10.0; Win64; x64) AppleWebKit/537.36 (KHTML, like Gecko) Chrome/146.0.0.0 Safari/537.36 Edg/146.0.0.0"
109.130.167.137 - - [29/Mar/2026:12:55:17 +0000] "GET /wp-content/uploads/2023/06/Hawk6.webp HTTP/1.1" 200 38936 "https://www.sunra.be/our-models/hawk/" "Mozilla/5.0 (Windows NT 10.0; Win64; x64) AppleWebKit/537.36 (KHTML, like Gecko) Chrome/146.0.0.0 Safari/537.36 Edg/146.0.0.0"
109.130.167.137 - - [29/Mar/2026:12:55:17 +0000] "GET /wp-content/uploads/2023/06/Hawk2.webp HTTP/1.1" 200 38984 "https://www.sunra.be/our-models/hawk/" "Mozilla/5.0 (Windows NT 10.0; Win64; x64) AppleWebKit/537.36 (KHTML, like Gecko) Chrome/146.0.0.0 Safari/537.36 Edg/146.0.0.0"
109.130.167.137 - - [29/Mar/2026:12:55:17 +0000] "GET /wp-content/uploads/2023/06/Hawk1.webp HTTP/1.1" 200 33282 "https://www.sunra.be/our-models/hawk/" "Mozilla/5.0 (Windows NT 10.0; Win64; x64) AppleWebKit/537.36 (KHTML, like Gecko) Chrome/146.0.0.0 Safari/537.36 Edg/146.0.0.0"
109.130.167.137 - - [29/Mar/2026:12:55:17 +0000] "GET /wp-content/uploads/2023/06/mk_left.webp HTTP/1.1" 200 44724 "https://www.sunra.be/our-models/hawk/" "Mozilla/5.0 (Windows NT 10.0; Win64; x64) AppleWebKit/537.36 (KHTML, like Gecko) Chrome/146.0.0.0 Safari/537.36 Edg/146.0.0.0"
109.130.167.137 - - [29/Mar/2026:12:55:17 +0000] "GET /wp-content/uploads/2023/06/Hawk7.webp HTTP/1.1" 200 39386 "https://www.sunra.be/our-models/hawk/" "Mozilla/5.0 (Windows NT 10.0; Win64; x64) AppleWebKit/537.36 (KHTML, like Gecko) Chrome/146.0.0.0 Safari/537.36 Edg/146.0.0.0"
109.130.167.137 - - [29/Mar/2026:12:55:17 +0000] "GET /wp-content/uploads/2023/06/Hawk8.webp HTTP/1.1" 200 19416 "https://www.sunra.be/our-models/hawk/" "Mozilla/5.0 (Windows NT 10.0; Win64; x64) AppleWebKit/537.36 (KHTML, like Gecko) Chrome/146.0.0.0 Safari/537.36 Edg/146.0.0.0"
109.130.167.137 - - [29/Mar/2026:12:55:17 +0000] "GET /wp-content/uploads/2023/06/Hawk.mp4 HTTP/1.1" 206 4534930 "https://www.sunra.be/our-models/hawk/" "Mozilla/5.0 (Windows NT 10.0; Win64; x64) AppleWebKit/537.36 (KHTML, like Gecko) Chrome/146.0.0.0 Safari/537.36 Edg/146.0.0.0"
109.130.167.137 - - [29/Mar/2026:12:55:17 +0000] "GET /our-models/hawk/assets/styles.css HTTP/1.1" 404 38883 "https://www.sunra.be/our-models/hawk/" "Mozilla/5.0 (Windows NT 10.0; Win64; x64) AppleWebKit/537.36 (KHTML, like Gecko) Chrome/146.0.0.0 Safari/537.36 Edg/146.0.0.0"
149.200.189.57 - - [29/Mar/2026:12:55:19 +0000] "GET /shopdetail/changing/107044384 HTTP/1.1" 404 38877 "-" "Mozilla/5.0 (Windows NT 10.0; Win64; x64) AppleWebKit/537.36 (KHTML, like Gecko) Chrome/133.0.6943.141 Safari/537.36"
202.76.170.177 - - [29/Mar/2026:12:55:25 +0000] "GET /shopdetail/press/191041302 HTTP/1.1" 404 38871 "-" "Mozilla/5.0 (Windows NT 10.0; Win64; x64) AppleWebKit/537.36 (KHTML, like Gecko) Chrome/129.0.6668.29 Safari/537.36"
109.130.167.137 - - [29/Mar/2026:12:55:36 +0000] "GET /wp-content/uploads/2023/06/hawk-01-768x768.jpg HTTP/1.1" 200 52818 "https://www.sunra.be/our-models/hawk/" "Mozilla/5.0 (Windows NT 10.0; Win64; x64) AppleWebKit/537.36 (KHTML, like Gecko) Chrome/146.0.0.0 Safari/537.36 Edg/146.0.0.0"
109.130.167.137 - - [29/Mar/2026:12:55:36 +0000] "GET /wp-content/uploads/2023/06/hawk-002-768x768.jpg HTTP/1.1" 200 51476 "https://www.sunra.be/our-models/hawk/" "Mozilla/5.0 (Windows NT 10.0; Win64; x64) AppleWebKit/537.36 (KHTML, like Gecko) Chrome/146.0.0.0 Safari/537.36 Edg/146.0.0.0"
109.130.167.137 - - [29/Mar/2026:12:55:45 +0000] "GET /our-models/ HTTP/1.1" 200 39758 "https://www.sunra.be/our-models/hawk/" "Mozilla/5.0 (Windows NT 10.0; Win64; x64) AppleWebKit/537.36 (KHTML, like Gecko) Chrome/146.0.0.0 Safari/537.36 Edg/146.0.0.0"
109.130.167.137 - - [29/Mar/2026:12:55:46 +0000] "GET /our-models/miku-super/ HTTP/1.1" 200 108327 "https://www.sunra.be/our-models/hawk/" "Mozilla/5.0 (Windows NT 10.0; Win64; x64) AppleWebKit/537.36 (KHTML, like Gecko) Chrome/146.0.0.0 Safari/537.36 Edg/146.0.0.0"
109.130.167.137 - - [29/Mar/2026:12:55:48 +0000] "GET /wp-content/themes/sunra/style.css?t=1774788948&ver=6.9.4 HTTP/1.1" 200 24715 "https://www.sunra.be/our-models/miku-super/" "Mozilla/5.0 (Windows NT 10.0; Win64; x64) AppleWebKit/537.36 (KHTML, like Gecko) Chrome/146.0.0.0 Safari/537.36 Edg/146.0.0.0"
109.130.167.137 - - [29/Mar/2026:12:55:49 +0000] "GET /wp-content/uploads/2023/06/Introducing-MIKU-Super-1080p.mp4 HTTP/1.1" 206 61306 "https://www.sunra.be/our-models/miku-super/" "Mozilla/5.0 (Windows NT 10.0; Win64; x64) AppleWebKit/537.36 (KHTML, like Gecko) Chrome/146.0.0.0 Safari/537.36 Edg/146.0.0.0"
109.130.167.137 - - [29/Mar/2026:12:55:49 +0000] "GET /our-models/miku-super/assets/styles.css HTTP/1.1" 404 38895 "https://www.sunra.be/our-models/miku-super/" "Mozilla/5.0 (Windows NT 10.0; Win64; x64) AppleWebKit/537.36 (KHTML, like Gecko) Chrome/146.0.0.0 Safari/537.36 Edg/146.0.0.0"
109.130.167.137 - - [29/Mar/2026:12:55:48 +0000] "GET /our-models/miku-super/ HTTP/1.1" 200 108348 "https://www.sunra.be/our-models/hawk/" "Mozilla/5.0 (Windows NT 10.0; Win64; x64) AppleWebKit/537.36 (KHTML, like Gecko) Chrome/146.0.0.0 Safari/537.36 Edg/146.0.0.0"
216.73.216.217 - - [29/Mar/2026:12:56:01 +0000] "GET /shop/crave/prolusion05993913858.shtm HTTP/1.1" 301 - "-" "Mozilla/5.0 AppleWebKit/537.36 (KHTML, like Gecko; compatible; ClaudeBot/1.0; +claudebot@anthropic.com)"
217.182.68.102 - - [29/Mar/2026:12:56:02 +0000] "POST /wp-cron.php?doing_wp_cron=1774788962.8486149311065673828125 HTTP/1.1" 200 - "-" "WordPress/6.9.4; https://www.sunra.be"
216.73.216.217 - - [29/Mar/2026:12:56:04 +0000] "GET /shop/crave/prolusion05993913858.shtm HTTP/1.1" 404 38889 "https://sunra.be/shop/crave/prolusion05993913858.shtm" "Mozilla/5.0 AppleWebKit/537.36 (KHTML, like Gecko; compatible; ClaudeBot/1.0; +claudebot@anthropic.com)"
216.73.216.217 - - [29/Mar/2026:12:56:07 +0000] "GET /shop/subtilized/foursquare001275805403.shtm HTTP/1.1" 301 - "-" "Mozilla/5.0 AppleWebKit/537.36 (KHTML, like Gecko; compatible; ClaudeBot/1.0; +claudebot@anthropic.com)"
216.73.216.217 - - [29/Mar/2026:12:56:08 +0000] "GET /shop/subtilized/foursquare001275805403.shtm HTTP/1.1" 404 38903 "https://sunra.be/shop/subtilized/foursquare001275805403.shtm" "Mozilla/5.0 AppleWebKit/537.36 (KHTML, like Gecko; compatible; ClaudeBot/1.0; +claudebot@anthropic.com)"
114.119.151.83 - - [29/Mar/2026:12:56:09 +0000] "GET /shop/lithontriptist/provoke062299128760.shtm HTTP/1.1" 301 - "https://sunra.be/?sitemap297.xml" "Mozilla/5.0 (Linux; Android 7.0;) AppleWebKit/537.36 (KHTML, like Gecko) Mobile Safari/537.36 (compatible; PetalBot;+https://webmaster.petalsearch.com/site/petalbot)"
113.183.7.28 - - [29/Mar/2026:12:56:14 +0000] "GET /shopdetail/costume/109018766 HTTP/1.1" 301 - "-" "Mozilla/5.0 (Macintosh; Intel Mac OS X 10_15_7) AppleWebKit/537.36 (KHTML, like Gecko) Chrome/128.0.6613.36 Safari/537.36"
114.119.151.83 - - [29/Mar/2026:12:56:14 +0000] "GET /shop/lithontriptist/provoke062299128760.shtm HTTP/1.1" 404 37564 "https://sunra.be/?sitemap297.xml" "Mozilla/5.0 (Linux; Android 7.0;) AppleWebKit/537.36 (KHTML, like Gecko) Mobile Safari/537.36 (compatible; PetalBot;+https://webmaster.petalsearch.com/site/petalbot)"
109.130.167.137 - - [29/Mar/2026:12:56:07 +0000] "GET /wp-content/uploads/2023/06/Introducing-MIKU-Super-1080p.mp4 HTTP/1.1" 206 15200122 "https://www.sunra.be/our-models/miku-super/" "Mozilla/5.0 (Windows NT 10.0; Win64; x64) AppleWebKit/537.36 (KHTML, like Gecko) Chrome/146.0.0.0 Safari/537.36 Edg/146.0.0.0"
201.190.175.132 - - [29/Mar/2026:12:56:19 +0000] "GET /shopdetail/costume/109018766 HTTP/1.1" 404 38875 "-" "Mozilla/5.0 (Macintosh; Intel Mac OS X 10_15_7) AppleWebKit/537.36 (KHTML, like Gecko) Chrome/128.0.6613.36 Safari/537.36"
216.73.216.217 - - [29/Mar/2026:12:56:26 +0000] "GET /shop/coaxingly/spalpeen00166263495.shtm HTTP/1.1" 301 - "-" "Mozilla/5.0 AppleWebKit/537.36 (KHTML, like Gecko; compatible; ClaudeBot/1.0; +claudebot@anthropic.com)"
216.73.216.217 - - [29/Mar/2026:12:56:28 +0000] "GET /shop/coaxingly/spalpeen00166263495.shtm HTTP/1.1" 404 38895 "https://sunra.be/shop/coaxingly/spalpeen00166263495.shtm" "Mozilla/5.0 AppleWebKit/537.36 (KHTML, like Gecko; compatible; ClaudeBot/1.0; +claudebot@anthropic.com)"
14.245.237.165 - - [29/Mar/2026:12:56:31 +0000] "GET /shopdetail/roll/145031702 HTTP/1.1" 404 38869 "-" "Mozilla/5.0 (Macintosh; Intel Mac OS X 12_3_1) AppleWebKit/537.36 (KHTML, like Gecko) Chrome/130.0.6723.191 Safari/537.36"
216.73.216.217 - - [29/Mar/2026:12:56:32 +0000] "GET /shop/sardius/arbitrage001678257398.shtm HTTP/1.1" 301 - "-" "Mozilla/5.0 AppleWebKit/537.36 (KHTML, like Gecko; compatible; ClaudeBot/1.0; +claudebot@anthropic.com)"
216.73.216.217 - - [29/Mar/2026:12:56:35 +0000] "GET /shop/sardius/arbitrage001678257398.shtm HTTP/1.1" 404 38895 "https://sunra.be/shop/sardius/arbitrage001678257398.shtm" "Mozilla/5.0 AppleWebKit/537.36 (KHTML, like Gecko; compatible; ClaudeBot/1.0; +claudebot@anthropic.com)"
66.249.74.102 - - [29/Mar/2026:12:56:40 +0000] "GET /?u=19239183270700&channel=79cb66&from=category-info.php?shop/nomada/supraocular031223262942.shtm HTTP/1.1" 200 228221 "-" "Mozilla/5.0 (Linux; Android 6.0.1; Nexus 5X Build/MMB29P) AppleWebKit/537.36 (KHTML, like Gecko) Chrome/146.0.7680.153 Mobile Safari/537.36 (compatible; Googlebot/2.1; +http://www.google.com/bot.html)"
216.73.216.217 - - [29/Mar/2026:12:56:49 +0000] "GET /shop/chorine/dampish053095363913.shtm HTTP/1.1" 301 - "-" "Mozilla/5.0 AppleWebKit/537.36 (KHTML, like Gecko; compatible; ClaudeBot/1.0; +claudebot@anthropic.com)"
216.73.216.217 - - [29/Mar/2026:12:56:51 +0000] "GET /shop/chorine/dampish053095363913.shtm HTTP/1.1" 404 38891 "https://sunra.be/shop/chorine/dampish053095363913.shtm" "Mozilla/5.0 AppleWebKit/537.36 (KHTML, like Gecko; compatible; ClaudeBot/1.0; +claudebot@anthropic.com)"
217.182.68.102 - - [29/Mar/2026:12:56:53 +0000] "POST /wp-cron.php?doing_wp_cron=1774789013.5456891059875488281250 HTTP/1.1" 200 - "-" "WordPress/6.9.4; https://www.sunra.be"
216.73.216.217 - - [29/Mar/2026:12:56:57 +0000] "GET /shop/aemail/connexion052362098806.shtm HTTP/1.1" 301 - "-" "Mozilla/5.0 AppleWebKit/537.36 (KHTML, like Gecko; compatible; ClaudeBot/1.0; +claudebot@anthropic.com)"
216.73.216.217 - - [29/Mar/2026:12:56:59 +0000] "GET /shop/aemail/connexion052362098806.shtm HTTP/1.1" 404 38893 "https://sunra.be/shop/aemail/connexion052362098806.shtm" "Mozilla/5.0 AppleWebKit/537.36 (KHTML, like Gecko; compatible; ClaudeBot/1.0; +claudebot@anthropic.com)"
113.183.112.221 - - [29/Mar/2026:12:57:09 +0000] "GET /shopdetail/costume/110027575 HTTP/1.1" 301 - "-" "Mozilla/5.0 (Windows NT 10.0; Win64; x64; rv:129.0) Gecko/20100101 Firefox/129.0"
14.164.202.147 - - [29/Mar/2026:12:57:12 +0000] "GET /shopdetail/costume/110027575 HTTP/1.1" 404 38875 "-" "Mozilla/5.0 (Windows NT 10.0; Win64; x64; rv:129.0) Gecko/20100101 Firefox/129.0"
216.73.216.217 - - [29/Mar/2026:12:57:25 +0000] "GET /shop/strongly/foreright00884349432.shtm HTTP/1.1" 301 - "-" "Mozilla/5.0 AppleWebKit/537.36 (KHTML, like Gecko; compatible; ClaudeBot/1.0; +claudebot@anthropic.com)"
216.73.216.217 - - [29/Mar/2026:12:57:27 +0000] "GET /shop/strongly/foreright00884349432.shtm HTTP/1.1" 404 38895 "https://sunra.be/shop/strongly/foreright00884349432.shtm" "Mozilla/5.0 AppleWebKit/537.36 (KHTML, like Gecko; compatible; ClaudeBot/1.0; +claudebot@anthropic.com)"
114.119.131.232 - - [29/Mar/2026:12:57:27 +0000] "GET /shop/lionet/oozed062829700764.shtm HTTP/1.1" 301 - "https://sunra.be/?sitemap869.xml" "Mozilla/5.0 (Linux; Android 7.0;) AppleWebKit/537.36 (KHTML, like Gecko) Mobile Safari/537.36 (compatible; PetalBot;+https://webmaster.petalsearch.com/site/petalbot)"
216.73.216.217 - - [29/Mar/2026:12:57:32 +0000] "GET /shop/extuberate/tapestry00554622112.shtm HTTP/1.1" 301 - "-" "Mozilla/5.0 AppleWebKit/537.36 (KHTML, like Gecko; compatible; ClaudeBot/1.0; +claudebot@anthropic.com)"
114.119.131.232 - - [29/Mar/2026:12:57:32 +0000] "GET /shop/lionet/oozed062829700764.shtm HTTP/1.1" 404 37544 "https://sunra.be/?sitemap869.xml" "Mozilla/5.0 (Linux; Android 7.0;) AppleWebKit/537.36 (KHTML, like Gecko) Mobile Safari/537.36 (compatible; PetalBot;+https://webmaster.petalsearch.com/site/petalbot)"
216.73.216.217 - - [29/Mar/2026:12:57:34 +0000] "GET /shop/extuberate/tapestry00554622112.shtm HTTP/1.1" 404 38897 "https://sunra.be/shop/extuberate/tapestry00554622112.shtm" "Mozilla/5.0 AppleWebKit/537.36 (KHTML, like Gecko; compatible; ClaudeBot/1.0; +claudebot@anthropic.com)"
216.73.216.217 - - [29/Mar/2026:12:57:37 +0000] "GET /shop/candidly/foresail00848314395.shtm HTTP/1.1" 301 - "-" "Mozilla/5.0 AppleWebKit/537.36 (KHTML, like Gecko; compatible; ClaudeBot/1.0; +claudebot@anthropic.com)"
41.212.110.122 - - [29/Mar/2026:12:57:36 +0000] "GET /shopdetail/roll/210035543 HTTP/1.1" 404 38869 "-" "Mozilla/5.0 (Macintosh; Intel Mac OS X 12_1_0) AppleWebKit/537.36 (KHTML, like Gecko) Chrome/128.0.6613.137 Safari/537.36"
216.73.216.217 - - [29/Mar/2026:12:57:38 +0000] "GET /shop/candidly/foresail00848314395.shtm HTTP/1.1" 404 38893 "https://sunra.be/shop/candidly/foresail00848314395.shtm" "Mozilla/5.0 AppleWebKit/537.36 (KHTML, like Gecko; compatible; ClaudeBot/1.0; +claudebot@anthropic.com)"
216.73.216.217 - - [29/Mar/2026:12:57:43 +0000] "GET /shop/phonotypy/capitis00554785619.shtm HTTP/1.1" 301 - "-" "Mozilla/5.0 AppleWebKit/537.36 (KHTML, like Gecko; compatible; ClaudeBot/1.0; +claudebot@anthropic.com)"
216.73.216.217 - - [29/Mar/2026:12:57:44 +0000] "GET /shop/phonotypy/capitis00554785619.shtm HTTP/1.1" 404 38893 "https://sunra.be/shop/phonotypy/capitis00554785619.shtm" "Mozilla/5.0 AppleWebKit/537.36 (KHTML, like Gecko; compatible; ClaudeBot/1.0; +claudebot@anthropic.com)"
216.73.216.217 - - [29/Mar/2026:12:57:51 +0000] "GET /shop/meshy/forking00517143727.shtm HTTP/1.1" 301 - "-" "Mozilla/5.0 AppleWebKit/537.36 (KHTML, like Gecko; compatible; ClaudeBot/1.0; +claudebot@anthropic.com)"
217.182.68.102 - - [29/Mar/2026:12:57:53 +0000] "POST /wp-cron.php?doing_wp_cron=1774789073.2019379138946533203125 HTTP/1.1" 200 - "-" "WordPress/6.9.4; https://www.sunra.be"
216.73.216.217 - - [29/Mar/2026:12:57:54 +0000] "GET /shop/meshy/forking00517143727.shtm HTTP/1.1" 404 38885 "https://sunra.be/shop/meshy/forking00517143727.shtm" "Mozilla/5.0 AppleWebKit/537.36 (KHTML, like Gecko; compatible; ClaudeBot/1.0; +claudebot@anthropic.com)"
216.73.216.217 - - [29/Mar/2026:12:57:57 +0000] "GET /shop/dialectician/nonparticulate003732007491.shtm HTTP/1.1" 301 - "-" "Mozilla/5.0 AppleWebKit/537.36 (KHTML, like Gecko; compatible; ClaudeBot/1.0; +claudebot@anthropic.com)"
216.73.216.217 - - [29/Mar/2026:12:57:59 +0000] "GET /shop/dialectician/nonparticulate003732007491.shtm HTTP/1.1" 404 38915 "https://sunra.be/shop/dialectician/nonparticulate003732007491.shtm" "Mozilla/5.0 AppleWebKit/537.36 (KHTML, like Gecko; compatible; ClaudeBot/1.0; +claudebot@anthropic.com)"
182.252.76.16 - - [29/Mar/2026:12:58:03 +0000] "GET /shopdetail/cruel/062000909 HTTP/1.1" 301 - "-" "Mozilla/5.0 (Macintosh; Intel Mac OS X 12_4_0) AppleWebKit/537.36 (KHTML, like Gecko) Chrome/126.0.6478.126 Safari/537.36"
216.73.216.217 - - [29/Mar/2026:12:58:03 +0000] "GET /shop/alternatingprenominal/companiable00442676519.shtm HTTP/1.1" 301 - "-" "Mozilla/5.0 AppleWebKit/537.36 (KHTML, like Gecko; compatible; ClaudeBot/1.0; +claudebot@anthropic.com)"
216.73.216.217 - - [29/Mar/2026:12:58:05 +0000] "GET /shop/alternatingprenominal/companiable00442676519.shtm HTTP/1.1" 404 38925 "https://sunra.be/shop/alternatingprenominal/companiable00442676519.shtm" "Mozilla/5.0 AppleWebKit/537.36 (KHTML, like Gecko; compatible; ClaudeBot/1.0; +claudebot@anthropic.com)"
94.143.197.189 - - [29/Mar/2026:12:58:07 +0000] "GET /shopdetail/cruel/062000909 HTTP/1.1" 404 38871 "-" "Mozilla/5.0 (Macintosh; Intel Mac OS X 12_4_0) AppleWebKit/537.36 (KHTML, like Gecko) Chrome/126.0.6478.126 Safari/537.36"
216.73.216.217 - - [29/Mar/2026:12:58:09 +0000] "GET /shop/fickly/yarely00441300913.shtm HTTP/1.1" 301 - "-" "Mozilla/5.0 AppleWebKit/537.36 (KHTML, like Gecko; compatible; ClaudeBot/1.0; +claudebot@anthropic.com)"
216.73.216.217 - - [29/Mar/2026:12:58:11 +0000] "GET /shop/fickly/yarely00441300913.shtm HTTP/1.1" 404 38885 "https://sunra.be/shop/fickly/yarely00441300913.shtm" "Mozilla/5.0 AppleWebKit/537.36 (KHTML, like Gecko; compatible; ClaudeBot/1.0; +claudebot@anthropic.com)"
216.73.216.217 - - [29/Mar/2026:12:58:15 +0000] "GET /shop/ounce/introvertive001405675844.shtm HTTP/1.1" 301 - "-" "Mozilla/5.0 AppleWebKit/537.36 (KHTML, like Gecko; compatible; ClaudeBot/1.0; +claudebot@anthropic.com)"
216.73.216.217 - - [29/Mar/2026:12:58:17 +0000] "GET /shop/ounce/introvertive001405675844.shtm HTTP/1.1" 404 38897 "https://sunra.be/shop/ounce/introvertive001405675844.shtm" "Mozilla/5.0 AppleWebKit/537.36 (KHTML, like Gecko; compatible; ClaudeBot/1.0; +claudebot@anthropic.com)"
216.73.216.217 - - [29/Mar/2026:12:58:21 +0000] "GET /shop/tidytips/chuckleheaded001166326175.shtm HTTP/1.1" 301 - "-" "Mozilla/5.0 AppleWebKit/537.36 (KHTML, like Gecko; compatible; ClaudeBot/1.0; +claudebot@anthropic.com)"
216.73.216.217 - - [29/Mar/2026:12:58:23 +0000] "GET /shop/tidytips/chuckleheaded001166326175.shtm HTTP/1.1" 404 38905 "https://sunra.be/shop/tidytips/chuckleheaded001166326175.shtm" "Mozilla/5.0 AppleWebKit/537.36 (KHTML, like Gecko; compatible; ClaudeBot/1.0; +claudebot@anthropic.com)"
216.73.216.217 - - [29/Mar/2026:12:58:27 +0000] "GET /shop/rustled/reforesting001084424860.shtm HTTP/1.1" 301 - "-" "Mozilla/5.0 AppleWebKit/537.36 (KHTML, like Gecko; compatible; ClaudeBot/1.0; +claudebot@anthropic.com)"
216.73.216.217 - - [29/Mar/2026:12:58:29 +0000] "GET /shop/rustled/reforesting001084424860.shtm HTTP/1.1" 404 38899 "https://sunra.be/shop/rustled/reforesting001084424860.shtm" "Mozilla/5.0 AppleWebKit/537.36 (KHTML, like Gecko; compatible; ClaudeBot/1.0; +claudebot@anthropic.com)"
216.73.216.217 - - [29/Mar/2026:12:58:32 +0000] "GET /shop/natantly/intercommune002496229445.shtm HTTP/1.1" 301 - "-" "Mozilla/5.0 AppleWebKit/537.36 (KHTML, like Gecko; compatible; ClaudeBot/1.0; +claudebot@anthropic.com)"
216.73.216.217 - - [29/Mar/2026:12:58:34 +0000] "GET /shop/natantly/intercommune002496229445.shtm HTTP/1.1" 404 38903 "https://sunra.be/shop/natantly/intercommune002496229445.shtm" "Mozilla/5.0 AppleWebKit/537.36 (KHTML, like Gecko; compatible; ClaudeBot/1.0; +claudebot@anthropic.com)"
216.73.216.217 - - [29/Mar/2026:12:58:38 +0000] "GET /shop/ankerite/interlucation003278477220.shtm HTTP/1.1" 301 - "-" "Mozilla/5.0 AppleWebKit/537.36 (KHTML, like Gecko; compatible; ClaudeBot/1.0; +claudebot@anthropic.com)"
14.172.168.94 - - [29/Mar/2026:12:58:38 +0000] "GET /shopdetail/roof/209025628 HTTP/1.1" 404 38869 "-" "Mozilla/5.0 (Macintosh; Intel Mac OS X 15_4_1) AppleWebKit/537.36 (KHTML, like Gecko) Chrome/127.0.6533.17 Safari/537.36"
114.119.150.254 - - [29/Mar/2026:12:58:40 +0000] "GET /shop/limbus/elucidatory062759953502.shtm HTTP/1.1" 301 - "https://sunra.be/?sitemap869.xml" "Mozilla/5.0 (Linux; Android 7.0;) AppleWebKit/537.36 (KHTML, like Gecko) Mobile Safari/537.36 (compatible; PetalBot;+https://webmaster.petalsearch.com/site/petalbot)"
216.73.216.217 - - [29/Mar/2026:12:58:40 +0000] "GET /shop/ankerite/interlucation003278477220.shtm HTTP/1.1" 404 38905 "https://sunra.be/shop/ankerite/interlucation003278477220.shtm" "Mozilla/5.0 AppleWebKit/537.36 (KHTML, like Gecko; compatible; ClaudeBot/1.0; +claudebot@anthropic.com)"
216.73.216.217 - - [29/Mar/2026:12:58:45 +0000] "GET /shop/improvided/liquidize002699171913.shtm HTTP/1.1" 301 - "-" "Mozilla/5.0 AppleWebKit/537.36 (KHTML, like Gecko; compatible; ClaudeBot/1.0; +claudebot@anthropic.com)"
216.73.216.217 - - [29/Mar/2026:12:58:47 +0000] "GET /shop/improvided/liquidize002699171913.shtm HTTP/1.1" 404 38901 "https://sunra.be/shop/improvided/liquidize002699171913.shtm" "Mozilla/5.0 AppleWebKit/537.36 (KHTML, like Gecko; compatible; ClaudeBot/1.0; +claudebot@anthropic.com)"
109.130.167.137 - - [29/Mar/2026:12:58:48 +0000] "GET /spare-parts/ HTTP/1.1" 200 67550 "https://www.sunra.be/our-models/miku-super/" "Mozilla/5.0 (Windows NT 10.0; Win64; x64) AppleWebKit/537.36 (KHTML, like Gecko) Chrome/146.0.0.0 Safari/537.36 Edg/146.0.0.0"
109.130.167.137 - - [29/Mar/2026:12:58:50 +0000] "GET /wp-content/themes/sunra/style.css?t=1774789129&ver=6.9.4 HTTP/1.1" 200 24715 "https://www.sunra.be/spare-parts/" "Mozilla/5.0 (Windows NT 10.0; Win64; x64) AppleWebKit/537.36 (KHTML, like Gecko) Chrome/146.0.0.0 Safari/537.36 Edg/146.0.0.0"
109.130.167.137 - - [29/Mar/2026:12:58:50 +0000] "GET /wp-content/uploads/2023/06/Frame.png HTTP/1.1" 200 129261 "https://www.sunra.be/spare-parts/" "Mozilla/5.0 (Windows NT 10.0; Win64; x64) AppleWebKit/537.36 (KHTML, like Gecko) Chrome/146.0.0.0 Safari/537.36 Edg/146.0.0.0"
109.130.167.137 - - [29/Mar/2026:12:58:50 +0000] "GET /wp-content/uploads/2023/06/IMG_5940-copy.jpg HTTP/1.1" 200 47432 "https://www.sunra.be/spare-parts/" "Mozilla/5.0 (Windows NT 10.0; Win64; x64) AppleWebKit/537.36 (KHTML, like Gecko) Chrome/146.0.0.0 Safari/537.36 Edg/146.0.0.0"
109.130.167.137 - - [29/Mar/2026:12:58:50 +0000] "GET /wp-content/uploads/2023/06/IMG_5941-copy.jpg HTTP/1.1" 200 44441 "https://www.sunra.be/spare-parts/" "Mozilla/5.0 (Windows NT 10.0; Win64; x64) AppleWebKit/537.36 (KHTML, like Gecko) Chrome/146.0.0.0 Safari/537.36 Edg/146.0.0.0"
109.130.167.137 - - [29/Mar/2026:12:58:50 +0000] "GET /wp-content/uploads/2023/06/6sj9p6jg-11.png?id=365 HTTP/1.1" 200 882509 "https://www.sunra.be/spare-parts/" "Mozilla/5.0 (Windows NT 10.0; Win64; x64) AppleWebKit/537.36 (KHTML, like Gecko) Chrome/146.0.0.0 Safari/537.36 Edg/146.0.0.0"
109.130.167.137 - - [29/Mar/2026:12:58:50 +0000] "GET /wp-content/uploads/2023/06/IMG_5931-copy-1.jpg HTTP/1.1" 200 29501 "https://www.sunra.be/spare-parts/" "Mozilla/5.0 (Windows NT 10.0; Win64; x64) AppleWebKit/537.36 (KHTML, like Gecko) Chrome/146.0.0.0 Safari/537.36 Edg/146.0.0.0"
109.130.167.137 - - [29/Mar/2026:12:58:50 +0000] "GET /wp-content/uploads/2023/06/DSC_7576-copy.jpg HTTP/1.1" 200 27465 "https://www.sunra.be/spare-parts/" "Mozilla/5.0 (Windows NT 10.0; Win64; x64) AppleWebKit/537.36 (KHTML, like Gecko) Chrome/146.0.0.0 Safari/537.36 Edg/146.0.0.0"
109.130.167.137 - - [29/Mar/2026:12:58:50 +0000] "GET /wp-content/uploads/2023/06/IMG_5957-copy.jpg HTTP/1.1" 200 29831 "https://www.sunra.be/spare-parts/" "Mozilla/5.0 (Windows NT 10.0; Win64; x64) AppleWebKit/537.36 (KHTML, like Gecko) Chrome/146.0.0.0 Safari/537.36 Edg/146.0.0.0"
109.130.167.137 - - [29/Mar/2026:12:58:50 +0000] "GET /wp-content/uploads/2023/06/IMG_5956-copy.jpg HTTP/1.1" 200 31392 "https://www.sunra.be/spare-parts/" "Mozilla/5.0 (Windows NT 10.0; Win64; x64) AppleWebKit/537.36 (KHTML, like Gecko) Chrome/146.0.0.0 Safari/537.36 Edg/146.0.0.0"
109.130.167.137 - - [29/Mar/2026:12:58:50 +0000] "GET /wp-content/uploads/2023/06/IMG_5930-copy.jpg HTTP/1.1" 200 35810 "https://www.sunra.be/spare-parts/" "Mozilla/5.0 (Windows NT 10.0; Win64; x64) AppleWebKit/537.36 (KHTML, like Gecko) Chrome/146.0.0.0 Safari/537.36 Edg/146.0.0.0"
109.130.167.137 - - [29/Mar/2026:12:58:50 +0000] "GET /wp-content/uploads/2023/06/Screenshot-2023-07-03-173324.png HTTP/1.1" 200 5849 "https://www.sunra.be/spare-parts/" "Mozilla/5.0 (Windows NT 10.0; Win64; x64) AppleWebKit/537.36 (KHTML, like Gecko) Chrome/146.0.0.0 Safari/537.36 Edg/146.0.0.0"
109.130.167.137 - - [29/Mar/2026:12:58:50 +0000] "GET /wp-content/uploads/2023/06/Screenshot-2023-07-03-173444.png HTTP/1.1" 200 3051 "https://www.sunra.be/spare-parts/" "Mozilla/5.0 (Windows NT 10.0; Win64; x64) AppleWebKit/537.36 (KHTML, like Gecko) Chrome/146.0.0.0 Safari/537.36 Edg/146.0.0.0"
109.130.167.137 - - [29/Mar/2026:12:58:50 +0000] "GET /wp-content/uploads/2023/06/IMG_5958-copy.jpg HTTP/1.1" 200 33469 "https://www.sunra.be/spare-parts/" "Mozilla/5.0 (Windows NT 10.0; Win64; x64) AppleWebKit/537.36 (KHTML, like Gecko) Chrome/146.0.0.0 Safari/537.36 Edg/146.0.0.0"
109.130.167.137 - - [29/Mar/2026:12:58:50 +0000] "GET /wp-content/uploads/2023/06/IMG_5954-copy.jpg HTTP/1.1" 200 67809 "https://www.sunra.be/spare-parts/" "Mozilla/5.0 (Windows NT 10.0; Win64; x64) AppleWebKit/537.36 (KHTML, like Gecko) Chrome/146.0.0.0 Safari/537.36 Edg/146.0.0.0"
109.130.167.137 - - [29/Mar/2026:12:58:50 +0000] "GET /wp-content/uploads/2023/06/IMG_3026-2-copy.jpg HTTP/1.1" 200 62919 "https://www.sunra.be/spare-parts/" "Mozilla/5.0 (Windows NT 10.0; Win64; x64) AppleWebKit/537.36 (KHTML, like Gecko) Chrome/146.0.0.0 Safari/537.36 Edg/146.0.0.0"
109.130.167.137 - - [29/Mar/2026:12:58:50 +0000] "GET /wp-content/uploads/2023/06/DSC_7772-copy.jpg HTTP/1.1" 200 49173 "https://www.sunra.be/spare-parts/" "Mozilla/5.0 (Windows NT 10.0; Win64; x64) AppleWebKit/537.36 (KHTML, like Gecko) Chrome/146.0.0.0 Safari/537.36 Edg/146.0.0.0"
109.130.167.137 - - [29/Mar/2026:12:58:50 +0000] "GET /wp-content/uploads/2023/06/Screenshot-2023-07-03-172911.png HTTP/1.1" 200 8042 "https://www.sunra.be/spare-parts/" "Mozilla/5.0 (Windows NT 10.0; Win64; x64) AppleWebKit/537.36 (KHTML, like Gecko) Chrome/146.0.0.0 Safari/537.36 Edg/146.0.0.0"
109.130.167.137 - - [29/Mar/2026:12:58:50 +0000] "GET /wp-content/uploads/2023/06/IMG_5945-copy.jpg HTTP/1.1" 200 47803 "https://www.sunra.be/spare-parts/" "Mozilla/5.0 (Windows NT 10.0; Win64; x64) AppleWebKit/537.36 (KHTML, like Gecko) Chrome/146.0.0.0 Safari/537.36 Edg/146.0.0.0"
109.130.167.137 - - [29/Mar/2026:12:58:50 +0000] "GET /wp-content/uploads/2023/06/Screenshot-2023-07-03-173120.png HTTP/1.1" 200 10239 "https://www.sunra.be/spare-parts/" "Mozilla/5.0 (Windows NT 10.0; Win64; x64) AppleWebKit/537.36 (KHTML, like Gecko) Chrome/146.0.0.0 Safari/537.36 Edg/146.0.0.0"
109.130.167.137 - - [29/Mar/2026:12:58:50 +0000] "GET /wp-content/uploads/2023/06/IMG_5935-copy.jpg HTTP/1.1" 200 33242 "https://www.sunra.be/spare-parts/" "Mozilla/5.0 (Windows NT 10.0; Win64; x64) AppleWebKit/537.36 (KHTML, like Gecko) Chrome/146.0.0.0 Safari/537.36 Edg/146.0.0.0"
109.130.167.137 - - [29/Mar/2026:12:58:50 +0000] "GET /wp-content/uploads/2023/06/DSC_7754-copy.jpg HTTP/1.1" 200 27816 "https://www.sunra.be/spare-parts/" "Mozilla/5.0 (Windows NT 10.0; Win64; x64) AppleWebKit/537.36 (KHTML, like Gecko) Chrome/146.0.0.0 Safari/537.36 Edg/146.0.0.0"
109.130.167.137 - - [29/Mar/2026:12:58:50 +0000] "GET /wp-content/uploads/2023/06/DSC_7776-copy.jpg HTTP/1.1" 200 30721 "https://www.sunra.be/spare-parts/" "Mozilla/5.0 (Windows NT 10.0; Win64; x64) AppleWebKit/537.36 (KHTML, like Gecko) Chrome/146.0.0.0 Safari/537.36 Edg/146.0.0.0"
109.130.167.137 - - [29/Mar/2026:12:58:50 +0000] "GET /wp-content/uploads/2023/06/IMG_6013-copy.jpg HTTP/1.1" 200 45632 "https://www.sunra.be/spare-parts/" "Mozilla/5.0 (Windows NT 10.0; Win64; x64) AppleWebKit/537.36 (KHTML, like Gecko) Chrome/146.0.0.0 Safari/537.36 Edg/146.0.0.0"
216.73.216.217 - - [29/Mar/2026:12:58:56 +0000] "GET /shop/elsin/sadducize00717471141.shtm HTTP/1.1" 301 - "-" "Mozilla/5.0 AppleWebKit/537.36 (KHTML, like Gecko; compatible; ClaudeBot/1.0; +claudebot@anthropic.com)"
217.182.68.102 - - [29/Mar/2026:12:58:57 +0000] "POST /wp-cron.php?doing_wp_cron=1774789137.3966789245605468750000 HTTP/1.1" 200 - "-" "WordPress/6.9.4; https://www.sunra.be"
216.73.216.217 - - [29/Mar/2026:12:58:58 +0000] "GET /shop/elsin/sadducize00717471141.shtm HTTP/1.1" 404 38889 "https://sunra.be/shop/elsin/sadducize00717471141.shtm" "Mozilla/5.0 AppleWebKit/537.36 (KHTML, like Gecko; compatible; ClaudeBot/1.0; +claudebot@anthropic.com)"
