202.76.190.9 - - [29/Mar/2026:14:27:33 +0000] "GET /shopdetail/election/072003997 HTTP/1.1" 301 - "-" "Mozilla/5.0 (Macintosh; Intel Mac OS X 15_1_0) AppleWebKit/537.36 (KHTML, like Gecko) Chrome/131.0.6778.265 Safari/537.36"
202.76.136.241 - - [29/Mar/2026:14:27:36 +0000] "GET /shopdetail/election/072003997 HTTP/1.1" 404 38877 "-" "Mozilla/5.0 (Macintosh; Intel Mac OS X 15_1_0) AppleWebKit/537.36 (KHTML, like Gecko) Chrome/131.0.6778.265 Safari/537.36"
216.73.216.217 - - [29/Mar/2026:14:27:38 +0000] "GET /shop/space/ophiophagus052184471150.shtm HTTP/1.1" 301 - "-" "Mozilla/5.0 AppleWebKit/537.36 (KHTML, like Gecko; compatible; ClaudeBot/1.0; +claudebot@anthropic.com)"
216.73.216.217 - - [29/Mar/2026:14:27:40 +0000] "GET /shop/space/ophiophagus052184471150.shtm HTTP/1.1" 404 38895 "https://sunra.be/shop/space/ophiophagus052184471150.shtm" "Mozilla/5.0 AppleWebKit/537.36 (KHTML, like Gecko; compatible; ClaudeBot/1.0; +claudebot@anthropic.com)"
14.234.202.69 - - [29/Mar/2026:14:27:51 +0000] "GET /shopdetail/crawl/147039844 HTTP/1.1" 404 38871 "-" "Mozilla/5.0 (Macintosh; U; PPC Mac OS X; de-CH) AppleWebKit/419.2 (KHTML, like Gecko) Safari/419.3"
216.73.216.217 - - [29/Mar/2026:14:27:51 +0000] "GET /shop/patagium/retort061439319259.shtm HTTP/1.1" 301 - "-" "Mozilla/5.0 AppleWebKit/537.36 (KHTML, like Gecko; compatible; ClaudeBot/1.0; +claudebot@anthropic.com)"
217.182.68.102 - - [29/Mar/2026:14:27:53 +0000] "POST /wp-cron.php?doing_wp_cron=1774794473.1024940013885498046875 HTTP/1.1" 200 - "-" "WordPress/6.9.4; https://www.sunra.be"
216.73.216.217 - - [29/Mar/2026:14:27:54 +0000] "GET /shop/patagium/retort061439319259.shtm HTTP/1.1" 404 38891 "https://sunra.be/shop/patagium/retort061439319259.shtm" "Mozilla/5.0 AppleWebKit/537.36 (KHTML, like Gecko; compatible; ClaudeBot/1.0; +claudebot@anthropic.com)"
216.73.216.217 - - [29/Mar/2026:14:28:11 +0000] "GET /shop/crosspollination/disciplinableness052864779657.shtm HTTP/1.1" 301 - "-" "Mozilla/5.0 AppleWebKit/537.36 (KHTML, like Gecko; compatible; ClaudeBot/1.0; +claudebot@anthropic.com)"
216.73.216.217 - - [29/Mar/2026:14:28:13 +0000] "GET /shop/crosspollination/disciplinableness052864779657.shtm HTTP/1.1" 404 38929 "https://sunra.be/shop/crosspollination/disciplinableness052864779657.shtm" "Mozilla/5.0 AppleWebKit/537.36 (KHTML, like Gecko; compatible; ClaudeBot/1.0; +claudebot@anthropic.com)"
38.171.12.116 - - [29/Mar/2026:14:28:17 +0000] "GET /shopdetail/engine/160002617 HTTP/1.1" 301 - "-" "Mozilla/5.0 (Macintosh; Intel Mac OS X 11.6; rv:136.0) Gecko/20100101 Firefox/136.0"
114.119.131.232 - - [29/Mar/2026:14:28:21 +0000] "GET /shop/koftgari/inmigration06597261846.shtm HTTP/1.1" 301 - "https://sunra.be/?sitemap869.xml" "Mozilla/5.0 (Linux; Android 7.0;) AppleWebKit/537.36 (KHTML, like Gecko) Mobile Safari/537.36 (compatible; PetalBot;+https://webmaster.petalsearch.com/site/petalbot)"
114.119.131.232 - - [29/Mar/2026:14:28:24 +0000] "GET /shop/koftgari/inmigration06597261846.shtm HTTP/1.1" 404 37558 "https://sunra.be/?sitemap869.xml" "Mozilla/5.0 (Linux; Android 7.0;) AppleWebKit/537.36 (KHTML, like Gecko) Mobile Safari/537.36 (compatible; PetalBot;+https://webmaster.petalsearch.com/site/petalbot)"
216.73.216.217 - - [29/Mar/2026:14:28:31 +0000] "GET /shop/laureateship/nidificans05430057172.shtm HTTP/1.1" 301 - "-" "Mozilla/5.0 AppleWebKit/537.36 (KHTML, like Gecko; compatible; ClaudeBot/1.0; +claudebot@anthropic.com)"
216.73.216.217 - - [29/Mar/2026:14:28:33 +0000] "GET /shop/laureateship/nidificans05430057172.shtm HTTP/1.1" 404 38905 "https://sunra.be/shop/laureateship/nidificans05430057172.shtm" "Mozilla/5.0 AppleWebKit/537.36 (KHTML, like Gecko; compatible; ClaudeBot/1.0; +claudebot@anthropic.com)"
207.46.13.83 - - [29/Mar/2026:14:28:38 +0000] "GET /shop/rhypticus/furnish033920779666.shtml HTTP/1.1" 200 212301 "-" "Mozilla/5.0 AppleWebKit/537.36 (KHTML, like Gecko; compatible; bingbot/2.0; +http://www.bing.com/bingbot.htm) Chrome/116.0.1938.76 Safari/537.36"
66.249.74.100 - - [29/Mar/2026:14:28:44 +0000] "GET /?u=2986113448208 HTTP/1.1" 200 206045 "-" "Mozilla/5.0 (Linux; Android 6.0.1; Nexus 5X Build/MMB29P) AppleWebKit/537.36 (KHTML, like Gecko) Chrome/146.0.7680.153 Mobile Safari/537.36 (compatible; Googlebot/2.1; +http://www.google.com/bot.html)"
154.192.138.48 - - [29/Mar/2026:14:28:52 +0000] "GET /shopdetail/desert/290046291 HTTP/1.1" 404 38873 "-" "Mozilla/5.0 (Windows NT 10.0; WOW64; rv:130.0) Gecko/20100101 Firefox/130.0"
216.73.216.217 - - [29/Mar/2026:14:28:51 +0000] "GET /shop/chiefjusticeship/bicolor041834659130.shtm HTTP/1.1" 301 - "-" "Mozilla/5.0 AppleWebKit/537.36 (KHTML, like Gecko; compatible; ClaudeBot/1.0; +claudebot@anthropic.com)"
217.182.68.102 - - [29/Mar/2026:14:28:53 +0000] "POST /wp-cron.php?doing_wp_cron=1774794533.0934031009674072265625 HTTP/1.1" 200 - "-" "WordPress/6.9.4; https://www.sunra.be"
216.73.216.217 - - [29/Mar/2026:14:28:54 +0000] "GET /shop/chiefjusticeship/bicolor041834659130.shtm HTTP/1.1" 404 38909 "https://sunra.be/shop/chiefjusticeship/bicolor041834659130.shtm" "Mozilla/5.0 AppleWebKit/537.36 (KHTML, like Gecko; compatible; ClaudeBot/1.0; +claudebot@anthropic.com)"
217.114.38.105 - - [29/Mar/2026:14:28:58 +0000] "GET /shopdetail/extension/181040020 HTTP/1.1" 301 - "-" "Mozilla/5.0 (Windows NT 10.0; Win64; x64) AppleWebKit/537.36 (KHTML, like Gecko) Chrome/126.0.6478.126 Safari/537.36"
71.47.32.112 - - [29/Mar/2026:14:29:03 +0000] "GET /shopdetail/extension/181040020 HTTP/1.1" 404 38879 "-" "Mozilla/5.0 (Windows NT 10.0; Win64; x64) AppleWebKit/537.36 (KHTML, like Gecko) Chrome/126.0.6478.126 Safari/537.36"
216.73.216.217 - - [29/Mar/2026:14:29:04 +0000] "GET /shop/resend/xanthoxylene062209873382.shtm HTTP/1.1" 301 - "-" "Mozilla/5.0 AppleWebKit/537.36 (KHTML, like Gecko; compatible; ClaudeBot/1.0; +claudebot@anthropic.com)"
216.73.216.217 - - [29/Mar/2026:14:29:06 +0000] "GET /shop/resend/xanthoxylene062209873382.shtm HTTP/1.1" 404 38899 "https://sunra.be/shop/resend/xanthoxylene062209873382.shtm" "Mozilla/5.0 AppleWebKit/537.36 (KHTML, like Gecko; compatible; ClaudeBot/1.0; +claudebot@anthropic.com)"
216.73.216.217 - - [29/Mar/2026:14:29:20 +0000] "GET /shop/touted/lorries051976155126.shtm HTTP/1.1" 301 - "-" "Mozilla/5.0 AppleWebKit/537.36 (KHTML, like Gecko; compatible; ClaudeBot/1.0; +claudebot@anthropic.com)"
216.73.216.217 - - [29/Mar/2026:14:29:22 +0000] "GET /shop/touted/lorries051976155126.shtm HTTP/1.1" 404 38889 "https://sunra.be/shop/touted/lorries051976155126.shtm" "Mozilla/5.0 AppleWebKit/537.36 (KHTML, like Gecko; compatible; ClaudeBot/1.0; +claudebot@anthropic.com)"
54.37.118.80 - - [29/Mar/2026:14:29:33 +0000] "GET /?class/1584-2924900022.html HTTP/1.1" 301 - "-" "Mozilla/5.0 (compatible; AhrefsBot/7.0; +http://ahrefs.com/robot/)"
216.73.216.217 - - [29/Mar/2026:14:29:40 +0000] "GET /shop/nonhierarchicaladj/flagrant001422347970.shtm HTTP/1.1" 301 - "-" "Mozilla/5.0 AppleWebKit/537.36 (KHTML, like Gecko; compatible; ClaudeBot/1.0; +claudebot@anthropic.com)"
152.59.0.153 - - [29/Mar/2026:14:29:41 +0000] "GET /shopdetail/focus/285019676 HTTP/1.1" 301 - "-" "Mozilla/5.0 (Windows NT 10.0; Win64; x64) AppleWebKit/537.36 (KHTML, like Gecko) Chrome/130.0.6723.69 Safari/537.36"
216.73.216.217 - - [29/Mar/2026:14:29:42 +0000] "GET /shop/nonhierarchicaladj/flagrant001422347970.shtm HTTP/1.1" 404 38915 "https://sunra.be/shop/nonhierarchicaladj/flagrant001422347970.shtm" "Mozilla/5.0 AppleWebKit/537.36 (KHTML, like Gecko; compatible; ClaudeBot/1.0; +claudebot@anthropic.com)"
88.241.90.240 - - [29/Mar/2026:14:29:45 +0000] "GET /shopdetail/focus/285019676 HTTP/1.1" 404 38871 "-" "Mozilla/5.0 (Windows NT 10.0; Win64; x64) AppleWebKit/537.36 (KHTML, like Gecko) Chrome/130.0.6723.69 Safari/537.36"
196.190.223.122 - - [29/Mar/2026:14:29:53 +0000] "GET /shopdetail/development/067006498 HTTP/1.1" 404 38883 "-" "Mozilla/5.0 (Macintosh; Intel Mac OS X 11_5_0) AppleWebKit/537.36 (KHTML, like Gecko) Chrome/132.0.6834.110 Safari/537.36"
217.182.68.102 - - [29/Mar/2026:14:29:55 +0000] "POST /wp-cron.php?doing_wp_cron=1774794595.1479539871215820312500 HTTP/1.1" 200 - "-" "WordPress/6.9.4; https://www.sunra.be"
216.73.216.217 - - [29/Mar/2026:14:29:56 +0000] "GET /shop/adversary/indemonstrableness05953382635.shtm HTTP/1.1" 301 - "-" "Mozilla/5.0 AppleWebKit/537.36 (KHTML, like Gecko; compatible; ClaudeBot/1.0; +claudebot@anthropic.com)"
216.73.216.217 - - [29/Mar/2026:14:29:57 +0000] "GET /shop/adversary/indemonstrableness05953382635.shtm HTTP/1.1" 404 38915 "https://sunra.be/shop/adversary/indemonstrableness05953382635.shtm" "Mozilla/5.0 AppleWebKit/537.36 (KHTML, like Gecko; compatible; ClaudeBot/1.0; +claudebot@anthropic.com)"
216.73.216.217 - - [29/Mar/2026:14:30:07 +0000] "GET /shop/septemvirate/astragal05316484040.shtm HTTP/1.1" 301 - "-" "Mozilla/5.0 AppleWebKit/537.36 (KHTML, like Gecko; compatible; ClaudeBot/1.0; +claudebot@anthropic.com)"
216.73.216.217 - - [29/Mar/2026:14:30:08 +0000] "GET /shop/septemvirate/astragal05316484040.shtm HTTP/1.1" 404 38901 "https://sunra.be/shop/septemvirate/astragal05316484040.shtm" "Mozilla/5.0 AppleWebKit/537.36 (KHTML, like Gecko; compatible; ClaudeBot/1.0; +claudebot@anthropic.com)"
114.119.149.159 - - [29/Mar/2026:14:30:15 +0000] "GET /shop/koftgari/inmigration06597261846.shtm HTTP/1.1" 301 - "https://sunra.be/?sitemap297.xml" "Mozilla/5.0 (Linux; Android 7.0;) AppleWebKit/537.36 (KHTML, like Gecko) Mobile Safari/537.36 (compatible; PetalBot;+https://webmaster.petalsearch.com/site/petalbot)"
114.119.149.159 - - [29/Mar/2026:14:30:17 +0000] "GET /shop/koftgari/inmigration06597261846.shtm HTTP/1.1" 404 37558 "https://sunra.be/?sitemap297.xml" "Mozilla/5.0 (Linux; Android 7.0;) AppleWebKit/537.36 (KHTML, like Gecko) Mobile Safari/537.36 (compatible; PetalBot;+https://webmaster.petalsearch.com/site/petalbot)"
98.199.31.156 - - [29/Mar/2026:14:30:24 +0000] "GET /shopdetail/functional/268031049 HTTP/1.1" 301 - "-" "Mozilla/5.0 (Macintosh; Intel Mac OS X 13_3_0) AppleWebKit/537.36 (KHTML, like Gecko) Chrome/128.0.6613.84 Safari/537.36"
216.73.216.217 - - [29/Mar/2026:14:30:26 +0000] "GET /shop/cloakroom/docetae052725173189.shtm HTTP/1.1" 301 - "-" "Mozilla/5.0 AppleWebKit/537.36 (KHTML, like Gecko; compatible; ClaudeBot/1.0; +claudebot@anthropic.com)"
73.125.126.133 - - [29/Mar/2026:14:30:28 +0000] "GET /shopdetail/functional/268031049 HTTP/1.1" 404 38881 "-" "Mozilla/5.0 (Macintosh; Intel Mac OS X 13_3_0) AppleWebKit/537.36 (KHTML, like Gecko) Chrome/128.0.6613.84 Safari/537.36"
216.73.216.217 - - [29/Mar/2026:14:30:28 +0000] "GET /shop/cloakroom/docetae052725173189.shtm HTTP/1.1" 404 38895 "https://sunra.be/shop/cloakroom/docetae052725173189.shtm" "Mozilla/5.0 AppleWebKit/537.36 (KHTML, like Gecko; compatible; ClaudeBot/1.0; +claudebot@anthropic.com)"
47.82.11.185 - - [29/Mar/2026:14:30:34 +0000] "GET /?u=22867115532205&channel=626ddc&from=shared.php?id%3D1155322-756%26name%3DG199%E3%80%80295/80R22.5%E3%80%80%E3%83%96%E3%83%AA%E3%83%82%E3%82%B9%E3%83%88%E3%83%B3%E3%80%80R225%E3%80%80%EF%BC%91%E6%9C%AC%E3%80%80%E3%82%A4%E3%83%9C%E6%AE%8B%E3%82%8A HTTP/1.1" 301 - "https://sunra.be/" "Mozilla/5.0 (Windows NT 10.0; Win64; x64) AppleWebKit/537.36 (KHTML, like Gecko) Chrome/135.0.0.0 Safari/537.36 Edg/135.0.0.0"
47.82.11.185 - - [29/Mar/2026:14:30:36 +0000] "GET /?u=22867115532205&channel=626ddc&from=shared.php?id%3D1155322-756%26name%3DG199%E3%80%80295/80R22.5%E3%80%80%E3%83%96%E3%83%AA%E3%83%82%E3%82%B9%E3%83%88%E3%83%B3%E3%80%80R225%E3%80%80%EF%BC%91%E6%9C%AC%E3%80%80%E3%82%A4%E3%83%9C%E6%AE%8B%E3%82%8A HTTP/1.1" 301 - "https://sunra.be/" "Mozilla/5.0 (Windows NT 10.0; Win64; x64) AppleWebKit/537.36 (KHTML, like Gecko) Chrome/135.0.0.0 Safari/537.36 Edg/135.0.0.0"
216.73.216.217 - - [29/Mar/2026:14:30:40 +0000] "GET /shop/committer/cutwal053750929389.shtm HTTP/1.1" 301 - "-" "Mozilla/5.0 AppleWebKit/537.36 (KHTML, like Gecko; compatible; ClaudeBot/1.0; +claudebot@anthropic.com)"
216.73.216.217 - - [29/Mar/2026:14:30:42 +0000] "GET /shop/committer/cutwal053750929389.shtm HTTP/1.1" 404 38893 "https://sunra.be/shop/committer/cutwal053750929389.shtm" "Mozilla/5.0 AppleWebKit/537.36 (KHTML, like Gecko; compatible; ClaudeBot/1.0; +claudebot@anthropic.com)"
27.125.241.15 - - [29/Mar/2026:14:30:54 +0000] "GET /shopdetail/development/224023191 HTTP/1.1" 404 38883 "-" "Mozilla/5.0 (Macintosh; Intel Mac OS X 14_4_0) AppleWebKit/537.36 (KHTML, like Gecko) Chrome/134.0.6998.45"
217.182.68.102 - - [29/Mar/2026:14:30:56 +0000] "POST /wp-cron.php?doing_wp_cron=1774794656.5617370605468750000000 HTTP/1.1" 200 - "-" "WordPress/6.9.4; https://www.sunra.be"
216.73.216.217 - - [29/Mar/2026:14:31:00 +0000] "GET /shop/unboundedness/muhammadan06547209295.shtm HTTP/1.1" 301 - "-" "Mozilla/5.0 AppleWebKit/537.36 (KHTML, like Gecko; compatible; ClaudeBot/1.0; +claudebot@anthropic.com)"
216.73.216.217 - - [29/Mar/2026:14:31:02 +0000] "GET /shop/unboundedness/muhammadan06547209295.shtm HTTP/1.1" 404 38907 "https://sunra.be/shop/unboundedness/muhammadan06547209295.shtm" "Mozilla/5.0 AppleWebKit/537.36 (KHTML, like Gecko; compatible; ClaudeBot/1.0; +claudebot@anthropic.com)"
70.234.202.63 - - [29/Mar/2026:14:31:04 +0000] "GET /shopdetail/high-tech/175007528 HTTP/1.1" 301 - "-" "Mozilla/5.0 (Macintosh; Intel Mac OS X 15.0; rv:128.0) Gecko/20100101 Firefox/128.0"
99.165.109.92 - - [29/Mar/2026:14:31:09 +0000] "GET /shopdetail/high-tech/175007528 HTTP/1.1" 404 38879 "-" "Mozilla/5.0 (Macintosh; Intel Mac OS X 15.0; rv:128.0) Gecko/20100101 Firefox/128.0"
47.82.10.31 - - [29/Mar/2026:14:31:16 +0000] "GET /?u=92039192407406&channel=73668c&from=pin.php?id%3D1924074-23484%26name%3DNP-TZ100-S+%E3%83%91%E3%83%8A%E3%82%BD%E3%83%8B%E3%83%83%E3%82%AFPanasonic+%E9%A3%9F%E5%99%A8%E6%B4%97%E3%81%84%E4%B9%BE%E7%87%A5%E6%A9%9F+%E9%A3%9F%E6%B4%97%E6%A9%9F HTTP/1.1" 301 - "https://www.sunra.be/" "Mozilla/5.0 (X11; Linux x86_64; rv:125.0) Gecko/20100101 Firefox/125.0"
216.73.216.217 - - [29/Mar/2026:14:31:17 +0000] "GET /shop/egyptized/altiscope051170621547.shtm HTTP/1.1" 301 - "-" "Mozilla/5.0 AppleWebKit/537.36 (KHTML, like Gecko; compatible; ClaudeBot/1.0; +claudebot@anthropic.com)"
47.82.10.31 - - [29/Mar/2026:14:31:18 +0000] "GET /?u=92039192407406&channel=73668c&from=pin.php?id%3D1924074-23484%26name%3DNP-TZ100-S%20%E3%83%91%E3%83%8A%E3%82%BD%E3%83%8B%E3%83%83%E3%82%AFPanasonic%20%E9%A3%9F%E5%99%A8%E6%B4%97%E3%81%84%E4%B9%BE%E7%87%A5%E6%A9%9F%20%E9%A3%9F%E6%B4%97%E6%A9%9F HTTP/1.1" 301 - "https://www.sunra.be/" "Mozilla/5.0 (X11; Linux x86_64; rv:125.0) Gecko/20100101 Firefox/125.0"
216.73.216.217 - - [29/Mar/2026:14:31:19 +0000] "GET /shop/egyptized/altiscope051170621547.shtm HTTP/1.1" 404 38899 "https://sunra.be/shop/egyptized/altiscope051170621547.shtm" "Mozilla/5.0 AppleWebKit/537.36 (KHTML, like Gecko; compatible; ClaudeBot/1.0; +claudebot@anthropic.com)"
216.73.216.217 - - [29/Mar/2026:14:31:24 +0000] "GET /shop/elaidate/inveigler052382475162.shtm HTTP/1.1" 301 - "-" "Mozilla/5.0 AppleWebKit/537.36 (KHTML, like Gecko; compatible; ClaudeBot/1.0; +claudebot@anthropic.com)"
216.73.216.217 - - [29/Mar/2026:14:31:26 +0000] "GET /shop/elaidate/inveigler052382475162.shtm HTTP/1.1" 404 38897 "https://sunra.be/shop/elaidate/inveigler052382475162.shtm" "Mozilla/5.0 AppleWebKit/537.36 (KHTML, like Gecko; compatible; ClaudeBot/1.0; +claudebot@anthropic.com)"
216.73.216.217 - - [29/Mar/2026:14:31:29 +0000] "GET /shop/lancers/aramaism052755320735.shtm HTTP/1.1" 301 - "-" "Mozilla/5.0 AppleWebKit/537.36 (KHTML, like Gecko; compatible; ClaudeBot/1.0; +claudebot@anthropic.com)"
216.73.216.217 - - [29/Mar/2026:14:31:31 +0000] "GET /shop/lancers/aramaism052755320735.shtm HTTP/1.1" 404 38893 "https://sunra.be/shop/lancers/aramaism052755320735.shtm" "Mozilla/5.0 AppleWebKit/537.36 (KHTML, like Gecko; compatible; ClaudeBot/1.0; +claudebot@anthropic.com)"
216.73.216.217 - - [29/Mar/2026:14:31:35 +0000] "GET /shop/moonstruck/cartmen051797911168.shtm HTTP/1.1" 301 - "-" "Mozilla/5.0 AppleWebKit/537.36 (KHTML, like Gecko; compatible; ClaudeBot/1.0; +claudebot@anthropic.com)"
216.73.216.217 - - [29/Mar/2026:14:31:37 +0000] "GET /shop/moonstruck/cartmen051797911168.shtm HTTP/1.1" 404 38897 "https://sunra.be/shop/moonstruck/cartmen051797911168.shtm" "Mozilla/5.0 AppleWebKit/537.36 (KHTML, like Gecko; compatible; ClaudeBot/1.0; +claudebot@anthropic.com)"
216.73.216.217 - - [29/Mar/2026:14:31:41 +0000] "GET /shop/crudely/macellaria051664398503.shtm HTTP/1.1" 301 - "-" "Mozilla/5.0 AppleWebKit/537.36 (KHTML, like Gecko; compatible; ClaudeBot/1.0; +claudebot@anthropic.com)"
216.73.216.217 - - [29/Mar/2026:14:31:43 +0000] "GET /shop/crudely/macellaria051664398503.shtm HTTP/1.1" 404 38897 "https://sunra.be/shop/crudely/macellaria051664398503.shtm" "Mozilla/5.0 AppleWebKit/537.36 (KHTML, like Gecko; compatible; ClaudeBot/1.0; +claudebot@anthropic.com)"
73.21.197.84 - - [29/Mar/2026:14:31:46 +0000] "GET /shopdetail/high-tech/273012322 HTTP/1.1" 301 - "-" "Mozilla/5.0 (Windows NT 10.0; Win64; x64; rv:128.0) Gecko/20100101 Firefox/128.0"
216.73.216.217 - - [29/Mar/2026:14:31:47 +0000] "GET /shop/ingrained/rhizoma053116681424.shtm HTTP/1.1" 301 - "-" "Mozilla/5.0 AppleWebKit/537.36 (KHTML, like Gecko; compatible; ClaudeBot/1.0; +claudebot@anthropic.com)"
216.73.216.217 - - [29/Mar/2026:14:31:49 +0000] "GET /shop/ingrained/rhizoma053116681424.shtm HTTP/1.1" 404 38895 "https://sunra.be/shop/ingrained/rhizoma053116681424.shtm" "Mozilla/5.0 AppleWebKit/537.36 (KHTML, like Gecko; compatible; ClaudeBot/1.0; +claudebot@anthropic.com)"
73.179.26.31 - - [29/Mar/2026:14:31:50 +0000] "GET /shopdetail/high-tech/273012322 HTTP/1.1" 404 38879 "-" "Mozilla/5.0 (Windows NT 10.0; Win64; x64; rv:128.0) Gecko/20100101 Firefox/128.0"
216.73.216.217 - - [29/Mar/2026:14:31:53 +0000] "GET /shop/altruist/growth054009900259.shtm HTTP/1.1" 301 - "-" "Mozilla/5.0 AppleWebKit/537.36 (KHTML, like Gecko; compatible; ClaudeBot/1.0; +claudebot@anthropic.com)"
217.182.68.102 - - [29/Mar/2026:14:31:54 +0000] "POST /wp-cron.php?doing_wp_cron=1774794714.8649299144744873046875 HTTP/1.1" 200 - "-" "WordPress/6.9.4; https://www.sunra.be"
216.73.216.217 - - [29/Mar/2026:14:31:56 +0000] "GET /shop/altruist/growth054009900259.shtm HTTP/1.1" 404 38891 "https://sunra.be/shop/altruist/growth054009900259.shtm" "Mozilla/5.0 AppleWebKit/537.36 (KHTML, like Gecko; compatible; ClaudeBot/1.0; +claudebot@anthropic.com)"
14.243.254.48 - - [29/Mar/2026:14:31:56 +0000] "GET /shopdetail/dining/127033276/ HTTP/1.1" 404 38873 "-" "Mozilla/5.0 (Macintosh; Intel Mac OS X 15_4_1) AppleWebKit/537.36 (KHTML, like Gecko) Chrome/127.0.6533.17 Safari/537.36"
216.73.216.217 - - [29/Mar/2026:14:32:01 +0000] "GET /shop/empoisoner/elliott053332819818.shtm HTTP/1.1" 301 - "-" "Mozilla/5.0 AppleWebKit/537.36 (KHTML, like Gecko; compatible; ClaudeBot/1.0; +claudebot@anthropic.com)"
216.73.216.217 - - [29/Mar/2026:14:32:03 +0000] "GET /shop/empoisoner/elliott053332819818.shtm HTTP/1.1" 404 38897 "https://sunra.be/shop/empoisoner/elliott053332819818.shtm" "Mozilla/5.0 AppleWebKit/537.36 (KHTML, like Gecko; compatible; ClaudeBot/1.0; +claudebot@anthropic.com)"
216.73.216.217 - - [29/Mar/2026:14:32:06 +0000] "GET /shop/assignable/clannish00350144541.shtm HTTP/1.1" 301 - "-" "Mozilla/5.0 AppleWebKit/537.36 (KHTML, like Gecko; compatible; ClaudeBot/1.0; +claudebot@anthropic.com)"
216.73.216.217 - - [29/Mar/2026:14:32:08 +0000] "GET /shop/assignable/clannish00350144541.shtm HTTP/1.1" 404 38897 "https://sunra.be/shop/assignable/clannish00350144541.shtm" "Mozilla/5.0 AppleWebKit/537.36 (KHTML, like Gecko; compatible; ClaudeBot/1.0; +claudebot@anthropic.com)"
216.73.216.217 - - [29/Mar/2026:14:32:12 +0000] "GET /shop/subovate/cotyledonal003486973801.shtm HTTP/1.1" 301 - "-" "Mozilla/5.0 AppleWebKit/537.36 (KHTML, like Gecko; compatible; ClaudeBot/1.0; +claudebot@anthropic.com)"
216.73.216.217 - - [29/Mar/2026:14:32:14 +0000] "GET /shop/subovate/cotyledonal003486973801.shtm HTTP/1.1" 404 38901 "https://sunra.be/shop/subovate/cotyledonal003486973801.shtm" "Mozilla/5.0 AppleWebKit/537.36 (KHTML, like Gecko; compatible; ClaudeBot/1.0; +claudebot@anthropic.com)"
216.73.216.217 - - [29/Mar/2026:14:32:14 +0000] "GET /shop/photomechanical/chromosphere0516078156.shtm HTTP/1.1" 301 - "-" "Mozilla/5.0 AppleWebKit/537.36 (KHTML, like Gecko; compatible; ClaudeBot/1.0; +claudebot@anthropic.com)"
205.188.179.4 - - [29/Mar/2026:14:32:17 +0000] "GET /wp-content/uploads/2023/06/Hawk11-1.png HTTP/1.1" 200 72970 "-" "Mozilla/5.0 (compatible; crawler)"
216.73.216.217 - - [29/Mar/2026:14:32:16 +0000] "GET /shop/photomechanical/chromosphere0516078156.shtm HTTP/1.1" 404 38913 "https://sunra.be/shop/photomechanical/chromosphere0516078156.shtm" "Mozilla/5.0 AppleWebKit/537.36 (KHTML, like Gecko; compatible; ClaudeBot/1.0; +claudebot@anthropic.com)"
216.73.216.217 - - [29/Mar/2026:14:32:17 +0000] "GET /shop/osprey/straddling042203384051.shtm HTTP/1.1" 301 - "-" "Mozilla/5.0 AppleWebKit/537.36 (KHTML, like Gecko; compatible; ClaudeBot/1.0; +claudebot@anthropic.com)"
216.73.216.217 - - [29/Mar/2026:14:32:19 +0000] "GET /shop/osprey/straddling042203384051.shtm HTTP/1.1" 404 38895 "https://sunra.be/shop/osprey/straddling042203384051.shtm" "Mozilla/5.0 AppleWebKit/537.36 (KHTML, like Gecko; compatible; ClaudeBot/1.0; +claudebot@anthropic.com)"
216.73.216.217 - - [29/Mar/2026:14:32:22 +0000] "GET /shop/temperature/disabusing0377439809.shtm HTTP/1.1" 301 - "-" "Mozilla/5.0 AppleWebKit/537.36 (KHTML, like Gecko; compatible; ClaudeBot/1.0; +claudebot@anthropic.com)"
216.73.216.217 - - [29/Mar/2026:14:32:24 +0000] "GET /shop/temperature/disabusing0377439809.shtm HTTP/1.1" 404 38901 "https://sunra.be/shop/temperature/disabusing0377439809.shtm" "Mozilla/5.0 AppleWebKit/537.36 (KHTML, like Gecko; compatible; ClaudeBot/1.0; +claudebot@anthropic.com)"
216.73.216.217 - - [29/Mar/2026:14:32:25 +0000] "GET /shop/inspirator/roota051311536795.shtm HTTP/1.1" 301 - "-" "Mozilla/5.0 AppleWebKit/537.36 (KHTML, like Gecko; compatible; ClaudeBot/1.0; +claudebot@anthropic.com)"
146.174.162.142 - - [29/Mar/2026:14:32:27 +0000] "GET /shopdetail/illegal/223027360 HTTP/1.1" 301 - "-" "Mozilla/5.0 (Macintosh; Intel Mac OS X 10_15_7) AppleWebKit/537.36 (KHTML, like Gecko) Chrome/125.0.6422.141 Safari/537.36"
216.73.216.217 - - [29/Mar/2026:14:32:26 +0000] "GET /shop/inspirator/roota051311536795.shtm HTTP/1.1" 404 38893 "https://sunra.be/shop/inspirator/roota051311536795.shtm" "Mozilla/5.0 AppleWebKit/537.36 (KHTML, like Gecko; compatible; ClaudeBot/1.0; +claudebot@anthropic.com)"
216.73.216.217 - - [29/Mar/2026:14:32:27 +0000] "GET /shop/improbableness/pincher0317296308.shtm HTTP/1.1" 301 - "-" "Mozilla/5.0 AppleWebKit/537.36 (KHTML, like Gecko; compatible; ClaudeBot/1.0; +claudebot@anthropic.com)"
216.73.216.217 - - [29/Mar/2026:14:32:29 +0000] "GET /shop/improbableness/pincher0317296308.shtm HTTP/1.1" 404 38901 "https://sunra.be/shop/improbableness/pincher0317296308.shtm" "Mozilla/5.0 AppleWebKit/537.36 (KHTML, like Gecko; compatible; ClaudeBot/1.0; +claudebot@anthropic.com)"
146.174.167.32 - - [29/Mar/2026:14:32:29 +0000] "GET /shopdetail/illegal/223027360 HTTP/1.1" 404 38875 "-" "Mozilla/5.0 (Macintosh; Intel Mac OS X 10_15_7) AppleWebKit/537.36 (KHTML, like Gecko) Chrome/125.0.6422.141 Safari/537.36"
66.249.74.100 - - [29/Mar/2026:14:32:30 +0000] "GET /?u=27104141934901&channel=ed6a89&from=article.php%3Fid%3D1419349-363%26name%3D%282%E5%80%8B%E3%83%9A%E3%82%A2%29+K18+18%E9%87%91+k18%E3%83%94%E3%82%A2%E3%82%B9+%E3%82%A4%E3%82%A8%E3%83%AD%E3%83%BC%E3%82%B4%E3%83%BC%E3%83%AB%E3%83%89%E3%83%94%E3%82%A2%E3%82%B9++%E3%83%AC%E3%83%87%E3%82%A3%E3%83%BC%E3%82%B9+%E5%AE%9A%E7%95%AA+%E3%83%95%E3%83%BC%E3%83%97%E3%83%94%E3%82%A2%E3%82%B9+2mm%C3%9715mm%E3%80%80%E3%83%95%E3%83%BC%E3%83%97%E3%83%94%E3%82%A2%E3%82%B9+18k%EF%BC%882%E5%80%8B%E3%83%9A%E3%82%A2%29+K18+18%E9%87%91+k18%E3%83%94%E3%82%A2%E3%82%B9+%E3%82%A4%E3%82%A8%E3%83%AD%E3%83%BC%E3%82%B4%E3%83%BC%E3%83%AB%E3%83%89%E3%83%94%E3%82%A2%E3%82%B9+%E3%83%AC%E3%83%87%E3%82%A3%E3%83%BC%E3%82%B9+%E5%AE%9A%E7%95%AA+%E3%83%95%E3%83%BC%E3%83%97%E3%83%94%E3%82%A2%E3%82%B9+1mm%C3%9710mm+%E3%83%95%E3%83%BC%E3%83%97%E3%83%94%E3%82%A2%E3%82%B9+18k+-+%E3%83%A1%E3%83%AB%E3%82%AB%E3%83%AA%EF%BC%89 HTTP/1.1" 200 213019 "-" "Mozilla/5.0 (Linux; Android 6.0.1; Nexus 5X Build/MMB29P) AppleWebKit/537.36 (KHTML, like Gecko) Chrome/146.0.7680.153 Mobile Safari/537.36 (compatible; Googlebot/2.1; +http://www.google.com/bot.html)"
216.73.216.217 - - [29/Mar/2026:14:32:31 +0000] "GET /shop/lineament/titterel053575457373.shtm HTTP/1.1" 301 - "-" "Mozilla/5.0 AppleWebKit/537.36 (KHTML, like Gecko; compatible; ClaudeBot/1.0; +claudebot@anthropic.com)"
66.249.73.13 - - [29/Mar/2026:14:32:32 +0000] "GET /shop/soldered/vacillancy302907759004.shtm HTTP/1.1" 200 199264 "-" "Mozilla/5.0 (Linux; Android 6.0.1; Nexus 5X Build/MMB29P) AppleWebKit/537.36 (KHTML, like Gecko) Chrome/146.0.7680.153 Mobile Safari/537.36 (compatible; Googlebot/2.1; +http://www.google.com/bot.html)"
216.73.216.217 - - [29/Mar/2026:14:32:32 +0000] "GET /shop/accuse/construe063770049129.shtm HTTP/1.1" 301 - "-" "Mozilla/5.0 AppleWebKit/537.36 (KHTML, like Gecko; compatible; ClaudeBot/1.0; +claudebot@anthropic.com)"
216.73.216.217 - - [29/Mar/2026:14:32:32 +0000] "GET /shop/lineament/titterel053575457373.shtm HTTP/1.1" 404 38897 "https://sunra.be/shop/lineament/titterel053575457373.shtm" "Mozilla/5.0 AppleWebKit/537.36 (KHTML, like Gecko; compatible; ClaudeBot/1.0; +claudebot@anthropic.com)"
66.249.73.11 - - [29/Mar/2026:14:32:34 +0000] "GET /?u=9493916709800 HTTP/1.1" 200 219653 "-" "Mozilla/5.0 (Linux; Android 6.0.1; Nexus 5X Build/MMB29P) AppleWebKit/537.36 (KHTML, like Gecko) Chrome/146.0.7680.153 Mobile Safari/537.36 (compatible; Googlebot/2.1; +http://www.google.com/bot.html)"
216.73.216.217 - - [29/Mar/2026:14:32:34 +0000] "GET /shop/accuse/construe063770049129.shtm HTTP/1.1" 404 38891 "https://sunra.be/shop/accuse/construe063770049129.shtm" "Mozilla/5.0 AppleWebKit/537.36 (KHTML, like Gecko; compatible; ClaudeBot/1.0; +claudebot@anthropic.com)"
216.73.216.217 - - [29/Mar/2026:14:32:36 +0000] "GET /shop/presbytery/hypnotist052072502456.shtm HTTP/1.1" 301 - "-" "Mozilla/5.0 AppleWebKit/537.36 (KHTML, like Gecko; compatible; ClaudeBot/1.0; +claudebot@anthropic.com)"
216.73.216.217 - - [29/Mar/2026:14:32:38 +0000] "GET /shop/presbytery/hypnotist052072502456.shtm HTTP/1.1" 404 38901 "https://sunra.be/shop/presbytery/hypnotist052072502456.shtm" "Mozilla/5.0 AppleWebKit/537.36 (KHTML, like Gecko; compatible; ClaudeBot/1.0; +claudebot@anthropic.com)"
216.73.216.217 - - [29/Mar/2026:14:32:44 +0000] "GET /shop/lernean/ornate051637538843.shtm HTTP/1.1" 301 - "-" "Mozilla/5.0 AppleWebKit/537.36 (KHTML, like Gecko; compatible; ClaudeBot/1.0; +claudebot@anthropic.com)"
216.73.216.217 - - [29/Mar/2026:14:32:45 +0000] "GET /shop/perfusing/neosorex00124331794.shtm HTTP/1.1" 301 - "-" "Mozilla/5.0 AppleWebKit/537.36 (KHTML, like Gecko; compatible; ClaudeBot/1.0; +claudebot@anthropic.com)"
216.73.216.217 - - [29/Mar/2026:14:32:46 +0000] "GET /shop/lernean/ornate051637538843.shtm HTTP/1.1" 404 38889 "https://sunra.be/shop/lernean/ornate051637538843.shtm" "Mozilla/5.0 AppleWebKit/537.36 (KHTML, like Gecko; compatible; ClaudeBot/1.0; +claudebot@anthropic.com)"
216.73.216.217 - - [29/Mar/2026:14:32:47 +0000] "GET /shop/perfusing/neosorex00124331794.shtm HTTP/1.1" 404 38895 "https://sunra.be/shop/perfusing/neosorex00124331794.shtm" "Mozilla/5.0 AppleWebKit/537.36 (KHTML, like Gecko; compatible; ClaudeBot/1.0; +claudebot@anthropic.com)"
114.119.129.167 - - [29/Mar/2026:14:32:52 +0000] "GET /shop/knocking/revokement063327235882.shtm HTTP/1.1" 301 - "https://sunra.be/?sitemap484.xml" "Mozilla/5.0 (Linux; Android 7.0;) AppleWebKit/537.36 (KHTML, like Gecko) Mobile Safari/537.36 (compatible; PetalBot;+https://webmaster.petalsearch.com/site/petalbot)"
216.73.216.217 - - [29/Mar/2026:14:32:52 +0000] "GET /shop/dangerless/thumbbird061237714778.shtm HTTP/1.1" 301 - "-" "Mozilla/5.0 AppleWebKit/537.36 (KHTML, like Gecko; compatible; ClaudeBot/1.0; +claudebot@anthropic.com)"
217.182.68.102 - - [29/Mar/2026:14:32:53 +0000] "POST /wp-cron.php?doing_wp_cron=1774794773.4319429397583007812500 HTTP/1.1" 200 - "-" "WordPress/6.9.4; https://www.sunra.be"
216.73.216.217 - - [29/Mar/2026:14:32:54 +0000] "GET /shop/dangerless/thumbbird061237714778.shtm HTTP/1.1" 404 38901 "https://sunra.be/shop/dangerless/thumbbird061237714778.shtm" "Mozilla/5.0 AppleWebKit/537.36 (KHTML, like Gecko; compatible; ClaudeBot/1.0; +claudebot@anthropic.com)"
94.23.188.195 - - [29/Mar/2026:14:32:55 +0000] "GET /?z=29249194786 HTTP/1.1" 301 - "-" "Mozilla/5.0 (compatible; AhrefsBot/7.0; +http://ahrefs.com/robot/)"
114.119.129.167 - - [29/Mar/2026:14:32:56 +0000] "GET /shop/knocking/revokement063327235882.shtm HTTP/1.1" 404 37558 "https://sunra.be/?sitemap484.xml" "Mozilla/5.0 (Linux; Android 7.0;) AppleWebKit/537.36 (KHTML, like Gecko) Mobile Safari/537.36 (compatible; PetalBot;+https://webmaster.petalsearch.com/site/petalbot)"
197.49.240.206 - - [29/Mar/2026:14:32:56 +0000] "GET /shopdetail/dining/187039332/ HTTP/1.1" 404 38873 "-" "Mozilla/5.0 (Windows NT 10.0; Win64; x64) AppleWebKit/537.36 (KHTML, like Gecko) Chrome/125.0.6422.141 Safari/537.36"
216.73.216.217 - - [29/Mar/2026:14:33:00 +0000] "GET /shop/tonsilotome/calcutta00186668510.shtm HTTP/1.1" 301 - "-" "Mozilla/5.0 AppleWebKit/537.36 (KHTML, like Gecko; compatible; ClaudeBot/1.0; +claudebot@anthropic.com)"
216.73.216.217 - - [29/Mar/2026:14:33:02 +0000] "GET /shop/tonsilotome/calcutta00186668510.shtm HTTP/1.1" 404 38899 "https://sunra.be/shop/tonsilotome/calcutta00186668510.shtm" "Mozilla/5.0 AppleWebKit/537.36 (KHTML, like Gecko; compatible; ClaudeBot/1.0; +claudebot@anthropic.com)"
216.73.216.217 - - [29/Mar/2026:14:33:09 +0000] "GET /shop/steeled/parumbilical052016222276.shtm HTTP/1.1" 301 - "-" "Mozilla/5.0 AppleWebKit/537.36 (KHTML, like Gecko; compatible; ClaudeBot/1.0; +claudebot@anthropic.com)"
216.73.216.217 - - [29/Mar/2026:14:33:11 +0000] "GET /shop/steeled/parumbilical052016222276.shtm HTTP/1.1" 404 38901 "https://sunra.be/shop/steeled/parumbilical052016222276.shtm" "Mozilla/5.0 AppleWebKit/537.36 (KHTML, like Gecko; compatible; ClaudeBot/1.0; +claudebot@anthropic.com)"
76.39.95.2 - - [29/Mar/2026:14:33:12 +0000] "GET /shopdetail/inflation/023021726 HTTP/1.1" 301 - "-" "Mozilla/5.0 (Macintosh; U; PPC Mac OS X; it-it) AppleWebKit/417.9 (KHTML, like Gecko) Safari/417.9.2"
35.144.149.128 - - [29/Mar/2026:14:33:16 +0000] "GET /shopdetail/inflation/023021726 HTTP/1.1" 404 38879 "-" "Mozilla/5.0 (Macintosh; U; PPC Mac OS X; it-it) AppleWebKit/417.9 (KHTML, like Gecko) Safari/417.9.2"
216.73.216.217 - - [29/Mar/2026:14:33:18 +0000] "GET /shop/irksomely/equitancy001668502131.shtm HTTP/1.1" 301 - "-" "Mozilla/5.0 AppleWebKit/537.36 (KHTML, like Gecko; compatible; ClaudeBot/1.0; +claudebot@anthropic.com)"
216.73.216.217 - - [29/Mar/2026:14:33:20 +0000] "GET /shop/irksomely/equitancy001668502131.shtm HTTP/1.1" 404 38899 "https://sunra.be/shop/irksomely/equitancy001668502131.shtm" "Mozilla/5.0 AppleWebKit/537.36 (KHTML, like Gecko; compatible; ClaudeBot/1.0; +claudebot@anthropic.com)"
216.73.216.217 - - [29/Mar/2026:14:33:27 +0000] "GET /shop/floorless/pachyderm033842767864.shtm HTTP/1.1" 301 - "-" "Mozilla/5.0 AppleWebKit/537.36 (KHTML, like Gecko; compatible; ClaudeBot/1.0; +claudebot@anthropic.com)"
216.73.216.217 - - [29/Mar/2026:14:33:30 +0000] "GET /shop/floorless/pachyderm033842767864.shtm HTTP/1.1" 404 38899 "https://sunra.be/shop/floorless/pachyderm033842767864.shtm" "Mozilla/5.0 AppleWebKit/537.36 (KHTML, like Gecko; compatible; ClaudeBot/1.0; +claudebot@anthropic.com)"
216.73.216.217 - - [29/Mar/2026:14:33:37 +0000] "GET /shop/physiogeny/calyculata02569696522.shtm HTTP/1.1" 301 - "-" "Mozilla/5.0 AppleWebKit/537.36 (KHTML, like Gecko; compatible; ClaudeBot/1.0; +claudebot@anthropic.com)"
216.73.216.217 - - [29/Mar/2026:14:33:38 +0000] "GET /shop/physiogeny/calyculata02569696522.shtm HTTP/1.1" 404 38901 "https://sunra.be/shop/physiogeny/calyculata02569696522.shtm" "Mozilla/5.0 AppleWebKit/537.36 (KHTML, like Gecko; compatible; ClaudeBot/1.0; +claudebot@anthropic.com)"
47.82.11.215 - - [29/Mar/2026:14:33:42 +0000] "GET /?u=13740127874103&channel=f11124&from=goods.php?id%3D1278741-27%26name%3D%E3%82%A2%E3%83%B3%E3%83%AA%E3%83%BC%E3%82%AF%E3%82%A4%E3%83%BC%E3%83%AB%E3%80%80HENRY+CUIR+%E6%9C%AA%E4%BD%BF%E7%94%A8%E3%80%80%E3%83%91%E3%83%B3%E3%83%97%E3%82%B9 HTTP/1.1" 301 - "https://sunra.be/" "Mozilla/5.0 (Windows NT 10.0; Win64; x64; rv:137.0) Gecko/20100101 Firefox/137.0"
47.82.11.215 - - [29/Mar/2026:14:33:44 +0000] "GET /?u=13740127874103&channel=f11124&from=goods.php?id%3D1278741-27%26name%3D%E3%82%A2%E3%83%B3%E3%83%AA%E3%83%BC%E3%82%AF%E3%82%A4%E3%83%BC%E3%83%AB%E3%80%80HENRY%20CUIR%20%E6%9C%AA%E4%BD%BF%E7%94%A8%E3%80%80%E3%83%91%E3%83%B3%E3%83%97%E3%82%B9 HTTP/1.1" 301 - "https://sunra.be/" "Mozilla/5.0 (Windows NT 10.0; Win64; x64; rv:137.0) Gecko/20100101 Firefox/137.0"
216.73.216.217 - - [29/Mar/2026:14:33:46 +0000] "GET /shop/nitromethane/impardonable032752138467.shtm HTTP/1.1" 301 - "-" "Mozilla/5.0 AppleWebKit/537.36 (KHTML, like Gecko; compatible; ClaudeBot/1.0; +claudebot@anthropic.com)"
216.73.216.217 - - [29/Mar/2026:14:33:48 +0000] "GET /shop/nitromethane/impardonable032752138467.shtm HTTP/1.1" 404 38911 "https://sunra.be/shop/nitromethane/impardonable032752138467.shtm" "Mozilla/5.0 AppleWebKit/537.36 (KHTML, like Gecko; compatible; ClaudeBot/1.0; +claudebot@anthropic.com)"
190.124.155.195 - - [29/Mar/2026:14:33:53 +0000] "GET /shopdetail/interview/177009740 HTTP/1.1" 301 - "-" "Mozilla/5.0 (Macintosh; Intel Mac OS X 15_3_1) AppleWebKit/537.36 (KHTML, like Gecko) Chrome/129.0.6668.29 Safari/537.36"
217.182.68.102 - - [29/Mar/2026:14:33:54 +0000] "POST /wp-cron.php?doing_wp_cron=1774794834.6619029045104980468750 HTTP/1.1" 200 - "-" "WordPress/6.9.4; https://www.sunra.be"
216.73.216.217 - - [29/Mar/2026:14:33:55 +0000] "GET /shop/evomition/tenderheartedly052902011893.shtm HTTP/1.1" 301 - "-" "Mozilla/5.0 AppleWebKit/537.36 (KHTML, like Gecko; compatible; ClaudeBot/1.0; +claudebot@anthropic.com)"
103.229.120.16 - - [29/Mar/2026:14:33:56 +0000] "GET /shopdetail/drawer/122042011 HTTP/1.1" 404 38873 "-" "Mozilla/5.0 (Macintosh; Intel Mac OS X 12.3; rv:136.0) Gecko/20100101 Firefox/136.0"
78.95.20.48 - - [29/Mar/2026:14:33:58 +0000] "GET /shopdetail/interview/177009740 HTTP/1.1" 404 38879 "-" "Mozilla/5.0 (Macintosh; Intel Mac OS X 15_3_1) AppleWebKit/537.36 (KHTML, like Gecko) Chrome/129.0.6668.29 Safari/537.36"
216.73.216.217 - - [29/Mar/2026:14:33:57 +0000] "GET /shop/evomition/tenderheartedly052902011893.shtm HTTP/1.1" 404 38911 "https://sunra.be/shop/evomition/tenderheartedly052902011893.shtm" "Mozilla/5.0 AppleWebKit/537.36 (KHTML, like Gecko; compatible; ClaudeBot/1.0; +claudebot@anthropic.com)"
114.119.129.167 - - [29/Mar/2026:14:34:05 +0000] "GET /shop/knittle/vitalized06917484576.shtm HTTP/1.1" 301 - "https://sunra.be/?sitemap550.xml" "Mozilla/5.0 (Linux; Android 7.0;) AppleWebKit/537.36 (KHTML, like Gecko) Mobile Safari/537.36 (compatible; PetalBot;+https://webmaster.petalsearch.com/site/petalbot)"
185.191.171.9 - - [29/Mar/2026:14:34:08 +0000] "GET /unlocking-the-thrills-of-spinbet-a-comprehensive-overview/ HTTP/1.1" 200 42458 "-" "Mozilla/5.0 (compatible; SemrushBot/7~bl; +http://www.semrush.com/bot.html)"
114.119.129.167 - - [29/Mar/2026:14:34:09 +0000] "GET /shop/knittle/vitalized06917484576.shtm HTTP/1.1" 404 37552 "https://sunra.be/?sitemap550.xml" "Mozilla/5.0 (Linux; Android 7.0;) AppleWebKit/537.36 (KHTML, like Gecko) Mobile Safari/537.36 (compatible; PetalBot;+https://webmaster.petalsearch.com/site/petalbot)"
216.73.216.217 - - [29/Mar/2026:14:34:10 +0000] "GET /shop/calmest/onedimensional051970564277.shtm HTTP/1.1" 301 - "-" "Mozilla/5.0 AppleWebKit/537.36 (KHTML, like Gecko; compatible; ClaudeBot/1.0; +claudebot@anthropic.com)"
216.73.216.217 - - [29/Mar/2026:14:34:11 +0000] "GET /shop/calmest/onedimensional051970564277.shtm HTTP/1.1" 404 38905 "https://sunra.be/shop/calmest/onedimensional051970564277.shtm" "Mozilla/5.0 AppleWebKit/537.36 (KHTML, like Gecko; compatible; ClaudeBot/1.0; +claudebot@anthropic.com)"
216.73.216.217 - - [29/Mar/2026:14:34:20 +0000] "GET /shop/cachinnans/connaturalize051778211759.shtm HTTP/1.1" 301 - "-" "Mozilla/5.0 AppleWebKit/537.36 (KHTML, like Gecko; compatible; ClaudeBot/1.0; +claudebot@anthropic.com)"
216.73.216.217 - - [29/Mar/2026:14:34:22 +0000] "GET /shop/cachinnans/connaturalize051778211759.shtm HTTP/1.1" 404 38909 "https://sunra.be/shop/cachinnans/connaturalize051778211759.shtm" "Mozilla/5.0 AppleWebKit/537.36 (KHTML, like Gecko; compatible; ClaudeBot/1.0; +claudebot@anthropic.com)"
207.46.13.125 - - [29/Mar/2026:14:34:25 +0000] "GET /shop/obeli/redouble011986820666.shtml HTTP/1.1" 200 208230 "-" "Mozilla/5.0 AppleWebKit/537.36 (KHTML, like Gecko; compatible; bingbot/2.0; +http://www.bing.com/bingbot.htm) Chrome/116.0.1938.76 Safari/537.36"
31.56.234.195 - - [29/Mar/2026:14:34:29 +0000] "GET /wp-content/uploads/2024/01/80-100-Dutch-02.png HTTP/1.1" 200 11618 "-" "Mozilla/5.0 (compatible; crawler)"
216.73.216.217 - - [29/Mar/2026:14:34:31 +0000] "GET /shop/hoult/community02983377746.shtm HTTP/1.1" 301 - "-" "Mozilla/5.0 AppleWebKit/537.36 (KHTML, like Gecko; compatible; ClaudeBot/1.0; +claudebot@anthropic.com)"
95.91.198.22 - - [29/Mar/2026:14:34:33 +0000] "GET /shopdetail/interview/220013297 HTTP/1.1" 301 - "-" "Mozilla/5.0 (Macintosh; Intel Mac OS X 14_1_0) AppleWebKit/537.36 (KHTML, like Gecko) Chrome/129.0.6668.58 Safari/537.36"
216.73.216.217 - - [29/Mar/2026:14:34:33 +0000] "GET /shop/hoult/community02983377746.shtm HTTP/1.1" 404 38889 "https://sunra.be/shop/hoult/community02983377746.shtm" "Mozilla/5.0 AppleWebKit/537.36 (KHTML, like Gecko; compatible; ClaudeBot/1.0; +claudebot@anthropic.com)"
222.252.93.75 - - [29/Mar/2026:14:34:36 +0000] "GET /shopdetail/interview/220013297 HTTP/1.1" 404 38879 "-" "Mozilla/5.0 (Macintosh; Intel Mac OS X 14_1_0) AppleWebKit/537.36 (KHTML, like Gecko) Chrome/129.0.6668.58 Safari/537.36"
216.73.216.217 - - [29/Mar/2026:14:34:40 +0000] "GET /shop/forbiddingly/productiveness031559318719.shtm HTTP/1.1" 301 - "-" "Mozilla/5.0 AppleWebKit/537.36 (KHTML, like Gecko; compatible; ClaudeBot/1.0; +claudebot@anthropic.com)"
216.73.216.217 - - [29/Mar/2026:14:34:41 +0000] "GET /shop/forbiddingly/productiveness031559318719.shtm HTTP/1.1" 404 38915 "https://sunra.be/shop/forbiddingly/productiveness031559318719.shtm" "Mozilla/5.0 AppleWebKit/537.36 (KHTML, like Gecko; compatible; ClaudeBot/1.0; +claudebot@anthropic.com)"
216.73.216.217 - - [29/Mar/2026:14:34:45 +0000] "GET /shop/hummer/pinhold053842236932.shtm HTTP/1.1" 301 - "-" "Mozilla/5.0 AppleWebKit/537.36 (KHTML, like Gecko; compatible; ClaudeBot/1.0; +claudebot@anthropic.com)"
216.73.216.217 - - [29/Mar/2026:14:34:47 +0000] "GET /shop/hummer/pinhold053842236932.shtm HTTP/1.1" 404 38889 "https://sunra.be/shop/hummer/pinhold053842236932.shtm" "Mozilla/5.0 AppleWebKit/537.36 (KHTML, like Gecko; compatible; ClaudeBot/1.0; +claudebot@anthropic.com)"
216.73.216.217 - - [29/Mar/2026:14:34:56 +0000] "GET /shop/hepatopancreas/uncleansable053631920039.shtm HTTP/1.1" 301 - "-" "Mozilla/5.0 AppleWebKit/537.36 (KHTML, like Gecko; compatible; ClaudeBot/1.0; +claudebot@anthropic.com)"
217.182.68.102 - - [29/Mar/2026:14:34:58 +0000] "POST /wp-cron.php?doing_wp_cron=1774794898.0715279579162597656250 HTTP/1.1" 200 - "-" "WordPress/6.9.4; https://www.sunra.be"
14.164.37.200 - - [29/Mar/2026:14:34:57 +0000] "GET /shopdetail/eyebrow/121000420/ HTTP/1.1" 404 38875 "-" "Mozilla/5.0 (Macintosh; Intel Mac OS X 12_7_3) AppleWebKit/537.36 (KHTML, like Gecko) Chrome/124.0.6367.82 Safari/537.36"
216.73.216.217 - - [29/Mar/2026:14:34:59 +0000] "GET /shop/hepatopancreas/uncleansable053631920039.shtm HTTP/1.1" 404 38915 "https://sunra.be/shop/hepatopancreas/uncleansable053631920039.shtm" "Mozilla/5.0 AppleWebKit/537.36 (KHTML, like Gecko; compatible; ClaudeBot/1.0; +claudebot@anthropic.com)"
216.73.216.217 - - [29/Mar/2026:14:35:08 +0000] "GET /shop/absurdum/pestiduct053255764905.shtm HTTP/1.1" 301 - "-" "Mozilla/5.0 AppleWebKit/537.36 (KHTML, like Gecko; compatible; ClaudeBot/1.0; +claudebot@anthropic.com)"
216.73.216.217 - - [29/Mar/2026:14:35:10 +0000] "GET /shop/absurdum/pestiduct053255764905.shtm HTTP/1.1" 404 38897 "https://sunra.be/shop/absurdum/pestiduct053255764905.shtm" "Mozilla/5.0 AppleWebKit/537.36 (KHTML, like Gecko; compatible; ClaudeBot/1.0; +claudebot@anthropic.com)"
216.73.216.217 - - [29/Mar/2026:14:35:15 +0000] "GET /shop/lechery/lancination051282347680.shtm HTTP/1.1" 301 - "-" "Mozilla/5.0 AppleWebKit/537.36 (KHTML, like Gecko; compatible; ClaudeBot/1.0; +claudebot@anthropic.com)"
168.92.244.35 - - [29/Mar/2026:14:35:17 +0000] "GET /shopdetail/introduction/210049883 HTTP/1.1" 301 - "-" "Mozilla/5.0 (Windows NT 10.0; Win64; x64) AppleWebKit/537.36 (KHTML, like Gecko) Chrome/133.0.6943.53 Safari/537.36"
216.73.216.217 - - [29/Mar/2026:14:35:18 +0000] "GET /shop/lechery/lancination051282347680.shtm HTTP/1.1" 404 38899 "https://sunra.be/shop/lechery/lancination051282347680.shtm" "Mozilla/5.0 AppleWebKit/537.36 (KHTML, like Gecko; compatible; ClaudeBot/1.0; +claudebot@anthropic.com)"
216.73.216.217 - - [29/Mar/2026:14:35:26 +0000] "GET /shop/cowries/vialled032591623862.shtm HTTP/1.1" 301 - "-" "Mozilla/5.0 AppleWebKit/537.36 (KHTML, like Gecko; compatible; ClaudeBot/1.0; +claudebot@anthropic.com)"
216.73.216.217 - - [29/Mar/2026:14:35:28 +0000] "GET /shop/cowries/vialled032591623862.shtm HTTP/1.1" 404 38891 "https://sunra.be/shop/cowries/vialled032591623862.shtm" "Mozilla/5.0 AppleWebKit/537.36 (KHTML, like Gecko; compatible; ClaudeBot/1.0; +claudebot@anthropic.com)"
216.73.216.217 - - [29/Mar/2026:14:35:37 +0000] "GET /shop/cavicorn/interrogationis032401259514.shtm HTTP/1.1" 301 - "-" "Mozilla/5.0 AppleWebKit/537.36 (KHTML, like Gecko; compatible; ClaudeBot/1.0; +claudebot@anthropic.com)"
216.73.216.217 - - [29/Mar/2026:14:35:39 +0000] "GET /shop/cavicorn/interrogationis032401259514.shtm HTTP/1.1" 404 38909 "https://sunra.be/shop/cavicorn/interrogationis032401259514.shtm" "Mozilla/5.0 AppleWebKit/537.36 (KHTML, like Gecko; compatible; ClaudeBot/1.0; +claudebot@anthropic.com)"
114.119.150.254 - - [29/Mar/2026:14:35:41 +0000] "GET /shop/knoller/dreading061593666368.shtm HTTP/1.1" 301 - "https://sunra.be/?sitemap297.xml" "Mozilla/5.0 (Linux; Android 7.0;) AppleWebKit/537.36 (KHTML, like Gecko) Mobile Safari/537.36 (compatible; PetalBot;+https://webmaster.petalsearch.com/site/petalbot)"
216.73.216.217 - - [29/Mar/2026:14:35:47 +0000] "GET /shop/perivascular/ananassa054220060845.shtm HTTP/1.1" 301 - "-" "Mozilla/5.0 AppleWebKit/537.36 (KHTML, like Gecko; compatible; ClaudeBot/1.0; +claudebot@anthropic.com)"
216.73.216.217 - - [29/Mar/2026:14:35:48 +0000] "GET /shop/perivascular/ananassa054220060845.shtm HTTP/1.1" 404 38903 "https://sunra.be/shop/perivascular/ananassa054220060845.shtm" "Mozilla/5.0 AppleWebKit/537.36 (KHTML, like Gecko; compatible; ClaudeBot/1.0; +claudebot@anthropic.com)"
92.222.108.96 - - [29/Mar/2026:14:35:52 +0000] "GET /?b=74621236821 HTTP/1.1" 301 - "-" "Mozilla/5.0 (compatible; AhrefsBot/7.0; +http://ahrefs.com/robot/)"
217.182.68.102 - - [29/Mar/2026:14:35:54 +0000] "POST /wp-cron.php?doing_wp_cron=1774794954.2873160839080810546875 HTTP/1.1" 200 - "-" "WordPress/6.9.4; https://www.sunra.be"
47.82.11.12 - - [29/Mar/2026:14:35:54 +0000] "GET /?u=67994120870803&channel=a79b5a&from=article.php?id%3D1208708-1629%26name%3D%E3%82%B9%E3%83%86%E3%83%A9%E3%83%9E%E3%83%83%E3%82%AB%E3%83%BC%E3%83%88%E3%83%8B%E3%83%BC+%E3%83%95%E3%82%A1%E3%83%A9%E3%83%99%E3%83%A9+%E3%83%9F%E3%83%8B HTTP/1.1" 301 - "https://www.sunra.be/" "Mozilla/5.0 (Macintosh; Intel Mac OS X 10_15_7) AppleWebKit/605.1.15 (KHTML, like Gecko) Version/18.3 Safari/605.1.15"
47.82.11.12 - - [29/Mar/2026:14:35:56 +0000] "GET /?u=67994120870803&channel=a79b5a&from=article.php?id%3D1208708-1629%26name%3D%E3%82%B9%E3%83%86%E3%83%A9%E3%83%9E%E3%83%83%E3%82%AB%E3%83%BC%E3%83%88%E3%83%8B%E3%83%BC%20%E3%83%95%E3%82%A1%E3%83%A9%E3%83%99%E3%83%A9%20%E3%83%9F%E3%83%8B HTTP/1.1" 301 - "https://www.sunra.be/" "Mozilla/5.0 (Macintosh; Intel Mac OS X 10_15_7) AppleWebKit/605.1.15 (KHTML, like Gecko) Version/18.3 Safari/605.1.15"
216.73.216.217 - - [29/Mar/2026:14:35:58 +0000] "GET /shop/anhithecrium/halecina034114612390.shtm HTTP/1.1" 301 - "-" "Mozilla/5.0 AppleWebKit/537.36 (KHTML, like Gecko; compatible; ClaudeBot/1.0; +claudebot@anthropic.com)"
216.73.216.217 - - [29/Mar/2026:14:35:59 +0000] "GET /shop/anhithecrium/halecina034114612390.shtm HTTP/1.1" 404 38903 "https://sunra.be/shop/anhithecrium/halecina034114612390.shtm" "Mozilla/5.0 AppleWebKit/537.36 (KHTML, like Gecko; compatible; ClaudeBot/1.0; +claudebot@anthropic.com)"
216.73.216.217 - - [29/Mar/2026:14:36:09 +0000] "GET /shop/alpigene/softly05213056166.shtm HTTP/1.1" 301 - "-" "Mozilla/5.0 AppleWebKit/537.36 (KHTML, like Gecko; compatible; ClaudeBot/1.0; +claudebot@anthropic.com)"
24.98.145.132 - - [29/Mar/2026:14:36:09 +0000] "GET /shopdetail/legislation/020033821 HTTP/1.1" 301 - "-" "Mozilla/5.0 (Macintosh; Intel Mac OS X 11_1_0) AppleWebKit/537.36 (KHTML, like Gecko) Chrome/128.0.6613.84 Safari/537.36"
216.73.216.217 - - [29/Mar/2026:14:36:10 +0000] "GET /shop/alpigene/softly05213056166.shtm HTTP/1.1" 404 38889 "https://sunra.be/shop/alpigene/softly05213056166.shtm" "Mozilla/5.0 AppleWebKit/537.36 (KHTML, like Gecko; compatible; ClaudeBot/1.0; +claudebot@anthropic.com)"
75.188.131.167 - - [29/Mar/2026:14:36:13 +0000] "GET /shopdetail/legislation/020033821 HTTP/1.1" 404 38883 "-" "Mozilla/5.0 (Macintosh; Intel Mac OS X 11_1_0) AppleWebKit/537.36 (KHTML, like Gecko) Chrome/128.0.6613.84 Safari/537.36"
216.73.216.217 - - [29/Mar/2026:14:36:18 +0000] "GET /shop/tyronism/squamosa042882499673.shtm HTTP/1.1" 301 - "-" "Mozilla/5.0 AppleWebKit/537.36 (KHTML, like Gecko; compatible; ClaudeBot/1.0; +claudebot@anthropic.com)"
216.73.216.217 - - [29/Mar/2026:14:36:20 +0000] "GET /shop/tyronism/squamosa042882499673.shtm HTTP/1.1" 404 38895 "https://sunra.be/shop/tyronism/squamosa042882499673.shtm" "Mozilla/5.0 AppleWebKit/537.36 (KHTML, like Gecko; compatible; ClaudeBot/1.0; +claudebot@anthropic.com)"
114.119.151.83 - - [29/Mar/2026:14:36:26 +0000] "GET /shop/knittle/vitalized06917484576.shtm HTTP/1.1" 301 - "https://sunra.be/?sitemap297.xml" "Mozilla/5.0 (Linux; Android 7.0;) AppleWebKit/537.36 (KHTML, like Gecko) Mobile Safari/537.36 (compatible; PetalBot;+https://webmaster.petalsearch.com/site/petalbot)"
216.73.216.217 - - [29/Mar/2026:14:36:30 +0000] "GET /shop/yoketoed/interleave042572362676.shtm HTTP/1.1" 301 - "-" "Mozilla/5.0 AppleWebKit/537.36 (KHTML, like Gecko; compatible; ClaudeBot/1.0; +claudebot@anthropic.com)"
216.73.216.217 - - [29/Mar/2026:14:36:32 +0000] "GET /shop/yoketoed/interleave042572362676.shtm HTTP/1.1" 404 38899 "https://sunra.be/shop/yoketoed/interleave042572362676.shtm" "Mozilla/5.0 AppleWebKit/537.36 (KHTML, like Gecko; compatible; ClaudeBot/1.0; +claudebot@anthropic.com)"
114.119.151.83 - - [29/Mar/2026:14:36:35 +0000] "GET /shop/knittle/vitalized06917484576.shtm HTTP/1.1" 404 37552 "https://sunra.be/?sitemap297.xml" "Mozilla/5.0 (Linux; Android 7.0;) AppleWebKit/537.36 (KHTML, like Gecko) Mobile Safari/537.36 (compatible; PetalBot;+https://webmaster.petalsearch.com/site/petalbot)"
100.8.178.33 - - [29/Mar/2026:14:36:42 +0000] "GET /shopdetail/legislation/104006427 HTTP/1.1" 301 - "-" "Mozilla/5.0 (Windows NT 10.0; WOW64; rv:126.0) Gecko/20100101 Firefox/126.0"
216.73.216.217 - - [29/Mar/2026:14:36:42 +0000] "GET /shop/blotched/infarce044228571033.shtm HTTP/1.1" 301 - "-" "Mozilla/5.0 AppleWebKit/537.36 (KHTML, like Gecko; compatible; ClaudeBot/1.0; +claudebot@anthropic.com)"
52.167.144.237 - - [29/Mar/2026:14:36:44 +0000] "GET /shop/display/pruinous033093537421.shtml HTTP/1.1" 200 218140 "-" "Mozilla/5.0 AppleWebKit/537.36 (KHTML, like Gecko; compatible; bingbot/2.0; +http://www.bing.com/bingbot.htm) Chrome/116.0.1938.76 Safari/537.36"
216.73.216.217 - - [29/Mar/2026:14:36:44 +0000] "GET /shop/blotched/infarce044228571033.shtm HTTP/1.1" 404 38893 "https://sunra.be/shop/blotched/infarce044228571033.shtm" "Mozilla/5.0 AppleWebKit/537.36 (KHTML, like Gecko; compatible; ClaudeBot/1.0; +claudebot@anthropic.com)"
37.232.167.84 - - [29/Mar/2026:14:36:51 +0000] "GET /shopdetail/legislation/104006427 HTTP/1.1" 404 38883 "-" "Mozilla/5.0 (Windows NT 10.0; WOW64; rv:126.0) Gecko/20100101 Firefox/126.0"
217.182.68.102 - - [29/Mar/2026:14:36:53 +0000] "POST /wp-cron.php?doing_wp_cron=1774795013.2250120639801025390625 HTTP/1.1" 200 - "-" "WordPress/6.9.4; https://www.sunra.be"
216.73.216.217 - - [29/Mar/2026:14:36:53 +0000] "GET /shop/dependent/cateress051445882259.shtm HTTP/1.1" 301 - "-" "Mozilla/5.0 AppleWebKit/537.36 (KHTML, like Gecko; compatible; ClaudeBot/1.0; +claudebot@anthropic.com)"
216.73.216.217 - - [29/Mar/2026:14:36:54 +0000] "GET /shop/dependent/cateress051445882259.shtm HTTP/1.1" 404 38897 "https://sunra.be/shop/dependent/cateress051445882259.shtm" "Mozilla/5.0 AppleWebKit/537.36 (KHTML, like Gecko; compatible; ClaudeBot/1.0; +claudebot@anthropic.com)"
123.19.46.87 - - [29/Mar/2026:14:37:00 +0000] "GET /shopdetail/girl/070012879 HTTP/1.1" 404 38869 "-" "Mozilla/5.0 (Windows NT 10.0; WOW64; rv:125.0) Gecko/20100101 Firefox/125.0"
216.73.216.217 - - [29/Mar/2026:14:37:05 +0000] "GET /shop/voter/bacteriemia06130991605.shtm HTTP/1.1" 301 - "-" "Mozilla/5.0 AppleWebKit/537.36 (KHTML, like Gecko; compatible; ClaudeBot/1.0; +claudebot@anthropic.com)"
216.73.216.217 - - [29/Mar/2026:14:37:06 +0000] "GET /shop/voter/bacteriemia06130991605.shtm HTTP/1.1" 404 38893 "https://sunra.be/shop/voter/bacteriemia06130991605.shtm" "Mozilla/5.0 AppleWebKit/537.36 (KHTML, like Gecko; compatible; ClaudeBot/1.0; +claudebot@anthropic.com)"
