109.138.142.133 - - [29/Mar/2026:13:57:02 +0000] "GET /wp-content/uploads/2023/06/DSC06335-4.jpg HTTP/1.1" 200 1099680 "https://www.sunra.be/our-models/miku-super/" "Mozilla/5.0 (iPhone; CPU iPhone OS 26_3_1 like Mac OS X) AppleWebKit/605.1.15 (KHTML, like Gecko) GSA/413.1.887139264 Mobile/15E148 Safari/604.1"
109.138.142.133 - - [29/Mar/2026:13:57:02 +0000] "GET /wp-content/uploads/2023/06/s20-1-1.webp HTTP/1.1" 200 49624 "https://www.sunra.be/" "Mozilla/5.0 (iPhone; CPU iPhone OS 26_3_1 like Mac OS X) AppleWebKit/605.1.15 (KHTML, like Gecko) GSA/413.1.887139264 Mobile/15E148 Safari/604.1"
109.138.142.133 - - [29/Mar/2026:13:57:02 +0000] "GET /wp-content/uploads/2023/06/s18-1.webp HTTP/1.1" 200 49616 "https://www.sunra.be/" "Mozilla/5.0 (iPhone; CPU iPhone OS 26_3_1 like Mac OS X) AppleWebKit/605.1.15 (KHTML, like Gecko) GSA/413.1.887139264 Mobile/15E148 Safari/604.1"
109.138.142.133 - - [29/Mar/2026:13:57:02 +0000] "GET /wp-content/uploads/2023/06/Product-Banner-Bg-N1-MOBILE.jpg HTTP/1.1" 200 195193 "https://www.sunra.be/" "Mozilla/5.0 (iPhone; CPU iPhone OS 26_3_1 like Mac OS X) AppleWebKit/605.1.15 (KHTML, like Gecko) GSA/413.1.887139264 Mobile/15E148 Safari/604.1"
109.138.142.133 - - [29/Mar/2026:13:57:02 +0000] "GET /wp-content/uploads/2023/06/s14-2.webp HTTP/1.1" 200 50610 "https://www.sunra.be/" "Mozilla/5.0 (iPhone; CPU iPhone OS 26_3_1 like Mac OS X) AppleWebKit/605.1.15 (KHTML, like Gecko) GSA/413.1.887139264 Mobile/15E148 Safari/604.1"
109.138.142.133 - - [29/Mar/2026:13:57:02 +0000] "GET /wp-content/uploads/2023/06/DSC06411-3.jpg HTTP/1.1" 200 1108153 "https://www.sunra.be/our-models/miku-super/" "Mozilla/5.0 (iPhone; CPU iPhone OS 26_3_1 like Mac OS X) AppleWebKit/605.1.15 (KHTML, like Gecko) GSA/413.1.887139264 Mobile/15E148 Safari/604.1"
217.182.68.102 - - [29/Mar/2026:13:57:01 +0000] "POST /wp-cron.php?doing_wp_cron=1774792621.3717980384826660156250 HTTP/1.1" 200 - "-" "WordPress/6.9.4; https://www.sunra.be"
109.138.142.133 - - [29/Mar/2026:13:57:02 +0000] "GET /wp-content/uploads/2023/06/s16-1.webp HTTP/1.1" 200 56500 "https://www.sunra.be/" "Mozilla/5.0 (iPhone; CPU iPhone OS 26_3_1 like Mac OS X) AppleWebKit/605.1.15 (KHTML, like Gecko) GSA/413.1.887139264 Mobile/15E148 Safari/604.1"
109.138.142.133 - - [29/Mar/2026:13:57:02 +0000] "GET /wp-content/uploads/2023/06/Product-Banner-Bg-N1-TAB.jpg HTTP/1.1" 200 261946 "https://www.sunra.be/" "Mozilla/5.0 (iPhone; CPU iPhone OS 26_3_1 like Mac OS X) AppleWebKit/605.1.15 (KHTML, like Gecko) GSA/413.1.887139264 Mobile/15E148 Safari/604.1"
109.138.142.133 - - [29/Mar/2026:13:57:02 +0000] "GET /wp-content/uploads/2023/06/Product-Banner-Bg-N1-Desk.jpg HTTP/1.1" 200 402634 "https://www.sunra.be/" "Mozilla/5.0 (iPhone; CPU iPhone OS 26_3_1 like Mac OS X) AppleWebKit/605.1.15 (KHTML, like Gecko) GSA/413.1.887139264 Mobile/15E148 Safari/604.1"
109.138.142.133 - - [29/Mar/2026:13:57:02 +0000] "GET /wp-content/uploads/2023/06/Introducing-MIKU-Super-1080p.mp4 HTTP/1.1" 206 18204653 "https://www.sunra.be/our-models/miku-super/" "Mozilla/5.0 (iPhone; CPU iPhone OS 26_3_1 like Mac OS X) AppleWebKit/605.1.15 (KHTML, like Gecko) GSA/413.1.887139264 Mobile/15E148 Safari/604.1"
109.138.142.133 - - [29/Mar/2026:13:57:09 +0000] "GET /wp-content/themes/sunra/assets/js/config.js HTTP/1.1" 200 - "https://www.sunra.be/our-models/miku-super/" "Mozilla/5.0 (iPhone; CPU iPhone OS 26_3_1 like Mac OS X) AppleWebKit/605.1.15 (KHTML, like Gecko) GSA/413.1.887139264 Mobile/15E148 Safari/604.1"
109.138.142.133 - - [29/Mar/2026:13:57:09 +0000] "GET /wp-content/uploads/2023/06/s15-1.webp HTTP/1.1" 200 43548 "https://www.sunra.be/our-models/miku-super/" "Mozilla/5.0 (iPhone; CPU iPhone OS 26_3_1 like Mac OS X) AppleWebKit/605.1.15 (KHTML, like Gecko) GSA/413.1.887139264 Mobile/15E148 Safari/604.1"
187.249.104.206 - - [29/Mar/2026:13:57:07 +0000] "GET /shopdetail/pit/156033181 HTTP/1.1" 301 - "-" "Mozilla/5.0 (Macintosh; Intel Mac OS X 14_3_1) AppleWebKit/537.36 (KHTML, like Gecko) Chrome/131.0.6778.204 Safari/537.36"
109.138.142.133 - - [29/Mar/2026:13:57:09 +0000] "GET /wp-content/uploads/2023/06/s14-1.webp HTTP/1.1" 200 50610 "https://www.sunra.be/our-models/miku-super/" "Mozilla/5.0 (iPhone; CPU iPhone OS 26_3_1 like Mac OS X) AppleWebKit/605.1.15 (KHTML, like Gecko) GSA/413.1.887139264 Mobile/15E148 Safari/604.1"
109.138.142.133 - - [29/Mar/2026:13:57:09 +0000] "GET /wp-content/plugins/instagram-feed/img/sbi-sprite.png HTTP/1.1" 200 3943 "https://www.sunra.be/our-models/miku-super/" "Mozilla/5.0 (iPhone; CPU iPhone OS 26_3_1 like Mac OS X) AppleWebKit/605.1.15 (KHTML, like Gecko) GSA/413.1.887139264 Mobile/15E148 Safari/604.1"
109.138.142.133 - - [29/Mar/2026:13:57:09 +0000] "GET /wp-content/uploads/2023/06/s9-1.webp HTTP/1.1" 200 39546 "https://www.sunra.be/our-models/miku-super/" "Mozilla/5.0 (iPhone; CPU iPhone OS 26_3_1 like Mac OS X) AppleWebKit/605.1.15 (KHTML, like Gecko) GSA/413.1.887139264 Mobile/15E148 Safari/604.1"
109.138.142.133 - - [29/Mar/2026:13:57:09 +0000] "GET /wp-content/uploads/2023/06/s8-1.webp HTTP/1.1" 200 24582 "https://www.sunra.be/our-models/miku-super/" "Mozilla/5.0 (iPhone; CPU iPhone OS 26_3_1 like Mac OS X) AppleWebKit/605.1.15 (KHTML, like Gecko) GSA/413.1.887139264 Mobile/15E148 Safari/604.1"
109.138.142.133 - - [29/Mar/2026:13:57:09 +0000] "GET /wp-content/uploads/2023/06/s11-1.webp HTTP/1.1" 200 43046 "https://www.sunra.be/our-models/miku-super/" "Mozilla/5.0 (iPhone; CPU iPhone OS 26_3_1 like Mac OS X) AppleWebKit/605.1.15 (KHTML, like Gecko) GSA/413.1.887139264 Mobile/15E148 Safari/604.1"
109.138.142.133 - - [29/Mar/2026:13:57:09 +0000] "GET /wp-content/uploads/2023/06/s10-1.webp HTTP/1.1" 200 51684 "https://www.sunra.be/our-models/miku-super/" "Mozilla/5.0 (iPhone; CPU iPhone OS 26_3_1 like Mac OS X) AppleWebKit/605.1.15 (KHTML, like Gecko) GSA/413.1.887139264 Mobile/15E148 Safari/604.1"
109.138.142.133 - - [29/Mar/2026:13:57:09 +0000] "GET /wp-content/uploads/2023/06/s12-1.webp HTTP/1.1" 200 21042 "https://www.sunra.be/our-models/miku-super/" "Mozilla/5.0 (iPhone; CPU iPhone OS 26_3_1 like Mac OS X) AppleWebKit/605.1.15 (KHTML, like Gecko) GSA/413.1.887139264 Mobile/15E148 Safari/604.1"
109.138.142.133 - - [29/Mar/2026:13:57:08 +0000] "GET /our-models/miku-super/assets/styles.css HTTP/1.1" 404 37554 "https://www.sunra.be/our-models/miku-super/" "Mozilla/5.0 (iPhone; CPU iPhone OS 26_3_1 like Mac OS X) AppleWebKit/605.1.15 (KHTML, like Gecko) GSA/413.1.887139264 Mobile/15E148 Safari/604.1"
102.213.133.157 - - [29/Mar/2026:13:57:09 +0000] "GET /shopdetail/hardware/231040946 HTTP/1.1" 404 38877 "-" "Mozilla/5.0 (Macintosh; U; PPC Mac OS X; sv-se) AppleWebKit/417.9 (KHTML, like Gecko) Safari/417.8_Adobe"
109.138.142.133 - - [29/Mar/2026:13:57:17 +0000] "GET /spare-parts/ HTTP/1.1" 200 66210 "https://www.sunra.be/our-models/miku-super/" "Mozilla/5.0 (iPhone; CPU iPhone OS 26_3_1 like Mac OS X) AppleWebKit/605.1.15 (KHTML, like Gecko) GSA/413.1.887139264 Mobile/15E148 Safari/604.1"
109.138.142.133 - - [29/Mar/2026:13:57:19 +0000] "GET /wp-content/themes/sunra/style.css?t=1774792639&ver=6.9.4 HTTP/1.1" 200 24715 "https://www.sunra.be/spare-parts/" "Mozilla/5.0 (iPhone; CPU iPhone OS 26_3_1 like Mac OS X) AppleWebKit/605.1.15 (KHTML, like Gecko) GSA/413.1.887139264 Mobile/15E148 Safari/604.1"
109.138.142.133 - - [29/Mar/2026:13:57:19 +0000] "GET /wp-content/uploads/2023/06/IMG_5940-copy.jpg HTTP/1.1" 200 47432 "https://www.sunra.be/spare-parts/" "Mozilla/5.0 (iPhone; CPU iPhone OS 26_3_1 like Mac OS X) AppleWebKit/605.1.15 (KHTML, like Gecko) GSA/413.1.887139264 Mobile/15E148 Safari/604.1"
109.138.142.133 - - [29/Mar/2026:13:57:19 +0000] "GET /wp-content/uploads/2023/06/IMG_5941-copy.jpg HTTP/1.1" 200 44441 "https://www.sunra.be/spare-parts/" "Mozilla/5.0 (iPhone; CPU iPhone OS 26_3_1 like Mac OS X) AppleWebKit/605.1.15 (KHTML, like Gecko) GSA/413.1.887139264 Mobile/15E148 Safari/604.1"
109.138.142.133 - - [29/Mar/2026:13:57:19 +0000] "GET /wp-content/uploads/2023/06/IMG_5931-copy-1.jpg HTTP/1.1" 200 29501 "https://www.sunra.be/spare-parts/" "Mozilla/5.0 (iPhone; CPU iPhone OS 26_3_1 like Mac OS X) AppleWebKit/605.1.15 (KHTML, like Gecko) GSA/413.1.887139264 Mobile/15E148 Safari/604.1"
109.138.142.133 - - [29/Mar/2026:13:57:19 +0000] "GET /wp-content/uploads/2023/06/DSC_7576-copy.jpg HTTP/1.1" 200 27465 "https://www.sunra.be/spare-parts/" "Mozilla/5.0 (iPhone; CPU iPhone OS 26_3_1 like Mac OS X) AppleWebKit/605.1.15 (KHTML, like Gecko) GSA/413.1.887139264 Mobile/15E148 Safari/604.1"
109.138.142.133 - - [29/Mar/2026:13:57:19 +0000] "GET /wp-content/uploads/2023/06/6sj9p6jg-11.png?id=365 HTTP/1.1" 200 882509 "https://www.sunra.be/spare-parts/" "Mozilla/5.0 (iPhone; CPU iPhone OS 26_3_1 like Mac OS X) AppleWebKit/605.1.15 (KHTML, like Gecko) GSA/413.1.887139264 Mobile/15E148 Safari/604.1"
109.138.142.133 - - [29/Mar/2026:13:57:19 +0000] "GET /wp-content/uploads/2023/06/IMG_5957-copy.jpg HTTP/1.1" 200 29831 "https://www.sunra.be/spare-parts/" "Mozilla/5.0 (iPhone; CPU iPhone OS 26_3_1 like Mac OS X) AppleWebKit/605.1.15 (KHTML, like Gecko) GSA/413.1.887139264 Mobile/15E148 Safari/604.1"
109.138.142.133 - - [29/Mar/2026:13:57:19 +0000] "GET /wp-content/uploads/2023/06/IMG_5956-copy.jpg HTTP/1.1" 200 31392 "https://www.sunra.be/spare-parts/" "Mozilla/5.0 (iPhone; CPU iPhone OS 26_3_1 like Mac OS X) AppleWebKit/605.1.15 (KHTML, like Gecko) GSA/413.1.887139264 Mobile/15E148 Safari/604.1"
109.138.142.133 - - [29/Mar/2026:13:57:19 +0000] "GET /wp-content/uploads/2023/06/IMG_5930-copy.jpg HTTP/1.1" 200 35810 "https://www.sunra.be/spare-parts/" "Mozilla/5.0 (iPhone; CPU iPhone OS 26_3_1 like Mac OS X) AppleWebKit/605.1.15 (KHTML, like Gecko) GSA/413.1.887139264 Mobile/15E148 Safari/604.1"
109.138.142.133 - - [29/Mar/2026:13:57:21 +0000] "GET /wp-content/uploads/2023/06/Screenshot-2023-07-03-173324.png HTTP/1.1" 200 5849 "https://www.sunra.be/spare-parts/" "Mozilla/5.0 (iPhone; CPU iPhone OS 26_3_1 like Mac OS X) AppleWebKit/605.1.15 (KHTML, like Gecko) GSA/413.1.887139264 Mobile/15E148 Safari/604.1"
109.138.142.133 - - [29/Mar/2026:13:57:21 +0000] "GET /wp-content/uploads/2023/06/Screenshot-2023-07-03-173444.png HTTP/1.1" 200 3051 "https://www.sunra.be/spare-parts/" "Mozilla/5.0 (iPhone; CPU iPhone OS 26_3_1 like Mac OS X) AppleWebKit/605.1.15 (KHTML, like Gecko) GSA/413.1.887139264 Mobile/15E148 Safari/604.1"
109.138.142.133 - - [29/Mar/2026:13:57:21 +0000] "GET /wp-content/uploads/2023/06/IMG_5958-copy.jpg HTTP/1.1" 200 33469 "https://www.sunra.be/spare-parts/" "Mozilla/5.0 (iPhone; CPU iPhone OS 26_3_1 like Mac OS X) AppleWebKit/605.1.15 (KHTML, like Gecko) GSA/413.1.887139264 Mobile/15E148 Safari/604.1"
109.138.142.133 - - [29/Mar/2026:13:57:21 +0000] "GET /wp-content/uploads/2023/06/IMG_5954-copy.jpg HTTP/1.1" 200 67809 "https://www.sunra.be/spare-parts/" "Mozilla/5.0 (iPhone; CPU iPhone OS 26_3_1 like Mac OS X) AppleWebKit/605.1.15 (KHTML, like Gecko) GSA/413.1.887139264 Mobile/15E148 Safari/604.1"
109.138.142.133 - - [29/Mar/2026:13:57:22 +0000] "GET /wp-content/uploads/2023/06/IMG_3026-2-copy.jpg HTTP/1.1" 200 62919 "https://www.sunra.be/spare-parts/" "Mozilla/5.0 (iPhone; CPU iPhone OS 26_3_1 like Mac OS X) AppleWebKit/605.1.15 (KHTML, like Gecko) GSA/413.1.887139264 Mobile/15E148 Safari/604.1"
109.138.142.133 - - [29/Mar/2026:13:57:22 +0000] "GET /wp-content/uploads/2023/06/DSC_7772-copy.jpg HTTP/1.1" 200 49173 "https://www.sunra.be/spare-parts/" "Mozilla/5.0 (iPhone; CPU iPhone OS 26_3_1 like Mac OS X) AppleWebKit/605.1.15 (KHTML, like Gecko) GSA/413.1.887139264 Mobile/15E148 Safari/604.1"
109.138.142.133 - - [29/Mar/2026:13:57:22 +0000] "GET /wp-content/uploads/2023/06/Screenshot-2023-07-03-172911.png HTTP/1.1" 200 8042 "https://www.sunra.be/spare-parts/" "Mozilla/5.0 (iPhone; CPU iPhone OS 26_3_1 like Mac OS X) AppleWebKit/605.1.15 (KHTML, like Gecko) GSA/413.1.887139264 Mobile/15E148 Safari/604.1"
109.138.142.133 - - [29/Mar/2026:13:57:29 +0000] "GET /our-models/crystal-2/ HTTP/1.1" 200 101430 "https://www.sunra.be/spare-parts/" "Mozilla/5.0 (iPhone; CPU iPhone OS 26_3_1 like Mac OS X) AppleWebKit/605.1.15 (KHTML, like Gecko) GSA/413.1.887139264 Mobile/15E148 Safari/604.1"
109.138.142.133 - - [29/Mar/2026:13:57:31 +0000] "GET /wp-content/themes/sunra/style.css?t=1774792650&ver=6.9.4 HTTP/1.1" 200 24715 "https://www.sunra.be/our-models/crystal-2/" "Mozilla/5.0 (iPhone; CPU iPhone OS 26_3_1 like Mac OS X) AppleWebKit/605.1.15 (KHTML, like Gecko) GSA/413.1.887139264 Mobile/15E148 Safari/604.1"
109.138.142.133 - - [29/Mar/2026:13:57:31 +0000] "GET /wp-content/uploads/2023/06/Crystal-2.mp4 HTTP/1.1" 206 2 "https://www.sunra.be/our-models/crystal-2/" "Mozilla/5.0 (iPhone; CPU iPhone OS 26_3_1 like Mac OS X) AppleWebKit/605.1.15 (KHTML, like Gecko) GSA/413.1.887139264 Mobile/15E148 Safari/604.1"
109.138.142.133 - - [29/Mar/2026:13:57:31 +0000] "GET /wp-content/uploads/2023/06/Silver.png HTTP/1.1" 200 778 "https://www.sunra.be/" "Mozilla/5.0 (iPhone; CPU iPhone OS 26_3_1 like Mac OS X) AppleWebKit/605.1.15 (KHTML, like Gecko) GSA/413.1.887139264 Mobile/15E148 Safari/604.1"
109.138.142.133 - - [29/Mar/2026:13:57:31 +0000] "GET /wp-content/uploads/2023/06/specs-Bg-crystal2-01.jpg HTTP/1.1" 200 83212 "https://www.sunra.be/our-models/crystal-2/" "Mozilla/5.0 (iPhone; CPU iPhone OS 26_3_1 like Mac OS X) AppleWebKit/605.1.15 (KHTML, like Gecko) GSA/413.1.887139264 Mobile/15E148 Safari/604.1"
109.138.142.133 - - [29/Mar/2026:13:57:31 +0000] "GET /wp-content/uploads/2023/06/Untitled-4-01-4.jpg HTTP/1.1" 200 519513 "https://www.sunra.be/our-models/crystal-2/" "Mozilla/5.0 (iPhone; CPU iPhone OS 26_3_1 like Mac OS X) AppleWebKit/605.1.15 (KHTML, like Gecko) GSA/413.1.887139264 Mobile/15E148 Safari/604.1"
109.138.142.133 - - [29/Mar/2026:13:57:31 +0000] "GET /wp-content/uploads/2023/06/Untitled-4-02-4.jpg HTTP/1.1" 200 691935 "https://www.sunra.be/our-models/crystal-2/" "Mozilla/5.0 (iPhone; CPU iPhone OS 26_3_1 like Mac OS X) AppleWebKit/605.1.15 (KHTML, like Gecko) GSA/413.1.887139264 Mobile/15E148 Safari/604.1"
109.138.142.133 - - [29/Mar/2026:13:57:31 +0000] "GET /wp-content/uploads/2023/06/Crystal9-1.webp HTTP/1.1" 200 41210 "https://www.sunra.be/" "Mozilla/5.0 (iPhone; CPU iPhone OS 26_3_1 like Mac OS X) AppleWebKit/605.1.15 (KHTML, like Gecko) GSA/413.1.887139264 Mobile/15E148 Safari/604.1"
109.138.142.133 - - [29/Mar/2026:13:57:31 +0000] "GET /wp-content/uploads/2023/06/Crystal2-1.webp HTTP/1.1" 200 34406 "https://www.sunra.be/" "Mozilla/5.0 (iPhone; CPU iPhone OS 26_3_1 like Mac OS X) AppleWebKit/605.1.15 (KHTML, like Gecko) GSA/413.1.887139264 Mobile/15E148 Safari/604.1"
109.138.142.133 - - [29/Mar/2026:13:57:31 +0000] "GET /wp-content/uploads/2023/06/Crystal3333-1.webp HTTP/1.1" 200 40258 "https://www.sunra.be/" "Mozilla/5.0 (iPhone; CPU iPhone OS 26_3_1 like Mac OS X) AppleWebKit/605.1.15 (KHTML, like Gecko) GSA/413.1.887139264 Mobile/15E148 Safari/604.1"
109.138.142.133 - - [29/Mar/2026:13:57:31 +0000] "GET /wp-content/uploads/2023/06/Crystal-2.mp4 HTTP/1.1" 206 14268 "https://www.sunra.be/our-models/crystal-2/" "Mozilla/5.0 (iPhone; CPU iPhone OS 26_3_1 like Mac OS X) AppleWebKit/605.1.15 (KHTML, like Gecko) GSA/413.1.887139264 Mobile/15E148 Safari/604.1"
109.138.142.133 - - [29/Mar/2026:13:57:31 +0000] "GET /wp-content/uploads/2023/06/Untitled-4-03-4.jpg HTTP/1.1" 200 507459 "https://www.sunra.be/our-models/crystal-2/" "Mozilla/5.0 (iPhone; CPU iPhone OS 26_3_1 like Mac OS X) AppleWebKit/605.1.15 (KHTML, like Gecko) GSA/413.1.887139264 Mobile/15E148 Safari/604.1"
109.138.142.133 - - [29/Mar/2026:13:57:31 +0000] "GET /wp-content/uploads/2023/06/Crystal-2.mp4 HTTP/1.1" 206 4290492 "https://www.sunra.be/our-models/crystal-2/" "Mozilla/5.0 (iPhone; CPU iPhone OS 26_3_1 like Mac OS X) AppleWebKit/605.1.15 (KHTML, like Gecko) GSA/413.1.887139264 Mobile/15E148 Safari/604.1"
109.138.142.133 - - [29/Mar/2026:13:57:31 +0000] "GET /wp-content/uploads/2023/06/Crystal11-1.webp HTTP/1.1" 200 39196 "https://www.sunra.be/" "Mozilla/5.0 (iPhone; CPU iPhone OS 26_3_1 like Mac OS X) AppleWebKit/605.1.15 (KHTML, like Gecko) GSA/413.1.887139264 Mobile/15E148 Safari/604.1"
109.138.142.133 - - [29/Mar/2026:13:57:31 +0000] "GET /wp-content/uploads/2023/06/Untitled-4-04-4.jpg HTTP/1.1" 200 614537 "https://www.sunra.be/our-models/crystal-2/" "Mozilla/5.0 (iPhone; CPU iPhone OS 26_3_1 like Mac OS X) AppleWebKit/605.1.15 (KHTML, like Gecko) GSA/413.1.887139264 Mobile/15E148 Safari/604.1"
109.138.142.133 - - [29/Mar/2026:13:57:31 +0000] "GET /wp-content/uploads/2023/06/Untitled-4-05-3.jpg HTTP/1.1" 200 654663 "https://www.sunra.be/our-models/crystal-2/" "Mozilla/5.0 (iPhone; CPU iPhone OS 26_3_1 like Mac OS X) AppleWebKit/605.1.15 (KHTML, like Gecko) GSA/413.1.887139264 Mobile/15E148 Safari/604.1"
109.138.142.133 - - [29/Mar/2026:13:57:31 +0000] "GET /wp-content/uploads/2023/06/Crystal-2.mp4 HTTP/1.1" 206 4076330 "https://www.sunra.be/our-models/crystal-2/" "Mozilla/5.0 (iPhone; CPU iPhone OS 26_3_1 like Mac OS X) AppleWebKit/605.1.15 (KHTML, like Gecko) GSA/413.1.887139264 Mobile/15E148 Safari/604.1"
109.138.142.133 - - [29/Mar/2026:13:57:32 +0000] "GET /wp-content/uploads/2023/06/cry9.png HTTP/1.1" 200 406318 "https://www.sunra.be/our-models/crystal-2/" "Mozilla/5.0 (iPhone; CPU iPhone OS 26_3_1 like Mac OS X) AppleWebKit/605.1.15 (KHTML, like Gecko) GSA/413.1.887139264 Mobile/15E148 Safari/604.1"
109.138.142.133 - - [29/Mar/2026:13:57:32 +0000] "GET /wp-content/uploads/2023/06/Crystal2.webp HTTP/1.1" 200 34406 "https://www.sunra.be/our-models/crystal-2/" "Mozilla/5.0 (iPhone; CPU iPhone OS 26_3_1 like Mac OS X) AppleWebKit/605.1.15 (KHTML, like Gecko) GSA/413.1.887139264 Mobile/15E148 Safari/604.1"
109.138.142.133 - - [29/Mar/2026:13:57:32 +0000] "GET /wp-content/uploads/2023/06/Crysta1.webp HTTP/1.1" 200 29044 "https://www.sunra.be/our-models/crystal-2/" "Mozilla/5.0 (iPhone; CPU iPhone OS 26_3_1 like Mac OS X) AppleWebKit/605.1.15 (KHTML, like Gecko) GSA/413.1.887139264 Mobile/15E148 Safari/604.1"
109.138.142.133 - - [29/Mar/2026:13:57:32 +0000] "GET /wp-content/uploads/2023/06/Crystal4.webp HTTP/1.1" 200 17134 "https://www.sunra.be/our-models/crystal-2/" "Mozilla/5.0 (iPhone; CPU iPhone OS 26_3_1 like Mac OS X) AppleWebKit/605.1.15 (KHTML, like Gecko) GSA/413.1.887139264 Mobile/15E148 Safari/604.1"
109.138.142.133 - - [29/Mar/2026:13:57:32 +0000] "GET /wp-content/uploads/2023/06/Crystal3.webp HTTP/1.1" 200 33868 "https://www.sunra.be/our-models/crystal-2/" "Mozilla/5.0 (iPhone; CPU iPhone OS 26_3_1 like Mac OS X) AppleWebKit/605.1.15 (KHTML, like Gecko) GSA/413.1.887139264 Mobile/15E148 Safari/604.1"
109.138.142.133 - - [29/Mar/2026:13:57:33 +0000] "GET /wp-content/uploads/2023/06/Crystal6.webp HTTP/1.1" 200 29020 "https://www.sunra.be/our-models/crystal-2/" "Mozilla/5.0 (iPhone; CPU iPhone OS 26_3_1 like Mac OS X) AppleWebKit/605.1.15 (KHTML, like Gecko) GSA/413.1.887139264 Mobile/15E148 Safari/604.1"
109.138.142.133 - - [29/Mar/2026:13:57:33 +0000] "GET /wp-content/uploads/2023/06/Crystal7.webp HTTP/1.1" 200 28498 "https://www.sunra.be/our-models/crystal-2/" "Mozilla/5.0 (iPhone; CPU iPhone OS 26_3_1 like Mac OS X) AppleWebKit/605.1.15 (KHTML, like Gecko) GSA/413.1.887139264 Mobile/15E148 Safari/604.1"
109.138.142.133 - - [29/Mar/2026:13:57:33 +0000] "GET /wp-content/uploads/2023/06/Crystal8.webp HTTP/1.1" 200 28214 "https://www.sunra.be/our-models/crystal-2/" "Mozilla/5.0 (iPhone; CPU iPhone OS 26_3_1 like Mac OS X) AppleWebKit/605.1.15 (KHTML, like Gecko) GSA/413.1.887139264 Mobile/15E148 Safari/604.1"
109.138.142.133 - - [29/Mar/2026:13:57:33 +0000] "GET /wp-content/uploads/2023/06/Crystal11.webp HTTP/1.1" 200 39196 "https://www.sunra.be/our-models/crystal-2/" "Mozilla/5.0 (iPhone; CPU iPhone OS 26_3_1 like Mac OS X) AppleWebKit/605.1.15 (KHTML, like Gecko) GSA/413.1.887139264 Mobile/15E148 Safari/604.1"
109.138.142.133 - - [29/Mar/2026:13:57:33 +0000] "GET /wp-content/uploads/2023/06/Crystal5.webp HTTP/1.1" 200 18392 "https://www.sunra.be/our-models/crystal-2/" "Mozilla/5.0 (iPhone; CPU iPhone OS 26_3_1 like Mac OS X) AppleWebKit/605.1.15 (KHTML, like Gecko) GSA/413.1.887139264 Mobile/15E148 Safari/604.1"
109.138.142.133 - - [29/Mar/2026:13:57:32 +0000] "GET /our-models/crystal-2/assets/styles.css HTTP/1.1" 404 37552 "https://www.sunra.be/our-models/crystal-2/" "Mozilla/5.0 (iPhone; CPU iPhone OS 26_3_1 like Mac OS X) AppleWebKit/605.1.15 (KHTML, like Gecko) GSA/413.1.887139264 Mobile/15E148 Safari/604.1"
139.138.10.166 - - [29/Mar/2026:13:57:45 +0000] "GET /shopdetail/position/133002512 HTTP/1.1" 301 - "-" "Mozilla/5.0 (Macintosh; Intel Mac OS X 11.3; rv:136.0) Gecko/20100101 Firefox/136.0"
38.240.6.201 - - [29/Mar/2026:13:57:49 +0000] "GET /shopdetail/position/133002512 HTTP/1.1" 404 38877 "-" "Mozilla/5.0 (Macintosh; Intel Mac OS X 11.3; rv:136.0) Gecko/20100101 Firefox/136.0"
114.119.129.167 - - [29/Mar/2026:13:57:53 +0000] "GET /shop/larding/inaniloquous062716164086.shtm HTTP/1.1" 301 - "https://sunra.be/?sitemap297.xml" "Mozilla/5.0 (Linux; Android 7.0;) AppleWebKit/537.36 (KHTML, like Gecko) Mobile Safari/537.36 (compatible; PetalBot;+https://webmaster.petalsearch.com/site/petalbot)"
217.182.68.102 - - [29/Mar/2026:13:57:55 +0000] "POST /wp-cron.php?doing_wp_cron=1774792675.3104829788208007812500 HTTP/1.1" 200 - "-" "WordPress/6.9.4; https://www.sunra.be"
169.224.67.250 - - [29/Mar/2026:13:57:58 +0000] "GET /shopdetail/hardware/232035343 HTTP/1.1" 404 38877 "-" "Mozilla/5.0 (Windows NT 10.0; Win64; x64) AppleWebKit/537.36 (KHTML, like Gecko) Chrome/128.0.6613.137 Safari/537.36"
66.249.74.101 - - [29/Mar/2026:13:58:08 +0000] "GET /?u=7923815507100&channel=27c7e3&from=brands.php?shop/zoophagous/arthromere033186486319.shtm HTTP/1.1" 200 223124 "-" "Mozilla/5.0 (Linux; Android 6.0.1; Nexus 5X Build/MMB29P) AppleWebKit/537.36 (KHTML, like Gecko) Chrome/146.0.7680.153 Mobile Safari/537.36 (compatible; Googlebot/2.1; +http://www.google.com/bot.html)"
66.249.73.13 - - [29/Mar/2026:13:58:09 +0000] "GET /?u=75159161910004&channel=73b6aa&from=category-info.php%3Fid%3D1619100-20921%26name%3D%E3%82%B4%E3%83%AB%E3%83%95%E3%82%AF%E3%83%A9%E3%83%96+%E3%82%AB%E3%82%B9%E3%82%BF%E3%83%A0%E3%83%A2%E3%83%87%E3%83%AB+%E3%83%97%E3%83%AD%E3%82%AE%E3%82%A2+23%E3%83%A2%E3%83%87%E3%83%AB++LS%E3%83%95%E3%82%A7%E3%82%A2%E3%82%A6%E3%82%A7%E3%82%A4%E3%82%A6%E3%83%83%E3%83%89+%E7%89%B9%E6%B3%A8+PRGR+FW+23%E5%B9%B4%E3%83%A2%E3%83%87%E3%83%AB+%E7%95%AA%E6%89%8B%2F%E3%83%AD%E3%83%95%E3%83%88%E8%A7%92%EF%BC%9A5W%EF%BC%8823+LS+%E3%83%95%E3%82%A7%E3%82%A2%E3%82%A6%E3%82%A7%E3%82%A4%E3%82%A6%E3%83%83%E3%83%89+SPEEDER+NX+FOR+PRGR%28%E3%83%95%E3%82%A7%E3%82%A2%E3%82%A6%E3%82%A7%E3%82%A4%E3%82%A6%E3%83%83%E3%83%89%EF%BC%88%E5%8D%98%E5%93%81%EF%BC%89%29%7CLS%28%E3%83%97%E3%83%AD%E3%82%AE%E3%82%A2%29%E3%81%AE%E9%80%9A%E8%B2%A9+-+GDO%E3%82%B4%E3%83%AB%E3%83%95+%E3%82%B7%E3%83%A7%E3%83%83%E3%83%97%280000703359%29%EF%BC%89 HTTP/1.1" 200 216299 "-" "Mozilla/5.0 (Linux; Android 6.0.1; Nexus 5X Build/MMB29P) AppleWebKit/537.36 (KHTML, like Gecko) Chrome/146.0.7680.153 Mobile Safari/537.36 (compatible; Googlebot/2.1; +http://www.google.com/bot.html)"
66.249.74.101 - - [29/Mar/2026:13:58:11 +0000] "GET /?v=3727927586 HTTP/1.1" 200 216264 "-" "Mozilla/5.0 (Linux; Android 6.0.1; Nexus 5X Build/MMB29P) AppleWebKit/537.36 (KHTML, like Gecko) Chrome/146.0.7680.153 Mobile Safari/537.36 (compatible; Googlebot/2.1; +http://www.google.com/bot.html)"
207.46.13.141 - - [29/Mar/2026:13:58:21 +0000] "GET /?u=72051198236409&channel=1a5259&from=jp.php%3Fid%3D1982364-3255%26name%3DSHURE+M44-7+%E3%82%AB%E3%83%BC%E3%83%88%E3%83%AA%E3%83%83%E3%82%B8%E3%80%80Technics+%E3%83%98%E3%83%83%E3%83%89%E3%82%B7%E3%82%A7%E3%83%AB+2%E5%80%8B%E3%82%BB%E3%83%83%E3%83%88 HTTP/1.1" 200 209487 "-" "Mozilla/5.0 AppleWebKit/537.36 (KHTML, like Gecko; compatible; bingbot/2.0; +http://www.bing.com/bingbot.htm) Chrome/116.0.1938.76 Safari/537.36"
52.167.144.171 - - [29/Mar/2026:13:58:33 +0000] "GET /nl/spare-parts/page/11/ HTTP/1.1" 200 196743 "-" "Mozilla/5.0 AppleWebKit/537.36 (KHTML, like Gecko; compatible; bingbot/2.0; +http://www.bing.com/bingbot.htm) Chrome/116.0.1938.76 Safari/537.36"
114.119.155.38 - - [29/Mar/2026:13:58:41 +0000] "GET /shop/lapling/samarra063927854195.shtm HTTP/1.1" 301 - "-" "Mozilla/5.0 (Linux; Android 7.0;) AppleWebKit/537.36 (HTML, like Gecko) Mobile Safari/537.36 (compatible; PetalBot;+https://webmaster.petalsearch.com/site/petalbot)"
114.119.155.38 - - [29/Mar/2026:13:58:44 +0000] "GET /shop/lapling/samarra063927854195.shtm HTTP/1.1" 404 37550 "https://sunra.be/shop/lapling/samarra063927854195.shtm" "Mozilla/5.0 (Linux; Android 7.0;) AppleWebKit/537.36 (HTML, like Gecko) Mobile Safari/537.36 (compatible; PetalBot;+https://webmaster.petalsearch.com/site/petalbot)"
79.165.169.108 - - [29/Mar/2026:13:58:52 +0000] "GET /shopdetail/industry/022030627 HTTP/1.1" 404 38877 "-" "Mozilla/5.0 (Macintosh; Intel Mac OS X 12.1; rv:125.0) Gecko/20100101 Firefox/125.0"
217.182.68.102 - - [29/Mar/2026:13:58:53 +0000] "POST /wp-cron.php?doing_wp_cron=1774792733.9345779418945312500000 HTTP/1.1" 200 - "-" "WordPress/6.9.4; https://www.sunra.be"
68.9.85.24 - - [29/Mar/2026:13:58:59 +0000] "GET /shopdetail/pregnancy/217012962 HTTP/1.1" 301 - "-" "Mozilla/5.0 (compatible; MSIE 9.0; Windows NT 6.1; Win64; x64; Trident/5.0"
109.138.142.133 - - [29/Mar/2026:13:59:01 +0000] "GET /our-models/robo/ HTTP/1.1" 200 101521 "https://www.sunra.be/our-models/crystal-2/" "Mozilla/5.0 (iPhone; CPU iPhone OS 26_3_1 like Mac OS X) AppleWebKit/605.1.15 (KHTML, like Gecko) GSA/413.1.887139264 Mobile/15E148 Safari/604.1"
109.138.142.133 - - [29/Mar/2026:13:59:03 +0000] "GET /wp-content/themes/sunra/style.css?t=1774792743&ver=6.9.4 HTTP/1.1" 200 24715 "https://www.sunra.be/our-models/robo/" "Mozilla/5.0 (iPhone; CPU iPhone OS 26_3_1 like Mac OS X) AppleWebKit/605.1.15 (KHTML, like Gecko) GSA/413.1.887139264 Mobile/15E148 Safari/604.1"
109.138.142.133 - - [29/Mar/2026:13:59:03 +0000] "GET /wp-content/uploads/2023/06/ROBO-S.mp4 HTTP/1.1" 206 2 "https://www.sunra.be/our-models/robo/" "Mozilla/5.0 (iPhone; CPU iPhone OS 26_3_1 like Mac OS X) AppleWebKit/605.1.15 (KHTML, like Gecko) GSA/413.1.887139264 Mobile/15E148 Safari/604.1"
109.138.142.133 - - [29/Mar/2026:13:59:03 +0000] "GET /wp-content/uploads/2023/06/Untitled-4-01-3.jpg HTTP/1.1" 200 704870 "https://www.sunra.be/our-models/robo/" "Mozilla/5.0 (iPhone; CPU iPhone OS 26_3_1 like Mac OS X) AppleWebKit/605.1.15 (KHTML, like Gecko) GSA/413.1.887139264 Mobile/15E148 Safari/604.1"
109.138.142.133 - - [29/Mar/2026:13:59:03 +0000] "GET /wp-content/uploads/2023/06/Untitled-4-02-3.jpg HTTP/1.1" 200 675397 "https://www.sunra.be/our-models/robo/" "Mozilla/5.0 (iPhone; CPU iPhone OS 26_3_1 like Mac OS X) AppleWebKit/605.1.15 (KHTML, like Gecko) GSA/413.1.887139264 Mobile/15E148 Safari/604.1"
109.138.142.133 - - [29/Mar/2026:13:59:03 +0000] "GET /wp-content/uploads/2023/06/specs-Bg-robos-01.jpg HTTP/1.1" 200 105609 "https://www.sunra.be/our-models/robo/" "Mozilla/5.0 (iPhone; CPU iPhone OS 26_3_1 like Mac OS X) AppleWebKit/605.1.15 (KHTML, like Gecko) GSA/413.1.887139264 Mobile/15E148 Safari/604.1"
109.138.142.133 - - [29/Mar/2026:13:59:03 +0000] "GET /wp-content/uploads/2023/06/robo_che1-1-2.webp HTTP/1.1" 200 112550 "https://www.sunra.be/" "Mozilla/5.0 (iPhone; CPU iPhone OS 26_3_1 like Mac OS X) AppleWebKit/605.1.15 (KHTML, like Gecko) GSA/413.1.887139264 Mobile/15E148 Safari/604.1"
109.138.142.133 - - [29/Mar/2026:13:59:03 +0000] "GET /wp-content/uploads/2023/06/ROBO-S.mp4 HTTP/1.1" 206 15400410 "https://www.sunra.be/our-models/robo/" "Mozilla/5.0 (iPhone; CPU iPhone OS 26_3_1 like Mac OS X) AppleWebKit/605.1.15 (KHTML, like Gecko) GSA/413.1.887139264 Mobile/15E148 Safari/604.1"
109.138.142.133 - - [29/Mar/2026:13:59:04 +0000] "GET /wp-content/uploads/2023/06/ROBO-S.mp4 HTTP/1.1" 206 64986 "https://www.sunra.be/our-models/robo/" "Mozilla/5.0 (iPhone; CPU iPhone OS 26_3_1 like Mac OS X) AppleWebKit/605.1.15 (KHTML, like Gecko) GSA/413.1.887139264 Mobile/15E148 Safari/604.1"
109.138.142.133 - - [29/Mar/2026:13:59:03 +0000] "GET /wp-content/uploads/2023/06/Untitled-4-04-3.jpg HTTP/1.1" 200 594765 "https://www.sunra.be/our-models/robo/" "Mozilla/5.0 (iPhone; CPU iPhone OS 26_3_1 like Mac OS X) AppleWebKit/605.1.15 (KHTML, like Gecko) GSA/413.1.887139264 Mobile/15E148 Safari/604.1"
109.138.142.133 - - [29/Mar/2026:13:59:04 +0000] "GET /wp-content/uploads/2023/06/1-ROBO-3.png HTTP/1.1" 200 270355 "https://www.sunra.be/" "Mozilla/5.0 (iPhone; CPU iPhone OS 26_3_1 like Mac OS X) AppleWebKit/605.1.15 (KHTML, like Gecko) GSA/413.1.887139264 Mobile/15E148 Safari/604.1"
109.138.142.133 - - [29/Mar/2026:13:59:03 +0000] "GET /wp-content/uploads/2023/06/Untitled-4-03-3.jpg HTTP/1.1" 200 911144 "https://www.sunra.be/our-models/robo/" "Mozilla/5.0 (iPhone; CPU iPhone OS 26_3_1 like Mac OS X) AppleWebKit/605.1.15 (KHTML, like Gecko) GSA/413.1.887139264 Mobile/15E148 Safari/604.1"
109.138.142.133 - - [29/Mar/2026:13:59:03 +0000] "GET /wp-content/uploads/2023/06/Untitled-4-05-2.jpg HTTP/1.1" 200 670131 "https://www.sunra.be/our-models/robo/" "Mozilla/5.0 (iPhone; CPU iPhone OS 26_3_1 like Mac OS X) AppleWebKit/605.1.15 (KHTML, like Gecko) GSA/413.1.887139264 Mobile/15E148 Safari/604.1"
216.73.216.217 - - [29/Mar/2026:13:59:03 +0000] "GET /shop/dextrorsal/faire053073813036.shtm HTTP/1.1" 301 - "-" "Mozilla/5.0 AppleWebKit/537.36 (KHTML, like Gecko; compatible; ClaudeBot/1.0; +claudebot@anthropic.com)"
216.73.216.217 - - [29/Mar/2026:13:59:05 +0000] "GET /shop/dextrorsal/faire053073813036.shtm HTTP/1.1" 404 38893 "https://sunra.be/shop/dextrorsal/faire053073813036.shtm" "Mozilla/5.0 AppleWebKit/537.36 (KHTML, like Gecko; compatible; ClaudeBot/1.0; +claudebot@anthropic.com)"
109.138.142.133 - - [29/Mar/2026:13:59:04 +0000] "GET /wp-content/uploads/2023/06/ROBO-S.mp4 HTTP/1.1" 206 15167533 "https://www.sunra.be/our-models/robo/" "Mozilla/5.0 (iPhone; CPU iPhone OS 26_3_1 like Mac OS X) AppleWebKit/605.1.15 (KHTML, like Gecko) GSA/413.1.887139264 Mobile/15E148 Safari/604.1"
109.138.142.133 - - [29/Mar/2026:13:59:11 +0000] "GET /wp-content/uploads/2023/06/ROBO-4-1.png HTTP/1.1" 200 148104 "https://www.sunra.be/our-models/robo/" "Mozilla/5.0 (iPhone; CPU iPhone OS 26_3_1 like Mac OS X) AppleWebKit/605.1.15 (KHTML, like Gecko) GSA/413.1.887139264 Mobile/15E148 Safari/604.1"
109.138.142.133 - - [29/Mar/2026:13:59:11 +0000] "GET /wp-content/uploads/2023/06/ROBO-1.png HTTP/1.1" 200 199882 "https://www.sunra.be/our-models/robo/" "Mozilla/5.0 (iPhone; CPU iPhone OS 26_3_1 like Mac OS X) AppleWebKit/605.1.15 (KHTML, like Gecko) GSA/413.1.887139264 Mobile/15E148 Safari/604.1"
109.138.142.133 - - [29/Mar/2026:13:59:11 +0000] "GET /wp-content/uploads/2023/06/ROBO-5.png HTTP/1.1" 200 167086 "https://www.sunra.be/our-models/robo/" "Mozilla/5.0 (iPhone; CPU iPhone OS 26_3_1 like Mac OS X) AppleWebKit/605.1.15 (KHTML, like Gecko) GSA/413.1.887139264 Mobile/15E148 Safari/604.1"
109.138.142.133 - - [29/Mar/2026:13:59:11 +0000] "GET /wp-content/uploads/2023/06/ROBO-7.png HTTP/1.1" 200 276180 "https://www.sunra.be/our-models/robo/" "Mozilla/5.0 (iPhone; CPU iPhone OS 26_3_1 like Mac OS X) AppleWebKit/605.1.15 (KHTML, like Gecko) GSA/413.1.887139264 Mobile/15E148 Safari/604.1"
109.138.142.133 - - [29/Mar/2026:13:59:11 +0000] "GET /wp-content/uploads/2023/06/ROBO-3.png HTTP/1.1" 200 256378 "https://www.sunra.be/our-models/robo/" "Mozilla/5.0 (iPhone; CPU iPhone OS 26_3_1 like Mac OS X) AppleWebKit/605.1.15 (KHTML, like Gecko) GSA/413.1.887139264 Mobile/15E148 Safari/604.1"
109.138.142.133 - - [29/Mar/2026:13:59:11 +0000] "GET /wp-content/uploads/2023/06/ROBO-8.png HTTP/1.1" 200 267523 "https://www.sunra.be/our-models/robo/" "Mozilla/5.0 (iPhone; CPU iPhone OS 26_3_1 like Mac OS X) AppleWebKit/605.1.15 (KHTML, like Gecko) GSA/413.1.887139264 Mobile/15E148 Safari/604.1"
109.138.142.133 - - [29/Mar/2026:13:59:11 +0000] "GET /our-models/robo/assets/styles.css HTTP/1.1" 404 37542 "https://www.sunra.be/our-models/robo/" "Mozilla/5.0 (iPhone; CPU iPhone OS 26_3_1 like Mac OS X) AppleWebKit/605.1.15 (KHTML, like Gecko) GSA/413.1.887139264 Mobile/15E148 Safari/604.1"
216.73.216.217 - - [29/Mar/2026:13:59:22 +0000] "GET /shop/traitor/bendlet052220229975.shtm HTTP/1.1" 301 - "-" "Mozilla/5.0 AppleWebKit/537.36 (KHTML, like Gecko; compatible; ClaudeBot/1.0; +claudebot@anthropic.com)"
143.20.253.208 - - [29/Mar/2026:13:59:22 +0000] "GET /wp-json/oembed/1.0/embed?url=https%3A%2F%2Fwww.sunra.be%2Fspareparts%2Fmeter%2F&format=xml HTTP/1.1" 200 2545 "-" "Mozilla/5.0 (Macintosh; Intel Mac OS X 10_15_7) AppleWebKit/537.36 (KHTML, like Gecko) Chrome/135.0.0.0 Safari/537.36"
216.73.216.217 - - [29/Mar/2026:13:59:24 +0000] "GET /shop/traitor/bendlet052220229975.shtm HTTP/1.1" 404 38891 "https://sunra.be/shop/traitor/bendlet052220229975.shtm" "Mozilla/5.0 AppleWebKit/537.36 (KHTML, like Gecko; compatible; ClaudeBot/1.0; +claudebot@anthropic.com)"
109.138.142.133 - - [29/Mar/2026:13:59:24 +0000] "GET /become-a-dealer/ HTTP/1.1" 200 61610 "https://www.sunra.be/our-models/robo/" "Mozilla/5.0 (iPhone; CPU iPhone OS 26_3_1 like Mac OS X) AppleWebKit/605.1.15 (KHTML, like Gecko) GSA/413.1.887139264 Mobile/15E148 Safari/604.1"
109.138.142.133 - - [29/Mar/2026:13:59:27 +0000] "GET /wp-content/themes/sunra/style.css?t=1774792766&ver=6.9.4 HTTP/1.1" 200 24715 "https://www.sunra.be/become-a-dealer/" "Mozilla/5.0 (iPhone; CPU iPhone OS 26_3_1 like Mac OS X) AppleWebKit/605.1.15 (KHTML, like Gecko) GSA/413.1.887139264 Mobile/15E148 Safari/604.1"
109.138.142.133 - - [29/Mar/2026:13:59:27 +0000] "GET /wp-content/uploads/2023/06/Group-147.png HTTP/1.1" 200 839250 "https://www.sunra.be/become-a-dealer/" "Mozilla/5.0 (iPhone; CPU iPhone OS 26_3_1 like Mac OS X) AppleWebKit/605.1.15 (KHTML, like Gecko) GSA/413.1.887139264 Mobile/15E148 Safari/604.1"
109.138.142.133 - - [29/Mar/2026:13:59:27 +0000] "GET /wp-content/uploads/2023/06/Group-234.png HTTP/1.1" 200 843192 "https://www.sunra.be/become-a-dealer/" "Mozilla/5.0 (iPhone; CPU iPhone OS 26_3_1 like Mac OS X) AppleWebKit/605.1.15 (KHTML, like Gecko) GSA/413.1.887139264 Mobile/15E148 Safari/604.1"
109.138.142.133 - - [29/Mar/2026:13:59:27 +0000] "GET /wp-content/uploads/2023/06/man-buying-fast-motorcycle-with-help-beautiful-brunette-saleswoman-13.png?id=465 HTTP/1.1" 200 842799 "https://www.sunra.be/become-a-dealer/" "Mozilla/5.0 (iPhone; CPU iPhone OS 26_3_1 like Mac OS X) AppleWebKit/605.1.15 (KHTML, like Gecko) GSA/413.1.887139264 Mobile/15E148 Safari/604.1"
109.138.142.133 - - [29/Mar/2026:13:59:27 +0000] "GET /wp-json/contact-form-7/v1/contact-forms/6626/feedback/schema HTTP/1.1" 200 1316 "https://www.sunra.be/become-a-dealer/" "Mozilla/5.0 (iPhone; CPU iPhone OS 26_3_1 like Mac OS X) AppleWebKit/605.1.15 (KHTML, like Gecko) GSA/413.1.887139264 Mobile/15E148 Safari/604.1"
109.138.142.133 - - [29/Mar/2026:13:59:28 +0000] "GET /wp-content/uploads/2023/06/unsplash_gxD8hCmi0IQ-1.png?id=765 HTTP/1.1" 200 2304325 "https://www.sunra.be/become-a-dealer/" "Mozilla/5.0 (iPhone; CPU iPhone OS 26_3_1 like Mac OS X) AppleWebKit/605.1.15 (KHTML, like Gecko) GSA/413.1.887139264 Mobile/15E148 Safari/604.1"
14.191.84.226 - - [29/Mar/2026:13:59:35 +0000] "GET /shopdetail/prior/003045770 HTTP/1.1" 301 - "-" "Mozilla/5.0 (Macintosh; Intel Mac OS X 15_1_1) AppleWebKit/537.36 (KHTML, like Gecko) Chrome/133.0.6943.53 Safari/537.36"
109.138.142.133 - - [29/Mar/2026:13:59:37 +0000] "GET /our-models/hawk/ HTTP/1.1" 200 100924 "https://www.sunra.be/become-a-dealer/" "Mozilla/5.0 (iPhone; CPU iPhone OS 26_3_1 like Mac OS X) AppleWebKit/605.1.15 (KHTML, like Gecko) GSA/413.1.887139264 Mobile/15E148 Safari/604.1"
109.138.142.133 - - [29/Mar/2026:13:59:39 +0000] "GET /wp-content/themes/sunra/style.css?t=1774792779&ver=6.9.4 HTTP/1.1" 200 24715 "https://www.sunra.be/our-models/hawk/" "Mozilla/5.0 (iPhone; CPU iPhone OS 26_3_1 like Mac OS X) AppleWebKit/605.1.15 (KHTML, like Gecko) GSA/413.1.887139264 Mobile/15E148 Safari/604.1"
109.138.142.133 - - [29/Mar/2026:13:59:39 +0000] "GET /wp-content/uploads/2023/06/Hawk.mp4 HTTP/1.1" 206 2 "https://www.sunra.be/our-models/hawk/" "Mozilla/5.0 (iPhone; CPU iPhone OS 26_3_1 like Mac OS X) AppleWebKit/605.1.15 (KHTML, like Gecko) GSA/413.1.887139264 Mobile/15E148 Safari/604.1"
109.138.142.133 - - [29/Mar/2026:13:59:39 +0000] "GET /wp-content/uploads/2023/06/Untitled-4-02-1.jpg HTTP/1.1" 200 710212 "https://www.sunra.be/our-models/hawk/" "Mozilla/5.0 (iPhone; CPU iPhone OS 26_3_1 like Mac OS X) AppleWebKit/605.1.15 (KHTML, like Gecko) GSA/413.1.887139264 Mobile/15E148 Safari/604.1"
109.138.142.133 - - [29/Mar/2026:13:59:39 +0000] "GET /wp-content/uploads/2023/06/specs-Bg-hawk-01.jpg HTTP/1.1" 200 266174 "https://www.sunra.be/our-models/hawk/" "Mozilla/5.0 (iPhone; CPU iPhone OS 26_3_1 like Mac OS X) AppleWebKit/605.1.15 (KHTML, like Gecko) GSA/413.1.887139264 Mobile/15E148 Safari/604.1"
109.138.142.133 - - [29/Mar/2026:13:59:39 +0000] "GET /wp-content/uploads/2023/06/Untitled-4-01-1.jpg HTTP/1.1" 200 786827 "https://www.sunra.be/our-models/hawk/" "Mozilla/5.0 (iPhone; CPU iPhone OS 26_3_1 like Mac OS X) AppleWebKit/605.1.15 (KHTML, like Gecko) GSA/413.1.887139264 Mobile/15E148 Safari/604.1"
109.138.142.133 - - [29/Mar/2026:13:59:39 +0000] "GET /wp-content/uploads/2023/06/Hawk9-1.webp HTTP/1.1" 200 40998 "https://www.sunra.be/" "Mozilla/5.0 (iPhone; CPU iPhone OS 26_3_1 like Mac OS X) AppleWebKit/605.1.15 (KHTML, like Gecko) GSA/413.1.887139264 Mobile/15E148 Safari/604.1"
109.138.142.133 - - [29/Mar/2026:13:59:40 +0000] "GET /wp-content/uploads/2023/06/Hawk10-1.webp HTTP/1.1" 200 39794 "https://www.sunra.be/" "Mozilla/5.0 (iPhone; CPU iPhone OS 26_3_1 like Mac OS X) AppleWebKit/605.1.15 (KHTML, like Gecko) GSA/413.1.887139264 Mobile/15E148 Safari/604.1"
66.249.81.226 - - [29/Mar/2026:13:59:39 +0000] "GET /our-models/hawk/ HTTP/1.1" 200 202737 "-" "Mozilla/5.0 (Linux; Android 10; K) AppleWebKit/537.36 (KHTML, like Gecko) Chrome/138.0.0.0 Mobile Safari/537.36 (compatible; Google-Read-Aloud; +https://support.google.com/webmasters/answer/1061943)"
109.138.142.133 - - [29/Mar/2026:13:59:39 +0000] "GET /wp-content/uploads/2023/06/Untitled-4-04-1.jpg HTTP/1.1" 200 791305 "https://www.sunra.be/our-models/hawk/" "Mozilla/5.0 (iPhone; CPU iPhone OS 26_3_1 like Mac OS X) AppleWebKit/605.1.15 (KHTML, like Gecko) GSA/413.1.887139264 Mobile/15E148 Safari/604.1"
109.138.142.133 - - [29/Mar/2026:13:59:41 +0000] "GET /wp-content/uploads/2023/06/mk_left-1.webp HTTP/1.1" 200 44724 "https://www.sunra.be/" "Mozilla/5.0 (iPhone; CPU iPhone OS 26_3_1 like Mac OS X) AppleWebKit/605.1.15 (KHTML, like Gecko) GSA/413.1.887139264 Mobile/15E148 Safari/604.1"
109.138.142.133 - - [29/Mar/2026:13:59:41 +0000] "GET /wp-content/uploads/2023/06/Hawk11-1.webp HTTP/1.1" 200 42132 "https://www.sunra.be/" "Mozilla/5.0 (iPhone; CPU iPhone OS 26_3_1 like Mac OS X) AppleWebKit/605.1.15 (KHTML, like Gecko) GSA/413.1.887139264 Mobile/15E148 Safari/604.1"
109.138.142.133 - - [29/Mar/2026:13:59:39 +0000] "GET /wp-content/uploads/2023/06/Untitled-4-03-1.jpg HTTP/1.1" 200 863096 "https://www.sunra.be/our-models/hawk/" "Mozilla/5.0 (iPhone; CPU iPhone OS 26_3_1 like Mac OS X) AppleWebKit/605.1.15 (KHTML, like Gecko) GSA/413.1.887139264 Mobile/15E148 Safari/604.1"
106.68.242.54 - - [29/Mar/2026:13:59:39 +0000] "GET /shopdetail/prior/003045770 HTTP/1.1" 404 38871 "-" "Mozilla/5.0 (Macintosh; Intel Mac OS X 15_1_1) AppleWebKit/537.36 (KHTML, like Gecko) Chrome/133.0.6943.53 Safari/537.36"
109.138.142.133 - - [29/Mar/2026:13:59:40 +0000] "GET /wp-content/uploads/2023/06/Untitled-4-05-1.jpg HTTP/1.1" 200 1116422 "https://www.sunra.be/our-models/hawk/" "Mozilla/5.0 (iPhone; CPU iPhone OS 26_3_1 like Mac OS X) AppleWebKit/605.1.15 (KHTML, like Gecko) GSA/413.1.887139264 Mobile/15E148 Safari/604.1"
109.138.142.133 - - [29/Mar/2026:13:59:39 +0000] "GET /wp-content/uploads/2023/06/Hawk.mp4 HTTP/1.1" 206 4534930 "https://www.sunra.be/our-models/hawk/" "Mozilla/5.0 (iPhone; CPU iPhone OS 26_3_1 like Mac OS X) AppleWebKit/605.1.15 (KHTML, like Gecko) GSA/413.1.887139264 Mobile/15E148 Safari/604.1"
109.138.142.133 - - [29/Mar/2026:13:59:41 +0000] "GET /wp-content/uploads/2023/06/Hawk5.webp HTTP/1.1" 200 17218 "https://www.sunra.be/our-models/hawk/" "Mozilla/5.0 (iPhone; CPU iPhone OS 26_3_1 like Mac OS X) AppleWebKit/605.1.15 (KHTML, like Gecko) GSA/413.1.887139264 Mobile/15E148 Safari/604.1"
109.138.142.133 - - [29/Mar/2026:13:59:41 +0000] "GET /wp-content/uploads/2023/06/Hawk6.webp HTTP/1.1" 200 38936 "https://www.sunra.be/our-models/hawk/" "Mozilla/5.0 (iPhone; CPU iPhone OS 26_3_1 like Mac OS X) AppleWebKit/605.1.15 (KHTML, like Gecko) GSA/413.1.887139264 Mobile/15E148 Safari/604.1"
109.138.142.133 - - [29/Mar/2026:13:59:41 +0000] "GET /wp-content/uploads/2023/06/Hawk4.webp HTTP/1.1" 200 39820 "https://www.sunra.be/our-models/hawk/" "Mozilla/5.0 (iPhone; CPU iPhone OS 26_3_1 like Mac OS X) AppleWebKit/605.1.15 (KHTML, like Gecko) GSA/413.1.887139264 Mobile/15E148 Safari/604.1"
109.138.142.133 - - [29/Mar/2026:13:59:41 +0000] "GET /wp-content/uploads/2023/06/Hawk3-1.webp HTTP/1.1" 200 30264 "https://www.sunra.be/our-models/hawk/" "Mozilla/5.0 (iPhone; CPU iPhone OS 26_3_1 like Mac OS X) AppleWebKit/605.1.15 (KHTML, like Gecko) GSA/413.1.887139264 Mobile/15E148 Safari/604.1"
109.138.142.133 - - [29/Mar/2026:13:59:41 +0000] "GET /wp-content/uploads/2023/06/Hawk2.webp HTTP/1.1" 200 38984 "https://www.sunra.be/our-models/hawk/" "Mozilla/5.0 (iPhone; CPU iPhone OS 26_3_1 like Mac OS X) AppleWebKit/605.1.15 (KHTML, like Gecko) GSA/413.1.887139264 Mobile/15E148 Safari/604.1"
109.138.142.133 - - [29/Mar/2026:13:59:41 +0000] "GET /wp-content/uploads/2023/06/Hawk1.webp HTTP/1.1" 200 33282 "https://www.sunra.be/our-models/hawk/" "Mozilla/5.0 (iPhone; CPU iPhone OS 26_3_1 like Mac OS X) AppleWebKit/605.1.15 (KHTML, like Gecko) GSA/413.1.887139264 Mobile/15E148 Safari/604.1"
109.138.142.133 - - [29/Mar/2026:13:59:41 +0000] "GET /wp-content/uploads/2023/06/mk_left.webp HTTP/1.1" 200 44724 "https://www.sunra.be/our-models/hawk/" "Mozilla/5.0 (iPhone; CPU iPhone OS 26_3_1 like Mac OS X) AppleWebKit/605.1.15 (KHTML, like Gecko) GSA/413.1.887139264 Mobile/15E148 Safari/604.1"
109.138.142.133 - - [29/Mar/2026:13:59:41 +0000] "GET /wp-content/uploads/2023/06/Hawk7.webp HTTP/1.1" 200 39386 "https://www.sunra.be/our-models/hawk/" "Mozilla/5.0 (iPhone; CPU iPhone OS 26_3_1 like Mac OS X) AppleWebKit/605.1.15 (KHTML, like Gecko) GSA/413.1.887139264 Mobile/15E148 Safari/604.1"
109.138.142.133 - - [29/Mar/2026:13:59:41 +0000] "GET /wp-content/uploads/2023/06/Hawk8.webp HTTP/1.1" 200 19416 "https://www.sunra.be/our-models/hawk/" "Mozilla/5.0 (iPhone; CPU iPhone OS 26_3_1 like Mac OS X) AppleWebKit/605.1.15 (KHTML, like Gecko) GSA/413.1.887139264 Mobile/15E148 Safari/604.1"
109.138.142.133 - - [29/Mar/2026:13:59:41 +0000] "GET /our-models/hawk/assets/styles.css HTTP/1.1" 404 37542 "https://www.sunra.be/our-models/hawk/" "Mozilla/5.0 (iPhone; CPU iPhone OS 26_3_1 like Mac OS X) AppleWebKit/605.1.15 (KHTML, like Gecko) GSA/413.1.887139264 Mobile/15E148 Safari/604.1"
74.125.212.67 - - [29/Mar/2026:13:59:42 +0000] "GET /our-models/hawk HTTP/1.1" 200 202737 "-" "Mozilla/5.0 (Linux; Android 10; K) AppleWebKit/537.36 (KHTML, like Gecko) Chrome/138.0.0.0 Mobile Safari/537.36 (compatible; Google-Read-Aloud; +https://support.google.com/webmasters/answer/1061943)"
74.125.210.171 - - [29/Mar/2026:13:59:42 +0000] "GET /our-models/hawk HTTP/1.1" 200 202737 "-" "Mozilla/5.0 (Linux; Android 10; K) AppleWebKit/537.36 (KHTML, like Gecko) Chrome/138.0.0.0 Mobile Safari/537.36 (compatible; Google-Read-Aloud; +https://support.google.com/webmasters/answer/1061943)"
216.73.216.217 - - [29/Mar/2026:13:59:42 +0000] "GET /shop/idiorepulsive/halpace052405480909.shtm HTTP/1.1" 301 - "-" "Mozilla/5.0 AppleWebKit/537.36 (KHTML, like Gecko; compatible; ClaudeBot/1.0; +claudebot@anthropic.com)"
113.178.52.148 - - [29/Mar/2026:13:59:43 +0000] "GET /shopdetail/industry/246021795 HTTP/1.1" 404 38877 "-" "Mozilla/5.0 (Macintosh; Intel Mac OS X 14_3_1) AppleWebKit/537.36 (KHTML, like Gecko) Chrome/131.0.6778.204 Safari/537.36"
216.73.216.217 - - [29/Mar/2026:13:59:43 +0000] "GET /shop/idiorepulsive/halpace052405480909.shtm HTTP/1.1" 404 38903 "https://sunra.be/shop/idiorepulsive/halpace052405480909.shtm" "Mozilla/5.0 AppleWebKit/537.36 (KHTML, like Gecko; compatible; ClaudeBot/1.0; +claudebot@anthropic.com)"
216.73.216.217 - - [29/Mar/2026:14:00:00 +0000] "GET /shop/sliding/appui05223451428.shtm HTTP/1.1" 301 - "-" "Mozilla/5.0 AppleWebKit/537.36 (KHTML, like Gecko; compatible; ClaudeBot/1.0; +claudebot@anthropic.com)"
217.182.68.102 - - [29/Mar/2026:14:00:02 +0000] "POST /wp-cron.php?doing_wp_cron=1774792802.5625560283660888671875 HTTP/1.1" 200 - "-" "WordPress/6.9.4; https://www.sunra.be"
216.73.216.217 - - [29/Mar/2026:14:00:03 +0000] "GET /shop/sliding/appui05223451428.shtm HTTP/1.1" 404 38885 "https://sunra.be/shop/sliding/appui05223451428.shtm" "Mozilla/5.0 AppleWebKit/537.36 (KHTML, like Gecko; compatible; ClaudeBot/1.0; +claudebot@anthropic.com)"
114.119.149.159 - - [29/Mar/2026:14:00:17 +0000] "GET /shop/laneus/sarcoderm061117559972.shtm HTTP/1.1" 301 - "https://sunra.be/?sitemap869.xml" "Mozilla/5.0 (Linux; Android 7.0;) AppleWebKit/537.36 (KHTML, like Gecko) Mobile Safari/537.36 (compatible; PetalBot;+https://webmaster.petalsearch.com/site/petalbot)"
216.73.216.217 - - [29/Mar/2026:14:00:19 +0000] "GET /shop/scrog/persulphuret063847021803.shtm HTTP/1.1" 301 - "-" "Mozilla/5.0 AppleWebKit/537.36 (KHTML, like Gecko; compatible; ClaudeBot/1.0; +claudebot@anthropic.com)"
216.73.216.217 - - [29/Mar/2026:14:00:20 +0000] "GET /shop/scrog/persulphuret063847021803.shtm HTTP/1.1" 404 38897 "https://sunra.be/shop/scrog/persulphuret063847021803.shtm" "Mozilla/5.0 AppleWebKit/537.36 (KHTML, like Gecko; compatible; ClaudeBot/1.0; +claudebot@anthropic.com)"
146.174.178.16 - - [29/Mar/2026:14:00:22 +0000] "GET /shopdetail/thing/027016570 HTTP/1.1" 404 38871 "-" "Mozilla/5.0 (Macintosh; Intel Mac OS X 12.2; rv:131.0) Gecko/20100101 Firefox/131.0"
49.47.68.178 - - [29/Mar/2026:14:00:29 +0000] "GET /shopdetail/standard/275014856 HTTP/1.1" 301 - "-" "Mozilla/5.0 (Macintosh; Intel Mac OS X 14.6; rv:133.0) Gecko/20100101 Firefox/133.0"
113.167.181.147 - - [29/Mar/2026:14:00:32 +0000] "GET /shopdetail/standard/275014856 HTTP/1.1" 404 38877 "-" "Mozilla/5.0 (Macintosh; Intel Mac OS X 14.6; rv:133.0) Gecko/20100101 Firefox/133.0"
216.73.216.217 - - [29/Mar/2026:14:00:38 +0000] "GET /shop/cropeared/archdiocese043328068367.shtm HTTP/1.1" 301 - "-" "Mozilla/5.0 AppleWebKit/537.36 (KHTML, like Gecko; compatible; ClaudeBot/1.0; +claudebot@anthropic.com)"
216.73.216.217 - - [29/Mar/2026:14:00:40 +0000] "GET /shop/cropeared/archdiocese043328068367.shtm HTTP/1.1" 404 38903 "https://sunra.be/shop/cropeared/archdiocese043328068367.shtm" "Mozilla/5.0 AppleWebKit/537.36 (KHTML, like Gecko; compatible; ClaudeBot/1.0; +claudebot@anthropic.com)"
216.73.216.217 - - [29/Mar/2026:14:00:51 +0000] "GET /shop/tartro/graveclothes063392702764.shtm HTTP/1.1" 301 - "-" "Mozilla/5.0 AppleWebKit/537.36 (KHTML, like Gecko; compatible; ClaudeBot/1.0; +claudebot@anthropic.com)"
217.182.68.102 - - [29/Mar/2026:14:00:53 +0000] "POST /wp-cron.php?doing_wp_cron=1774792853.1201360225677490234375 HTTP/1.1" 200 - "-" "WordPress/6.9.4; https://www.sunra.be"
216.73.216.217 - - [29/Mar/2026:14:00:54 +0000] "GET /shop/tartro/graveclothes063392702764.shtm HTTP/1.1" 404 38899 "https://sunra.be/shop/tartro/graveclothes063392702764.shtm" "Mozilla/5.0 AppleWebKit/537.36 (KHTML, like Gecko; compatible; ClaudeBot/1.0; +claudebot@anthropic.com)"
5.39.1.239 - - [29/Mar/2026:14:00:57 +0000] "GET /?u=78101180040200&channel=c3b47a&from=category-info.php%3Fid%3D1800402-12430%26name%3D%E3%83%93%E3%83%BC%E3%83%80%E3%83%9E%E3%83%B3%20%E3%82%B7%E3%83%A5%E3%83%88%E3%83%AD%E3%83%A0%E3%82%B0%E3%83%AA%E3%83%95%E3%82%A9%E3%83%B3 HTTP/1.1" 200 136404 "-" "Mozilla/5.0 (compatible; AhrefsBot/7.0; +http://ahrefs.com/robot/)"
203.162.193.4 - - [29/Mar/2026:14:01:10 +0000] "GET /shopdetail/surgery/277033172 HTTP/1.1" 301 - "-" "Mozilla/5.0 (Macintosh; Intel Mac OS X 13_6_0) AppleWebKit/537.36 (KHTML, like Gecko) Chrome/128.0.6613.36 Safari/537.36"
216.73.216.217 - - [29/Mar/2026:14:01:12 +0000] "GET /shop/yellowtop/lictor052262315015.shtm HTTP/1.1" 301 - "-" "Mozilla/5.0 AppleWebKit/537.36 (KHTML, like Gecko; compatible; ClaudeBot/1.0; +claudebot@anthropic.com)"
66.249.74.102 - - [29/Mar/2026:14:01:13 +0000] "GET /?u=8340932357707 HTTP/1.1" 200 206184 "-" "Mozilla/5.0 (Linux; Android 6.0.1; Nexus 5X Build/MMB29P) AppleWebKit/537.36 (KHTML, like Gecko) Chrome/146.0.7680.153 Mobile Safari/537.36 (compatible; Googlebot/2.1; +http://www.google.com/bot.html)"
66.249.74.100 - - [29/Mar/2026:14:01:14 +0000] "GET /?u=2822057113100 HTTP/1.1" 200 203638 "-" "Mozilla/5.0 (Linux; Android 6.0.1; Nexus 5X Build/MMB29P) AppleWebKit/537.36 (KHTML, like Gecko) Chrome/146.0.7680.153 Mobile Safari/537.36 (compatible; Googlebot/2.1; +http://www.google.com/bot.html)"
123.25.163.158 - - [29/Mar/2026:14:01:13 +0000] "GET /shopdetail/surgery/277033172 HTTP/1.1" 404 38875 "-" "Mozilla/5.0 (Macintosh; Intel Mac OS X 13_6_0) AppleWebKit/537.36 (KHTML, like Gecko) Chrome/128.0.6613.36 Safari/537.36"
216.73.216.217 - - [29/Mar/2026:14:01:14 +0000] "GET /shop/yellowtop/lictor052262315015.shtm HTTP/1.1" 404 38893 "https://sunra.be/shop/yellowtop/lictor052262315015.shtm" "Mozilla/5.0 AppleWebKit/537.36 (KHTML, like Gecko; compatible; ClaudeBot/1.0; +claudebot@anthropic.com)"
66.249.73.13 - - [29/Mar/2026:14:01:16 +0000] "GET /nl/our-models/miku-super HTTP/1.1" 200 222980 "-" "Mozilla/5.0 (Linux; Android 6.0.1; Nexus 5X Build/MMB29P) AppleWebKit/537.36 (KHTML, like Gecko) Chrome/146.0.7680.153 Mobile Safari/537.36 (compatible; Googlebot/2.1; +http://www.google.com/bot.html)"
