104.197.234.136 - - [29/Mar/2026:17:34:48 +0000] "POST //xmlrpc.php HTTP/1.1" 200 408 "-" "Mozilla/5.0 (Windows NT 10.0; Win64; x64) AppleWebKit/537.36 (KHTML, like Gecko) Chrome/78.0.3904.108 Safari/537.36"
74.7.227.191 - - [29/Mar/2026:17:34:48 +0000] "GET /shop/stippling/espied011246595330.shtm HTTP/1.1" 404 38893 "https://sunra.be" "Mozilla/5.0 AppleWebKit/537.36 (KHTML, like Gecko; compatible; GPTBot/1.3; +https://openai.com/gptbot)"
216.73.216.217 - - [29/Mar/2026:17:34:48 +0000] "GET /shop/clone/loover003617612445.shtm HTTP/1.1" 404 38885 "https://sunra.be/shop/clone/loover003617612445.shtm" "Mozilla/5.0 AppleWebKit/537.36 (KHTML, like Gecko; compatible; ClaudeBot/1.0; +claudebot@anthropic.com)"
74.7.242.15 - - [29/Mar/2026:17:34:48 +0000] "GET /shop/monophanous/chaldron012621179875.shtm HTTP/1.1" 301 - "https://sunra.be/sitemap.xml" "Mozilla/5.0 AppleWebKit/537.36 (KHTML, like Gecko; compatible; GPTBot/1.3; +https://openai.com/gptbot)"
104.197.234.136 - - [29/Mar/2026:17:34:51 +0000] "POST //xmlrpc.php HTTP/1.1" 200 408 "-" "Mozilla/5.0 (Windows NT 10.0; Win64; x64) AppleWebKit/537.36 (KHTML, like Gecko) Chrome/78.0.3904.108 Safari/537.36"
74.7.242.15 - - [29/Mar/2026:17:34:51 +0000] "GET /shop/blossomless/hauynite012265312858.shtm HTTP/1.1" 301 - "https://sunra.be/sitemap.xml" "Mozilla/5.0 AppleWebKit/537.36 (KHTML, like Gecko; compatible; GPTBot/1.3; +https://openai.com/gptbot)"
216.73.216.217 - - [29/Mar/2026:17:34:52 +0000] "GET /shop/intermutually/addlings003616400330.shtm HTTP/1.1" 301 - "-" "Mozilla/5.0 AppleWebKit/537.36 (KHTML, like Gecko; compatible; ClaudeBot/1.0; +claudebot@anthropic.com)"
104.197.234.136 - - [29/Mar/2026:17:34:52 +0000] "POST //xmlrpc.php HTTP/1.1" 200 408 "-" "Mozilla/5.0 (Windows NT 10.0; Win64; x64) AppleWebKit/537.36 (KHTML, like Gecko) Chrome/78.0.3904.108 Safari/537.36"
74.7.227.191 - - [29/Mar/2026:17:34:51 +0000] "GET /shop/pandour/reperception013033203298.shtm HTTP/1.1" 404 38901 "https://sunra.be" "Mozilla/5.0 AppleWebKit/537.36 (KHTML, like Gecko; compatible; GPTBot/1.3; +https://openai.com/gptbot)"
217.182.68.102 - - [29/Mar/2026:17:34:54 +0000] "POST /wp-cron.php?doing_wp_cron=1774805693.9594740867614746093750 HTTP/1.1" 200 - "-" "WordPress/6.9.4; https://www.sunra.be"
114.119.145.36 - - [29/Mar/2026:17:34:54 +0000] "GET /shop/interchange/welcome061248566749.shtm HTTP/1.1" 301 - "https://sunra.be/?sitemap297.xml" "Mozilla/5.0 (Linux; Android 7.0;) AppleWebKit/537.36 (KHTML, like Gecko) Mobile Safari/537.36 (compatible; PetalBot;+https://webmaster.petalsearch.com/site/petalbot)"
104.197.234.136 - - [29/Mar/2026:17:34:55 +0000] "POST //xmlrpc.php HTTP/1.1" 200 408 "-" "Mozilla/5.0 (Windows NT 10.0; Win64; x64) AppleWebKit/537.36 (KHTML, like Gecko) Chrome/78.0.3904.108 Safari/537.36"
74.7.242.15 - - [29/Mar/2026:17:34:54 +0000] "GET /shop/supercarpal/nestfuls011984805845.shtm HTTP/1.1" 301 - "https://sunra.be/sitemap.xml" "Mozilla/5.0 AppleWebKit/537.36 (KHTML, like Gecko; compatible; GPTBot/1.3; +https://openai.com/gptbot)"
216.73.216.217 - - [29/Mar/2026:17:34:55 +0000] "GET /shop/intermutually/addlings003616400330.shtm HTTP/1.1" 404 38905 "https://sunra.be/shop/intermutually/addlings003616400330.shtm" "Mozilla/5.0 AppleWebKit/537.36 (KHTML, like Gecko; compatible; ClaudeBot/1.0; +claudebot@anthropic.com)"
66.249.74.100 - - [29/Mar/2026:17:34:57 +0000] "GET /?u=89908164255301&channel=c4a615&from=shared.php?shop/pyruvic/mulligatawny033595693124.shtm HTTP/1.1" 200 216853 "-" "Mozilla/5.0 (Linux; Android 6.0.1; Nexus 5X Build/MMB29P) AppleWebKit/537.36 (KHTML, like Gecko) Chrome/146.0.7680.153 Mobile Safari/537.36 (compatible; Googlebot/2.1; +http://www.google.com/bot.html)"
104.197.234.136 - - [29/Mar/2026:17:34:57 +0000] "POST //xmlrpc.php HTTP/1.1" 200 408 "-" "Mozilla/5.0 (Windows NT 10.0; Win64; x64) AppleWebKit/537.36 (KHTML, like Gecko) Chrome/78.0.3904.108 Safari/537.36"
74.7.242.15 - - [29/Mar/2026:17:34:57 +0000] "GET /shop/unpathwayed/neuroskeleton011129681979.shtm HTTP/1.1" 301 - "https://sunra.be/sitemap.xml" "Mozilla/5.0 AppleWebKit/537.36 (KHTML, like Gecko; compatible; GPTBot/1.3; +https://openai.com/gptbot)"
196.190.123.173 - - [29/Mar/2026:17:34:57 +0000] "GET /shopdetail/war/124004565 HTTP/1.1" 404 38867 "-" "Mozilla/5.0 (Windows NT 10.0; Win64; x64; rv:133.0) Gecko/20100101 Firefox/133.0"
74.7.227.191 - - [29/Mar/2026:17:34:57 +0000] "GET /shop/monophanous/chaldron012621179875.shtm HTTP/1.1" 404 38901 "https://sunra.be" "Mozilla/5.0 AppleWebKit/537.36 (KHTML, like Gecko; compatible; GPTBot/1.3; +https://openai.com/gptbot)"
114.119.145.36 - - [29/Mar/2026:17:34:58 +0000] "GET /shop/interchange/welcome061248566749.shtm HTTP/1.1" 404 37558 "https://sunra.be/?sitemap297.xml" "Mozilla/5.0 (Linux; Android 7.0;) AppleWebKit/537.36 (KHTML, like Gecko) Mobile Safari/537.36 (compatible; PetalBot;+https://webmaster.petalsearch.com/site/petalbot)"
104.197.234.136 - - [29/Mar/2026:17:35:00 +0000] "POST //xmlrpc.php HTTP/1.1" 200 408 "-" "Mozilla/5.0 (Windows NT 10.0; Win64; x64) AppleWebKit/537.36 (KHTML, like Gecko) Chrome/78.0.3904.108 Safari/537.36"
216.73.216.217 - - [29/Mar/2026:17:35:00 +0000] "GET /shop/cubiform/avoid00284579785.shtm HTTP/1.1" 301 - "-" "Mozilla/5.0 AppleWebKit/537.36 (KHTML, like Gecko; compatible; ClaudeBot/1.0; +claudebot@anthropic.com)"
74.7.242.15 - - [29/Mar/2026:17:35:00 +0000] "GET /shop/remorselessly/pygopodous01286202006.shtm HTTP/1.1" 301 - "https://sunra.be/sitemap.xml" "Mozilla/5.0 AppleWebKit/537.36 (KHTML, like Gecko; compatible; GPTBot/1.3; +https://openai.com/gptbot)"
104.197.234.136 - - [29/Mar/2026:17:35:02 +0000] "POST //xmlrpc.php HTTP/1.1" 200 408 "-" "Mozilla/5.0 (Windows NT 10.0; Win64; x64) AppleWebKit/537.36 (KHTML, like Gecko) Chrome/78.0.3904.108 Safari/537.36"
216.73.216.217 - - [29/Mar/2026:17:35:03 +0000] "GET /shop/cubiform/avoid00284579785.shtm HTTP/1.1" 404 38887 "https://sunra.be/shop/cubiform/avoid00284579785.shtm" "Mozilla/5.0 AppleWebKit/537.36 (KHTML, like Gecko; compatible; ClaudeBot/1.0; +claudebot@anthropic.com)"
74.7.242.15 - - [29/Mar/2026:17:35:03 +0000] "GET /shop/condurrite/begilt013550895407.shtm HTTP/1.1" 301 - "https://sunra.be/sitemap.xml" "Mozilla/5.0 AppleWebKit/537.36 (KHTML, like Gecko; compatible; GPTBot/1.3; +https://openai.com/gptbot)"
74.7.227.191 - - [29/Mar/2026:17:35:03 +0000] "GET /shop/supercarpal/nestfuls011984805845.shtm HTTP/1.1" 404 38901 "https://sunra.be" "Mozilla/5.0 AppleWebKit/537.36 (KHTML, like Gecko; compatible; GPTBot/1.3; +https://openai.com/gptbot)"
104.197.234.136 - - [29/Mar/2026:17:35:04 +0000] "POST //xmlrpc.php HTTP/1.1" 200 408 "-" "Mozilla/5.0 (Windows NT 10.0; Win64; x64) AppleWebKit/537.36 (KHTML, like Gecko) Chrome/78.0.3904.108 Safari/537.36"
104.197.234.136 - - [29/Mar/2026:17:35:07 +0000] "POST //xmlrpc.php HTTP/1.1" 200 408 "-" "Mozilla/5.0 (Windows NT 10.0; Win64; x64) AppleWebKit/537.36 (KHTML, like Gecko) Chrome/78.0.3904.108 Safari/537.36"
74.7.242.15 - - [29/Mar/2026:17:35:07 +0000] "GET /shop/mosquitofish/attractiveness0190459918.shtm HTTP/1.1" 301 - "https://sunra.be/sitemap.xml" "Mozilla/5.0 AppleWebKit/537.36 (KHTML, like Gecko; compatible; GPTBot/1.3; +https://openai.com/gptbot)"
74.7.227.191 - - [29/Mar/2026:17:35:06 +0000] "GET /shop/unpathwayed/neuroskeleton011129681979.shtm HTTP/1.1" 404 38911 "https://sunra.be" "Mozilla/5.0 AppleWebKit/537.36 (KHTML, like Gecko; compatible; GPTBot/1.3; +https://openai.com/gptbot)"
104.197.234.136 - - [29/Mar/2026:17:35:09 +0000] "POST //xmlrpc.php HTTP/1.1" 200 408 "-" "Mozilla/5.0 (Windows NT 10.0; Win64; x64) AppleWebKit/537.36 (KHTML, like Gecko) Chrome/78.0.3904.108 Safari/537.36"
74.7.242.15 - - [29/Mar/2026:17:35:10 +0000] "GET /shop/foxing/snaky011210327765.shtm HTTP/1.1" 301 - "https://sunra.be/sitemap.xml" "Mozilla/5.0 AppleWebKit/537.36 (KHTML, like Gecko; compatible; GPTBot/1.3; +https://openai.com/gptbot)"
74.7.227.191 - - [29/Mar/2026:17:35:10 +0000] "GET /shop/blossomless/hauynite012265312858.shtm HTTP/1.1" 404 38901 "https://sunra.be" "Mozilla/5.0 AppleWebKit/537.36 (KHTML, like Gecko; compatible; GPTBot/1.3; +https://openai.com/gptbot)"
104.197.234.136 - - [29/Mar/2026:17:35:11 +0000] "POST //xmlrpc.php HTTP/1.1" 200 408 "-" "Mozilla/5.0 (Windows NT 10.0; Win64; x64) AppleWebKit/537.36 (KHTML, like Gecko) Chrome/78.0.3904.108 Safari/537.36"
104.197.234.136 - - [29/Mar/2026:17:35:13 +0000] "POST //xmlrpc.php HTTP/1.1" 200 408 "-" "Mozilla/5.0 (Windows NT 10.0; Win64; x64) AppleWebKit/537.36 (KHTML, like Gecko) Chrome/78.0.3904.108 Safari/537.36"
74.7.242.15 - - [29/Mar/2026:17:35:13 +0000] "GET /shop/worthy/infuriating012785890335.shtm HTTP/1.1" 301 - "https://sunra.be/sitemap.xml" "Mozilla/5.0 AppleWebKit/537.36 (KHTML, like Gecko; compatible; GPTBot/1.3; +https://openai.com/gptbot)"
74.7.227.191 - - [29/Mar/2026:17:35:13 +0000] "GET /shop/remorselessly/pygopodous01286202006.shtm HTTP/1.1" 404 38907 "https://sunra.be" "Mozilla/5.0 AppleWebKit/537.36 (KHTML, like Gecko; compatible; GPTBot/1.3; +https://openai.com/gptbot)"
104.197.234.136 - - [29/Mar/2026:17:35:14 +0000] "POST //xmlrpc.php HTTP/1.1" 200 408 "-" "Mozilla/5.0 (Windows NT 10.0; Win64; x64) AppleWebKit/537.36 (KHTML, like Gecko) Chrome/78.0.3904.108 Safari/537.36"
74.7.242.15 - - [29/Mar/2026:17:35:16 +0000] "GET /shop/epithumetical/overarm01794011002.shtm HTTP/1.1" 301 - "https://sunra.be/sitemap.xml" "Mozilla/5.0 AppleWebKit/537.36 (KHTML, like Gecko; compatible; GPTBot/1.3; +https://openai.com/gptbot)"
74.7.227.191 - - [29/Mar/2026:17:35:16 +0000] "GET /shop/condurrite/begilt013550895407.shtm HTTP/1.1" 404 38895 "https://sunra.be" "Mozilla/5.0 AppleWebKit/537.36 (KHTML, like Gecko; compatible; GPTBot/1.3; +https://openai.com/gptbot)"
104.197.234.136 - - [29/Mar/2026:17:35:16 +0000] "POST //xmlrpc.php HTTP/1.1" 200 408 "-" "Mozilla/5.0 (Windows NT 10.0; Win64; x64) AppleWebKit/537.36 (KHTML, like Gecko) Chrome/78.0.3904.108 Safari/537.36"
104.197.234.136 - - [29/Mar/2026:17:35:19 +0000] "POST //xmlrpc.php HTTP/1.1" 200 408 "-" "Mozilla/5.0 (Windows NT 10.0; Win64; x64) AppleWebKit/537.36 (KHTML, like Gecko) Chrome/78.0.3904.108 Safari/537.36"
74.7.242.15 - - [29/Mar/2026:17:35:19 +0000] "GET /shop/pilodictic/tutorism011230452359.shtm HTTP/1.1" 301 - "https://sunra.be/sitemap.xml" "Mozilla/5.0 AppleWebKit/537.36 (KHTML, like Gecko; compatible; GPTBot/1.3; +https://openai.com/gptbot)"
74.7.227.191 - - [29/Mar/2026:17:35:19 +0000] "GET /shop/mosquitofish/attractiveness0190459918.shtm HTTP/1.1" 404 38911 "https://sunra.be" "Mozilla/5.0 AppleWebKit/537.36 (KHTML, like Gecko; compatible; GPTBot/1.3; +https://openai.com/gptbot)"
104.197.234.136 - - [29/Mar/2026:17:35:21 +0000] "POST //xmlrpc.php HTTP/1.1" 200 408 "-" "Mozilla/5.0 (Windows NT 10.0; Win64; x64) AppleWebKit/537.36 (KHTML, like Gecko) Chrome/78.0.3904.108 Safari/537.36"
203.55.131.5 - - [29/Mar/2026:17:35:23 +0000] "GET / HTTP/1.1" 401 53 "-" "Mozilla/5.0 (Windows NT 10.0; Win64; x64) AppleWebKit/537.36 (KHTML, like Gecko) Chrome/133.0.0.0 Safari/537.36"
104.197.234.136 - - [29/Mar/2026:17:35:22 +0000] "POST //xmlrpc.php HTTP/1.1" 200 408 "-" "Mozilla/5.0 (Windows NT 10.0; Win64; x64) AppleWebKit/537.36 (KHTML, like Gecko) Chrome/78.0.3904.108 Safari/537.36"
74.7.242.15 - - [29/Mar/2026:17:35:22 +0000] "GET /shop/bryony/ciliata013247208581.shtm HTTP/1.1" 301 - "https://sunra.be/sitemap.xml" "Mozilla/5.0 AppleWebKit/537.36 (KHTML, like Gecko; compatible; GPTBot/1.3; +https://openai.com/gptbot)"
74.7.227.191 - - [29/Mar/2026:17:35:22 +0000] "GET /shop/foxing/snaky011210327765.shtm HTTP/1.1" 404 38885 "https://sunra.be" "Mozilla/5.0 AppleWebKit/537.36 (KHTML, like Gecko; compatible; GPTBot/1.3; +https://openai.com/gptbot)"
216.73.216.217 - - [29/Mar/2026:17:35:24 +0000] "GET /shop/apiarius/distrustingly00194592884.shtm HTTP/1.1" 301 - "-" "Mozilla/5.0 AppleWebKit/537.36 (KHTML, like Gecko; compatible; ClaudeBot/1.0; +claudebot@anthropic.com)"
104.197.234.136 - - [29/Mar/2026:17:35:25 +0000] "POST //xmlrpc.php HTTP/1.1" 200 408 "-" "Mozilla/5.0 (Windows NT 10.0; Win64; x64) AppleWebKit/537.36 (KHTML, like Gecko) Chrome/78.0.3904.108 Safari/537.36"
104.197.234.136 - - [29/Mar/2026:17:35:26 +0000] "POST //xmlrpc.php HTTP/1.1" 200 408 "-" "Mozilla/5.0 (Windows NT 10.0; Win64; x64) AppleWebKit/537.36 (KHTML, like Gecko) Chrome/78.0.3904.108 Safari/537.36"
74.7.242.15 - - [29/Mar/2026:17:35:26 +0000] "GET / HTTP/1.1" 301 - "https://sunra.be/sitemap.xml" "Mozilla/5.0 AppleWebKit/537.36 (KHTML, like Gecko; compatible; GPTBot/1.3; +https://openai.com/gptbot)"
74.7.227.191 - - [29/Mar/2026:17:35:26 +0000] "GET /shop/worthy/infuriating012785890335.shtm HTTP/1.1" 404 38897 "https://sunra.be" "Mozilla/5.0 AppleWebKit/537.36 (KHTML, like Gecko; compatible; GPTBot/1.3; +https://openai.com/gptbot)"
216.73.216.217 - - [29/Mar/2026:17:35:26 +0000] "GET /shop/apiarius/distrustingly00194592884.shtm HTTP/1.1" 404 38903 "https://sunra.be/shop/apiarius/distrustingly00194592884.shtm" "Mozilla/5.0 AppleWebKit/537.36 (KHTML, like Gecko; compatible; ClaudeBot/1.0; +claudebot@anthropic.com)"
104.197.234.136 - - [29/Mar/2026:17:35:28 +0000] "POST //xmlrpc.php HTTP/1.1" 200 408 "-" "Mozilla/5.0 (Windows NT 10.0; Win64; x64) AppleWebKit/537.36 (KHTML, like Gecko) Chrome/78.0.3904.108 Safari/537.36"
74.7.242.15 - - [29/Mar/2026:17:35:29 +0000] "GET /shop/pandore/burdon011695865889.shtm HTTP/1.1" 301 - "https://sunra.be/sitemap.xml" "Mozilla/5.0 AppleWebKit/537.36 (KHTML, like Gecko; compatible; GPTBot/1.3; +https://openai.com/gptbot)"
74.7.227.191 - - [29/Mar/2026:17:35:29 +0000] "GET /shop/epithumetical/overarm01794011002.shtm HTTP/1.1" 404 38901 "https://sunra.be" "Mozilla/5.0 AppleWebKit/537.36 (KHTML, like Gecko; compatible; GPTBot/1.3; +https://openai.com/gptbot)"
104.197.234.136 - - [29/Mar/2026:17:35:30 +0000] "POST //xmlrpc.php HTTP/1.1" 200 408 "-" "Mozilla/5.0 (Windows NT 10.0; Win64; x64) AppleWebKit/537.36 (KHTML, like Gecko) Chrome/78.0.3904.108 Safari/537.36"
104.197.234.136 - - [29/Mar/2026:17:35:32 +0000] "POST //xmlrpc.php HTTP/1.1" 200 408 "-" "Mozilla/5.0 (Windows NT 10.0; Win64; x64) AppleWebKit/537.36 (KHTML, like Gecko) Chrome/78.0.3904.108 Safari/537.36"
74.7.242.15 - - [29/Mar/2026:17:35:32 +0000] "GET /shop/rimae/demonomy011747653147.shtm HTTP/1.1" 301 - "https://sunra.be/sitemap.xml" "Mozilla/5.0 AppleWebKit/537.36 (KHTML, like Gecko; compatible; GPTBot/1.3; +https://openai.com/gptbot)"
216.73.216.217 - - [29/Mar/2026:17:35:32 +0000] "GET /shop/strobiloides/ectodermal00422993352.shtm HTTP/1.1" 301 - "-" "Mozilla/5.0 AppleWebKit/537.36 (KHTML, like Gecko; compatible; ClaudeBot/1.0; +claudebot@anthropic.com)"
74.7.227.191 - - [29/Mar/2026:17:35:32 +0000] "GET /shop/pilodictic/tutorism011230452359.shtm HTTP/1.1" 404 38899 "https://sunra.be" "Mozilla/5.0 AppleWebKit/537.36 (KHTML, like Gecko; compatible; GPTBot/1.3; +https://openai.com/gptbot)"
104.197.234.136 - - [29/Mar/2026:17:35:34 +0000] "POST //xmlrpc.php HTTP/1.1" 200 408 "-" "Mozilla/5.0 (Windows NT 10.0; Win64; x64) AppleWebKit/537.36 (KHTML, like Gecko) Chrome/78.0.3904.108 Safari/537.36"
216.73.216.217 - - [29/Mar/2026:17:35:34 +0000] "GET /shop/strobiloides/ectodermal00422993352.shtm HTTP/1.1" 404 38905 "https://sunra.be/shop/strobiloides/ectodermal00422993352.shtm" "Mozilla/5.0 AppleWebKit/537.36 (KHTML, like Gecko; compatible; ClaudeBot/1.0; +claudebot@anthropic.com)"
74.7.242.15 - - [29/Mar/2026:17:35:35 +0000] "GET /shop/sacrilegist/thaleichthys012734135458.shtm HTTP/1.1" 301 - "https://sunra.be/sitemap.xml" "Mozilla/5.0 AppleWebKit/537.36 (KHTML, like Gecko; compatible; GPTBot/1.3; +https://openai.com/gptbot)"
104.197.234.136 - - [29/Mar/2026:17:35:36 +0000] "POST //xmlrpc.php HTTP/1.1" 200 408 "-" "Mozilla/5.0 (Windows NT 10.0; Win64; x64) AppleWebKit/537.36 (KHTML, like Gecko) Chrome/78.0.3904.108 Safari/537.36"
74.7.227.191 - - [29/Mar/2026:17:35:35 +0000] "GET /shop/bryony/ciliata013247208581.shtm HTTP/1.1" 404 38889 "https://sunra.be" "Mozilla/5.0 AppleWebKit/537.36 (KHTML, like Gecko; compatible; GPTBot/1.3; +https://openai.com/gptbot)"
104.197.234.136 - - [29/Mar/2026:17:35:38 +0000] "POST //xmlrpc.php HTTP/1.1" 200 408 "-" "Mozilla/5.0 (Windows NT 10.0; Win64; x64) AppleWebKit/537.36 (KHTML, like Gecko) Chrome/78.0.3904.108 Safari/537.36"
74.7.242.15 - - [29/Mar/2026:17:35:38 +0000] "GET /shop/laugh/sulphocarbonic012447336221.shtm HTTP/1.1" 301 - "https://sunra.be/sitemap.xml" "Mozilla/5.0 AppleWebKit/537.36 (KHTML, like Gecko; compatible; GPTBot/1.3; +https://openai.com/gptbot)"
74.7.227.191 - - [29/Mar/2026:17:35:38 +0000] "GET /shop/pandore/burdon011695865889.shtm HTTP/1.1" 404 38889 "https://sunra.be" "Mozilla/5.0 AppleWebKit/537.36 (KHTML, like Gecko; compatible; GPTBot/1.3; +https://openai.com/gptbot)"
104.197.234.136 - - [29/Mar/2026:17:35:39 +0000] "POST //xmlrpc.php HTTP/1.1" 200 408 "-" "Mozilla/5.0 (Windows NT 10.0; Win64; x64) AppleWebKit/537.36 (KHTML, like Gecko) Chrome/78.0.3904.108 Safari/537.36"
104.197.234.136 - - [29/Mar/2026:17:35:41 +0000] "POST //xmlrpc.php HTTP/1.1" 200 408 "-" "Mozilla/5.0 (Windows NT 10.0; Win64; x64) AppleWebKit/537.36 (KHTML, like Gecko) Chrome/78.0.3904.108 Safari/537.36"
74.7.242.15 - - [29/Mar/2026:17:35:41 +0000] "GET /shop/mockish/troostite011322438144.shtm HTTP/1.1" 301 - "https://sunra.be/sitemap.xml" "Mozilla/5.0 AppleWebKit/537.36 (KHTML, like Gecko; compatible; GPTBot/1.3; +https://openai.com/gptbot)"
77.75.77.95 - - [29/Mar/2026:17:35:41 +0000] "GET /fedezze-fel-vip-lm-ny-magyarorsz-g/ HTTP/1.1" 200 66864 "-" "Mozilla/5.0 (compatible; SeznamBot/4.0; +https://o-seznam.cz/napoveda/vyhledavani/en/seznambot-crawler/)"
74.7.227.191 - - [29/Mar/2026:17:35:42 +0000] "GET /shop/rimae/demonomy011747653147.shtm HTTP/1.1" 404 38889 "https://sunra.be" "Mozilla/5.0 AppleWebKit/537.36 (KHTML, like Gecko; compatible; GPTBot/1.3; +https://openai.com/gptbot)"
66.249.73.13 - - [29/Mar/2026:17:35:43 +0000] "GET /shop/boehmeria/trichophyton014013999142.shtm HTTP/1.1" 200 212133 "-" "Mozilla/5.0 (Linux; Android 6.0.1; Nexus 5X Build/MMB29P) AppleWebKit/537.36 (KHTML, like Gecko) Chrome/146.0.7680.153 Mobile Safari/537.36 (compatible; Googlebot/2.1; +http://www.google.com/bot.html)"
104.197.234.136 - - [29/Mar/2026:17:35:43 +0000] "POST //xmlrpc.php HTTP/1.1" 200 408 "-" "Mozilla/5.0 (Windows NT 10.0; Win64; x64) AppleWebKit/537.36 (KHTML, like Gecko) Chrome/78.0.3904.108 Safari/537.36"
104.197.234.136 - - [29/Mar/2026:17:35:45 +0000] "POST //xmlrpc.php HTTP/1.1" 200 408 "-" "Mozilla/5.0 (Windows NT 10.0; Win64; x64) AppleWebKit/537.36 (KHTML, like Gecko) Chrome/78.0.3904.108 Safari/537.36"
74.7.242.15 - - [29/Mar/2026:17:35:44 +0000] "GET /shop/lutetium/ambitiously013758608482.shtm HTTP/1.1" 301 - "https://sunra.be/sitemap.xml" "Mozilla/5.0 AppleWebKit/537.36 (KHTML, like Gecko; compatible; GPTBot/1.3; +https://openai.com/gptbot)"
74.7.227.191 - - [29/Mar/2026:17:35:45 +0000] "GET /shop/sacrilegist/thaleichthys012734135458.shtm HTTP/1.1" 404 38909 "https://sunra.be" "Mozilla/5.0 AppleWebKit/537.36 (KHTML, like Gecko; compatible; GPTBot/1.3; +https://openai.com/gptbot)"
104.197.234.136 - - [29/Mar/2026:17:35:47 +0000] "POST //xmlrpc.php HTTP/1.1" 200 408 "-" "Mozilla/5.0 (Windows NT 10.0; Win64; x64) AppleWebKit/537.36 (KHTML, like Gecko) Chrome/78.0.3904.108 Safari/537.36"
74.7.242.15 - - [29/Mar/2026:17:35:47 +0000] "GET /shop/incommoded/courtship013491752004.shtm HTTP/1.1" 301 - "https://sunra.be/sitemap.xml" "Mozilla/5.0 AppleWebKit/537.36 (KHTML, like Gecko; compatible; GPTBot/1.3; +https://openai.com/gptbot)"
74.7.227.191 - - [29/Mar/2026:17:35:48 +0000] "GET /shop/laugh/sulphocarbonic012447336221.shtm HTTP/1.1" 404 38901 "https://sunra.be" "Mozilla/5.0 AppleWebKit/537.36 (KHTML, like Gecko; compatible; GPTBot/1.3; +https://openai.com/gptbot)"
104.197.234.136 - - [29/Mar/2026:17:35:48 +0000] "POST //xmlrpc.php HTTP/1.1" 200 408 "-" "Mozilla/5.0 (Windows NT 10.0; Win64; x64) AppleWebKit/537.36 (KHTML, like Gecko) Chrome/78.0.3904.108 Safari/537.36"
104.197.234.136 - - [29/Mar/2026:17:35:50 +0000] "POST //xmlrpc.php HTTP/1.1" 200 408 "-" "Mozilla/5.0 (Windows NT 10.0; Win64; x64) AppleWebKit/537.36 (KHTML, like Gecko) Chrome/78.0.3904.108 Safari/537.36"
74.7.242.15 - - [29/Mar/2026:17:35:51 +0000] "GET /shop/amphitheatrically/illfitting013509875547.shtm HTTP/1.1" 301 - "https://sunra.be/sitemap.xml" "Mozilla/5.0 AppleWebKit/537.36 (KHTML, like Gecko; compatible; GPTBot/1.3; +https://openai.com/gptbot)"
104.197.234.136 - - [29/Mar/2026:17:35:52 +0000] "POST //xmlrpc.php HTTP/1.1" 200 408 "-" "Mozilla/5.0 (Windows NT 10.0; Win64; x64) AppleWebKit/537.36 (KHTML, like Gecko) Chrome/78.0.3904.108 Safari/537.36"
74.7.227.191 - - [29/Mar/2026:17:35:51 +0000] "GET /shop/mockish/troostite011322438144.shtm HTTP/1.1" 404 38895 "https://sunra.be" "Mozilla/5.0 AppleWebKit/537.36 (KHTML, like Gecko; compatible; GPTBot/1.3; +https://openai.com/gptbot)"
217.182.68.102 - - [29/Mar/2026:17:35:53 +0000] "POST /wp-cron.php?doing_wp_cron=1774805753.2188630104064941406250 HTTP/1.1" 200 - "-" "WordPress/6.9.4; https://www.sunra.be"
104.197.234.136 - - [29/Mar/2026:17:35:54 +0000] "POST //xmlrpc.php HTTP/1.1" 200 408 "-" "Mozilla/5.0 (Windows NT 10.0; Win64; x64) AppleWebKit/537.36 (KHTML, like Gecko) Chrome/78.0.3904.108 Safari/537.36"
216.73.216.217 - - [29/Mar/2026:17:35:54 +0000] "GET /shop/kadder/perverting003332819818.shtm HTTP/1.1" 301 - "-" "Mozilla/5.0 AppleWebKit/537.36 (KHTML, like Gecko; compatible; ClaudeBot/1.0; +claudebot@anthropic.com)"
74.7.242.15 - - [29/Mar/2026:17:35:54 +0000] "GET /shop/brest/stiffly011174683462.shtm HTTP/1.1" 301 - "https://sunra.be/sitemap.xml" "Mozilla/5.0 AppleWebKit/537.36 (KHTML, like Gecko; compatible; GPTBot/1.3; +https://openai.com/gptbot)"
54.37.118.93 - - [29/Mar/2026:17:35:55 +0000] "GET /?w=8046611334 HTTP/1.1" 301 - "-" "Mozilla/5.0 (compatible; AhrefsBot/7.0; +http://ahrefs.com/robot/)"
74.7.227.191 - - [29/Mar/2026:17:35:54 +0000] "GET /shop/lutetium/ambitiously013758608482.shtm HTTP/1.1" 404 38901 "https://sunra.be" "Mozilla/5.0 AppleWebKit/537.36 (KHTML, like Gecko; compatible; GPTBot/1.3; +https://openai.com/gptbot)"
216.73.216.217 - - [29/Mar/2026:17:35:56 +0000] "GET /shop/kadder/perverting003332819818.shtm HTTP/1.1" 404 38895 "https://sunra.be/shop/kadder/perverting003332819818.shtm" "Mozilla/5.0 AppleWebKit/537.36 (KHTML, like Gecko; compatible; ClaudeBot/1.0; +claudebot@anthropic.com)"
104.197.234.136 - - [29/Mar/2026:17:35:56 +0000] "POST //xmlrpc.php HTTP/1.1" 200 408 "-" "Mozilla/5.0 (Windows NT 10.0; Win64; x64) AppleWebKit/537.36 (KHTML, like Gecko) Chrome/78.0.3904.108 Safari/537.36"
74.7.242.15 - - [29/Mar/2026:17:35:57 +0000] "GET /shop/fantom/exmoor012683699967.shtm HTTP/1.1" 301 - "https://sunra.be/sitemap.xml" "Mozilla/5.0 AppleWebKit/537.36 (KHTML, like Gecko; compatible; GPTBot/1.3; +https://openai.com/gptbot)"
74.7.227.191 - - [29/Mar/2026:17:35:58 +0000] "GET /shop/incommoded/courtship013491752004.shtm HTTP/1.1" 404 38901 "https://sunra.be" "Mozilla/5.0 AppleWebKit/537.36 (KHTML, like Gecko; compatible; GPTBot/1.3; +https://openai.com/gptbot)"
104.197.234.136 - - [29/Mar/2026:17:35:59 +0000] "POST //xmlrpc.php HTTP/1.1" 200 408 "-" "Mozilla/5.0 (Windows NT 10.0; Win64; x64) AppleWebKit/537.36 (KHTML, like Gecko) Chrome/78.0.3904.108 Safari/537.36"
74.7.242.15 - - [29/Mar/2026:17:36:00 +0000] "GET /shop/persuaded/phyteuma013249796318.shtm HTTP/1.1" 301 - "https://sunra.be/sitemap.xml" "Mozilla/5.0 AppleWebKit/537.36 (KHTML, like Gecko; compatible; GPTBot/1.3; +https://openai.com/gptbot)"
104.197.234.136 - - [29/Mar/2026:17:36:01 +0000] "POST //xmlrpc.php HTTP/1.1" 200 408 "-" "Mozilla/5.0 (Windows NT 10.0; Win64; x64) AppleWebKit/537.36 (KHTML, like Gecko) Chrome/78.0.3904.108 Safari/537.36"
14.236.124.26 - - [29/Mar/2026:17:36:01 +0000] "GET /shopdetail/pregnancy/187035718 HTTP/1.1" 301 - "-" "Mozilla/5.0 (Macintosh; Intel Mac OS X 12_7_4) AppleWebKit/537.36 (KHTML, like Gecko) Chrome/133.0.6943.98 Safari/537.36"
74.7.227.191 - - [29/Mar/2026:17:36:01 +0000] "GET /shop/amphitheatrically/illfitting013509875547.shtm HTTP/1.1" 404 38917 "https://sunra.be" "Mozilla/5.0 AppleWebKit/537.36 (KHTML, like Gecko; compatible; GPTBot/1.3; +https://openai.com/gptbot)"
216.73.216.217 - - [29/Mar/2026:17:36:02 +0000] "GET /shop/insignment/cosine00782884175.shtm HTTP/1.1" 301 - "-" "Mozilla/5.0 AppleWebKit/537.36 (KHTML, like Gecko; compatible; ClaudeBot/1.0; +claudebot@anthropic.com)"
74.7.242.15 - - [29/Mar/2026:17:36:03 +0000] "GET /shop/anatinus/bumbling012999755966.shtm HTTP/1.1" 301 - "https://sunra.be/sitemap.xml" "Mozilla/5.0 AppleWebKit/537.36 (KHTML, like Gecko; compatible; GPTBot/1.3; +https://openai.com/gptbot)"
216.73.216.217 - - [29/Mar/2026:17:36:04 +0000] "GET /shop/insignment/cosine00782884175.shtm HTTP/1.1" 404 38893 "https://sunra.be/shop/insignment/cosine00782884175.shtm" "Mozilla/5.0 AppleWebKit/537.36 (KHTML, like Gecko; compatible; ClaudeBot/1.0; +claudebot@anthropic.com)"
104.197.234.136 - - [29/Mar/2026:17:36:04 +0000] "POST //xmlrpc.php HTTP/1.1" 200 408 "-" "Mozilla/5.0 (Windows NT 10.0; Win64; x64) AppleWebKit/537.36 (KHTML, like Gecko) Chrome/78.0.3904.108 Safari/537.36"
74.7.227.191 - - [29/Mar/2026:17:36:04 +0000] "GET /shop/brest/stiffly011174683462.shtm HTTP/1.1" 404 38887 "https://sunra.be" "Mozilla/5.0 AppleWebKit/537.36 (KHTML, like Gecko; compatible; GPTBot/1.3; +https://openai.com/gptbot)"
178.214.254.129 - - [29/Mar/2026:17:36:05 +0000] "GET /shopdetail/pregnancy/187035718 HTTP/1.1" 404 38879 "-" "Mozilla/5.0 (Macintosh; Intel Mac OS X 12_7_4) AppleWebKit/537.36 (KHTML, like Gecko) Chrome/133.0.6943.98 Safari/537.36"
74.7.242.15 - - [29/Mar/2026:17:36:06 +0000] "GET /shop/trochilics/assets011451116776.shtm HTTP/1.1" 301 - "https://sunra.be/sitemap.xml" "Mozilla/5.0 AppleWebKit/537.36 (KHTML, like Gecko; compatible; GPTBot/1.3; +https://openai.com/gptbot)"
104.197.234.136 - - [29/Mar/2026:17:36:07 +0000] "POST //xmlrpc.php HTTP/1.1" 200 408 "-" "Mozilla/5.0 (Windows NT 10.0; Win64; x64) AppleWebKit/537.36 (KHTML, like Gecko) Chrome/78.0.3904.108 Safari/537.36"
74.7.227.191 - - [29/Mar/2026:17:36:07 +0000] "GET /shop/fantom/exmoor012683699967.shtm HTTP/1.1" 404 38887 "https://sunra.be" "Mozilla/5.0 AppleWebKit/537.36 (KHTML, like Gecko; compatible; GPTBot/1.3; +https://openai.com/gptbot)"
104.197.234.136 - - [29/Mar/2026:17:36:09 +0000] "POST //xmlrpc.php HTTP/1.1" 200 408 "-" "Mozilla/5.0 (Windows NT 10.0; Win64; x64) AppleWebKit/537.36 (KHTML, like Gecko) Chrome/78.0.3904.108 Safari/537.36"
74.7.242.15 - - [29/Mar/2026:17:36:10 +0000] "GET /shop/spooneys/defendee014000773115.shtm HTTP/1.1" 301 - "https://sunra.be/sitemap.xml" "Mozilla/5.0 AppleWebKit/537.36 (KHTML, like Gecko; compatible; GPTBot/1.3; +https://openai.com/gptbot)"
104.197.234.136 - - [29/Mar/2026:17:36:11 +0000] "POST //xmlrpc.php HTTP/1.1" 200 408 "-" "Mozilla/5.0 (Windows NT 10.0; Win64; x64) AppleWebKit/537.36 (KHTML, like Gecko) Chrome/78.0.3904.108 Safari/537.36"
74.7.227.191 - - [29/Mar/2026:17:36:10 +0000] "GET /shop/persuaded/phyteuma013249796318.shtm HTTP/1.1" 404 38897 "https://sunra.be" "Mozilla/5.0 AppleWebKit/537.36 (KHTML, like Gecko; compatible; GPTBot/1.3; +https://openai.com/gptbot)"
104.197.234.136 - - [29/Mar/2026:17:36:12 +0000] "POST //xmlrpc.php HTTP/1.1" 200 408 "-" "Mozilla/5.0 (Windows NT 10.0; Win64; x64) AppleWebKit/537.36 (KHTML, like Gecko) Chrome/78.0.3904.108 Safari/537.36"
74.7.242.15 - - [29/Mar/2026:17:36:13 +0000] "GET /shop/scalene/timepiece013553059997.shtm HTTP/1.1" 301 - "https://sunra.be/sitemap.xml" "Mozilla/5.0 AppleWebKit/537.36 (KHTML, like Gecko; compatible; GPTBot/1.3; +https://openai.com/gptbot)"
74.7.227.191 - - [29/Mar/2026:17:36:13 +0000] "GET /shop/anatinus/bumbling012999755966.shtm HTTP/1.1" 404 38895 "https://sunra.be" "Mozilla/5.0 AppleWebKit/537.36 (KHTML, like Gecko; compatible; GPTBot/1.3; +https://openai.com/gptbot)"
104.197.234.136 - - [29/Mar/2026:17:36:14 +0000] "POST //xmlrpc.php HTTP/1.1" 200 408 "-" "Mozilla/5.0 (Windows NT 10.0; Win64; x64) AppleWebKit/537.36 (KHTML, like Gecko) Chrome/78.0.3904.108 Safari/537.36"
104.197.234.136 - - [29/Mar/2026:17:36:16 +0000] "POST //xmlrpc.php HTTP/1.1" 200 408 "-" "Mozilla/5.0 (Windows NT 10.0; Win64; x64) AppleWebKit/537.36 (KHTML, like Gecko) Chrome/78.0.3904.108 Safari/537.36"
74.7.242.15 - - [29/Mar/2026:17:36:16 +0000] "GET /shop/ashgrey/paynemain011353330120.shtm HTTP/1.1" 301 - "https://sunra.be/sitemap.xml" "Mozilla/5.0 AppleWebKit/537.36 (KHTML, like Gecko; compatible; GPTBot/1.3; +https://openai.com/gptbot)"
74.7.227.191 - - [29/Mar/2026:17:36:17 +0000] "GET /shop/trochilics/assets011451116776.shtm HTTP/1.1" 404 38895 "https://sunra.be" "Mozilla/5.0 AppleWebKit/537.36 (KHTML, like Gecko; compatible; GPTBot/1.3; +https://openai.com/gptbot)"
104.197.234.136 - - [29/Mar/2026:17:36:17 +0000] "POST //xmlrpc.php HTTP/1.1" 200 408 "-" "Mozilla/5.0 (Windows NT 10.0; Win64; x64) AppleWebKit/537.36 (KHTML, like Gecko) Chrome/78.0.3904.108 Safari/537.36"
154.161.148.48 - - [29/Mar/2026:17:36:17 +0000] "GET /en/shopdetail/file/246011139/ HTTP/1.1" 404 37855 "-" "Mozilla/5.0 (Macintosh; Intel Mac OS X 10_15_7) AppleWebKit/537.36 (KHTML, like Gecko) Chrome/134.0.6998.45 Safari/537.36"
74.7.242.15 - - [29/Mar/2026:17:36:19 +0000] "GET /shop/noodle/breezeless011444103806.shtm HTTP/1.1" 301 - "https://sunra.be/sitemap.xml" "Mozilla/5.0 AppleWebKit/537.36 (KHTML, like Gecko; compatible; GPTBot/1.3; +https://openai.com/gptbot)"
104.197.234.136 - - [29/Mar/2026:17:36:19 +0000] "POST //xmlrpc.php HTTP/1.1" 200 408 "-" "Mozilla/5.0 (Windows NT 10.0; Win64; x64) AppleWebKit/537.36 (KHTML, like Gecko) Chrome/78.0.3904.108 Safari/537.36"
74.7.227.191 - - [29/Mar/2026:17:36:20 +0000] "GET /shop/ashgrey/paynemain011353330120.shtm HTTP/1.1" 404 38895 "https://sunra.be" "Mozilla/5.0 AppleWebKit/537.36 (KHTML, like Gecko; compatible; GPTBot/1.3; +https://openai.com/gptbot)"
104.197.234.136 - - [29/Mar/2026:17:36:21 +0000] "POST //xmlrpc.php HTTP/1.1" 200 408 "-" "Mozilla/5.0 (Windows NT 10.0; Win64; x64) AppleWebKit/537.36 (KHTML, like Gecko) Chrome/78.0.3904.108 Safari/537.36"
74.7.242.15 - - [29/Mar/2026:17:36:22 +0000] "GET /shop/aviette/remarking012224292998.shtm HTTP/1.1" 301 - "https://sunra.be/sitemap.xml" "Mozilla/5.0 AppleWebKit/537.36 (KHTML, like Gecko; compatible; GPTBot/1.3; +https://openai.com/gptbot)"
104.197.234.136 - - [29/Mar/2026:17:36:23 +0000] "POST //xmlrpc.php HTTP/1.1" 200 408 "-" "Mozilla/5.0 (Windows NT 10.0; Win64; x64) AppleWebKit/537.36 (KHTML, like Gecko) Chrome/78.0.3904.108 Safari/537.36"
74.7.227.191 - - [29/Mar/2026:17:36:23 +0000] "GET /shop/scalene/timepiece013553059997.shtm HTTP/1.1" 404 38895 "https://sunra.be" "Mozilla/5.0 AppleWebKit/537.36 (KHTML, like Gecko; compatible; GPTBot/1.3; +https://openai.com/gptbot)"
104.197.234.136 - - [29/Mar/2026:17:36:24 +0000] "POST //xmlrpc.php HTTP/1.1" 200 408 "-" "Mozilla/5.0 (Windows NT 10.0; Win64; x64) AppleWebKit/537.36 (KHTML, like Gecko) Chrome/78.0.3904.108 Safari/537.36"
74.7.242.15 - - [29/Mar/2026:17:36:25 +0000] "GET /shop/jewellery/spangly011691113562.shtm HTTP/1.1" 301 - "https://sunra.be/sitemap.xml" "Mozilla/5.0 AppleWebKit/537.36 (KHTML, like Gecko; compatible; GPTBot/1.3; +https://openai.com/gptbot)"
104.197.234.136 - - [29/Mar/2026:17:36:26 +0000] "POST //xmlrpc.php HTTP/1.1" 200 408 "-" "Mozilla/5.0 (Windows NT 10.0; Win64; x64) AppleWebKit/537.36 (KHTML, like Gecko) Chrome/78.0.3904.108 Safari/537.36"
74.7.227.191 - - [29/Mar/2026:17:36:26 +0000] "GET /shop/spooneys/defendee014000773115.shtm HTTP/1.1" 404 38895 "https://sunra.be" "Mozilla/5.0 AppleWebKit/537.36 (KHTML, like Gecko; compatible; GPTBot/1.3; +https://openai.com/gptbot)"
104.197.234.136 - - [29/Mar/2026:17:36:28 +0000] "POST //xmlrpc.php HTTP/1.1" 200 408 "-" "Mozilla/5.0 (Windows NT 10.0; Win64; x64) AppleWebKit/537.36 (KHTML, like Gecko) Chrome/78.0.3904.108 Safari/537.36"
74.7.242.15 - - [29/Mar/2026:17:36:28 +0000] "GET /shop/phantasmagorial/byinterest013832123183.shtm HTTP/1.1" 301 - "https://sunra.be/sitemap.xml" "Mozilla/5.0 AppleWebKit/537.36 (KHTML, like Gecko; compatible; GPTBot/1.3; +https://openai.com/gptbot)"
104.197.234.136 - - [29/Mar/2026:17:36:29 +0000] "POST //xmlrpc.php HTTP/1.1" 200 408 "-" "Mozilla/5.0 (Windows NT 10.0; Win64; x64) AppleWebKit/537.36 (KHTML, like Gecko) Chrome/78.0.3904.108 Safari/537.36"
66.249.74.100 - - [29/Mar/2026:17:36:29 +0000] "GET /?u=59988194170606&channel=2ea9eb&from=category-info.php?shop/dilution/airiness03653718984.shtm HTTP/1.1" 200 218846 "-" "Mozilla/5.0 (Linux; Android 6.0.1; Nexus 5X Build/MMB29P) AppleWebKit/537.36 (KHTML, like Gecko) Chrome/146.0.7680.153 Mobile Safari/537.36 (compatible; Googlebot/2.1; +http://www.google.com/bot.html)"
74.7.227.191 - - [29/Mar/2026:17:36:29 +0000] "GET /shop/aviette/remarking012224292998.shtm HTTP/1.1" 404 38895 "https://sunra.be" "Mozilla/5.0 AppleWebKit/537.36 (KHTML, like Gecko; compatible; GPTBot/1.3; +https://openai.com/gptbot)"
104.197.234.136 - - [29/Mar/2026:17:36:31 +0000] "POST //xmlrpc.php HTTP/1.1" 200 408 "-" "Mozilla/5.0 (Windows NT 10.0; Win64; x64) AppleWebKit/537.36 (KHTML, like Gecko) Chrome/78.0.3904.108 Safari/537.36"
74.7.242.15 - - [29/Mar/2026:17:36:31 +0000] "GET /shop/auscultator/permutableness012374212270.shtm HTTP/1.1" 301 - "https://sunra.be/sitemap.xml" "Mozilla/5.0 AppleWebKit/537.36 (KHTML, like Gecko; compatible; GPTBot/1.3; +https://openai.com/gptbot)"
104.197.234.136 - - [29/Mar/2026:17:36:32 +0000] "POST //xmlrpc.php HTTP/1.1" 200 408 "-" "Mozilla/5.0 (Windows NT 10.0; Win64; x64) AppleWebKit/537.36 (KHTML, like Gecko) Chrome/78.0.3904.108 Safari/537.36"
74.7.227.191 - - [29/Mar/2026:17:36:33 +0000] "GET /shop/noodle/breezeless011444103806.shtm HTTP/1.1" 404 38895 "https://sunra.be" "Mozilla/5.0 AppleWebKit/537.36 (KHTML, like Gecko; compatible; GPTBot/1.3; +https://openai.com/gptbot)"
40.77.167.159 - - [29/Mar/2026:17:36:34 +0000] "GET /shop/slamming/controversially03441967353.shtml HTTP/1.1" 200 228405 "-" "Mozilla/5.0 AppleWebKit/537.36 (KHTML, like Gecko; compatible; bingbot/2.0; +http://www.bing.com/bingbot.htm) Chrome/116.0.1938.76 Safari/537.36"
104.197.234.136 - - [29/Mar/2026:17:36:34 +0000] "POST //xmlrpc.php HTTP/1.1" 200 408 "-" "Mozilla/5.0 (Windows NT 10.0; Win64; x64) AppleWebKit/537.36 (KHTML, like Gecko) Chrome/78.0.3904.108 Safari/537.36"
74.7.242.15 - - [29/Mar/2026:17:36:34 +0000] "GET /shop/ambrosiaceae/intransmissible012154414610.shtm HTTP/1.1" 301 - "https://sunra.be/sitemap.xml" "Mozilla/5.0 AppleWebKit/537.36 (KHTML, like Gecko; compatible; GPTBot/1.3; +https://openai.com/gptbot)"
104.197.234.136 - - [29/Mar/2026:17:36:36 +0000] "POST //xmlrpc.php HTTP/1.1" 200 408 "-" "Mozilla/5.0 (Windows NT 10.0; Win64; x64) AppleWebKit/537.36 (KHTML, like Gecko) Chrome/78.0.3904.108 Safari/537.36"
74.7.227.191 - - [29/Mar/2026:17:36:36 +0000] "GET /shop/jewellery/spangly011691113562.shtm HTTP/1.1" 404 38895 "https://sunra.be" "Mozilla/5.0 AppleWebKit/537.36 (KHTML, like Gecko; compatible; GPTBot/1.3; +https://openai.com/gptbot)"
104.197.234.136 - - [29/Mar/2026:17:36:37 +0000] "POST //xmlrpc.php HTTP/1.1" 200 408 "-" "Mozilla/5.0 (Windows NT 10.0; Win64; x64) AppleWebKit/537.36 (KHTML, like Gecko) Chrome/78.0.3904.108 Safari/537.36"
74.7.242.15 - - [29/Mar/2026:17:36:37 +0000] "GET /shop/accipitriformes/protopterus01843374078.shtm HTTP/1.1" 301 - "https://sunra.be/sitemap.xml" "Mozilla/5.0 AppleWebKit/537.36 (KHTML, like Gecko; compatible; GPTBot/1.3; +https://openai.com/gptbot)"
104.197.234.136 - - [29/Mar/2026:17:36:39 +0000] "POST //xmlrpc.php HTTP/1.1" 200 408 "-" "Mozilla/5.0 (Windows NT 10.0; Win64; x64) AppleWebKit/537.36 (KHTML, like Gecko) Chrome/78.0.3904.108 Safari/537.36"
74.7.227.191 - - [29/Mar/2026:17:36:39 +0000] "GET /shop/phantasmagorial/byinterest013832123183.shtm HTTP/1.1" 404 38913 "https://sunra.be" "Mozilla/5.0 AppleWebKit/537.36 (KHTML, like Gecko; compatible; GPTBot/1.3; +https://openai.com/gptbot)"
104.197.234.136 - - [29/Mar/2026:17:36:41 +0000] "POST //xmlrpc.php HTTP/1.1" 200 408 "-" "Mozilla/5.0 (Windows NT 10.0; Win64; x64) AppleWebKit/537.36 (KHTML, like Gecko) Chrome/78.0.3904.108 Safari/537.36"
74.7.242.15 - - [29/Mar/2026:17:36:41 +0000] "GET /shop/exiguous/anatocism012201398880.shtm HTTP/1.1" 301 - "https://sunra.be/sitemap.xml" "Mozilla/5.0 AppleWebKit/537.36 (KHTML, like Gecko; compatible; GPTBot/1.3; +https://openai.com/gptbot)"
114.119.131.232 - - [29/Mar/2026:17:36:41 +0000] "GET /shop/interaxal/luteum061089257916.shtm HTTP/1.1" 301 - "https://sunra.be/?sitemap297.xml" "Mozilla/5.0 (Linux; Android 7.0;) AppleWebKit/537.36 (KHTML, like Gecko) Mobile Safari/537.36 (compatible; PetalBot;+https://webmaster.petalsearch.com/site/petalbot)"
104.197.234.136 - - [29/Mar/2026:17:36:42 +0000] "POST //xmlrpc.php HTTP/1.1" 200 408 "-" "Mozilla/5.0 (Windows NT 10.0; Win64; x64) AppleWebKit/537.36 (KHTML, like Gecko) Chrome/78.0.3904.108 Safari/537.36"
74.7.227.191 - - [29/Mar/2026:17:36:42 +0000] "GET /shop/ambrosiaceae/intransmissible012154414610.shtm HTTP/1.1" 404 38917 "https://sunra.be" "Mozilla/5.0 AppleWebKit/537.36 (KHTML, like Gecko; compatible; GPTBot/1.3; +https://openai.com/gptbot)"
104.197.234.136 - - [29/Mar/2026:17:36:44 +0000] "POST //xmlrpc.php HTTP/1.1" 200 408 "-" "Mozilla/5.0 (Windows NT 10.0; Win64; x64) AppleWebKit/537.36 (KHTML, like Gecko) Chrome/78.0.3904.108 Safari/537.36"
74.7.242.15 - - [29/Mar/2026:17:36:44 +0000] "GET /shop/roiling/saurothera011777118824.shtm HTTP/1.1" 301 - "https://sunra.be/sitemap.xml" "Mozilla/5.0 AppleWebKit/537.36 (KHTML, like Gecko; compatible; GPTBot/1.3; +https://openai.com/gptbot)"
74.7.227.191 - - [29/Mar/2026:17:36:45 +0000] "GET /shop/auscultator/permutableness012374212270.shtm HTTP/1.1" 404 38913 "https://sunra.be" "Mozilla/5.0 AppleWebKit/537.36 (KHTML, like Gecko; compatible; GPTBot/1.3; +https://openai.com/gptbot)"
104.197.234.136 - - [29/Mar/2026:17:36:46 +0000] "POST //xmlrpc.php HTTP/1.1" 200 408 "-" "Mozilla/5.0 (Windows NT 10.0; Win64; x64) AppleWebKit/537.36 (KHTML, like Gecko) Chrome/78.0.3904.108 Safari/537.36"
66.249.73.12 - - [29/Mar/2026:17:36:46 +0000] "GET /?u=0319210282803&channel=3a363e&from=shop.php?shop/patently/trombe002277654770.shtm HTTP/1.1" 200 217095 "-" "Mozilla/5.0 (Linux; Android 6.0.1; Nexus 5X Build/MMB29P) AppleWebKit/537.36 (KHTML, like Gecko) Chrome/146.0.7680.153 Mobile Safari/537.36 (compatible; Googlebot/2.1; +http://www.google.com/bot.html)"
216.73.216.217 - - [29/Mar/2026:17:36:46 +0000] "GET /shop/pyrography/bield001435746487.shtm HTTP/1.1" 301 - "-" "Mozilla/5.0 AppleWebKit/537.36 (KHTML, like Gecko; compatible; ClaudeBot/1.0; +claudebot@anthropic.com)"
74.7.242.15 - - [29/Mar/2026:17:36:47 +0000] "GET /shop/jointweed/maronite011394349996.shtm HTTP/1.1" 301 - "https://sunra.be/sitemap.xml" "Mozilla/5.0 AppleWebKit/537.36 (KHTML, like Gecko; compatible; GPTBot/1.3; +https://openai.com/gptbot)"
104.197.234.136 - - [29/Mar/2026:17:36:48 +0000] "POST //xmlrpc.php HTTP/1.1" 200 408 "-" "Mozilla/5.0 (Windows NT 10.0; Win64; x64) AppleWebKit/537.36 (KHTML, like Gecko) Chrome/78.0.3904.108 Safari/537.36"
66.249.73.12 - - [29/Mar/2026:17:36:48 +0000] "GET /?u=0226815464007&channel=0673ea&from=goods.php?shop/proselytize/rooter031718981571.shtm HTTP/1.1" 200 217181 "-" "Mozilla/5.0 (Linux; Android 6.0.1; Nexus 5X Build/MMB29P) AppleWebKit/537.36 (KHTML, like Gecko) Chrome/146.0.7680.153 Mobile Safari/537.36 (compatible; Googlebot/2.1; +http://www.google.com/bot.html)"
74.7.227.191 - - [29/Mar/2026:17:36:48 +0000] "GET /shop/accipitriformes/protopterus01843374078.shtm HTTP/1.1" 404 38913 "https://sunra.be" "Mozilla/5.0 AppleWebKit/537.36 (KHTML, like Gecko; compatible; GPTBot/1.3; +https://openai.com/gptbot)"
216.73.216.217 - - [29/Mar/2026:17:36:48 +0000] "GET /shop/pyrography/bield001435746487.shtm HTTP/1.1" 404 38893 "https://sunra.be/shop/pyrography/bield001435746487.shtm" "Mozilla/5.0 AppleWebKit/537.36 (KHTML, like Gecko; compatible; ClaudeBot/1.0; +claudebot@anthropic.com)"
104.197.234.136 - - [29/Mar/2026:17:36:49 +0000] "POST //xmlrpc.php HTTP/1.1" 200 408 "-" "Mozilla/5.0 (Windows NT 10.0; Win64; x64) AppleWebKit/537.36 (KHTML, like Gecko) Chrome/78.0.3904.108 Safari/537.36"
74.7.242.15 - - [29/Mar/2026:17:36:50 +0000] "GET /shop/occasioner/galeata011329451114.shtm HTTP/1.1" 301 - "https://sunra.be/sitemap.xml" "Mozilla/5.0 AppleWebKit/537.36 (KHTML, like Gecko; compatible; GPTBot/1.3; +https://openai.com/gptbot)"
114.119.131.232 - - [29/Mar/2026:17:36:50 +0000] "GET /shop/interaxal/luteum061089257916.shtm HTTP/1.1" 404 37552 "https://sunra.be/?sitemap297.xml" "Mozilla/5.0 (Linux; Android 7.0;) AppleWebKit/537.36 (KHTML, like Gecko) Mobile Safari/537.36 (compatible; PetalBot;+https://webmaster.petalsearch.com/site/petalbot)"
74.7.227.191 - - [29/Mar/2026:17:36:52 +0000] "GET /shop/exiguous/anatocism012201398880.shtm HTTP/1.1" 404 38897 "https://sunra.be" "Mozilla/5.0 AppleWebKit/537.36 (KHTML, like Gecko; compatible; GPTBot/1.3; +https://openai.com/gptbot)"
104.197.234.136 - - [29/Mar/2026:17:36:51 +0000] "POST //xmlrpc.php HTTP/1.1" 200 408 "-" "Mozilla/5.0 (Windows NT 10.0; Win64; x64) AppleWebKit/537.36 (KHTML, like Gecko) Chrome/78.0.3904.108 Safari/537.36"
217.182.68.102 - - [29/Mar/2026:17:36:53 +0000] "POST /wp-cron.php?doing_wp_cron=1774805813.0389890670776367187500 HTTP/1.1" 200 - "-" "WordPress/6.9.4; https://www.sunra.be"
74.7.242.15 - - [29/Mar/2026:17:36:53 +0000] "GET /shop/dispraised/confess011306131666.shtm HTTP/1.1" 301 - "https://sunra.be/sitemap.xml" "Mozilla/5.0 AppleWebKit/537.36 (KHTML, like Gecko; compatible; GPTBot/1.3; +https://openai.com/gptbot)"
104.197.234.136 - - [29/Mar/2026:17:36:54 +0000] "POST //xmlrpc.php HTTP/1.1" 200 408 "-" "Mozilla/5.0 (Windows NT 10.0; Win64; x64) AppleWebKit/537.36 (KHTML, like Gecko) Chrome/78.0.3904.108 Safari/537.36"
216.73.216.217 - - [29/Mar/2026:17:36:54 +0000] "GET /shop/supposititious/jumpy002631293640.shtm HTTP/1.1" 301 - "-" "Mozilla/5.0 AppleWebKit/537.36 (KHTML, like Gecko; compatible; ClaudeBot/1.0; +claudebot@anthropic.com)"
74.7.227.191 - - [29/Mar/2026:17:36:55 +0000] "GET /shop/occasioner/galeata011329451114.shtm HTTP/1.1" 404 38897 "https://sunra.be" "Mozilla/5.0 AppleWebKit/537.36 (KHTML, like Gecko; compatible; GPTBot/1.3; +https://openai.com/gptbot)"
104.197.234.136 - - [29/Mar/2026:17:36:56 +0000] "POST //xmlrpc.php HTTP/1.1" 200 408 "-" "Mozilla/5.0 (Windows NT 10.0; Win64; x64) AppleWebKit/537.36 (KHTML, like Gecko) Chrome/78.0.3904.108 Safari/537.36"
216.73.216.217 - - [29/Mar/2026:17:36:56 +0000] "GET /shop/supposititious/jumpy002631293640.shtm HTTP/1.1" 404 38901 "https://sunra.be/shop/supposititious/jumpy002631293640.shtm" "Mozilla/5.0 AppleWebKit/537.36 (KHTML, like Gecko; compatible; ClaudeBot/1.0; +claudebot@anthropic.com)"
74.7.242.15 - - [29/Mar/2026:17:36:57 +0000] "GET /shop/galloping/squamata012681112230.shtm HTTP/1.1" 301 - "https://sunra.be/sitemap.xml" "Mozilla/5.0 AppleWebKit/537.36 (KHTML, like Gecko; compatible; GPTBot/1.3; +https://openai.com/gptbot)"
104.197.234.136 - - [29/Mar/2026:17:36:58 +0000] "POST //xmlrpc.php HTTP/1.1" 200 408 "-" "Mozilla/5.0 (Windows NT 10.0; Win64; x64) AppleWebKit/537.36 (KHTML, like Gecko) Chrome/78.0.3904.108 Safari/537.36"
74.7.227.191 - - [29/Mar/2026:17:36:58 +0000] "GET /shop/jointweed/maronite011394349996.shtm HTTP/1.1" 404 38897 "https://sunra.be" "Mozilla/5.0 AppleWebKit/537.36 (KHTML, like Gecko; compatible; GPTBot/1.3; +https://openai.com/gptbot)"
104.197.234.136 - - [29/Mar/2026:17:37:00 +0000] "POST //xmlrpc.php HTTP/1.1" 200 408 "-" "Mozilla/5.0 (Windows NT 10.0; Win64; x64) AppleWebKit/537.36 (KHTML, like Gecko) Chrome/78.0.3904.108 Safari/537.36"
74.7.242.15 - - [29/Mar/2026:17:37:00 +0000] "GET /shop/pterosaur/continue011126141751.shtm HTTP/1.1" 301 - "https://sunra.be/sitemap.xml" "Mozilla/5.0 AppleWebKit/537.36 (KHTML, like Gecko; compatible; GPTBot/1.3; +https://openai.com/gptbot)"
104.197.234.136 - - [29/Mar/2026:17:37:01 +0000] "POST //xmlrpc.php HTTP/1.1" 200 408 "-" "Mozilla/5.0 (Windows NT 10.0; Win64; x64) AppleWebKit/537.36 (KHTML, like Gecko) Chrome/78.0.3904.108 Safari/537.36"
74.7.227.191 - - [29/Mar/2026:17:37:01 +0000] "GET /shop/roiling/saurothera011777118824.shtm HTTP/1.1" 404 38897 "https://sunra.be" "Mozilla/5.0 AppleWebKit/537.36 (KHTML, like Gecko; compatible; GPTBot/1.3; +https://openai.com/gptbot)"
104.197.234.136 - - [29/Mar/2026:17:37:03 +0000] "POST //xmlrpc.php HTTP/1.1" 200 408 "-" "Mozilla/5.0 (Windows NT 10.0; Win64; x64) AppleWebKit/537.36 (KHTML, like Gecko) Chrome/78.0.3904.108 Safari/537.36"
74.7.242.15 - - [29/Mar/2026:17:37:03 +0000] "GET /shop/clamped/underplant012111665261.shtm HTTP/1.1" 301 - "https://sunra.be/sitemap.xml" "Mozilla/5.0 AppleWebKit/537.36 (KHTML, like Gecko; compatible; GPTBot/1.3; +https://openai.com/gptbot)"
74.7.227.191 - - [29/Mar/2026:17:37:04 +0000] "GET /shop/dispraised/confess011306131666.shtm HTTP/1.1" 404 38897 "https://sunra.be" "Mozilla/5.0 AppleWebKit/537.36 (KHTML, like Gecko; compatible; GPTBot/1.3; +https://openai.com/gptbot)"
104.197.234.136 - - [29/Mar/2026:17:37:05 +0000] "POST //xmlrpc.php HTTP/1.1" 200 408 "-" "Mozilla/5.0 (Windows NT 10.0; Win64; x64) AppleWebKit/537.36 (KHTML, like Gecko) Chrome/78.0.3904.108 Safari/537.36"
74.7.242.15 - - [29/Mar/2026:17:37:06 +0000] "GET /shop/cabassou/indusiate011132106177.shtm HTTP/1.1" 301 - "https://sunra.be/sitemap.xml" "Mozilla/5.0 AppleWebKit/537.36 (KHTML, like Gecko; compatible; GPTBot/1.3; +https://openai.com/gptbot)"
104.197.234.136 - - [29/Mar/2026:17:37:07 +0000] "POST //xmlrpc.php HTTP/1.1" 200 408 "-" "Mozilla/5.0 (Windows NT 10.0; Win64; x64) AppleWebKit/537.36 (KHTML, like Gecko) Chrome/78.0.3904.108 Safari/537.36"
74.7.227.191 - - [29/Mar/2026:17:37:07 +0000] "GET /shop/galloping/squamata012681112230.shtm HTTP/1.1" 404 38897 "https://sunra.be" "Mozilla/5.0 AppleWebKit/537.36 (KHTML, like Gecko; compatible; GPTBot/1.3; +https://openai.com/gptbot)"
104.197.234.136 - - [29/Mar/2026:17:37:08 +0000] "POST //xmlrpc.php HTTP/1.1" 200 408 "-" "Mozilla/5.0 (Windows NT 10.0; Win64; x64) AppleWebKit/537.36 (KHTML, like Gecko) Chrome/78.0.3904.108 Safari/537.36"
74.7.242.15 - - [29/Mar/2026:17:37:09 +0000] "GET /shop/protodoric/slimily013331065350.shtm HTTP/1.1" 301 - "https://sunra.be/sitemap.xml" "Mozilla/5.0 AppleWebKit/537.36 (KHTML, like Gecko; compatible; GPTBot/1.3; +https://openai.com/gptbot)"
104.197.234.136 - - [29/Mar/2026:17:37:10 +0000] "POST //xmlrpc.php HTTP/1.1" 200 408 "-" "Mozilla/5.0 (Windows NT 10.0; Win64; x64) AppleWebKit/537.36 (KHTML, like Gecko) Chrome/78.0.3904.108 Safari/537.36"
74.7.227.191 - - [29/Mar/2026:17:37:10 +0000] "GET /shop/cabassou/indusiate011132106177.shtm HTTP/1.1" 404 38897 "https://sunra.be" "Mozilla/5.0 AppleWebKit/537.36 (KHTML, like Gecko; compatible; GPTBot/1.3; +https://openai.com/gptbot)"
104.197.234.136 - - [29/Mar/2026:17:37:12 +0000] "POST //xmlrpc.php HTTP/1.1" 200 408 "-" "Mozilla/5.0 (Windows NT 10.0; Win64; x64) AppleWebKit/537.36 (KHTML, like Gecko) Chrome/78.0.3904.108 Safari/537.36"
74.7.242.15 - - [29/Mar/2026:17:37:12 +0000] "GET /shop/duoliteral/cooee011198444369.shtm HTTP/1.1" 301 - "https://sunra.be/sitemap.xml" "Mozilla/5.0 AppleWebKit/537.36 (KHTML, like Gecko; compatible; GPTBot/1.3; +https://openai.com/gptbot)"
104.197.234.136 - - [29/Mar/2026:17:37:14 +0000] "POST //xmlrpc.php HTTP/1.1" 200 408 "-" "Mozilla/5.0 (Windows NT 10.0; Win64; x64) AppleWebKit/537.36 (KHTML, like Gecko) Chrome/78.0.3904.108 Safari/537.36"
74.7.227.191 - - [29/Mar/2026:17:37:13 +0000] "GET /shop/clamped/underplant012111665261.shtm HTTP/1.1" 404 38897 "https://sunra.be" "Mozilla/5.0 AppleWebKit/537.36 (KHTML, like Gecko; compatible; GPTBot/1.3; +https://openai.com/gptbot)"
104.197.234.136 - - [29/Mar/2026:17:37:16 +0000] "POST //xmlrpc.php HTTP/1.1" 200 408 "-" "Mozilla/5.0 (Windows NT 10.0; Win64; x64) AppleWebKit/537.36 (KHTML, like Gecko) Chrome/78.0.3904.108 Safari/537.36"
74.7.242.15 - - [29/Mar/2026:17:37:15 +0000] "GET /shop/semblable/sandix012315888033.shtm HTTP/1.1" 301 - "https://sunra.be/sitemap.xml" "Mozilla/5.0 AppleWebKit/537.36 (KHTML, like Gecko; compatible; GPTBot/1.3; +https://openai.com/gptbot)"
216.73.216.217 - - [29/Mar/2026:17:37:16 +0000] "GET /shop/oscinian/hexatomic002582915468.shtm HTTP/1.1" 301 - "-" "Mozilla/5.0 AppleWebKit/537.36 (KHTML, like Gecko; compatible; ClaudeBot/1.0; +claudebot@anthropic.com)"
74.7.227.191 - - [29/Mar/2026:17:37:17 +0000] "GET /shop/pterosaur/continue011126141751.shtm HTTP/1.1" 404 38897 "https://sunra.be" "Mozilla/5.0 AppleWebKit/537.36 (KHTML, like Gecko; compatible; GPTBot/1.3; +https://openai.com/gptbot)"
104.197.234.136 - - [29/Mar/2026:17:37:17 +0000] "POST //xmlrpc.php HTTP/1.1" 200 408 "-" "Mozilla/5.0 (Windows NT 10.0; Win64; x64) AppleWebKit/537.36 (KHTML, like Gecko) Chrome/78.0.3904.108 Safari/537.36"
74.7.242.15 - - [29/Mar/2026:17:37:19 +0000] "GET /shop/adjacence/cirrus012220752802.shtm HTTP/1.1" 301 - "https://sunra.be/sitemap.xml" "Mozilla/5.0 AppleWebKit/537.36 (KHTML, like Gecko; compatible; GPTBot/1.3; +https://openai.com/gptbot)"
216.73.216.217 - - [29/Mar/2026:17:37:19 +0000] "GET /shop/oscinian/hexatomic002582915468.shtm HTTP/1.1" 404 38897 "https://sunra.be/shop/oscinian/hexatomic002582915468.shtm" "Mozilla/5.0 AppleWebKit/537.36 (KHTML, like Gecko; compatible; ClaudeBot/1.0; +claudebot@anthropic.com)"
104.197.234.136 - - [29/Mar/2026:17:37:19 +0000] "POST //xmlrpc.php HTTP/1.1" 200 408 "-" "Mozilla/5.0 (Windows NT 10.0; Win64; x64) AppleWebKit/537.36 (KHTML, like Gecko) Chrome/78.0.3904.108 Safari/537.36"
74.7.227.191 - - [29/Mar/2026:17:37:20 +0000] "GET /shop/protodoric/slimily013331065350.shtm HTTP/1.1" 404 38897 "https://sunra.be" "Mozilla/5.0 AppleWebKit/537.36 (KHTML, like Gecko; compatible; GPTBot/1.3; +https://openai.com/gptbot)"
