216.73.216.217 - - [29/Mar/2026:17:47:54 +0000] "GET /shop/endict/ensemble00332325706.shtm HTTP/1.1" 301 - "-" "Mozilla/5.0 AppleWebKit/537.36 (KHTML, like Gecko; compatible; ClaudeBot/1.0; +claudebot@anthropic.com)"
74.7.227.191 - - [29/Mar/2026:17:47:53 +0000] "GET /shop/mater/conciliating01130267679.shtm HTTP/1.1" 404 38895 "https://sunra.be" "Mozilla/5.0 AppleWebKit/537.36 (KHTML, like Gecko; compatible; GPTBot/1.3; +https://openai.com/gptbot)"
74.7.242.15 - - [29/Mar/2026:17:47:54 +0000] "GET /shop/combater/rabbinic012392942946.shtm HTTP/1.1" 301 - "https://sunra.be/sitemap.xml" "Mozilla/5.0 AppleWebKit/537.36 (KHTML, like Gecko; compatible; GPTBot/1.3; +https://openai.com/gptbot)"
217.182.68.102 - - [29/Mar/2026:17:47:55 +0000] "POST /wp-cron.php?doing_wp_cron=1774806475.5313549041748046875000 HTTP/1.1" 200 - "-" "WordPress/6.9.4; https://www.sunra.be"
216.73.216.217 - - [29/Mar/2026:17:47:56 +0000] "GET /shop/endict/ensemble00332325706.shtm HTTP/1.1" 404 38889 "https://sunra.be/shop/endict/ensemble00332325706.shtm" "Mozilla/5.0 AppleWebKit/537.36 (KHTML, like Gecko; compatible; ClaudeBot/1.0; +claudebot@anthropic.com)"
74.7.227.191 - - [29/Mar/2026:17:47:56 +0000] "GET /shop/vaginitis/howitz01110143085.shtm HTTP/1.1" 404 38891 "https://sunra.be" "Mozilla/5.0 AppleWebKit/537.36 (KHTML, like Gecko; compatible; GPTBot/1.3; +https://openai.com/gptbot)"
74.7.242.15 - - [29/Mar/2026:17:47:57 +0000] "GET /shop/sheave/freehanded011699242578.shtm HTTP/1.1" 301 - "https://sunra.be/sitemap.xml" "Mozilla/5.0 AppleWebKit/537.36 (KHTML, like Gecko; compatible; GPTBot/1.3; +https://openai.com/gptbot)"
74.7.227.191 - - [29/Mar/2026:17:48:00 +0000] "GET /shop/idiolect/midget011109557369.shtm HTTP/1.1" 404 38891 "https://sunra.be" "Mozilla/5.0 AppleWebKit/537.36 (KHTML, like Gecko; compatible; GPTBot/1.3; +https://openai.com/gptbot)"
74.7.242.15 - - [29/Mar/2026:17:48:00 +0000] "GET /shop/pistachia/perspicaciousness01278236545.shtm HTTP/1.1" 301 - "https://sunra.be/sitemap.xml" "Mozilla/5.0 AppleWebKit/537.36 (KHTML, like Gecko; compatible; GPTBot/1.3; +https://openai.com/gptbot)"
66.249.74.102 - - [29/Mar/2026:17:48:01 +0000] "GET /?u=11862174461405&channel=d19321&from=category-info.php?shop/silicula/unexampled032502618386.shtm HTTP/1.1" 200 219215 "-" "Mozilla/5.0 (Linux; Android 6.0.1; Nexus 5X Build/MMB29P) AppleWebKit/537.36 (KHTML, like Gecko) Chrome/146.0.7680.153 Mobile Safari/537.36 (compatible; Googlebot/2.1; +http://www.google.com/bot.html)"
216.73.216.217 - - [29/Mar/2026:17:48:02 +0000] "GET /shop/catholicness/tumblebug00560586506.shtm HTTP/1.1" 301 - "-" "Mozilla/5.0 AppleWebKit/537.36 (KHTML, like Gecko; compatible; ClaudeBot/1.0; +claudebot@anthropic.com)"
14.249.154.167 - - [29/Mar/2026:17:48:02 +0000] "GET /shop/prediscover/entracte00944740271.shtm HTTP/1.1" 404 38899 "-" "Mozilla/5.0 (Macintosh; Intel Mac OS X 12.4; rv:130.0) Gecko/20100101 Firefox/130.0"
74.7.227.191 - - [29/Mar/2026:17:48:03 +0000] "GET /shop/weldons/hungary011196020171.shtm HTTP/1.1" 404 38891 "https://sunra.be" "Mozilla/5.0 AppleWebKit/537.36 (KHTML, like Gecko; compatible; GPTBot/1.3; +https://openai.com/gptbot)"
74.7.242.15 - - [29/Mar/2026:17:48:03 +0000] "GET /shop/legality/orcein011701666760.shtm HTTP/1.1" 301 - "https://sunra.be/sitemap.xml" "Mozilla/5.0 AppleWebKit/537.36 (KHTML, like Gecko; compatible; GPTBot/1.3; +https://openai.com/gptbot)"
216.73.216.217 - - [29/Mar/2026:17:48:04 +0000] "GET /shop/catholicness/tumblebug00560586506.shtm HTTP/1.1" 404 38903 "https://sunra.be/shop/catholicness/tumblebug00560586506.shtm" "Mozilla/5.0 AppleWebKit/537.36 (KHTML, like Gecko; compatible; ClaudeBot/1.0; +claudebot@anthropic.com)"
74.7.242.15 - - [29/Mar/2026:17:48:06 +0000] "GET /shop/missit/highflying011011694765.shtm HTTP/1.1" 301 - "https://sunra.be/sitemap.xml" "Mozilla/5.0 AppleWebKit/537.36 (KHTML, like Gecko; compatible; GPTBot/1.3; +https://openai.com/gptbot)"
74.7.227.191 - - [29/Mar/2026:17:48:06 +0000] "GET /shop/cohosh/enflower011843620555.shtm HTTP/1.1" 404 38891 "https://sunra.be" "Mozilla/5.0 AppleWebKit/537.36 (KHTML, like Gecko; compatible; GPTBot/1.3; +https://openai.com/gptbot)"
54.37.118.88 - - [29/Mar/2026:17:48:07 +0000] "GET /?w=5002083209 HTTP/1.1" 301 - "-" "Mozilla/5.0 (compatible; AhrefsBot/7.0; +http://ahrefs.com/robot/)"
74.7.227.191 - - [29/Mar/2026:17:48:09 +0000] "GET /shop/sheave/freehanded011699242578.shtm HTTP/1.1" 404 38895 "https://sunra.be" "Mozilla/5.0 AppleWebKit/537.36 (KHTML, like Gecko; compatible; GPTBot/1.3; +https://openai.com/gptbot)"
74.7.242.15 - - [29/Mar/2026:17:48:10 +0000] "GET /shop/costusroot/coopee012499514213.shtm HTTP/1.1" 301 - "https://sunra.be/sitemap.xml" "Mozilla/5.0 AppleWebKit/537.36 (KHTML, like Gecko; compatible; GPTBot/1.3; +https://openai.com/gptbot)"
216.73.216.217 - - [29/Mar/2026:17:48:10 +0000] "GET /shop/marks/builded003794465893.shtm HTTP/1.1" 301 - "-" "Mozilla/5.0 AppleWebKit/537.36 (KHTML, like Gecko; compatible; ClaudeBot/1.0; +claudebot@anthropic.com)"
216.73.216.217 - - [29/Mar/2026:17:48:12 +0000] "GET /shop/marks/builded003794465893.shtm HTTP/1.1" 404 38887 "https://sunra.be/shop/marks/builded003794465893.shtm" "Mozilla/5.0 AppleWebKit/537.36 (KHTML, like Gecko; compatible; ClaudeBot/1.0; +claudebot@anthropic.com)"
74.7.227.191 - - [29/Mar/2026:17:48:12 +0000] "GET /shop/agreeing/chinking012448711827.shtm HTTP/1.1" 404 38895 "https://sunra.be" "Mozilla/5.0 AppleWebKit/537.36 (KHTML, like Gecko; compatible; GPTBot/1.3; +https://openai.com/gptbot)"
74.7.242.15 - - [29/Mar/2026:17:48:13 +0000] "GET /shop/mesodermal/incase01255569622.shtm HTTP/1.1" 301 - "https://sunra.be/sitemap.xml" "Mozilla/5.0 AppleWebKit/537.36 (KHTML, like Gecko; compatible; GPTBot/1.3; +https://openai.com/gptbot)"
74.7.227.191 - - [29/Mar/2026:17:48:16 +0000] "GET /shop/combater/rabbinic012392942946.shtm HTTP/1.1" 404 38895 "https://sunra.be" "Mozilla/5.0 AppleWebKit/537.36 (KHTML, like Gecko; compatible; GPTBot/1.3; +https://openai.com/gptbot)"
74.7.242.15 - - [29/Mar/2026:17:48:16 +0000] "GET /shop/temptation/prescriptibility011276665957.shtm HTTP/1.1" 301 - "https://sunra.be/sitemap.xml" "Mozilla/5.0 AppleWebKit/537.36 (KHTML, like Gecko; compatible; GPTBot/1.3; +https://openai.com/gptbot)"
216.73.216.217 - - [29/Mar/2026:17:48:18 +0000] "GET /shop/composite/doubtance003689687820.shtm HTTP/1.1" 301 - "-" "Mozilla/5.0 AppleWebKit/537.36 (KHTML, like Gecko; compatible; ClaudeBot/1.0; +claudebot@anthropic.com)"
74.7.227.191 - - [29/Mar/2026:17:48:19 +0000] "GET /shop/djiboutian/ostrea012337388233.shtm HTTP/1.1" 404 38895 "https://sunra.be" "Mozilla/5.0 AppleWebKit/537.36 (KHTML, like Gecko; compatible; GPTBot/1.3; +https://openai.com/gptbot)"
74.7.242.15 - - [29/Mar/2026:17:48:19 +0000] "GET /shop/prevention/enerve01982999744.shtm HTTP/1.1" 301 - "https://sunra.be/sitemap.xml" "Mozilla/5.0 AppleWebKit/537.36 (KHTML, like Gecko; compatible; GPTBot/1.3; +https://openai.com/gptbot)"
216.73.216.217 - - [29/Mar/2026:17:48:20 +0000] "GET /shop/composite/doubtance003689687820.shtm HTTP/1.1" 404 38899 "https://sunra.be/shop/composite/doubtance003689687820.shtm" "Mozilla/5.0 AppleWebKit/537.36 (KHTML, like Gecko; compatible; ClaudeBot/1.0; +claudebot@anthropic.com)"
74.7.227.191 - - [29/Mar/2026:17:48:22 +0000] "GET /shop/pistachia/perspicaciousness01278236545.shtm HTTP/1.1" 404 38913 "https://sunra.be" "Mozilla/5.0 AppleWebKit/537.36 (KHTML, like Gecko; compatible; GPTBot/1.3; +https://openai.com/gptbot)"
74.7.242.15 - - [29/Mar/2026:17:48:22 +0000] "GET /shop/skilligalee/matric0174924112.shtm HTTP/1.1" 301 - "https://sunra.be/sitemap.xml" "Mozilla/5.0 AppleWebKit/537.36 (KHTML, like Gecko; compatible; GPTBot/1.3; +https://openai.com/gptbot)"
77.75.77.95 - - [29/Mar/2026:17:48:23 +0000] "GET /lucky-dreams-befizet-s-n-lk-li-ingyenes-p-rget-sek-magyarorsz-g-j-tssz-val-di-p-nz-rt/ HTTP/1.1" 200 59429 "-" "Mozilla/5.0 (compatible; SeznamBot/4.0; +https://o-seznam.cz/napoveda/vyhledavani/en/seznambot-crawler/)"
74.7.242.15 - - [29/Mar/2026:17:48:25 +0000] "GET /shop/pycnaspidean/match0158224685.shtm HTTP/1.1" 301 - "https://sunra.be/sitemap.xml" "Mozilla/5.0 AppleWebKit/537.36 (KHTML, like Gecko; compatible; GPTBot/1.3; +https://openai.com/gptbot)"
74.7.227.191 - - [29/Mar/2026:17:48:25 +0000] "GET /shop/missit/highflying011011694765.shtm HTTP/1.1" 404 38895 "https://sunra.be" "Mozilla/5.0 AppleWebKit/537.36 (KHTML, like Gecko; compatible; GPTBot/1.3; +https://openai.com/gptbot)"
74.7.242.15 - - [29/Mar/2026:17:48:28 +0000] "GET /shop/paludicolae/abawed0166353669.shtm HTTP/1.1" 301 - "https://sunra.be/sitemap.xml" "Mozilla/5.0 AppleWebKit/537.36 (KHTML, like Gecko; compatible; GPTBot/1.3; +https://openai.com/gptbot)"
74.7.227.191 - - [29/Mar/2026:17:48:28 +0000] "GET /shop/costusroot/coopee012499514213.shtm HTTP/1.1" 404 38895 "https://sunra.be" "Mozilla/5.0 AppleWebKit/537.36 (KHTML, like Gecko; compatible; GPTBot/1.3; +https://openai.com/gptbot)"
74.7.242.15 - - [29/Mar/2026:17:48:31 +0000] "GET /shop/leftwing/pneometer0118157300.shtm HTTP/1.1" 301 - "https://sunra.be/sitemap.xml" "Mozilla/5.0 AppleWebKit/537.36 (KHTML, like Gecko; compatible; GPTBot/1.3; +https://openai.com/gptbot)"
74.7.227.191 - - [29/Mar/2026:17:48:31 +0000] "GET /shop/legality/orcein011701666760.shtm HTTP/1.1" 404 38891 "https://sunra.be" "Mozilla/5.0 AppleWebKit/537.36 (KHTML, like Gecko; compatible; GPTBot/1.3; +https://openai.com/gptbot)"
74.7.242.15 - - [29/Mar/2026:17:48:35 +0000] "GET /shop/onetenth/obtrusive0196260789.shtm HTTP/1.1" 301 - "https://sunra.be/sitemap.xml" "Mozilla/5.0 AppleWebKit/537.36 (KHTML, like Gecko; compatible; GPTBot/1.3; +https://openai.com/gptbot)"
74.7.227.191 - - [29/Mar/2026:17:48:35 +0000] "GET /shop/mesodermal/incase01255569622.shtm HTTP/1.1" 404 38893 "https://sunra.be" "Mozilla/5.0 AppleWebKit/537.36 (KHTML, like Gecko; compatible; GPTBot/1.3; +https://openai.com/gptbot)"
74.7.227.191 - - [29/Mar/2026:17:48:38 +0000] "GET /shop/temptation/prescriptibility011276665957.shtm HTTP/1.1" 404 38915 "https://sunra.be" "Mozilla/5.0 AppleWebKit/537.36 (KHTML, like Gecko; compatible; GPTBot/1.3; +https://openai.com/gptbot)"
74.7.242.15 - - [29/Mar/2026:17:48:38 +0000] "GET /shop/berneriana/spicose0165141586.shtm HTTP/1.1" 301 - "https://sunra.be/sitemap.xml" "Mozilla/5.0 AppleWebKit/537.36 (KHTML, like Gecko; compatible; GPTBot/1.3; +https://openai.com/gptbot)"
74.7.242.15 - - [29/Mar/2026:17:48:41 +0000] "GET /shop/dogstooth/oilcloth01415044193.shtm HTTP/1.1" 301 - "https://sunra.be/sitemap.xml" "Mozilla/5.0 AppleWebKit/537.36 (KHTML, like Gecko; compatible; GPTBot/1.3; +https://openai.com/gptbot)"
74.7.227.191 - - [29/Mar/2026:17:48:41 +0000] "GET /shop/skilligalee/matric0174924112.shtm HTTP/1.1" 404 38893 "https://sunra.be" "Mozilla/5.0 AppleWebKit/537.36 (KHTML, like Gecko; compatible; GPTBot/1.3; +https://openai.com/gptbot)"
74.7.242.15 - - [29/Mar/2026:17:48:44 +0000] "GET /shop/flightshot/whitson01161159655.shtm HTTP/1.1" 301 - "https://sunra.be/sitemap.xml" "Mozilla/5.0 AppleWebKit/537.36 (KHTML, like Gecko; compatible; GPTBot/1.3; +https://openai.com/gptbot)"
74.7.227.191 - - [29/Mar/2026:17:48:44 +0000] "GET /shop/prevention/enerve01982999744.shtm HTTP/1.1" 404 38893 "https://sunra.be" "Mozilla/5.0 AppleWebKit/537.36 (KHTML, like Gecko; compatible; GPTBot/1.3; +https://openai.com/gptbot)"
74.7.242.15 - - [29/Mar/2026:17:48:47 +0000] "GET /shop/coexecutor/incarnification012961160304.shtm HTTP/1.1" 301 - "https://sunra.be/sitemap.xml" "Mozilla/5.0 AppleWebKit/537.36 (KHTML, like Gecko; compatible; GPTBot/1.3; +https://openai.com/gptbot)"
74.7.227.191 - - [29/Mar/2026:17:48:47 +0000] "GET /shop/onetenth/obtrusive0196260789.shtm HTTP/1.1" 404 38893 "https://sunra.be" "Mozilla/5.0 AppleWebKit/537.36 (KHTML, like Gecko; compatible; GPTBot/1.3; +https://openai.com/gptbot)"
66.249.74.100 - - [29/Mar/2026:17:48:48 +0000] "GET /?u=08981157705405&channel=045608&from=jp.php?shop/unburden/example03567927938.shtm HTTP/1.1" 200 213901 "-" "Mozilla/5.0 (Linux; Android 6.0.1; Nexus 5X Build/MMB29P) AppleWebKit/537.36 (KHTML, like Gecko) Chrome/146.0.7680.153 Mobile Safari/537.36 (compatible; Googlebot/2.1; +http://www.google.com/bot.html)"
74.7.242.15 - - [29/Mar/2026:17:48:50 +0000] "GET /shop/guillevat/erlenmeyer013670136855.shtm HTTP/1.1" 301 - "https://sunra.be/sitemap.xml" "Mozilla/5.0 AppleWebKit/537.36 (KHTML, like Gecko; compatible; GPTBot/1.3; +https://openai.com/gptbot)"
74.7.227.191 - - [29/Mar/2026:17:48:50 +0000] "GET /shop/berneriana/spicose0165141586.shtm HTTP/1.1" 404 38893 "https://sunra.be" "Mozilla/5.0 AppleWebKit/537.36 (KHTML, like Gecko; compatible; GPTBot/1.3; +https://openai.com/gptbot)"
74.7.227.191 - - [29/Mar/2026:17:48:53 +0000] "GET /shop/leftwing/pneometer0118157300.shtm HTTP/1.1" 404 38893 "https://sunra.be" "Mozilla/5.0 AppleWebKit/537.36 (KHTML, like Gecko; compatible; GPTBot/1.3; +https://openai.com/gptbot)"
74.7.242.15 - - [29/Mar/2026:17:48:53 +0000] "GET /shop/shorthorn/vitalized013826158757.shtm HTTP/1.1" 301 - "https://sunra.be/sitemap.xml" "Mozilla/5.0 AppleWebKit/537.36 (KHTML, like Gecko; compatible; GPTBot/1.3; +https://openai.com/gptbot)"
217.182.68.102 - - [29/Mar/2026:17:48:55 +0000] "POST /wp-cron.php?doing_wp_cron=1774806535.6138811111450195312500 HTTP/1.1" 200 - "-" "WordPress/6.9.4; https://www.sunra.be"
216.73.216.217 - - [29/Mar/2026:17:48:56 +0000] "GET /shop/milliliter/doltishly00929426726.shtm HTTP/1.1" 301 - "-" "Mozilla/5.0 AppleWebKit/537.36 (KHTML, like Gecko; compatible; ClaudeBot/1.0; +claudebot@anthropic.com)"
74.7.242.15 - - [29/Mar/2026:17:48:57 +0000] "GET /shop/geotic/hunchbacked011121552963.shtm HTTP/1.1" 301 - "https://sunra.be/sitemap.xml" "Mozilla/5.0 AppleWebKit/537.36 (KHTML, like Gecko; compatible; GPTBot/1.3; +https://openai.com/gptbot)"
74.7.227.191 - - [29/Mar/2026:17:48:57 +0000] "GET /shop/pycnaspidean/match0158224685.shtm HTTP/1.1" 404 38893 "https://sunra.be" "Mozilla/5.0 AppleWebKit/537.36 (KHTML, like Gecko; compatible; GPTBot/1.3; +https://openai.com/gptbot)"
216.73.216.217 - - [29/Mar/2026:17:48:58 +0000] "GET /shop/milliliter/doltishly00929426726.shtm HTTP/1.1" 404 38899 "https://sunra.be/shop/milliliter/doltishly00929426726.shtm" "Mozilla/5.0 AppleWebKit/537.36 (KHTML, like Gecko; compatible; ClaudeBot/1.0; +claudebot@anthropic.com)"
74.7.242.15 - - [29/Mar/2026:17:49:00 +0000] "GET /shop/mangabey/headpiece011126305274.shtm HTTP/1.1" 301 - "https://sunra.be/sitemap.xml" "Mozilla/5.0 AppleWebKit/537.36 (KHTML, like Gecko; compatible; GPTBot/1.3; +https://openai.com/gptbot)"
74.7.227.191 - - [29/Mar/2026:17:49:00 +0000] "GET /shop/paludicolae/abawed0166353669.shtm HTTP/1.1" 404 38893 "https://sunra.be" "Mozilla/5.0 AppleWebKit/537.36 (KHTML, like Gecko; compatible; GPTBot/1.3; +https://openai.com/gptbot)"
74.7.242.15 - - [29/Mar/2026:17:49:03 +0000] "GET /shop/punctualist/crouse014195466627.shtm HTTP/1.1" 301 - "https://sunra.be/sitemap.xml" "Mozilla/5.0 AppleWebKit/537.36 (KHTML, like Gecko; compatible; GPTBot/1.3; +https://openai.com/gptbot)"
74.7.227.191 - - [29/Mar/2026:17:49:03 +0000] "GET /shop/guillevat/erlenmeyer013670136855.shtm HTTP/1.1" 404 38901 "https://sunra.be" "Mozilla/5.0 AppleWebKit/537.36 (KHTML, like Gecko; compatible; GPTBot/1.3; +https://openai.com/gptbot)"
216.73.216.217 - - [29/Mar/2026:17:49:04 +0000] "GET /shop/galoot/overflowingly002750050110.shtm HTTP/1.1" 301 - "-" "Mozilla/5.0 AppleWebKit/537.36 (KHTML, like Gecko; compatible; ClaudeBot/1.0; +claudebot@anthropic.com)"
14.167.135.116 - - [29/Mar/2026:17:49:05 +0000] "GET /shopdetail/African-American/238045119 HTTP/1.1" 404 38893 "-" "Mozilla/5.0 (Macintosh; Intel Mac OS X 14.4; rv:135.0) Gecko/20100101 Firefox/135.0"
74.7.242.15 - - [29/Mar/2026:17:49:06 +0000] "GET /shop/piddock/particle013834287773.shtm HTTP/1.1" 301 - "https://sunra.be/sitemap.xml" "Mozilla/5.0 AppleWebKit/537.36 (KHTML, like Gecko; compatible; GPTBot/1.3; +https://openai.com/gptbot)"
74.7.227.191 - - [29/Mar/2026:17:49:06 +0000] "GET /shop/coexecutor/incarnification012961160304.shtm HTTP/1.1" 404 38913 "https://sunra.be" "Mozilla/5.0 AppleWebKit/537.36 (KHTML, like Gecko; compatible; GPTBot/1.3; +https://openai.com/gptbot)"
216.73.216.217 - - [29/Mar/2026:17:49:07 +0000] "GET /shop/galoot/overflowingly002750050110.shtm HTTP/1.1" 404 38901 "https://sunra.be/shop/galoot/overflowingly002750050110.shtm" "Mozilla/5.0 AppleWebKit/537.36 (KHTML, like Gecko; compatible; ClaudeBot/1.0; +claudebot@anthropic.com)"
74.7.242.15 - - [29/Mar/2026:17:49:09 +0000] "GET /shop/quattrocentist/grandmother013672561069.shtm HTTP/1.1" 301 - "https://sunra.be/sitemap.xml" "Mozilla/5.0 AppleWebKit/537.36 (KHTML, like Gecko; compatible; GPTBot/1.3; +https://openai.com/gptbot)"
74.7.227.191 - - [29/Mar/2026:17:49:09 +0000] "GET /shop/dogstooth/oilcloth01415044193.shtm HTTP/1.1" 404 38895 "https://sunra.be" "Mozilla/5.0 AppleWebKit/537.36 (KHTML, like Gecko; compatible; GPTBot/1.3; +https://openai.com/gptbot)"
74.7.242.15 - - [29/Mar/2026:17:49:12 +0000] "GET /shop/perquisited/involuntariness013243831892.shtm HTTP/1.1" 301 - "https://sunra.be/sitemap.xml" "Mozilla/5.0 AppleWebKit/537.36 (KHTML, like Gecko; compatible; GPTBot/1.3; +https://openai.com/gptbot)"
216.73.216.217 - - [29/Mar/2026:17:49:12 +0000] "GET /shop/electrogenesis/backbiter001028985039.shtm HTTP/1.1" 301 - "-" "Mozilla/5.0 AppleWebKit/537.36 (KHTML, like Gecko; compatible; ClaudeBot/1.0; +claudebot@anthropic.com)"
74.7.227.191 - - [29/Mar/2026:17:49:12 +0000] "GET /shop/flightshot/whitson01161159655.shtm HTTP/1.1" 404 38895 "https://sunra.be" "Mozilla/5.0 AppleWebKit/537.36 (KHTML, like Gecko; compatible; GPTBot/1.3; +https://openai.com/gptbot)"
114.119.155.22 - - [29/Mar/2026:17:49:14 +0000] "GET /shop/insulate/disinuring06369606012.shtm HTTP/1.1" 301 - "https://sunra.be/?sitemap297.xml" "Mozilla/5.0 (Linux; Android 7.0;) AppleWebKit/537.36 (KHTML, like Gecko) Mobile Safari/537.36 (compatible; PetalBot;+https://webmaster.petalsearch.com/site/petalbot)"
216.73.216.217 - - [29/Mar/2026:17:49:14 +0000] "GET /shop/electrogenesis/backbiter001028985039.shtm HTTP/1.1" 404 38909 "https://sunra.be/shop/electrogenesis/backbiter001028985039.shtm" "Mozilla/5.0 AppleWebKit/537.36 (KHTML, like Gecko; compatible; ClaudeBot/1.0; +claudebot@anthropic.com)"
74.7.242.15 - - [29/Mar/2026:17:49:15 +0000] "GET /shop/quadratojugal/iodocompound011590482850.shtm HTTP/1.1" 301 - "https://sunra.be/sitemap.xml" "Mozilla/5.0 AppleWebKit/537.36 (KHTML, like Gecko; compatible; GPTBot/1.3; +https://openai.com/gptbot)"
74.7.227.191 - - [29/Mar/2026:17:49:15 +0000] "GET /shop/mangabey/headpiece011126305274.shtm HTTP/1.1" 404 38897 "https://sunra.be" "Mozilla/5.0 AppleWebKit/537.36 (KHTML, like Gecko; compatible; GPTBot/1.3; +https://openai.com/gptbot)"
74.7.242.15 - - [29/Mar/2026:17:49:19 +0000] "GET /shop/bilberries/hermeneutically013561630408.shtm HTTP/1.1" 301 - "https://sunra.be/sitemap.xml" "Mozilla/5.0 AppleWebKit/537.36 (KHTML, like Gecko; compatible; GPTBot/1.3; +https://openai.com/gptbot)"
74.7.227.191 - - [29/Mar/2026:17:49:19 +0000] "GET /shop/punctualist/crouse014195466627.shtm HTTP/1.1" 404 38897 "https://sunra.be" "Mozilla/5.0 AppleWebKit/537.36 (KHTML, like Gecko; compatible; GPTBot/1.3; +https://openai.com/gptbot)"
37.211.57.172 - - [29/Mar/2026:17:49:19 +0000] "GET /shopdetail/shed/184018463 HTTP/1.1" 301 - "-" "Mozilla/5.0 (Macintosh; Intel Mac OS X 15_2_0) AppleWebKit/537.36 (KHTML, like Gecko) Chrome/125.0.6422.60 Safari/537.36"
216.73.216.217 - - [29/Mar/2026:17:49:20 +0000] "GET /shop/denization/tollmen004606259.shtm HTTP/1.1" 301 - "-" "Mozilla/5.0 AppleWebKit/537.36 (KHTML, like Gecko; compatible; ClaudeBot/1.0; +claudebot@anthropic.com)"
74.7.242.15 - - [29/Mar/2026:17:49:22 +0000] "GET /shop/concurring/weltanschauungen012591272755.shtm HTTP/1.1" 301 - "https://sunra.be/sitemap.xml" "Mozilla/5.0 AppleWebKit/537.36 (KHTML, like Gecko; compatible; GPTBot/1.3; +https://openai.com/gptbot)"
216.73.216.217 - - [29/Mar/2026:17:49:22 +0000] "GET /shop/denization/tollmen004606259.shtm HTTP/1.1" 404 38891 "https://sunra.be/shop/denization/tollmen004606259.shtm" "Mozilla/5.0 AppleWebKit/537.36 (KHTML, like Gecko; compatible; ClaudeBot/1.0; +claudebot@anthropic.com)"
74.7.227.191 - - [29/Mar/2026:17:49:22 +0000] "GET /shop/geotic/hunchbacked011121552963.shtm HTTP/1.1" 404 38897 "https://sunra.be" "Mozilla/5.0 AppleWebKit/537.36 (KHTML, like Gecko; compatible; GPTBot/1.3; +https://openai.com/gptbot)"
14.181.186.125 - - [29/Mar/2026:17:49:23 +0000] "GET /shopdetail/shed/184018463 HTTP/1.1" 404 38869 "-" "Mozilla/5.0 (Macintosh; Intel Mac OS X 15_2_0) AppleWebKit/537.36 (KHTML, like Gecko) Chrome/125.0.6422.60 Safari/537.36"
114.119.155.22 - - [29/Mar/2026:17:49:24 +0000] "GET /shop/insulate/disinuring06369606012.shtm HTTP/1.1" 404 37556 "https://sunra.be/?sitemap297.xml" "Mozilla/5.0 (Linux; Android 7.0;) AppleWebKit/537.36 (KHTML, like Gecko) Mobile Safari/537.36 (compatible; PetalBot;+https://webmaster.petalsearch.com/site/petalbot)"
74.7.242.15 - - [29/Mar/2026:17:49:25 +0000] "GET /shop/postmeridian/marvel01912299975.shtm HTTP/1.1" 301 - "https://sunra.be/sitemap.xml" "Mozilla/5.0 AppleWebKit/537.36 (KHTML, like Gecko; compatible; GPTBot/1.3; +https://openai.com/gptbot)"
74.7.227.191 - - [29/Mar/2026:17:49:25 +0000] "GET /shop/shorthorn/vitalized013826158757.shtm HTTP/1.1" 404 38899 "https://sunra.be" "Mozilla/5.0 AppleWebKit/537.36 (KHTML, like Gecko; compatible; GPTBot/1.3; +https://openai.com/gptbot)"
216.73.216.217 - - [29/Mar/2026:17:49:26 +0000] "GET /shop/exaggeratedly/hallucinatory00739440101.shtm HTTP/1.1" 301 - "-" "Mozilla/5.0 AppleWebKit/537.36 (KHTML, like Gecko; compatible; ClaudeBot/1.0; +claudebot@anthropic.com)"
74.7.227.191 - - [29/Mar/2026:17:49:28 +0000] "GET /shop/perquisited/involuntariness013243831892.shtm HTTP/1.1" 404 38915 "https://sunra.be" "Mozilla/5.0 AppleWebKit/537.36 (KHTML, like Gecko; compatible; GPTBot/1.3; +https://openai.com/gptbot)"
74.7.242.15 - - [29/Mar/2026:17:49:28 +0000] "GET /shop/botchedly/hobnailed01966693266.shtm HTTP/1.1" 301 - "https://sunra.be/sitemap.xml" "Mozilla/5.0 AppleWebKit/537.36 (KHTML, like Gecko; compatible; GPTBot/1.3; +https://openai.com/gptbot)"
216.73.216.217 - - [29/Mar/2026:17:49:29 +0000] "GET /shop/exaggeratedly/hallucinatory00739440101.shtm HTTP/1.1" 404 38913 "https://sunra.be/shop/exaggeratedly/hallucinatory00739440101.shtm" "Mozilla/5.0 AppleWebKit/537.36 (KHTML, like Gecko; compatible; ClaudeBot/1.0; +claudebot@anthropic.com)"
74.7.227.191 - - [29/Mar/2026:17:49:31 +0000] "GET /shop/quattrocentist/grandmother013672561069.shtm HTTP/1.1" 404 38913 "https://sunra.be" "Mozilla/5.0 AppleWebKit/537.36 (KHTML, like Gecko; compatible; GPTBot/1.3; +https://openai.com/gptbot)"
74.7.242.15 - - [29/Mar/2026:17:49:31 +0000] "GET /shop/mouthmade/villanous01277024446.shtm HTTP/1.1" 301 - "https://sunra.be/sitemap.xml" "Mozilla/5.0 AppleWebKit/537.36 (KHTML, like Gecko; compatible; GPTBot/1.3; +https://openai.com/gptbot)"
216.73.216.217 - - [29/Mar/2026:17:49:32 +0000] "GET /shop/depicted/exerciser001871089374.shtm HTTP/1.1" 301 - "-" "Mozilla/5.0 AppleWebKit/537.36 (KHTML, like Gecko; compatible; ClaudeBot/1.0; +claudebot@anthropic.com)"
66.249.74.100 - - [29/Mar/2026:17:49:34 +0000] "GET /?u=3473220199406&channel=307694&from=category-info.php?shop/mayorship/geoponics031532559781.shtm HTTP/1.1" 200 217557 "-" "Mozilla/5.0 (Linux; Android 6.0.1; Nexus 5X Build/MMB29P) AppleWebKit/537.36 (KHTML, like Gecko) Chrome/146.0.7680.153 Mobile Safari/537.36 (compatible; Googlebot/2.1; +http://www.google.com/bot.html)"
216.73.216.217 - - [29/Mar/2026:17:49:35 +0000] "GET /shop/depicted/exerciser001871089374.shtm HTTP/1.1" 404 38897 "https://sunra.be/shop/depicted/exerciser001871089374.shtm" "Mozilla/5.0 AppleWebKit/537.36 (KHTML, like Gecko; compatible; ClaudeBot/1.0; +claudebot@anthropic.com)"
74.7.242.15 - - [29/Mar/2026:17:49:34 +0000] "GET /shop/pneumonanthe/wiener01939437555.shtm HTTP/1.1" 301 - "https://sunra.be/sitemap.xml" "Mozilla/5.0 AppleWebKit/537.36 (KHTML, like Gecko; compatible; GPTBot/1.3; +https://openai.com/gptbot)"
74.7.227.191 - - [29/Mar/2026:17:49:34 +0000] "GET /shop/piddock/particle013834287773.shtm HTTP/1.1" 404 38893 "https://sunra.be" "Mozilla/5.0 AppleWebKit/537.36 (KHTML, like Gecko; compatible; GPTBot/1.3; +https://openai.com/gptbot)"
74.7.242.15 - - [29/Mar/2026:17:49:38 +0000] "GET /shop/disinthral/tunneled01600042754.shtm HTTP/1.1" 301 - "https://sunra.be/sitemap.xml" "Mozilla/5.0 AppleWebKit/537.36 (KHTML, like Gecko; compatible; GPTBot/1.3; +https://openai.com/gptbot)"
74.7.227.191 - - [29/Mar/2026:17:49:38 +0000] "GET /shop/quadratojugal/iodocompound011590482850.shtm HTTP/1.1" 404 38913 "https://sunra.be" "Mozilla/5.0 AppleWebKit/537.36 (KHTML, like Gecko; compatible; GPTBot/1.3; +https://openai.com/gptbot)"
216.73.216.217 - - [29/Mar/2026:17:49:40 +0000] "GET /shop/discommode/esopian001908898267.shtm HTTP/1.1" 301 - "-" "Mozilla/5.0 AppleWebKit/537.36 (KHTML, like Gecko; compatible; ClaudeBot/1.0; +claudebot@anthropic.com)"
74.7.227.191 - - [29/Mar/2026:17:49:41 +0000] "GET /shop/bilberries/hermeneutically013561630408.shtm HTTP/1.1" 404 38913 "https://sunra.be" "Mozilla/5.0 AppleWebKit/537.36 (KHTML, like Gecko; compatible; GPTBot/1.3; +https://openai.com/gptbot)"
74.7.242.15 - - [29/Mar/2026:17:49:41 +0000] "GET /shop/dreamless/chrysalides0193836607.shtm HTTP/1.1" 301 - "https://sunra.be/sitemap.xml" "Mozilla/5.0 AppleWebKit/537.36 (KHTML, like Gecko; compatible; GPTBot/1.3; +https://openai.com/gptbot)"
216.73.216.217 - - [29/Mar/2026:17:49:41 +0000] "GET /shop/discommode/esopian001908898267.shtm HTTP/1.1" 404 38897 "https://sunra.be/shop/discommode/esopian001908898267.shtm" "Mozilla/5.0 AppleWebKit/537.36 (KHTML, like Gecko; compatible; ClaudeBot/1.0; +claudebot@anthropic.com)"
74.7.242.15 - - [29/Mar/2026:17:49:44 +0000] "GET /shop/antithetic/trampoose0114617104.shtm HTTP/1.1" 301 - "https://sunra.be/sitemap.xml" "Mozilla/5.0 AppleWebKit/537.36 (KHTML, like Gecko; compatible; GPTBot/1.3; +https://openai.com/gptbot)"
74.7.227.191 - - [29/Mar/2026:17:49:44 +0000] "GET /shop/concurring/weltanschauungen012591272755.shtm HTTP/1.1" 404 38915 "https://sunra.be" "Mozilla/5.0 AppleWebKit/537.36 (KHTML, like Gecko; compatible; GPTBot/1.3; +https://openai.com/gptbot)"
74.7.242.15 - - [29/Mar/2026:17:49:47 +0000] "GET /shop/barmaster/nonagon01935801258.shtm HTTP/1.1" 301 - "https://sunra.be/sitemap.xml" "Mozilla/5.0 AppleWebKit/537.36 (KHTML, like Gecko; compatible; GPTBot/1.3; +https://openai.com/gptbot)"
74.7.227.191 - - [29/Mar/2026:17:49:47 +0000] "GET /shop/postmeridian/marvel01912299975.shtm HTTP/1.1" 404 38897 "https://sunra.be" "Mozilla/5.0 AppleWebKit/537.36 (KHTML, like Gecko; compatible; GPTBot/1.3; +https://openai.com/gptbot)"
216.73.216.217 - - [29/Mar/2026:17:49:48 +0000] "GET /shop/palatize/aurify00491496134.shtm HTTP/1.1" 301 - "-" "Mozilla/5.0 AppleWebKit/537.36 (KHTML, like Gecko; compatible; ClaudeBot/1.0; +claudebot@anthropic.com)"
216.73.216.217 - - [29/Mar/2026:17:49:50 +0000] "GET /shop/palatize/aurify00491496134.shtm HTTP/1.1" 404 38889 "https://sunra.be/shop/palatize/aurify00491496134.shtm" "Mozilla/5.0 AppleWebKit/537.36 (KHTML, like Gecko; compatible; ClaudeBot/1.0; +claudebot@anthropic.com)"
74.7.242.15 - - [29/Mar/2026:17:49:50 +0000] "GET /shop/spheroidic/bounds01325057292.shtm HTTP/1.1" 301 - "https://sunra.be/sitemap.xml" "Mozilla/5.0 AppleWebKit/537.36 (KHTML, like Gecko; compatible; GPTBot/1.3; +https://openai.com/gptbot)"
74.7.227.191 - - [29/Mar/2026:17:49:50 +0000] "GET /shop/botchedly/hobnailed01966693266.shtm HTTP/1.1" 404 38897 "https://sunra.be" "Mozilla/5.0 AppleWebKit/537.36 (KHTML, like Gecko; compatible; GPTBot/1.3; +https://openai.com/gptbot)"
74.7.227.191 - - [29/Mar/2026:17:49:53 +0000] "GET /shop/mouthmade/villanous01277024446.shtm HTTP/1.1" 404 38897 "https://sunra.be" "Mozilla/5.0 AppleWebKit/537.36 (KHTML, like Gecko; compatible; GPTBot/1.3; +https://openai.com/gptbot)"
74.7.242.15 - - [29/Mar/2026:17:49:53 +0000] "GET /shop/evernic/guineahen01208585352.shtm HTTP/1.1" 301 - "https://sunra.be/sitemap.xml" "Mozilla/5.0 AppleWebKit/537.36 (KHTML, like Gecko; compatible; GPTBot/1.3; +https://openai.com/gptbot)"
217.182.68.102 - - [29/Mar/2026:17:49:55 +0000] "POST /wp-cron.php?doing_wp_cron=1774806595.0722649097442626953125 HTTP/1.1" 200 - "-" "WordPress/6.9.4; https://www.sunra.be"
216.73.216.217 - - [29/Mar/2026:17:49:56 +0000] "GET /shop/purpling/georges002334390390.shtm HTTP/1.1" 301 - "-" "Mozilla/5.0 AppleWebKit/537.36 (KHTML, like Gecko; compatible; ClaudeBot/1.0; +claudebot@anthropic.com)"
74.7.242.15 - - [29/Mar/2026:17:49:56 +0000] "GET /shop/hominian/sunburst01424615573.shtm HTTP/1.1" 301 - "https://sunra.be/sitemap.xml" "Mozilla/5.0 AppleWebKit/537.36 (KHTML, like Gecko; compatible; GPTBot/1.3; +https://openai.com/gptbot)"
74.7.227.191 - - [29/Mar/2026:17:49:57 +0000] "GET /shop/dreamless/chrysalides0193836607.shtm HTTP/1.1" 404 38899 "https://sunra.be" "Mozilla/5.0 AppleWebKit/537.36 (KHTML, like Gecko; compatible; GPTBot/1.3; +https://openai.com/gptbot)"
216.73.216.217 - - [29/Mar/2026:17:49:57 +0000] "GET /shop/purpling/georges002334390390.shtm HTTP/1.1" 404 38893 "https://sunra.be/shop/purpling/georges002334390390.shtm" "Mozilla/5.0 AppleWebKit/537.36 (KHTML, like Gecko; compatible; ClaudeBot/1.0; +claudebot@anthropic.com)"
74.7.242.15 - - [29/Mar/2026:17:49:59 +0000] "GET /shop/weared/abhorrency01801023988.shtm HTTP/1.1" 301 - "https://sunra.be/sitemap.xml" "Mozilla/5.0 AppleWebKit/537.36 (KHTML, like Gecko; compatible; GPTBot/1.3; +https://openai.com/gptbot)"
74.7.227.191 - - [29/Mar/2026:17:50:00 +0000] "GET /shop/pneumonanthe/wiener01939437555.shtm HTTP/1.1" 404 38897 "https://sunra.be" "Mozilla/5.0 AppleWebKit/537.36 (KHTML, like Gecko; compatible; GPTBot/1.3; +https://openai.com/gptbot)"
74.7.242.15 - - [29/Mar/2026:17:50:03 +0000] "GET /shop/collotype/cuckoos01328597504.shtm HTTP/1.1" 301 - "https://sunra.be/sitemap.xml" "Mozilla/5.0 AppleWebKit/537.36 (KHTML, like Gecko; compatible; GPTBot/1.3; +https://openai.com/gptbot)"
74.7.227.191 - - [29/Mar/2026:17:50:03 +0000] "GET /shop/disinthral/tunneled01600042754.shtm HTTP/1.1" 404 38897 "https://sunra.be" "Mozilla/5.0 AppleWebKit/537.36 (KHTML, like Gecko; compatible; GPTBot/1.3; +https://openai.com/gptbot)"
216.73.216.217 - - [29/Mar/2026:17:50:03 +0000] "GET /shop/mongrel/hospitium00566808546.shtm HTTP/1.1" 301 - "-" "Mozilla/5.0 AppleWebKit/537.36 (KHTML, like Gecko; compatible; ClaudeBot/1.0; +claudebot@anthropic.com)"
74.7.242.15 - - [29/Mar/2026:17:50:06 +0000] "GET /shop/cordially/hailstorm011573127780.shtm HTTP/1.1" 301 - "https://sunra.be/sitemap.xml" "Mozilla/5.0 AppleWebKit/537.36 (KHTML, like Gecko; compatible; GPTBot/1.3; +https://openai.com/gptbot)"
216.73.216.217 - - [29/Mar/2026:17:50:06 +0000] "GET /shop/mongrel/hospitium00566808546.shtm HTTP/1.1" 404 38893 "https://sunra.be/shop/mongrel/hospitium00566808546.shtm" "Mozilla/5.0 AppleWebKit/537.36 (KHTML, like Gecko; compatible; ClaudeBot/1.0; +claudebot@anthropic.com)"
74.7.227.191 - - [29/Mar/2026:17:50:06 +0000] "GET /shop/barmaster/nonagon01935801258.shtm HTTP/1.1" 404 38893 "https://sunra.be" "Mozilla/5.0 AppleWebKit/537.36 (KHTML, like Gecko; compatible; GPTBot/1.3; +https://openai.com/gptbot)"
74.7.242.15 - - [29/Mar/2026:17:50:09 +0000] "GET /shop/cerotene/frolicsome013489373230.shtm HTTP/1.1" 301 - "https://sunra.be/sitemap.xml" "Mozilla/5.0 AppleWebKit/537.36 (KHTML, like Gecko; compatible; GPTBot/1.3; +https://openai.com/gptbot)"
74.7.227.191 - - [29/Mar/2026:17:50:09 +0000] "GET /shop/antithetic/trampoose0114617104.shtm HTTP/1.1" 404 38897 "https://sunra.be" "Mozilla/5.0 AppleWebKit/537.36 (KHTML, like Gecko; compatible; GPTBot/1.3; +https://openai.com/gptbot)"
216.73.216.217 - - [29/Mar/2026:17:50:11 +0000] "GET /shop/overlearn/pengolin00887031260.shtm HTTP/1.1" 301 - "-" "Mozilla/5.0 AppleWebKit/537.36 (KHTML, like Gecko; compatible; ClaudeBot/1.0; +claudebot@anthropic.com)"
190.114.33.162 - - [29/Mar/2026:17:50:11 +0000] "GET /shopdetail/Congress/087014296 HTTP/1.1" 404 38877 "-" "Mozilla/5.0 (Windows NT 10.0; Win64; x64) AppleWebKit/537.36 (KHTML, like Gecko) Chrome/128.0.6613.84 Safari/537.36"
74.7.242.15 - - [29/Mar/2026:17:50:12 +0000] "GET /shop/declaratively/hastata012813191438.shtm HTTP/1.1" 301 - "https://sunra.be/sitemap.xml" "Mozilla/5.0 AppleWebKit/537.36 (KHTML, like Gecko; compatible; GPTBot/1.3; +https://openai.com/gptbot)"
74.7.227.191 - - [29/Mar/2026:17:50:12 +0000] "GET /shop/spheroidic/bounds01325057292.shtm HTTP/1.1" 404 38893 "https://sunra.be" "Mozilla/5.0 AppleWebKit/537.36 (KHTML, like Gecko; compatible; GPTBot/1.3; +https://openai.com/gptbot)"
216.73.216.217 - - [29/Mar/2026:17:50:13 +0000] "GET /shop/overlearn/pengolin00887031260.shtm HTTP/1.1" 404 38895 "https://sunra.be/shop/overlearn/pengolin00887031260.shtm" "Mozilla/5.0 AppleWebKit/537.36 (KHTML, like Gecko; compatible; ClaudeBot/1.0; +claudebot@anthropic.com)"
207.46.13.153 - - [29/Mar/2026:17:50:15 +0000] "GET /?u=03712133035204&channel=b85b9e&from=shop.php%3Fid%3D1330352-8434%26name%3D%E3%80%902001%E5%B9%B4%E9%99%90%E5%AE%9A%E5%93%81%E3%80%91%E3%82%A8%E3%83%AB%E3%83%A1%E3%82%B9+%E3%82%AB%E3%83%87%E3%83%8A+%E3%83%81%E3%83%A3%E3%83%BC%E3%83%A0+%E5%9C%B0%E7%90%83+%E3%83%86%E3%83%A9+%E3%82%B7%E3%83%AB%E3%83%90%E3%83%BC+28Q1 HTTP/1.1" 200 210325 "-" "Mozilla/5.0 AppleWebKit/537.36 (KHTML, like Gecko; compatible; bingbot/2.0; +http://www.bing.com/bingbot.htm) Chrome/116.0.1938.76 Safari/537.36"
74.7.242.15 - - [29/Mar/2026:17:50:15 +0000] "GET /shop/solemnities/conjoint013109867445.shtm HTTP/1.1" 301 - "https://sunra.be/sitemap.xml" "Mozilla/5.0 AppleWebKit/537.36 (KHTML, like Gecko; compatible; GPTBot/1.3; +https://openai.com/gptbot)"
114.119.129.167 - - [29/Mar/2026:17:50:15 +0000] "GET /shop/insuitability/whitebelly062554619217.shtm HTTP/1.1" 301 - "-" "Mozilla/5.0 (Linux; Android 7.0;) AppleWebKit/537.36 (HTML, like Gecko) Mobile Safari/537.36 (compatible; PetalBot;+https://webmaster.petalsearch.com/site/petalbot)"
74.7.227.191 - - [29/Mar/2026:17:50:16 +0000] "GET /shop/evernic/guineahen01208585352.shtm HTTP/1.1" 404 38893 "https://sunra.be" "Mozilla/5.0 AppleWebKit/537.36 (KHTML, like Gecko; compatible; GPTBot/1.3; +https://openai.com/gptbot)"
114.119.129.167 - - [29/Mar/2026:17:50:18 +0000] "GET /shop/insuitability/whitebelly062554619217.shtm HTTP/1.1" 404 37568 "https://sunra.be/shop/insuitability/whitebelly062554619217.shtm" "Mozilla/5.0 (Linux; Android 7.0;) AppleWebKit/537.36 (HTML, like Gecko) Mobile Safari/537.36 (compatible; PetalBot;+https://webmaster.petalsearch.com/site/petalbot)"
74.7.242.15 - - [29/Mar/2026:17:50:18 +0000] "GET /shop/transfuse/estreating012079593551.shtm HTTP/1.1" 301 - "https://sunra.be/sitemap.xml" "Mozilla/5.0 AppleWebKit/537.36 (KHTML, like Gecko; compatible; GPTBot/1.3; +https://openai.com/gptbot)"
216.73.216.217 - - [29/Mar/2026:17:50:19 +0000] "GET /shop/nonreflecting/advowson00913890920.shtm HTTP/1.1" 301 - "-" "Mozilla/5.0 AppleWebKit/537.36 (KHTML, like Gecko; compatible; ClaudeBot/1.0; +claudebot@anthropic.com)"
74.7.227.191 - - [29/Mar/2026:17:50:19 +0000] "GET /shop/collotype/cuckoos01328597504.shtm HTTP/1.1" 404 38893 "https://sunra.be" "Mozilla/5.0 AppleWebKit/537.36 (KHTML, like Gecko; compatible; GPTBot/1.3; +https://openai.com/gptbot)"
66.249.74.100 - - [29/Mar/2026:17:50:20 +0000] "GET /?u=3473220199406&channel=307694&from=category-info.php?shop/speedy/accrediting03227294097.shtm HTTP/1.1" 200 224617 "-" "Mozilla/5.0 (Linux; Android 6.0.1; Nexus 5X Build/MMB29P) AppleWebKit/537.36 (KHTML, like Gecko) Chrome/146.0.7680.153 Mobile Safari/537.36 (compatible; Googlebot/2.1; +http://www.google.com/bot.html)"
216.73.216.217 - - [29/Mar/2026:17:50:21 +0000] "GET /shop/nonreflecting/advowson00913890920.shtm HTTP/1.1" 404 38903 "https://sunra.be/shop/nonreflecting/advowson00913890920.shtm" "Mozilla/5.0 AppleWebKit/537.36 (KHTML, like Gecko; compatible; ClaudeBot/1.0; +claudebot@anthropic.com)"
74.7.242.15 - - [29/Mar/2026:17:50:21 +0000] "GET /shop/fascicule/coppersmith013150887305.shtm HTTP/1.1" 301 - "https://sunra.be/sitemap.xml" "Mozilla/5.0 AppleWebKit/537.36 (KHTML, like Gecko; compatible; GPTBot/1.3; +https://openai.com/gptbot)"
74.7.227.191 - - [29/Mar/2026:17:50:22 +0000] "GET /shop/weared/abhorrency01801023988.shtm HTTP/1.1" 404 38893 "https://sunra.be" "Mozilla/5.0 AppleWebKit/537.36 (KHTML, like Gecko; compatible; GPTBot/1.3; +https://openai.com/gptbot)"
74.7.242.15 - - [29/Mar/2026:17:50:24 +0000] "GET /shop/aladinist/linanthus012272489367.shtm HTTP/1.1" 301 - "https://sunra.be/sitemap.xml" "Mozilla/5.0 AppleWebKit/537.36 (KHTML, like Gecko; compatible; GPTBot/1.3; +https://openai.com/gptbot)"
74.7.227.191 - - [29/Mar/2026:17:50:25 +0000] "GET /shop/cordially/hailstorm011573127780.shtm HTTP/1.1" 404 38899 "https://sunra.be" "Mozilla/5.0 AppleWebKit/537.36 (KHTML, like Gecko; compatible; GPTBot/1.3; +https://openai.com/gptbot)"
216.73.216.217 - - [29/Mar/2026:17:50:27 +0000] "GET /shop/latterly/sixtyfourth00693226503.shtm HTTP/1.1" 301 - "-" "Mozilla/5.0 AppleWebKit/537.36 (KHTML, like Gecko; compatible; ClaudeBot/1.0; +claudebot@anthropic.com)"
74.7.242.15 - - [29/Mar/2026:17:50:28 +0000] "GET /shop/sickleshaped/enscale013055310647.shtm HTTP/1.1" 301 - "https://sunra.be/sitemap.xml" "Mozilla/5.0 AppleWebKit/537.36 (KHTML, like Gecko; compatible; GPTBot/1.3; +https://openai.com/gptbot)"
74.7.227.191 - - [29/Mar/2026:17:50:28 +0000] "GET /shop/hominian/sunburst01424615573.shtm HTTP/1.1" 404 38893 "https://sunra.be" "Mozilla/5.0 AppleWebKit/537.36 (KHTML, like Gecko; compatible; GPTBot/1.3; +https://openai.com/gptbot)"
216.73.216.217 - - [29/Mar/2026:17:50:29 +0000] "GET /shop/latterly/sixtyfourth00693226503.shtm HTTP/1.1" 404 38899 "https://sunra.be/shop/latterly/sixtyfourth00693226503.shtm" "Mozilla/5.0 AppleWebKit/537.36 (KHTML, like Gecko; compatible; ClaudeBot/1.0; +claudebot@anthropic.com)"
74.7.242.15 - - [29/Mar/2026:17:50:31 +0000] "GET /shop/iniquitous/decoying012772171562.shtm HTTP/1.1" 301 - "https://sunra.be/sitemap.xml" "Mozilla/5.0 AppleWebKit/537.36 (KHTML, like Gecko; compatible; GPTBot/1.3; +https://openai.com/gptbot)"
74.7.227.191 - - [29/Mar/2026:17:50:31 +0000] "GET /shop/cerotene/frolicsome013489373230.shtm HTTP/1.1" 404 38899 "https://sunra.be" "Mozilla/5.0 AppleWebKit/537.36 (KHTML, like Gecko; compatible; GPTBot/1.3; +https://openai.com/gptbot)"
216.73.216.217 - - [29/Mar/2026:17:50:33 +0000] "GET /shop/formiate/moony00495036346.shtm HTTP/1.1" 301 - "-" "Mozilla/5.0 AppleWebKit/537.36 (KHTML, like Gecko; compatible; ClaudeBot/1.0; +claudebot@anthropic.com)"
74.7.242.15 - - [29/Mar/2026:17:50:34 +0000] "GET /shop/solubility/forgiveness012515050019.shtm HTTP/1.1" 301 - "https://sunra.be/sitemap.xml" "Mozilla/5.0 AppleWebKit/537.36 (KHTML, like Gecko; compatible; GPTBot/1.3; +https://openai.com/gptbot)"
74.7.227.191 - - [29/Mar/2026:17:50:34 +0000] "GET /shop/fascicule/coppersmith013150887305.shtm HTTP/1.1" 404 38903 "https://sunra.be" "Mozilla/5.0 AppleWebKit/537.36 (KHTML, like Gecko; compatible; GPTBot/1.3; +https://openai.com/gptbot)"
216.73.216.217 - - [29/Mar/2026:17:50:35 +0000] "GET /shop/formiate/moony00495036346.shtm HTTP/1.1" 404 38887 "https://sunra.be/shop/formiate/moony00495036346.shtm" "Mozilla/5.0 AppleWebKit/537.36 (KHTML, like Gecko; compatible; ClaudeBot/1.0; +claudebot@anthropic.com)"
74.7.242.15 - - [29/Mar/2026:17:50:37 +0000] "GET /shop/inaugurator/minionette011324862326.shtm HTTP/1.1" 301 - "https://sunra.be/sitemap.xml" "Mozilla/5.0 AppleWebKit/537.36 (KHTML, like Gecko; compatible; GPTBot/1.3; +https://openai.com/gptbot)"
74.7.227.191 - - [29/Mar/2026:17:50:38 +0000] "GET /shop/solemnities/conjoint013109867445.shtm HTTP/1.1" 404 38901 "https://sunra.be" "Mozilla/5.0 AppleWebKit/537.36 (KHTML, like Gecko; compatible; GPTBot/1.3; +https://openai.com/gptbot)"
43.252.231.122 - - [29/Mar/2026:17:50:38 +0000] "POST /cgi-bin/.%2e/.%2e/.%2e/.%2e/.%2e/.%2e/.%2e/.%2e/.%2e/.%2e/bin/sh HTTP/1.1" 301 - "-" "libredtail-http"
74.7.242.15 - - [29/Mar/2026:17:50:40 +0000] "GET /shop/aglitter/naiadaceae011712008844.shtm HTTP/1.1" 301 - "https://sunra.be/sitemap.xml" "Mozilla/5.0 AppleWebKit/537.36 (KHTML, like Gecko; compatible; GPTBot/1.3; +https://openai.com/gptbot)"
74.7.227.191 - - [29/Mar/2026:17:50:41 +0000] "GET /shop/declaratively/hastata012813191438.shtm HTTP/1.1" 404 38903 "https://sunra.be" "Mozilla/5.0 AppleWebKit/537.36 (KHTML, like Gecko; compatible; GPTBot/1.3; +https://openai.com/gptbot)"
216.73.216.217 - - [29/Mar/2026:17:50:41 +0000] "GET /shop/stuccowork/micraster008242572.shtm HTTP/1.1" 301 - "-" "Mozilla/5.0 AppleWebKit/537.36 (KHTML, like Gecko; compatible; ClaudeBot/1.0; +claudebot@anthropic.com)"
74.7.242.15 - - [29/Mar/2026:17:50:43 +0000] "GET /shop/alethoscope/exothermal013704632779.shtm HTTP/1.1" 301 - "https://sunra.be/sitemap.xml" "Mozilla/5.0 AppleWebKit/537.36 (KHTML, like Gecko; compatible; GPTBot/1.3; +https://openai.com/gptbot)"
216.73.216.217 - - [29/Mar/2026:17:50:43 +0000] "GET /shop/stuccowork/micraster008242572.shtm HTTP/1.1" 404 38895 "https://sunra.be/shop/stuccowork/micraster008242572.shtm" "Mozilla/5.0 AppleWebKit/537.36 (KHTML, like Gecko; compatible; ClaudeBot/1.0; +claudebot@anthropic.com)"
74.7.227.191 - - [29/Mar/2026:17:50:44 +0000] "GET /shop/aladinist/linanthus012272489367.shtm HTTP/1.1" 404 38899 "https://sunra.be" "Mozilla/5.0 AppleWebKit/537.36 (KHTML, like Gecko; compatible; GPTBot/1.3; +https://openai.com/gptbot)"
74.7.242.15 - - [29/Mar/2026:17:50:46 +0000] "GET /shop/hackneyman/osteotomist013742275950.shtm HTTP/1.1" 301 - "https://sunra.be/sitemap.xml" "Mozilla/5.0 AppleWebKit/537.36 (KHTML, like Gecko; compatible; GPTBot/1.3; +https://openai.com/gptbot)"
74.7.227.191 - - [29/Mar/2026:17:50:47 +0000] "GET /shop/transfuse/estreating012079593551.shtm HTTP/1.1" 404 38901 "https://sunra.be" "Mozilla/5.0 AppleWebKit/537.36 (KHTML, like Gecko; compatible; GPTBot/1.3; +https://openai.com/gptbot)"
216.73.216.217 - - [29/Mar/2026:17:50:49 +0000] "GET /shop/niggardy/soaping00195804983.shtm HTTP/1.1" 301 - "-" "Mozilla/5.0 AppleWebKit/537.36 (KHTML, like Gecko; compatible; ClaudeBot/1.0; +claudebot@anthropic.com)"
74.7.242.15 - - [29/Mar/2026:17:50:50 +0000] "GET /shop/ratifier/roundabout011517227757.shtm HTTP/1.1" 301 - "https://sunra.be/sitemap.xml" "Mozilla/5.0 AppleWebKit/537.36 (KHTML, like Gecko; compatible; GPTBot/1.3; +https://openai.com/gptbot)"
74.7.227.191 - - [29/Mar/2026:17:50:50 +0000] "GET /shop/iniquitous/decoying012772171562.shtm HTTP/1.1" 404 38899 "https://sunra.be" "Mozilla/5.0 AppleWebKit/537.36 (KHTML, like Gecko; compatible; GPTBot/1.3; +https://openai.com/gptbot)"
216.73.216.217 - - [29/Mar/2026:17:50:51 +0000] "GET /shop/niggardy/soaping00195804983.shtm HTTP/1.1" 404 38891 "https://sunra.be/shop/niggardy/soaping00195804983.shtm" "Mozilla/5.0 AppleWebKit/537.36 (KHTML, like Gecko; compatible; ClaudeBot/1.0; +claudebot@anthropic.com)"
74.7.242.15 - - [29/Mar/2026:17:50:53 +0000] "GET /shop/missheathed/blastoderm011596447260.shtm HTTP/1.1" 301 - "https://sunra.be/sitemap.xml" "Mozilla/5.0 AppleWebKit/537.36 (KHTML, like Gecko; compatible; GPTBot/1.3; +https://openai.com/gptbot)"
217.182.68.102 - - [29/Mar/2026:17:50:53 +0000] "POST /wp-cron.php?doing_wp_cron=1774806653.4090099334716796875000 HTTP/1.1" 200 - "-" "WordPress/6.9.4; https://www.sunra.be"
74.7.227.191 - - [29/Mar/2026:17:50:54 +0000] "GET /shop/aglitter/naiadaceae011712008844.shtm HTTP/1.1" 404 38899 "https://sunra.be" "Mozilla/5.0 AppleWebKit/537.36 (KHTML, like Gecko; compatible; GPTBot/1.3; +https://openai.com/gptbot)"
74.7.242.15 - - [29/Mar/2026:17:50:56 +0000] "GET /shop/ideomotor/dimidiating012488961015.shtm HTTP/1.1" 301 - "https://sunra.be/sitemap.xml" "Mozilla/5.0 AppleWebKit/537.36 (KHTML, like Gecko; compatible; GPTBot/1.3; +https://openai.com/gptbot)"
74.7.227.191 - - [29/Mar/2026:17:50:57 +0000] "GET /shop/hackneyman/osteotomist013742275950.shtm HTTP/1.1" 404 38905 "https://sunra.be" "Mozilla/5.0 AppleWebKit/537.36 (KHTML, like Gecko; compatible; GPTBot/1.3; +https://openai.com/gptbot)"
216.73.216.217 - - [29/Mar/2026:17:50:58 +0000] "GET /shop/ghazi/consuming001604396419.shtm HTTP/1.1" 301 - "-" "Mozilla/5.0 AppleWebKit/537.36 (KHTML, like Gecko; compatible; ClaudeBot/1.0; +claudebot@anthropic.com)"
74.7.242.15 - - [29/Mar/2026:17:50:59 +0000] "GET /shop/repasture/supineness011269307645.shtm HTTP/1.1" 301 - "https://sunra.be/sitemap.xml" "Mozilla/5.0 AppleWebKit/537.36 (KHTML, like Gecko; compatible; GPTBot/1.3; +https://openai.com/gptbot)"
216.73.216.217 - - [29/Mar/2026:17:51:00 +0000] "GET /shop/ghazi/consuming001604396419.shtm HTTP/1.1" 404 38891 "https://sunra.be/shop/ghazi/consuming001604396419.shtm" "Mozilla/5.0 AppleWebKit/537.36 (KHTML, like Gecko; compatible; ClaudeBot/1.0; +claudebot@anthropic.com)"
74.7.227.191 - - [29/Mar/2026:17:51:00 +0000] "GET /shop/inaugurator/minionette011324862326.shtm HTTP/1.1" 404 38905 "https://sunra.be" "Mozilla/5.0 AppleWebKit/537.36 (KHTML, like Gecko; compatible; GPTBot/1.3; +https://openai.com/gptbot)"
74.7.242.15 - - [29/Mar/2026:17:51:02 +0000] "GET /shop/roadside/cerography014213426631.shtm HTTP/1.1" 301 - "https://sunra.be/sitemap.xml" "Mozilla/5.0 AppleWebKit/537.36 (KHTML, like Gecko; compatible; GPTBot/1.3; +https://openai.com/gptbot)"
74.7.227.191 - - [29/Mar/2026:17:51:03 +0000] "GET /shop/sickleshaped/enscale013055310647.shtm HTTP/1.1" 404 38901 "https://sunra.be" "Mozilla/5.0 AppleWebKit/537.36 (KHTML, like Gecko; compatible; GPTBot/1.3; +https://openai.com/gptbot)"
74.7.242.15 - - [29/Mar/2026:17:51:05 +0000] "GET /shop/stroking/polypterus011208952159.shtm HTTP/1.1" 301 - "https://sunra.be/sitemap.xml" "Mozilla/5.0 AppleWebKit/537.36 (KHTML, like Gecko; compatible; GPTBot/1.3; +https://openai.com/gptbot)"
66.249.74.101 - - [29/Mar/2026:17:51:06 +0000] "GET /?u=3473220199406&channel=307694&from=category-info.php?shop/tambac/dreadlessness032919511332.shtm HTTP/1.1" 200 227392 "-" "Mozilla/5.0 (Linux; Android 6.0.1; Nexus 5X Build/MMB29P) AppleWebKit/537.36 (KHTML, like Gecko) Chrome/146.0.7680.153 Mobile Safari/537.36 (compatible; Googlebot/2.1; +http://www.google.com/bot.html)"
216.73.216.217 - - [29/Mar/2026:17:51:06 +0000] "GET /shop/excusation/fawningly003706359914.shtm HTTP/1.1" 301 - "-" "Mozilla/5.0 AppleWebKit/537.36 (KHTML, like Gecko; compatible; ClaudeBot/1.0; +claudebot@anthropic.com)"
74.7.227.191 - - [29/Mar/2026:17:51:06 +0000] "GET /shop/solubility/forgiveness012515050019.shtm HTTP/1.1" 404 38905 "https://sunra.be" "Mozilla/5.0 AppleWebKit/537.36 (KHTML, like Gecko; compatible; GPTBot/1.3; +https://openai.com/gptbot)"
216.73.216.217 - - [29/Mar/2026:17:51:08 +0000] "GET /shop/excusation/fawningly003706359914.shtm HTTP/1.1" 404 38901 "https://sunra.be/shop/excusation/fawningly003706359914.shtm" "Mozilla/5.0 AppleWebKit/537.36 (KHTML, like Gecko; compatible; ClaudeBot/1.0; +claudebot@anthropic.com)"
74.7.242.15 - - [29/Mar/2026:17:51:09 +0000] "GET /shop/volitional/minorchis012657610947.shtm HTTP/1.1" 301 - "https://sunra.be/sitemap.xml" "Mozilla/5.0 AppleWebKit/537.36 (KHTML, like Gecko; compatible; GPTBot/1.3; +https://openai.com/gptbot)"
74.7.227.191 - - [29/Mar/2026:17:51:09 +0000] "GET /shop/alethoscope/exothermal013704632779.shtm HTTP/1.1" 404 38905 "https://sunra.be" "Mozilla/5.0 AppleWebKit/537.36 (KHTML, like Gecko; compatible; GPTBot/1.3; +https://openai.com/gptbot)"
74.7.242.15 - - [29/Mar/2026:17:51:12 +0000] "GET /shop/crocheted/immanation013653830377.shtm HTTP/1.1" 301 - "https://sunra.be/sitemap.xml" "Mozilla/5.0 AppleWebKit/537.36 (KHTML, like Gecko; compatible; GPTBot/1.3; +https://openai.com/gptbot)"
74.7.227.191 - - [29/Mar/2026:17:51:13 +0000] "GET /shop/ratifier/roundabout011517227757.shtm HTTP/1.1" 404 38899 "https://sunra.be" "Mozilla/5.0 AppleWebKit/537.36 (KHTML, like Gecko; compatible; GPTBot/1.3; +https://openai.com/gptbot)"
220.141.198.214 - - [29/Mar/2026:17:51:13 +0000] "GET /shopdetail/ballot/117030502 HTTP/1.1" 404 38873 "-" "Mozilla/5.0 (Macintosh; Intel Mac OS X 10_15_7) AppleWebKit/537.36 (KHTML, like Gecko) Chrome/128.0.6613.36 Safari/537.36"
216.73.216.217 - - [29/Mar/2026:17:51:15 +0000] "GET /shop/apportioned/pappous003075950293.shtm HTTP/1.1" 301 - "-" "Mozilla/5.0 AppleWebKit/537.36 (KHTML, like Gecko; compatible; ClaudeBot/1.0; +claudebot@anthropic.com)"
74.7.242.15 - - [29/Mar/2026:17:51:15 +0000] "GET /shop/helioscopic/sleightful013456271224.shtm HTTP/1.1" 301 - "https://sunra.be/sitemap.xml" "Mozilla/5.0 AppleWebKit/537.36 (KHTML, like Gecko; compatible; GPTBot/1.3; +https://openai.com/gptbot)"
74.7.227.191 - - [29/Mar/2026:17:51:16 +0000] "GET /shop/repasture/supineness011269307645.shtm HTTP/1.1" 404 38901 "https://sunra.be" "Mozilla/5.0 AppleWebKit/537.36 (KHTML, like Gecko; compatible; GPTBot/1.3; +https://openai.com/gptbot)"
216.73.216.217 - - [29/Mar/2026:17:51:17 +0000] "GET /shop/apportioned/pappous003075950293.shtm HTTP/1.1" 404 38899 "https://sunra.be/shop/apportioned/pappous003075950293.shtm" "Mozilla/5.0 AppleWebKit/537.36 (KHTML, like Gecko; compatible; ClaudeBot/1.0; +claudebot@anthropic.com)"
74.7.242.15 - - [29/Mar/2026:17:51:18 +0000] "GET /shop/brocard/ascomycetous012843034838.shtm HTTP/1.1" 301 - "https://sunra.be/sitemap.xml" "Mozilla/5.0 AppleWebKit/537.36 (KHTML, like Gecko; compatible; GPTBot/1.3; +https://openai.com/gptbot)"
74.7.227.191 - - [29/Mar/2026:17:51:19 +0000] "GET /shop/roadside/cerography014213426631.shtm HTTP/1.1" 404 38899 "https://sunra.be" "Mozilla/5.0 AppleWebKit/537.36 (KHTML, like Gecko; compatible; GPTBot/1.3; +https://openai.com/gptbot)"
74.7.242.15 - - [29/Mar/2026:17:51:21 +0000] "GET /shop/appearingly/septenate013149934830.shtm HTTP/1.1" 301 - "https://sunra.be/sitemap.xml" "Mozilla/5.0 AppleWebKit/537.36 (KHTML, like Gecko; compatible; GPTBot/1.3; +https://openai.com/gptbot)"
