34.83.25.123 - - [29/Mar/2026:12:50:54 +0000] "GET //web/wp-includes/wlwmanifest.xml HTTP/1.1" 401 36 "-" "Mozilla/5.0 (Windows NT 10.0; Win64; x64) AppleWebKit/537.36 (KHTML, like Gecko) Chrome/78.0.3904.108 Safari/537.36"
34.83.25.123 - - [29/Mar/2026:12:50:54 +0000] "GET //wordpress/wp-includes/wlwmanifest.xml HTTP/1.1" 401 36 "-" "Mozilla/5.0 (Windows NT 10.0; Win64; x64) AppleWebKit/537.36 (KHTML, like Gecko) Chrome/78.0.3904.108 Safari/537.36"
34.83.25.123 - - [29/Mar/2026:12:50:54 +0000] "GET //website/wp-includes/wlwmanifest.xml HTTP/1.1" 401 36 "-" "Mozilla/5.0 (Windows NT 10.0; Win64; x64) AppleWebKit/537.36 (KHTML, like Gecko) Chrome/78.0.3904.108 Safari/537.36"
34.83.25.123 - - [29/Mar/2026:12:50:55 +0000] "GET //wp/wp-includes/wlwmanifest.xml HTTP/1.1" 401 36 "-" "Mozilla/5.0 (Windows NT 10.0; Win64; x64) AppleWebKit/537.36 (KHTML, like Gecko) Chrome/78.0.3904.108 Safari/537.36"
34.83.25.123 - - [29/Mar/2026:12:50:55 +0000] "GET //news/wp-includes/wlwmanifest.xml HTTP/1.1" 401 36 "-" "Mozilla/5.0 (Windows NT 10.0; Win64; x64) AppleWebKit/537.36 (KHTML, like Gecko) Chrome/78.0.3904.108 Safari/537.36"
34.83.25.123 - - [29/Mar/2026:12:50:55 +0000] "GET //2018/wp-includes/wlwmanifest.xml HTTP/1.1" 401 36 "-" "Mozilla/5.0 (Windows NT 10.0; Win64; x64) AppleWebKit/537.36 (KHTML, like Gecko) Chrome/78.0.3904.108 Safari/537.36"
34.83.25.123 - - [29/Mar/2026:12:50:56 +0000] "GET //2019/wp-includes/wlwmanifest.xml HTTP/1.1" 401 36 "-" "Mozilla/5.0 (Windows NT 10.0; Win64; x64) AppleWebKit/537.36 (KHTML, like Gecko) Chrome/78.0.3904.108 Safari/537.36"
34.83.25.123 - - [29/Mar/2026:12:50:56 +0000] "GET //shop/wp-includes/wlwmanifest.xml HTTP/1.1" 401 36 "-" "Mozilla/5.0 (Windows NT 10.0; Win64; x64) AppleWebKit/537.36 (KHTML, like Gecko) Chrome/78.0.3904.108 Safari/537.36"
34.83.25.123 - - [29/Mar/2026:12:50:56 +0000] "GET //wp1/wp-includes/wlwmanifest.xml HTTP/1.1" 401 36 "-" "Mozilla/5.0 (Windows NT 10.0; Win64; x64) AppleWebKit/537.36 (KHTML, like Gecko) Chrome/78.0.3904.108 Safari/537.36"
34.83.25.123 - - [29/Mar/2026:12:50:56 +0000] "GET //test/wp-includes/wlwmanifest.xml HTTP/1.1" 401 36 "-" "Mozilla/5.0 (Windows NT 10.0; Win64; x64) AppleWebKit/537.36 (KHTML, like Gecko) Chrome/78.0.3904.108 Safari/537.36"
34.83.25.123 - - [29/Mar/2026:12:50:57 +0000] "GET //media/wp-includes/wlwmanifest.xml HTTP/1.1" 401 36 "-" "Mozilla/5.0 (Windows NT 10.0; Win64; x64) AppleWebKit/537.36 (KHTML, like Gecko) Chrome/78.0.3904.108 Safari/537.36"
34.83.25.123 - - [29/Mar/2026:12:50:57 +0000] "GET //wp2/wp-includes/wlwmanifest.xml HTTP/1.1" 401 36 "-" "Mozilla/5.0 (Windows NT 10.0; Win64; x64) AppleWebKit/537.36 (KHTML, like Gecko) Chrome/78.0.3904.108 Safari/537.36"
34.83.25.123 - - [29/Mar/2026:12:50:57 +0000] "GET //site/wp-includes/wlwmanifest.xml HTTP/1.1" 401 36 "-" "Mozilla/5.0 (Windows NT 10.0; Win64; x64) AppleWebKit/537.36 (KHTML, like Gecko) Chrome/78.0.3904.108 Safari/537.36"
34.83.25.123 - - [29/Mar/2026:12:50:57 +0000] "GET //cms/wp-includes/wlwmanifest.xml HTTP/1.1" 401 36 "-" "Mozilla/5.0 (Windows NT 10.0; Win64; x64) AppleWebKit/537.36 (KHTML, like Gecko) Chrome/78.0.3904.108 Safari/537.36"
34.83.25.123 - - [29/Mar/2026:12:50:58 +0000] "GET //sito/wp-includes/wlwmanifest.xml HTTP/1.1" 401 36 "-" "Mozilla/5.0 (Windows NT 10.0; Win64; x64) AppleWebKit/537.36 (KHTML, like Gecko) Chrome/78.0.3904.108 Safari/537.36"
216.73.216.217 - - [29/Mar/2026:12:51:01 +0000] "GET /shop/barteri/worry053871357283.shtm HTTP/1.1" 301 - "-" "Mozilla/5.0 AppleWebKit/537.36 (KHTML, like Gecko; compatible; ClaudeBot/1.0; +claudebot@anthropic.com)"
216.73.216.217 - - [29/Mar/2026:12:51:03 +0000] "GET /shop/barteri/worry053871357283.shtm HTTP/1.1" 404 38887 "https://sunra.be/shop/barteri/worry053871357283.shtm" "Mozilla/5.0 AppleWebKit/537.36 (KHTML, like Gecko; compatible; ClaudeBot/1.0; +claudebot@anthropic.com)"
109.130.167.137 - - [29/Mar/2026:12:51:05 +0000] "GET /opening-of-the-new-showroom-sunra/ HTTP/1.1" 200 46318 "-" "Mozilla/5.0 (Windows NT 10.0; Win64; x64) AppleWebKit/537.36 (KHTML, like Gecko) Chrome/146.0.0.0 Safari/537.36 Edg/146.0.0.0"
109.130.167.137 - - [29/Mar/2026:12:51:06 +0000] "GET /wp-content/plugins/instagram-feed/css/sbi-styles.min.css?ver=6.10.0 HTTP/1.1" 200 41838 "https://www.sunra.be/opening-of-the-new-showroom-sunra/" "Mozilla/5.0 (Windows NT 10.0; Win64; x64) AppleWebKit/537.36 (KHTML, like Gecko) Chrome/146.0.0.0 Safari/537.36 Edg/146.0.0.0"
109.130.167.137 - - [29/Mar/2026:12:51:06 +0000] "GET /wp-includes/css/dist/block-library/style.min.css?ver=6.9.4 HTTP/1.1" 200 119358 "https://www.sunra.be/opening-of-the-new-showroom-sunra/" "Mozilla/5.0 (Windows NT 10.0; Win64; x64) AppleWebKit/537.36 (KHTML, like Gecko) Chrome/146.0.0.0 Safari/537.36 Edg/146.0.0.0"
109.130.167.137 - - [29/Mar/2026:12:51:06 +0000] "GET /wp-content/plugins/contact-form-7/includes/css/styles.css?ver=6.1.5 HTTP/1.1" 200 2947 "https://www.sunra.be/opening-of-the-new-showroom-sunra/" "Mozilla/5.0 (Windows NT 10.0; Win64; x64) AppleWebKit/537.36 (KHTML, like Gecko) Chrome/146.0.0.0 Safari/537.36 Edg/146.0.0.0"
109.130.167.137 - - [29/Mar/2026:12:51:06 +0000] "GET /wp-content/themes/sunra/assets/css/bootstrap.min.css?ver=6.9.4 HTTP/1.1" 200 194699 "https://www.sunra.be/opening-of-the-new-showroom-sunra/" "Mozilla/5.0 (Windows NT 10.0; Win64; x64) AppleWebKit/537.36 (KHTML, like Gecko) Chrome/146.0.0.0 Safari/537.36 Edg/146.0.0.0"
109.130.167.137 - - [29/Mar/2026:12:51:06 +0000] "GET /wp-content/themes/sunra/assets/css/owl.carousel.min.css?ver=6.9.4 HTTP/1.1" 200 3351 "https://www.sunra.be/opening-of-the-new-showroom-sunra/" "Mozilla/5.0 (Windows NT 10.0; Win64; x64) AppleWebKit/537.36 (KHTML, like Gecko) Chrome/146.0.0.0 Safari/537.36 Edg/146.0.0.0"
109.130.167.137 - - [29/Mar/2026:12:51:07 +0000] "GET /wp-content/themes/sunra/assets/lightbox/css/lightbox.min.css?ver=6.9.4 HTTP/1.1" 200 2574 "https://www.sunra.be/opening-of-the-new-showroom-sunra/" "Mozilla/5.0 (Windows NT 10.0; Win64; x64) AppleWebKit/537.36 (KHTML, like Gecko) Chrome/146.0.0.0 Safari/537.36 Edg/146.0.0.0"
109.130.167.137 - - [29/Mar/2026:12:51:07 +0000] "GET /wp-content/themes/sunra/style.css?t=1774788666&ver=6.9.4 HTTP/1.1" 200 24715 "https://www.sunra.be/opening-of-the-new-showroom-sunra/" "Mozilla/5.0 (Windows NT 10.0; Win64; x64) AppleWebKit/537.36 (KHTML, like Gecko) Chrome/146.0.0.0 Safari/537.36 Edg/146.0.0.0"
109.130.167.137 - - [29/Mar/2026:12:51:07 +0000] "GET /wp-content/uploads/smile_fonts/Defaults/Defaults.css?ver=3.19.6 HTTP/1.1" 200 27639 "https://www.sunra.be/opening-of-the-new-showroom-sunra/" "Mozilla/5.0 (Windows NT 10.0; Win64; x64) AppleWebKit/537.36 (KHTML, like Gecko) Chrome/146.0.0.0 Safari/537.36 Edg/146.0.0.0"
109.130.167.137 - - [29/Mar/2026:12:51:07 +0000] "GET /wp-content/plugins/js_composer/assets/css/js_composer.min.css?ver=6.10.0 HTTP/1.1" 200 462565 "https://www.sunra.be/opening-of-the-new-showroom-sunra/" "Mozilla/5.0 (Windows NT 10.0; Win64; x64) AppleWebKit/537.36 (KHTML, like Gecko) Chrome/146.0.0.0 Safari/537.36 Edg/146.0.0.0"
109.130.167.137 - - [29/Mar/2026:12:51:07 +0000] "GET /wp-content/plugins/Ultimate_VC_Addons/assets/min-css/style.min.css?ver=3.19.6 HTTP/1.1" 200 13362 "https://www.sunra.be/opening-of-the-new-showroom-sunra/" "Mozilla/5.0 (Windows NT 10.0; Win64; x64) AppleWebKit/537.36 (KHTML, like Gecko) Chrome/146.0.0.0 Safari/537.36 Edg/146.0.0.0"
109.130.167.137 - - [29/Mar/2026:12:51:07 +0000] "GET /wp-content/plugins/Ultimate_VC_Addons/assets/min-css/headings.min.css?ver=3.19.6 HTTP/1.1" 200 1255 "https://www.sunra.be/opening-of-the-new-showroom-sunra/" "Mozilla/5.0 (Windows NT 10.0; Win64; x64) AppleWebKit/537.36 (KHTML, like Gecko) Chrome/146.0.0.0 Safari/537.36 Edg/146.0.0.0"
109.130.167.137 - - [29/Mar/2026:12:51:07 +0000] "GET /wp-content/plugins/revslider/public/assets/css/rs6.css?ver=6.6.12 HTTP/1.1" 200 58260 "https://www.sunra.be/opening-of-the-new-showroom-sunra/" "Mozilla/5.0 (Windows NT 10.0; Win64; x64) AppleWebKit/537.36 (KHTML, like Gecko) Chrome/146.0.0.0 Safari/537.36 Edg/146.0.0.0"
109.130.167.137 - - [29/Mar/2026:12:51:07 +0000] "GET /wp-includes/js/jquery/jquery.min.js?ver=3.7.1 HTTP/1.1" 200 87553 "https://www.sunra.be/opening-of-the-new-showroom-sunra/" "Mozilla/5.0 (Windows NT 10.0; Win64; x64) AppleWebKit/537.36 (KHTML, like Gecko) Chrome/146.0.0.0 Safari/537.36 Edg/146.0.0.0"
109.130.167.137 - - [29/Mar/2026:12:51:07 +0000] "GET /wp-includes/js/jquery/jquery-migrate.min.js?ver=3.4.1 HTTP/1.1" 200 13577 "https://www.sunra.be/opening-of-the-new-showroom-sunra/" "Mozilla/5.0 (Windows NT 10.0; Win64; x64) AppleWebKit/537.36 (KHTML, like Gecko) Chrome/146.0.0.0 Safari/537.36 Edg/146.0.0.0"
109.130.167.137 - - [29/Mar/2026:12:51:07 +0000] "GET /wp-content/plugins/Ultimate_VC_Addons/assets/min-js/ultimate-params.min.js?ver=3.19.6 HTTP/1.1" 200 1102 "https://www.sunra.be/opening-of-the-new-showroom-sunra/" "Mozilla/5.0 (Windows NT 10.0; Win64; x64) AppleWebKit/537.36 (KHTML, like Gecko) Chrome/146.0.0.0 Safari/537.36 Edg/146.0.0.0"
109.130.167.137 - - [29/Mar/2026:12:51:07 +0000] "GET /wp-content/plugins/Ultimate_VC_Addons/assets/min-js/headings.min.js?ver=3.19.6 HTTP/1.1" 200 2714 "https://www.sunra.be/opening-of-the-new-showroom-sunra/" "Mozilla/5.0 (Windows NT 10.0; Win64; x64) AppleWebKit/537.36 (KHTML, like Gecko) Chrome/146.0.0.0 Safari/537.36 Edg/146.0.0.0"
109.130.167.137 - - [29/Mar/2026:12:51:07 +0000] "GET /wp-content/themes/sunra/assets/css/owl.theme.default.css?ver=6.9.4 HTTP/1.1" 200 1380 "https://www.sunra.be/opening-of-the-new-showroom-sunra/" "Mozilla/5.0 (Windows NT 10.0; Win64; x64) AppleWebKit/537.36 (KHTML, like Gecko) Chrome/146.0.0.0 Safari/537.36 Edg/146.0.0.0"
109.130.167.137 - - [29/Mar/2026:12:51:07 +0000] "GET /wp-content/uploads/2023/06/footer_logo.png HTTP/1.1" 200 3303 "https://www.sunra.be/opening-of-the-new-showroom-sunra/" "Mozilla/5.0 (Windows NT 10.0; Win64; x64) AppleWebKit/537.36 (KHTML, like Gecko) Chrome/146.0.0.0 Safari/537.36 Edg/146.0.0.0"
109.130.167.137 - - [29/Mar/2026:12:51:07 +0000] "GET /wp-content/uploads/2023/06/WhatsApp-Image-2023-06-20-at-08.33.29-1.jpeg HTTP/1.1" 200 414734 "https://www.sunra.be/opening-of-the-new-showroom-sunra/" "Mozilla/5.0 (Windows NT 10.0; Win64; x64) AppleWebKit/537.36 (KHTML, like Gecko) Chrome/146.0.0.0 Safari/537.36 Edg/146.0.0.0"
109.130.167.137 - - [29/Mar/2026:12:51:07 +0000] "GET /wp-content/uploads/2023/06/WhatsApp-Image-2023-06-20-at-08.33.29.jpeg HTTP/1.1" 200 395349 "https://www.sunra.be/opening-of-the-new-showroom-sunra/" "Mozilla/5.0 (Windows NT 10.0; Win64; x64) AppleWebKit/537.36 (KHTML, like Gecko) Chrome/146.0.0.0 Safari/537.36 Edg/146.0.0.0"
109.130.167.137 - - [29/Mar/2026:12:51:07 +0000] "GET /wp-includes/js/dist/hooks.min.js?ver=dd5603f07f9220ed27f1 HTTP/1.1" 200 5661 "https://www.sunra.be/opening-of-the-new-showroom-sunra/" "Mozilla/5.0 (Windows NT 10.0; Win64; x64) AppleWebKit/537.36 (KHTML, like Gecko) Chrome/146.0.0.0 Safari/537.36 Edg/146.0.0.0"
109.130.167.137 - - [29/Mar/2026:12:51:07 +0000] "GET /wp-content/plugins/contact-form-7/includes/swv/js/index.js?ver=6.1.5 HTTP/1.1" 200 12512 "https://www.sunra.be/opening-of-the-new-showroom-sunra/" "Mozilla/5.0 (Windows NT 10.0; Win64; x64) AppleWebKit/537.36 (KHTML, like Gecko) Chrome/146.0.0.0 Safari/537.36 Edg/146.0.0.0"
109.130.167.137 - - [29/Mar/2026:12:51:07 +0000] "GET /wp-includes/js/dist/i18n.min.js?ver=c26c3dc7bed366793375 HTTP/1.1" 200 5314 "https://www.sunra.be/opening-of-the-new-showroom-sunra/" "Mozilla/5.0 (Windows NT 10.0; Win64; x64) AppleWebKit/537.36 (KHTML, like Gecko) Chrome/146.0.0.0 Safari/537.36 Edg/146.0.0.0"
109.130.167.137 - - [29/Mar/2026:12:51:07 +0000] "GET /wp-content/plugins/contact-form-7/includes/js/index.js?ver=6.1.5 HTTP/1.1" 200 13452 "https://www.sunra.be/opening-of-the-new-showroom-sunra/" "Mozilla/5.0 (Windows NT 10.0; Win64; x64) AppleWebKit/537.36 (KHTML, like Gecko) Chrome/146.0.0.0 Safari/537.36 Edg/146.0.0.0"
109.130.167.137 - - [29/Mar/2026:12:51:07 +0000] "GET /wp-content/plugins/facebook-conversion-pixel/pixel-cat.min.js?ver=3.3.0 HTTP/1.1" 200 27878 "https://www.sunra.be/opening-of-the-new-showroom-sunra/" "Mozilla/5.0 (Windows NT 10.0; Win64; x64) AppleWebKit/537.36 (KHTML, like Gecko) Chrome/146.0.0.0 Safari/537.36 Edg/146.0.0.0"
109.130.167.137 - - [29/Mar/2026:12:51:07 +0000] "GET /wp-content/plugins/facebook-conversion-pixel/video.js?ver=6.9.4 HTTP/1.1" 200 10428 "https://www.sunra.be/opening-of-the-new-showroom-sunra/" "Mozilla/5.0 (Windows NT 10.0; Win64; x64) AppleWebKit/537.36 (KHTML, like Gecko) Chrome/146.0.0.0 Safari/537.36 Edg/146.0.0.0"
109.130.167.137 - - [29/Mar/2026:12:51:07 +0000] "GET /wp-content/plugins/js_composer/assets/js/dist/js_composer_front.min.js?ver=6.10.0 HTTP/1.1" 200 20050 "https://www.sunra.be/opening-of-the-new-showroom-sunra/" "Mozilla/5.0 (Windows NT 10.0; Win64; x64) AppleWebKit/537.36 (KHTML, like Gecko) Chrome/146.0.0.0 Safari/537.36 Edg/146.0.0.0"
109.130.167.137 - - [29/Mar/2026:12:51:07 +0000] "GET /wp-content/themes/sunra/assets/js/bootstrap.bundle.min.js?ver=6.9.4 HTTP/1.1" 200 80421 "https://www.sunra.be/opening-of-the-new-showroom-sunra/" "Mozilla/5.0 (Windows NT 10.0; Win64; x64) AppleWebKit/537.36 (KHTML, like Gecko) Chrome/146.0.0.0 Safari/537.36 Edg/146.0.0.0"
109.130.167.137 - - [29/Mar/2026:12:51:07 +0000] "GET /wp-content/uploads/2023/06/whatsapp-1.png HTTP/1.1" 200 15490 "https://www.sunra.be/" "Mozilla/5.0 (Windows NT 10.0; Win64; x64) AppleWebKit/537.36 (KHTML, like Gecko) Chrome/146.0.0.0 Safari/537.36 Edg/146.0.0.0"
109.130.167.137 - - [29/Mar/2026:12:51:07 +0000] "GET /wp-content/uploads/2023/06/icon_4.png HTTP/1.1" 200 1135 "https://www.sunra.be/" "Mozilla/5.0 (Windows NT 10.0; Win64; x64) AppleWebKit/537.36 (KHTML, like Gecko) Chrome/146.0.0.0 Safari/537.36 Edg/146.0.0.0"
109.130.167.137 - - [29/Mar/2026:12:51:07 +0000] "GET /wp-content/uploads/2023/06/icon_2.png HTTP/1.1" 200 981 "https://www.sunra.be/" "Mozilla/5.0 (Windows NT 10.0; Win64; x64) AppleWebKit/537.36 (KHTML, like Gecko) Chrome/146.0.0.0 Safari/537.36 Edg/146.0.0.0"
109.130.167.137 - - [29/Mar/2026:12:51:07 +0000] "GET /wp-content/uploads/2023/06/icon_1.png HTTP/1.1" 200 1317 "https://www.sunra.be/" "Mozilla/5.0 (Windows NT 10.0; Win64; x64) AppleWebKit/537.36 (KHTML, like Gecko) Chrome/146.0.0.0 Safari/537.36 Edg/146.0.0.0"
109.130.167.137 - - [29/Mar/2026:12:51:07 +0000] "GET /wp-content/uploads/2023/06/icon_3.png HTTP/1.1" 200 1189 "https://www.sunra.be/" "Mozilla/5.0 (Windows NT 10.0; Win64; x64) AppleWebKit/537.36 (KHTML, like Gecko) Chrome/146.0.0.0 Safari/537.36 Edg/146.0.0.0"
109.130.167.137 - - [29/Mar/2026:12:51:07 +0000] "GET /wp-content/themes/sunra/assets/js/owl.carousel.min.js?ver=6.9.4 HTTP/1.1" 200 44342 "https://www.sunra.be/opening-of-the-new-showroom-sunra/" "Mozilla/5.0 (Windows NT 10.0; Win64; x64) AppleWebKit/537.36 (KHTML, like Gecko) Chrome/146.0.0.0 Safari/537.36 Edg/146.0.0.0"
109.130.167.137 - - [29/Mar/2026:12:51:07 +0000] "GET /wp-content/themes/sunra/assets/lightbox/js/lightbox.min.js?ver=6.9.4 HTTP/1.1" 200 9754 "https://www.sunra.be/opening-of-the-new-showroom-sunra/" "Mozilla/5.0 (Windows NT 10.0; Win64; x64) AppleWebKit/537.36 (KHTML, like Gecko) Chrome/146.0.0.0 Safari/537.36 Edg/146.0.0.0"
109.130.167.137 - - [29/Mar/2026:12:51:07 +0000] "GET /wp-content/uploads/2023/06/WhatsApp-Image-2023-06-20-at-08.33.29-2.jpeg HTTP/1.1" 200 430501 "https://www.sunra.be/opening-of-the-new-showroom-sunra/" "Mozilla/5.0 (Windows NT 10.0; Win64; x64) AppleWebKit/537.36 (KHTML, like Gecko) Chrome/146.0.0.0 Safari/537.36 Edg/146.0.0.0"
109.130.167.137 - - [29/Mar/2026:12:51:07 +0000] "GET /wp-content/uploads/2023/06/footer_logo.png HTTP/1.1" 200 3303 "https://www.sunra.be/" "Mozilla/5.0 (Windows NT 10.0; Win64; x64) AppleWebKit/537.36 (KHTML, like Gecko) Chrome/146.0.0.0 Safari/537.36 Edg/146.0.0.0"
109.130.167.137 - - [29/Mar/2026:12:51:07 +0000] "GET /wp-content/plugins/sitepress-multilingual-cms/res/js/cookies/language-cookie.js?ver=476000 HTTP/1.1" 200 290 "https://www.sunra.be/opening-of-the-new-showroom-sunra/" "Mozilla/5.0 (Windows NT 10.0; Win64; x64) AppleWebKit/537.36 (KHTML, like Gecko) Chrome/146.0.0.0 Safari/537.36 Edg/146.0.0.0"
109.130.167.137 - - [29/Mar/2026:12:51:07 +0000] "GET /wp-content/uploads/2023/06/fb.png HTTP/1.1" 200 1430 "https://www.sunra.be/" "Mozilla/5.0 (Windows NT 10.0; Win64; x64) AppleWebKit/537.36 (KHTML, like Gecko) Chrome/146.0.0.0 Safari/537.36 Edg/146.0.0.0"
109.130.167.137 - - [29/Mar/2026:12:51:07 +0000] "GET /wp-content/uploads/2023/06/tw.png HTTP/1.1" 200 1114 "https://www.sunra.be/" "Mozilla/5.0 (Windows NT 10.0; Win64; x64) AppleWebKit/537.36 (KHTML, like Gecko) Chrome/146.0.0.0 Safari/537.36 Edg/146.0.0.0"
109.130.167.137 - - [29/Mar/2026:12:51:07 +0000] "GET /wp-content/uploads/2023/06/yt.png HTTP/1.1" 200 1305 "https://www.sunra.be/" "Mozilla/5.0 (Windows NT 10.0; Win64; x64) AppleWebKit/537.36 (KHTML, like Gecko) Chrome/146.0.0.0 Safari/537.36 Edg/146.0.0.0"
109.130.167.137 - - [29/Mar/2026:12:51:07 +0000] "GET /wp-content/plugins/revslider/public/assets/js/rbtools.min.js?ver=6.6.12 HTTP/1.1" 200 165339 "https://www.sunra.be/opening-of-the-new-showroom-sunra/" "Mozilla/5.0 (Windows NT 10.0; Win64; x64) AppleWebKit/537.36 (KHTML, like Gecko) Chrome/146.0.0.0 Safari/537.36 Edg/146.0.0.0"
109.130.167.137 - - [29/Mar/2026:12:51:07 +0000] "GET /wp-content/plugins/revslider/public/assets/js/rs6.min.js?ver=6.6.12 HTTP/1.1" 200 414606 "https://www.sunra.be/opening-of-the-new-showroom-sunra/" "Mozilla/5.0 (Windows NT 10.0; Win64; x64) AppleWebKit/537.36 (KHTML, like Gecko) Chrome/146.0.0.0 Safari/537.36 Edg/146.0.0.0"
109.130.167.137 - - [29/Mar/2026:12:51:07 +0000] "GET /wp-content/themes/sunra/assets/lightbox/images/prev.png HTTP/1.1" 200 1360 "https://www.sunra.be/wp-content/themes/sunra/assets/lightbox/css/lightbox.min.css?ver=6.9.4" "Mozilla/5.0 (Windows NT 10.0; Win64; x64) AppleWebKit/537.36 (KHTML, like Gecko) Chrome/146.0.0.0 Safari/537.36 Edg/146.0.0.0"
109.130.167.137 - - [29/Mar/2026:12:51:07 +0000] "GET /wp-content/themes/sunra/assets/lightbox/images/next.png HTTP/1.1" 200 1350 "https://www.sunra.be/wp-content/themes/sunra/assets/lightbox/css/lightbox.min.css?ver=6.9.4" "Mozilla/5.0 (Windows NT 10.0; Win64; x64) AppleWebKit/537.36 (KHTML, like Gecko) Chrome/146.0.0.0 Safari/537.36 Edg/146.0.0.0"
109.130.167.137 - - [29/Mar/2026:12:51:07 +0000] "GET /wp-content/themes/sunra/assets/lightbox/images/loading.gif HTTP/1.1" 200 8476 "https://www.sunra.be/wp-content/themes/sunra/assets/lightbox/css/lightbox.min.css?ver=6.9.4" "Mozilla/5.0 (Windows NT 10.0; Win64; x64) AppleWebKit/537.36 (KHTML, like Gecko) Chrome/146.0.0.0 Safari/537.36 Edg/146.0.0.0"
109.130.167.137 - - [29/Mar/2026:12:51:07 +0000] "GET /wp-content/themes/sunra/assets/lightbox/images/close.png HTTP/1.1" 200 280 "https://www.sunra.be/wp-content/themes/sunra/assets/lightbox/css/lightbox.min.css?ver=6.9.4" "Mozilla/5.0 (Windows NT 10.0; Win64; x64) AppleWebKit/537.36 (KHTML, like Gecko) Chrome/146.0.0.0 Safari/537.36 Edg/146.0.0.0"
109.130.167.137 - - [29/Mar/2026:12:51:07 +0000] "GET /favicon.ico HTTP/1.1" 302 - "https://www.sunra.be/opening-of-the-new-showroom-sunra/" "Mozilla/5.0 (Windows NT 10.0; Win64; x64) AppleWebKit/537.36 (KHTML, like Gecko) Chrome/146.0.0.0 Safari/537.36 Edg/146.0.0.0"
109.130.167.137 - - [29/Mar/2026:12:51:08 +0000] "GET /wp-includes/images/w-logo-blue-white-bg.png HTTP/1.1" 200 4119 "https://www.sunra.be/opening-of-the-new-showroom-sunra/" "Mozilla/5.0 (Windows NT 10.0; Win64; x64) AppleWebKit/537.36 (KHTML, like Gecko) Chrome/146.0.0.0 Safari/537.36 Edg/146.0.0.0"
5.39.1.234 - - [29/Mar/2026:12:51:08 +0000] "GET /?q=22662254821 HTTP/1.1" 301 - "-" "Mozilla/5.0 (compatible; AhrefsBot/7.0; +http://ahrefs.com/robot/)"
66.118.173.198 - - [29/Mar/2026:12:51:11 +0000] "GET /shopdetail/participation/110012579 HTTP/1.1" 404 38887 "-" "Mozilla/5.0 (Windows NT 10.0; Win64; x64; rv:133.0) Gecko/20100101 Firefox/133.0"
217.182.68.102 - - [29/Mar/2026:12:51:13 +0000] "POST /wp-cron.php?doing_wp_cron=1774788673.1217470169067382812500 HTTP/1.1" 200 - "-" "WordPress/6.9.4; https://www.sunra.be"
62.146.235.226 - - [29/Mar/2026:12:51:12 +0000] "GET /laravel-filemanager HTTP/1.1" 301 - "-" "python-requests/2.31.0"
109.130.167.137 - - [29/Mar/2026:12:51:21 +0000] "GET /our-models/ HTTP/1.1" 200 39758 "https://www.sunra.be/opening-of-the-new-showroom-sunra/" "Mozilla/5.0 (Windows NT 10.0; Win64; x64) AppleWebKit/537.36 (KHTML, like Gecko) Chrome/146.0.0.0 Safari/537.36 Edg/146.0.0.0"
109.130.167.137 - - [29/Mar/2026:12:51:24 +0000] "GET /our-models/miku-super/ HTTP/1.1" 200 108347 "https://www.sunra.be/opening-of-the-new-showroom-sunra/" "Mozilla/5.0 (Windows NT 10.0; Win64; x64) AppleWebKit/537.36 (KHTML, like Gecko) Chrome/146.0.0.0 Safari/537.36 Edg/146.0.0.0"
109.130.167.137 - - [29/Mar/2026:12:51:26 +0000] "GET /wp-content/themes/sunra/style.css?t=1774788685&ver=6.9.4 HTTP/1.1" 200 24715 "https://www.sunra.be/our-models/miku-super/" "Mozilla/5.0 (Windows NT 10.0; Win64; x64) AppleWebKit/537.36 (KHTML, like Gecko) Chrome/146.0.0.0 Safari/537.36 Edg/146.0.0.0"
109.130.167.137 - - [29/Mar/2026:12:51:26 +0000] "GET /wp-content/plugins/js_composer/assets/css/js_composer_tta.min.css?ver=6.10.0 HTTP/1.1" 200 273142 "https://www.sunra.be/our-models/miku-super/" "Mozilla/5.0 (Windows NT 10.0; Win64; x64) AppleWebKit/537.36 (KHTML, like Gecko) Chrome/146.0.0.0 Safari/537.36 Edg/146.0.0.0"
109.130.167.137 - - [29/Mar/2026:12:51:26 +0000] "GET /wp-content/plugins/js_composer/assets/lib/bower/animate-css/animate.min.css?ver=6.10.0 HTTP/1.1" 200 16177 "https://www.sunra.be/our-models/miku-super/" "Mozilla/5.0 (Windows NT 10.0; Win64; x64) AppleWebKit/537.36 (KHTML, like Gecko) Chrome/146.0.0.0 Safari/537.36 Edg/146.0.0.0"
109.130.167.137 - - [29/Mar/2026:12:51:26 +0000] "GET /wp-content/themes/sunra/assets/js/rotatetool.js HTTP/1.1" 200 71600 "https://www.sunra.be/our-models/miku-super/" "Mozilla/5.0 (Windows NT 10.0; Win64; x64) AppleWebKit/537.36 (KHTML, like Gecko) Chrome/146.0.0.0 Safari/537.36 Edg/146.0.0.0"
109.130.167.137 - - [29/Mar/2026:12:51:26 +0000] "GET /wp-content/plugins/revslider/public/assets/assets/dummy.png HTTP/1.1" 200 68 "https://www.sunra.be/our-models/miku-super/" "Mozilla/5.0 (Windows NT 10.0; Win64; x64) AppleWebKit/537.36 (KHTML, like Gecko) Chrome/146.0.0.0 Safari/537.36 Edg/146.0.0.0"
109.130.167.137 - - [29/Mar/2026:12:51:26 +0000] "GET /wp-content/plugins/js_composer/assets/lib/vc_accordion/vc-accordion.min.js?ver=6.10.0 HTTP/1.1" 200 11025 "https://www.sunra.be/our-models/miku-super/" "Mozilla/5.0 (Windows NT 10.0; Win64; x64) AppleWebKit/537.36 (KHTML, like Gecko) Chrome/146.0.0.0 Safari/537.36 Edg/146.0.0.0"
109.130.167.137 - - [29/Mar/2026:12:51:26 +0000] "GET /wp-content/plugins/js_composer/assets/lib/vc-tta-autoplay/vc-tta-autoplay.min.js?ver=6.10.0 HTTP/1.1" 200 2545 "https://www.sunra.be/our-models/miku-super/" "Mozilla/5.0 (Windows NT 10.0; Win64; x64) AppleWebKit/537.36 (KHTML, like Gecko) Chrome/146.0.0.0 Safari/537.36 Edg/146.0.0.0"
109.130.167.137 - - [29/Mar/2026:12:51:26 +0000] "GET /wp-content/plugins/js_composer/assets/lib/vc_tabs/vc-tabs.min.js?ver=6.10.0 HTTP/1.1" 200 4168 "https://www.sunra.be/our-models/miku-super/" "Mozilla/5.0 (Windows NT 10.0; Win64; x64) AppleWebKit/537.36 (KHTML, like Gecko) Chrome/146.0.0.0 Safari/537.36 Edg/146.0.0.0"
109.130.167.137 - - [29/Mar/2026:12:51:26 +0000] "GET /wp-content/plugins/js_composer/assets/lib/vc_waypoints/vc-waypoints.min.js?ver=6.10.0 HTTP/1.1" 200 9237 "https://www.sunra.be/our-models/miku-super/" "Mozilla/5.0 (Windows NT 10.0; Win64; x64) AppleWebKit/537.36 (KHTML, like Gecko) Chrome/146.0.0.0 Safari/537.36 Edg/146.0.0.0"
109.130.167.137 - - [29/Mar/2026:12:51:26 +0000] "GET /wp-content/uploads/2023/06/RED-1.png HTTP/1.1" 200 761 "https://www.sunra.be/" "Mozilla/5.0 (Windows NT 10.0; Win64; x64) AppleWebKit/537.36 (KHTML, like Gecko) Chrome/146.0.0.0 Safari/537.36 Edg/146.0.0.0"
109.130.167.137 - - [29/Mar/2026:12:51:26 +0000] "GET /wp-content/uploads/2023/06/DSC06411-3.jpg HTTP/1.1" 200 1108153 "https://www.sunra.be/our-models/miku-super/" "Mozilla/5.0 (Windows NT 10.0; Win64; x64) AppleWebKit/537.36 (KHTML, like Gecko) Chrome/146.0.0.0 Safari/537.36 Edg/146.0.0.0"
109.130.167.137 - - [29/Mar/2026:12:51:26 +0000] "GET /wp-content/uploads/2023/06/Yellow-1.png HTTP/1.1" 200 777 "https://www.sunra.be/" "Mozilla/5.0 (Windows NT 10.0; Win64; x64) AppleWebKit/537.36 (KHTML, like Gecko) Chrome/146.0.0.0 Safari/537.36 Edg/146.0.0.0"
109.130.167.137 - - [29/Mar/2026:12:51:26 +0000] "GET /wp-content/uploads/2023/06/Blue-1.png HTTP/1.1" 200 763 "https://www.sunra.be/" "Mozilla/5.0 (Windows NT 10.0; Win64; x64) AppleWebKit/537.36 (KHTML, like Gecko) Chrome/146.0.0.0 Safari/537.36 Edg/146.0.0.0"
109.130.167.137 - - [29/Mar/2026:12:51:26 +0000] "GET /wp-content/uploads/2023/06/specs-Bg-Miku-02.jpg HTTP/1.1" 200 98484 "https://www.sunra.be/wp-content/themes/sunra/style.css?t=1774788685&ver=6.9.4" "Mozilla/5.0 (Windows NT 10.0; Win64; x64) AppleWebKit/537.36 (KHTML, like Gecko) Chrome/146.0.0.0 Safari/537.36 Edg/146.0.0.0"
109.130.167.137 - - [29/Mar/2026:12:51:26 +0000] "GET /wp-content/uploads/2023/06/Black-1.png HTTP/1.1" 200 620 "https://www.sunra.be/" "Mozilla/5.0 (Windows NT 10.0; Win64; x64) AppleWebKit/537.36 (KHTML, like Gecko) Chrome/146.0.0.0 Safari/537.36 Edg/146.0.0.0"
109.130.167.137 - - [29/Mar/2026:12:51:26 +0000] "GET /wp-content/uploads/2023/06/White-1.png HTTP/1.1" 200 741 "https://www.sunra.be/" "Mozilla/5.0 (Windows NT 10.0; Win64; x64) AppleWebKit/537.36 (KHTML, like Gecko) Chrome/146.0.0.0 Safari/537.36 Edg/146.0.0.0"
109.130.167.137 - - [29/Mar/2026:12:51:26 +0000] "GET /wp-content/uploads/2023/06/icons-04.png HTTP/1.1" 200 6494 "https://www.sunra.be/our-models/miku-super/" "Mozilla/5.0 (Windows NT 10.0; Win64; x64) AppleWebKit/537.36 (KHTML, like Gecko) Chrome/146.0.0.0 Safari/537.36 Edg/146.0.0.0"
109.130.167.137 - - [29/Mar/2026:12:51:26 +0000] "GET /wp-content/uploads/2023/06/icons-03.png HTTP/1.1" 200 6552 "https://www.sunra.be/our-models/miku-super/" "Mozilla/5.0 (Windows NT 10.0; Win64; x64) AppleWebKit/537.36 (KHTML, like Gecko) Chrome/146.0.0.0 Safari/537.36 Edg/146.0.0.0"
109.130.167.137 - - [29/Mar/2026:12:51:26 +0000] "GET /wp-content/uploads/2023/06/icons-01.png HTTP/1.1" 200 5528 "https://www.sunra.be/our-models/miku-super/" "Mozilla/5.0 (Windows NT 10.0; Win64; x64) AppleWebKit/537.36 (KHTML, like Gecko) Chrome/146.0.0.0 Safari/537.36 Edg/146.0.0.0"
109.130.167.137 - - [29/Mar/2026:12:51:26 +0000] "GET /wp-content/uploads/2023/06/icons-02.png HTTP/1.1" 200 5508 "https://www.sunra.be/our-models/miku-super/" "Mozilla/5.0 (Windows NT 10.0; Win64; x64) AppleWebKit/537.36 (KHTML, like Gecko) Chrome/146.0.0.0 Safari/537.36 Edg/146.0.0.0"
109.130.167.137 - - [29/Mar/2026:12:51:26 +0000] "GET /wp-content/plugins/revslider/public/assets/assets/transparent.png HTTP/1.1" 200 122 "https://www.sunra.be/our-models/miku-super/" "Mozilla/5.0 (Windows NT 10.0; Win64; x64) AppleWebKit/537.36 (KHTML, like Gecko) Chrome/146.0.0.0 Safari/537.36 Edg/146.0.0.0"
109.130.167.137 - - [29/Mar/2026:12:51:26 +0000] "GET /wp-content/uploads/2023/06/s19-1.webp HTTP/1.1" 200 49532 "https://www.sunra.be/" "Mozilla/5.0 (Windows NT 10.0; Win64; x64) AppleWebKit/537.36 (KHTML, like Gecko) Chrome/146.0.0.0 Safari/537.36 Edg/146.0.0.0"
109.130.167.137 - - [29/Mar/2026:12:51:26 +0000] "GET /wp-content/uploads/2023/06/s14-2.webp HTTP/1.1" 200 50610 "https://www.sunra.be/" "Mozilla/5.0 (Windows NT 10.0; Win64; x64) AppleWebKit/537.36 (KHTML, like Gecko) Chrome/146.0.0.0 Safari/537.36 Edg/146.0.0.0"
109.130.167.137 - - [29/Mar/2026:12:51:26 +0000] "GET /wp-content/uploads/2023/06/Introducing-MIKU-Super-1080p.mp4 HTTP/1.1" 206 18345850 "https://www.sunra.be/our-models/miku-super/" "Mozilla/5.0 (Windows NT 10.0; Win64; x64) AppleWebKit/537.36 (KHTML, like Gecko) Chrome/146.0.0.0 Safari/537.36 Edg/146.0.0.0"
109.130.167.137 - - [29/Mar/2026:12:51:26 +0000] "GET /wp-content/uploads/2024/07/SUNRA_Offre-speciale_rotate_ombre-1.png HTTP/1.1" 200 31000 "https://www.sunra.be/our-models/miku-super/" "Mozilla/5.0 (Windows NT 10.0; Win64; x64) AppleWebKit/537.36 (KHTML, like Gecko) Chrome/146.0.0.0 Safari/537.36 Edg/146.0.0.0"
109.130.167.137 - - [29/Mar/2026:12:51:26 +0000] "GET /wp-content/uploads/2023/06/DSC06420-3.jpg HTTP/1.1" 200 1164062 "https://www.sunra.be/our-models/miku-super/" "Mozilla/5.0 (Windows NT 10.0; Win64; x64) AppleWebKit/537.36 (KHTML, like Gecko) Chrome/146.0.0.0 Safari/537.36 Edg/146.0.0.0"
109.130.167.137 - - [29/Mar/2026:12:51:26 +0000] "GET /wp-content/uploads/2023/06/Introducing-MIKU-Super-1080p.mp4 HTTP/1.1" 206 61306 "https://www.sunra.be/our-models/miku-super/" "Mozilla/5.0 (Windows NT 10.0; Win64; x64) AppleWebKit/537.36 (KHTML, like Gecko) Chrome/146.0.0.0 Safari/537.36 Edg/146.0.0.0"
109.130.167.137 - - [29/Mar/2026:12:51:26 +0000] "GET /wp-content/uploads/2023/06/s20-1-1.webp HTTP/1.1" 200 49624 "https://www.sunra.be/" "Mozilla/5.0 (Windows NT 10.0; Win64; x64) AppleWebKit/537.36 (KHTML, like Gecko) Chrome/146.0.0.0 Safari/537.36 Edg/146.0.0.0"
109.130.167.137 - - [29/Mar/2026:12:51:26 +0000] "GET /wp-content/uploads/2023/06/Product-Banner-Bg-N1-MOBILE.jpg HTTP/1.1" 200 195193 "https://www.sunra.be/" "Mozilla/5.0 (Windows NT 10.0; Win64; x64) AppleWebKit/537.36 (KHTML, like Gecko) Chrome/146.0.0.0 Safari/537.36 Edg/146.0.0.0"
109.130.167.137 - - [29/Mar/2026:12:51:26 +0000] "GET /wp-content/uploads/2023/06/s18-1.webp HTTP/1.1" 200 49616 "https://www.sunra.be/" "Mozilla/5.0 (Windows NT 10.0; Win64; x64) AppleWebKit/537.36 (KHTML, like Gecko) Chrome/146.0.0.0 Safari/537.36 Edg/146.0.0.0"
109.130.167.137 - - [29/Mar/2026:12:51:26 +0000] "GET /wp-content/uploads/2023/06/s16-1.webp HTTP/1.1" 200 56500 "https://www.sunra.be/" "Mozilla/5.0 (Windows NT 10.0; Win64; x64) AppleWebKit/537.36 (KHTML, like Gecko) Chrome/146.0.0.0 Safari/537.36 Edg/146.0.0.0"
109.130.167.137 - - [29/Mar/2026:12:51:26 +0000] "GET /wp-content/uploads/2023/06/Product-Banner-Bg-N1-Desk.jpg HTTP/1.1" 200 402634 "https://www.sunra.be/" "Mozilla/5.0 (Windows NT 10.0; Win64; x64) AppleWebKit/537.36 (KHTML, like Gecko) Chrome/146.0.0.0 Safari/537.36 Edg/146.0.0.0"
109.130.167.137 - - [29/Mar/2026:12:51:26 +0000] "GET /wp-content/uploads/2023/06/Product-Banner-Bg-N1-TAB.jpg HTTP/1.1" 200 261946 "https://www.sunra.be/" "Mozilla/5.0 (Windows NT 10.0; Win64; x64) AppleWebKit/537.36 (KHTML, like Gecko) Chrome/146.0.0.0 Safari/537.36 Edg/146.0.0.0"
62.146.235.226 - - [29/Mar/2026:12:51:24 +0000] "GET /laravel-filemanager HTTP/1.1" 404 38783 "-" "python-requests/2.31.0"
109.130.167.137 - - [29/Mar/2026:12:51:26 +0000] "GET /wp-content/uploads/2023/06/DSC06414-3.jpg HTTP/1.1" 200 950526 "https://www.sunra.be/our-models/miku-super/" "Mozilla/5.0 (Windows NT 10.0; Win64; x64) AppleWebKit/537.36 (KHTML, like Gecko) Chrome/146.0.0.0 Safari/537.36 Edg/146.0.0.0"
109.130.167.137 - - [29/Mar/2026:12:51:26 +0000] "GET /wp-content/uploads/2023/06/DSC06418-3.jpg HTTP/1.1" 200 1031196 "https://www.sunra.be/our-models/miku-super/" "Mozilla/5.0 (Windows NT 10.0; Win64; x64) AppleWebKit/537.36 (KHTML, like Gecko) Chrome/146.0.0.0 Safari/537.36 Edg/146.0.0.0"
109.130.167.137 - - [29/Mar/2026:12:51:26 +0000] "GET /wp-content/uploads/2023/06/DSC06335-4.jpg HTTP/1.1" 200 1099680 "https://www.sunra.be/our-models/miku-super/" "Mozilla/5.0 (Windows NT 10.0; Win64; x64) AppleWebKit/537.36 (KHTML, like Gecko) Chrome/146.0.0.0 Safari/537.36 Edg/146.0.0.0"
109.130.167.137 - - [29/Mar/2026:12:51:27 +0000] "GET /wp-content/themes/sunra/assets/js/config.js HTTP/1.1" 200 - "https://www.sunra.be/our-models/miku-super/" "Mozilla/5.0 (Windows NT 10.0; Win64; x64) AppleWebKit/537.36 (KHTML, like Gecko) Chrome/146.0.0.0 Safari/537.36 Edg/146.0.0.0"
109.130.167.137 - - [29/Mar/2026:12:51:27 +0000] "GET /wp-content/uploads/2023/06/s15-1.webp HTTP/1.1" 200 43548 "https://www.sunra.be/our-models/miku-super/" "Mozilla/5.0 (Windows NT 10.0; Win64; x64) AppleWebKit/537.36 (KHTML, like Gecko) Chrome/146.0.0.0 Safari/537.36 Edg/146.0.0.0"
109.130.167.137 - - [29/Mar/2026:12:51:27 +0000] "GET /wp-content/uploads/2023/06/s14-1.webp HTTP/1.1" 200 50610 "https://www.sunra.be/our-models/miku-super/" "Mozilla/5.0 (Windows NT 10.0; Win64; x64) AppleWebKit/537.36 (KHTML, like Gecko) Chrome/146.0.0.0 Safari/537.36 Edg/146.0.0.0"
109.130.167.137 - - [29/Mar/2026:12:51:27 +0000] "GET /wp-content/uploads/2023/06/s12-1.webp HTTP/1.1" 200 21042 "https://www.sunra.be/our-models/miku-super/" "Mozilla/5.0 (Windows NT 10.0; Win64; x64) AppleWebKit/537.36 (KHTML, like Gecko) Chrome/146.0.0.0 Safari/537.36 Edg/146.0.0.0"
109.130.167.137 - - [29/Mar/2026:12:51:27 +0000] "GET /wp-content/uploads/2023/06/s11-1.webp HTTP/1.1" 200 43046 "https://www.sunra.be/our-models/miku-super/" "Mozilla/5.0 (Windows NT 10.0; Win64; x64) AppleWebKit/537.36 (KHTML, like Gecko) Chrome/146.0.0.0 Safari/537.36 Edg/146.0.0.0"
109.130.167.137 - - [29/Mar/2026:12:51:27 +0000] "GET /wp-content/uploads/2023/06/s10-1.webp HTTP/1.1" 200 51684 "https://www.sunra.be/our-models/miku-super/" "Mozilla/5.0 (Windows NT 10.0; Win64; x64) AppleWebKit/537.36 (KHTML, like Gecko) Chrome/146.0.0.0 Safari/537.36 Edg/146.0.0.0"
109.130.167.137 - - [29/Mar/2026:12:51:27 +0000] "GET /wp-content/uploads/2023/06/s9-1.webp HTTP/1.1" 200 39546 "https://www.sunra.be/our-models/miku-super/" "Mozilla/5.0 (Windows NT 10.0; Win64; x64) AppleWebKit/537.36 (KHTML, like Gecko) Chrome/146.0.0.0 Safari/537.36 Edg/146.0.0.0"
109.130.167.137 - - [29/Mar/2026:12:51:27 +0000] "GET /wp-content/uploads/2023/06/s8-1.webp HTTP/1.1" 200 24582 "https://www.sunra.be/our-models/miku-super/" "Mozilla/5.0 (Windows NT 10.0; Win64; x64) AppleWebKit/537.36 (KHTML, like Gecko) Chrome/146.0.0.0 Safari/537.36 Edg/146.0.0.0"
109.130.167.137 - - [29/Mar/2026:12:51:27 +0000] "GET /our-models/miku-super/assets/styles.css HTTP/1.1" 404 38895 "https://www.sunra.be/our-models/miku-super/" "Mozilla/5.0 (Windows NT 10.0; Win64; x64) AppleWebKit/537.36 (KHTML, like Gecko) Chrome/146.0.0.0 Safari/537.36 Edg/146.0.0.0"
49.147.39.218 - - [29/Mar/2026:12:51:33 +0000] "GET /shopdetail/act/286008389 HTTP/1.1" 301 - "-" "Mozilla/5.0 (Windows NT 10.0; Win64; x64) AppleWebKit/537.36 (KHTML, like Gecko) Chrome/132.0.6834.110 Safari/537.36"
62.146.235.226 - - [29/Mar/2026:12:51:34 +0000] "GET /filemanager HTTP/1.1" 301 - "-" "python-requests/2.31.0"
14.189.76.147 - - [29/Mar/2026:12:51:36 +0000] "GET /shopdetail/act/286008389 HTTP/1.1" 404 38867 "-" "Mozilla/5.0 (Windows NT 10.0; Win64; x64) AppleWebKit/537.36 (KHTML, like Gecko) Chrome/132.0.6834.110 Safari/537.36"
62.146.235.226 - - [29/Mar/2026:12:51:42 +0000] "GET /filemanager HTTP/1.1" 404 38767 "-" "python-requests/2.31.0"
62.146.235.226 - - [29/Mar/2026:12:51:50 +0000] "GET /file-manager/ckeditor HTTP/1.1" 301 - "-" "python-requests/2.31.0"
114.119.149.159 - - [29/Mar/2026:12:51:51 +0000] "GET /shop/loadstone/overhard063145845738.shtm HTTP/1.1" 301 - "https://sunra.be/?sitemap297.xml" "Mozilla/5.0 (Linux; Android 7.0;) AppleWebKit/537.36 (KHTML, like Gecko) Mobile Safari/537.36 (compatible; PetalBot;+https://webmaster.petalsearch.com/site/petalbot)"
216.73.216.217 - - [29/Mar/2026:12:51:51 +0000] "GET /shop/ensuable/disendow053431921176.shtm HTTP/1.1" 301 - "-" "Mozilla/5.0 AppleWebKit/537.36 (KHTML, like Gecko; compatible; ClaudeBot/1.0; +claudebot@anthropic.com)"
217.182.68.102 - - [29/Mar/2026:12:51:53 +0000] "POST /wp-cron.php?doing_wp_cron=1774788713.1838159561157226562500 HTTP/1.1" 200 - "-" "WordPress/6.9.4; https://www.sunra.be"
216.73.216.217 - - [29/Mar/2026:12:51:54 +0000] "GET /shop/ensuable/disendow053431921176.shtm HTTP/1.1" 404 38895 "https://sunra.be/shop/ensuable/disendow053431921176.shtm" "Mozilla/5.0 AppleWebKit/537.36 (KHTML, like Gecko; compatible; ClaudeBot/1.0; +claudebot@anthropic.com)"
62.146.235.226 - - [29/Mar/2026:12:51:58 +0000] "GET /file-manager/ckeditor HTTP/1.1" 404 38787 "-" "python-requests/2.31.0"
109.130.167.137 - - [29/Mar/2026:12:51:26 +0000] "GET /wp-content/uploads/2023/06/Introducing-MIKU-Super-1080p.mp4 HTTP/1.1" 206 17908653 "https://www.sunra.be/our-models/miku-super/" "Mozilla/5.0 (Windows NT 10.0; Win64; x64) AppleWebKit/537.36 (KHTML, like Gecko) Chrome/146.0.0.0 Safari/537.36 Edg/146.0.0.0"
8.229.163.60 - - [29/Mar/2026:12:52:01 +0000] "GET / HTTP/1.1" 200 37940 "-" "Mozilla/5.0 (Windows NT 10.0; Win64; x64) AppleWebKit/537.36 (KHTML, like Gecko) Chrome/78.0.3904.108 Safari/537.36"
114.119.149.159 - - [29/Mar/2026:12:52:00 +0000] "GET /shop/loadstone/overhard063145845738.shtm HTTP/1.1" 404 37556 "https://sunra.be/?sitemap297.xml" "Mozilla/5.0 (Linux; Android 7.0;) AppleWebKit/537.36 (KHTML, like Gecko) Mobile Safari/537.36 (compatible; PetalBot;+https://webmaster.petalsearch.com/site/petalbot)"
8.229.163.60 - - [29/Mar/2026:12:52:02 +0000] "GET //wp-includes/wlwmanifest.xml HTTP/1.1" 404 5750 "-" "Mozilla/5.0 (Windows NT 10.0; Win64; x64) AppleWebKit/537.36 (KHTML, like Gecko) Chrome/78.0.3904.108 Safari/537.36"
8.229.163.60 - - [29/Mar/2026:12:52:02 +0000] "GET //xmlrpc.php?rsd HTTP/1.1" 401 38061 "-" "Mozilla/5.0 (Windows NT 10.0; Win64; x64) AppleWebKit/537.36 (KHTML, like Gecko) Chrome/78.0.3904.108 Safari/537.36"
8.229.163.60 - - [29/Mar/2026:12:52:02 +0000] "GET / HTTP/1.1" 200 37940 "-" "Mozilla/5.0 (Windows NT 10.0; Win64; x64) AppleWebKit/537.36 (KHTML, like Gecko) Chrome/78.0.3904.108 Safari/537.36"
8.229.163.60 - - [29/Mar/2026:12:52:02 +0000] "GET //blog/wp-includes/wlwmanifest.xml HTTP/1.1" 404 5750 "-" "Mozilla/5.0 (Windows NT 10.0; Win64; x64) AppleWebKit/537.36 (KHTML, like Gecko) Chrome/78.0.3904.108 Safari/537.36"
8.229.163.60 - - [29/Mar/2026:12:52:03 +0000] "GET //web/wp-includes/wlwmanifest.xml HTTP/1.1" 401 38061 "-" "Mozilla/5.0 (Windows NT 10.0; Win64; x64) AppleWebKit/537.36 (KHTML, like Gecko) Chrome/78.0.3904.108 Safari/537.36"
8.229.163.60 - - [29/Mar/2026:12:52:03 +0000] "GET //wordpress/wp-includes/wlwmanifest.xml HTTP/1.1" 404 5750 "-" "Mozilla/5.0 (Windows NT 10.0; Win64; x64) AppleWebKit/537.36 (KHTML, like Gecko) Chrome/78.0.3904.108 Safari/537.36"
8.229.163.60 - - [29/Mar/2026:12:52:03 +0000] "GET //website/wp-includes/wlwmanifest.xml HTTP/1.1" 401 38061 "-" "Mozilla/5.0 (Windows NT 10.0; Win64; x64) AppleWebKit/537.36 (KHTML, like Gecko) Chrome/78.0.3904.108 Safari/537.36"
109.130.167.137 - - [29/Mar/2026:12:52:03 +0000] "GET /wp-content/uploads/2023/06/Introducing-MIKU-Super-1080p.mp4 HTTP/1.1" 206 890 "https://www.sunra.be/our-models/miku-super/" "Mozilla/5.0 (Windows NT 10.0; Win64; x64) AppleWebKit/537.36 (KHTML, like Gecko) Chrome/146.0.0.0 Safari/537.36 Edg/146.0.0.0"
8.229.163.60 - - [29/Mar/2026:12:52:03 +0000] "GET //wp/wp-includes/wlwmanifest.xml HTTP/1.1" 404 5750 "-" "Mozilla/5.0 (Windows NT 10.0; Win64; x64) AppleWebKit/537.36 (KHTML, like Gecko) Chrome/78.0.3904.108 Safari/537.36"
8.229.163.60 - - [29/Mar/2026:12:52:04 +0000] "GET //news/wp-includes/wlwmanifest.xml HTTP/1.1" 401 38061 "-" "Mozilla/5.0 (Windows NT 10.0; Win64; x64) AppleWebKit/537.36 (KHTML, like Gecko) Chrome/78.0.3904.108 Safari/537.36"
8.229.163.60 - - [29/Mar/2026:12:52:04 +0000] "GET //2018/wp-includes/wlwmanifest.xml HTTP/1.1" 404 5750 "-" "Mozilla/5.0 (Windows NT 10.0; Win64; x64) AppleWebKit/537.36 (KHTML, like Gecko) Chrome/78.0.3904.108 Safari/537.36"
8.229.163.60 - - [29/Mar/2026:12:52:04 +0000] "GET //2019/wp-includes/wlwmanifest.xml HTTP/1.1" 401 38061 "-" "Mozilla/5.0 (Windows NT 10.0; Win64; x64) AppleWebKit/537.36 (KHTML, like Gecko) Chrome/78.0.3904.108 Safari/537.36"
8.229.163.60 - - [29/Mar/2026:12:52:04 +0000] "GET //shop/wp-includes/wlwmanifest.xml HTTP/1.1" 404 5750 "-" "Mozilla/5.0 (Windows NT 10.0; Win64; x64) AppleWebKit/537.36 (KHTML, like Gecko) Chrome/78.0.3904.108 Safari/537.36"
8.229.163.60 - - [29/Mar/2026:12:52:04 +0000] "GET //wp1/wp-includes/wlwmanifest.xml HTTP/1.1" 401 38061 "-" "Mozilla/5.0 (Windows NT 10.0; Win64; x64) AppleWebKit/537.36 (KHTML, like Gecko) Chrome/78.0.3904.108 Safari/537.36"
8.229.163.60 - - [29/Mar/2026:12:52:05 +0000] "GET //test/wp-includes/wlwmanifest.xml HTTP/1.1" 404 5750 "-" "Mozilla/5.0 (Windows NT 10.0; Win64; x64) AppleWebKit/537.36 (KHTML, like Gecko) Chrome/78.0.3904.108 Safari/537.36"
8.229.163.60 - - [29/Mar/2026:12:52:05 +0000] "GET //media/wp-includes/wlwmanifest.xml HTTP/1.1" 401 38061 "-" "Mozilla/5.0 (Windows NT 10.0; Win64; x64) AppleWebKit/537.36 (KHTML, like Gecko) Chrome/78.0.3904.108 Safari/537.36"
8.229.163.60 - - [29/Mar/2026:12:52:05 +0000] "GET //wp2/wp-includes/wlwmanifest.xml HTTP/1.1" 404 5750 "-" "Mozilla/5.0 (Windows NT 10.0; Win64; x64) AppleWebKit/537.36 (KHTML, like Gecko) Chrome/78.0.3904.108 Safari/537.36"
109.130.167.137 - - [29/Mar/2026:12:52:05 +0000] "GET /wp-content/uploads/2023/06/Rangecalculator-Left-1-768x768.webp HTTP/1.1" 200 38492 "https://www.sunra.be/our-models/miku-super/" "Mozilla/5.0 (Windows NT 10.0; Win64; x64) AppleWebKit/537.36 (KHTML, like Gecko) Chrome/146.0.0.0 Safari/537.36 Edg/146.0.0.0"
8.229.163.60 - - [29/Mar/2026:12:52:05 +0000] "GET //site/wp-includes/wlwmanifest.xml HTTP/1.1" 401 38061 "-" "Mozilla/5.0 (Windows NT 10.0; Win64; x64) AppleWebKit/537.36 (KHTML, like Gecko) Chrome/78.0.3904.108 Safari/537.36"
109.130.167.137 - - [29/Mar/2026:12:52:05 +0000] "GET /wp-content/uploads/2023/06/Rangecalculator-Right-e1686779086535.webp HTTP/1.1" 200 36818 "https://www.sunra.be/our-models/miku-super/" "Mozilla/5.0 (Windows NT 10.0; Win64; x64) AppleWebKit/537.36 (KHTML, like Gecko) Chrome/146.0.0.0 Safari/537.36 Edg/146.0.0.0"
8.229.163.60 - - [29/Mar/2026:12:52:06 +0000] "GET //cms/wp-includes/wlwmanifest.xml HTTP/1.1" 404 5750 "-" "Mozilla/5.0 (Windows NT 10.0; Win64; x64) AppleWebKit/537.36 (KHTML, like Gecko) Chrome/78.0.3904.108 Safari/537.36"
8.229.163.60 - - [29/Mar/2026:12:52:06 +0000] "GET //sito/wp-includes/wlwmanifest.xml HTTP/1.1" 401 38061 "-" "Mozilla/5.0 (Windows NT 10.0; Win64; x64) AppleWebKit/537.36 (KHTML, like Gecko) Chrome/78.0.3904.108 Safari/537.36"
101.128.108.159 - - [29/Mar/2026:12:52:13 +0000] "GET /shopdetail/perspective/050047235 HTTP/1.1" 404 38883 "-" "Mozilla/5.0 (Macintosh; Intel Mac OS X 15_2_1) AppleWebKit/537.36 (KHTML, like Gecko) Chrome/127.0.6533.120 Safari/537.36"
216.73.216.217 - - [29/Mar/2026:12:52:23 +0000] "GET /shop/niagara/carver043098904969.shtm HTTP/1.1" 301 - "-" "Mozilla/5.0 AppleWebKit/537.36 (KHTML, like Gecko; compatible; ClaudeBot/1.0; +claudebot@anthropic.com)"
216.73.216.217 - - [29/Mar/2026:12:52:25 +0000] "GET /shop/niagara/carver043098904969.shtm HTTP/1.1" 404 38889 "https://sunra.be/shop/niagara/carver043098904969.shtm" "Mozilla/5.0 AppleWebKit/537.36 (KHTML, like Gecko; compatible; ClaudeBot/1.0; +claudebot@anthropic.com)"
14.191.91.139 - - [29/Mar/2026:12:52:27 +0000] "GET /shopdetail/automatic/221012826 HTTP/1.1" 301 - "-" "Mozilla/5.0 (Macintosh; Intel Mac OS X 11.0; rv:135.0) Gecko/20100101 Firefox/135.0"
188.48.223.148 - - [29/Mar/2026:12:52:30 +0000] "GET /shopdetail/automatic/221012826 HTTP/1.1" 404 38879 "-" "Mozilla/5.0 (Macintosh; Intel Mac OS X 11.0; rv:135.0) Gecko/20100101 Firefox/135.0"
216.73.216.217 - - [29/Mar/2026:12:52:30 +0000] "GET /shop/bombinate/crowsfoot051049880305.shtm HTTP/1.1" 301 - "-" "Mozilla/5.0 AppleWebKit/537.36 (KHTML, like Gecko; compatible; ClaudeBot/1.0; +claudebot@anthropic.com)"
216.73.216.217 - - [29/Mar/2026:12:52:32 +0000] "GET /shop/bombinate/crowsfoot051049880305.shtm HTTP/1.1" 404 38899 "https://sunra.be/shop/bombinate/crowsfoot051049880305.shtm" "Mozilla/5.0 AppleWebKit/537.36 (KHTML, like Gecko; compatible; ClaudeBot/1.0; +claudebot@anthropic.com)"
40.77.167.18 - - [29/Mar/2026:12:52:55 +0000] "GET /?u=39529105694000&channel=df1f99&from=shop.php%3Fid%3D1056940-689%26name%3D%5BESPELIR%5DDJ3AS+%E3%83%87%E3%83%9F%E3%82%AA%284WD%2F1.3L%2F%E3%82%AC%E3%82%BD%E3%83%AA%E3%83%B3%E8%BB%8A%29%E7%94%A8%E3%82%B9%E3%83%BC%E3%83%91%E3%83%BC%E3%83%80%E3%82%A6%E3%83%B3%E3%82%B5%E3%82%B9 HTTP/1.1" 200 210208 "-" "Mozilla/5.0 AppleWebKit/537.36 (KHTML, like Gecko; compatible; bingbot/2.0; +http://www.bing.com/bingbot.htm) Chrome/116.0.1938.76 Safari/537.36"
103.153.210.45 - - [29/Mar/2026:12:53:18 +0000] "GET /shopdetail/politics/098028827 HTTP/1.1" 404 38877 "-" "Mozilla/5.0 (Macintosh; Intel Mac OS X 14_2_1) AppleWebKit/537.36 (KHTML, like Gecko) Chrome/125.0.6422.60 Safari/537.36"
217.182.68.102 - - [29/Mar/2026:12:53:20 +0000] "POST /wp-cron.php?doing_wp_cron=1774788800.4822630882263183593750 HTTP/1.1" 200 - "-" "WordPress/6.9.4; https://www.sunra.be"
216.73.216.217 - - [29/Mar/2026:12:53:22 +0000] "GET /shop/subzygomatic/cyclades05895549277.shtm HTTP/1.1" 301 - "-" "Mozilla/5.0 AppleWebKit/537.36 (KHTML, like Gecko; compatible; ClaudeBot/1.0; +claudebot@anthropic.com)"
216.73.216.217 - - [29/Mar/2026:12:53:24 +0000] "GET /shop/subzygomatic/cyclades05895549277.shtm HTTP/1.1" 404 38901 "https://sunra.be/shop/subzygomatic/cyclades05895549277.shtm" "Mozilla/5.0 AppleWebKit/537.36 (KHTML, like Gecko; compatible; ClaudeBot/1.0; +claudebot@anthropic.com)"
116.111.236.139 - - [29/Mar/2026:12:53:29 +0000] "GET /shopdetail/blond/133023834 HTTP/1.1" 301 - "-" "Mozilla/5.0 (Macintosh; Intel Mac OS X 14_6_0) AppleWebKit/537.36 (KHTML, like Gecko) Chrome/132.0.6834.160 Safari/537.36"
2.37.205.219 - - [29/Mar/2026:12:53:32 +0000] "GET /shopdetail/blond/133023834 HTTP/1.1" 404 38871 "-" "Mozilla/5.0 (Macintosh; Intel Mac OS X 14_6_0) AppleWebKit/537.36 (KHTML, like Gecko) Chrome/132.0.6834.160 Safari/537.36"
216.73.216.217 - - [29/Mar/2026:12:53:45 +0000] "GET /shop/subtepid/missit053604386806.shtm HTTP/1.1" 301 - "-" "Mozilla/5.0 AppleWebKit/537.36 (KHTML, like Gecko; compatible; ClaudeBot/1.0; +claudebot@anthropic.com)"
216.73.216.217 - - [29/Mar/2026:12:53:46 +0000] "GET /shop/subtepid/missit053604386806.shtm HTTP/1.1" 404 38891 "https://sunra.be/shop/subtepid/missit053604386806.shtm" "Mozilla/5.0 AppleWebKit/537.36 (KHTML, like Gecko; compatible; ClaudeBot/1.0; +claudebot@anthropic.com)"
109.130.167.137 - - [29/Mar/2026:12:54:03 +0000] "GET /contact-us HTTP/1.1" 301 - "https://www.sunra.be/our-models/miku-super/" "Mozilla/5.0 (Windows NT 10.0; Win64; x64) AppleWebKit/537.36 (KHTML, like Gecko) Chrome/146.0.0.0 Safari/537.36 Edg/146.0.0.0"
217.182.68.102 - - [29/Mar/2026:12:54:05 +0000] "POST /wp-cron.php?doing_wp_cron=1774788845.0366020202636718750000 HTTP/1.1" 200 - "-" "WordPress/6.9.4; https://www.sunra.be"
109.130.167.137 - - [29/Mar/2026:12:54:06 +0000] "GET /contact-us/ HTTP/1.1" 200 63926 "https://www.sunra.be/our-models/miku-super/" "Mozilla/5.0 (Windows NT 10.0; Win64; x64) AppleWebKit/537.36 (KHTML, like Gecko) Chrome/146.0.0.0 Safari/537.36 Edg/146.0.0.0"
109.130.167.137 - - [29/Mar/2026:12:54:08 +0000] "GET /wp-content/themes/sunra/style.css?t=1774788847&ver=6.9.4 HTTP/1.1" 200 24715 "https://www.sunra.be/contact-us/" "Mozilla/5.0 (Windows NT 10.0; Win64; x64) AppleWebKit/537.36 (KHTML, like Gecko) Chrome/146.0.0.0 Safari/537.36 Edg/146.0.0.0"
109.130.167.137 - - [29/Mar/2026:12:54:08 +0000] "GET /wp-content/uploads/2023/06/icon-01-150x150.png HTTP/1.1" 200 5796 "https://www.sunra.be/contact-us/" "Mozilla/5.0 (Windows NT 10.0; Win64; x64) AppleWebKit/537.36 (KHTML, like Gecko) Chrome/146.0.0.0 Safari/537.36 Edg/146.0.0.0"
109.130.167.137 - - [29/Mar/2026:12:54:08 +0000] "GET /wp-content/uploads/2023/06/removal-1.png HTTP/1.1" 200 81904 "https://www.sunra.be/contact-us/" "Mozilla/5.0 (Windows NT 10.0; Win64; x64) AppleWebKit/537.36 (KHTML, like Gecko) Chrome/146.0.0.0 Safari/537.36 Edg/146.0.0.0"
109.130.167.137 - - [29/Mar/2026:12:54:08 +0000] "GET /wp-content/uploads/2023/06/icon-02-150x150.png HTTP/1.1" 200 4196 "https://www.sunra.be/contact-us/" "Mozilla/5.0 (Windows NT 10.0; Win64; x64) AppleWebKit/537.36 (KHTML, like Gecko) Chrome/146.0.0.0 Safari/537.36 Edg/146.0.0.0"
109.130.167.137 - - [29/Mar/2026:12:54:08 +0000] "GET /wp-content/uploads/2023/06/removal-1-4.png HTTP/1.1" 200 81904 "https://www.sunra.be/contact-us/" "Mozilla/5.0 (Windows NT 10.0; Win64; x64) AppleWebKit/537.36 (KHTML, like Gecko) Chrome/146.0.0.0 Safari/537.36 Edg/146.0.0.0"
109.130.167.137 - - [29/Mar/2026:12:54:08 +0000] "GET /wp-content/uploads/2023/06/Hawk11-1-5.png HTTP/1.1" 200 72970 "https://www.sunra.be/contact-us/" "Mozilla/5.0 (Windows NT 10.0; Win64; x64) AppleWebKit/537.36 (KHTML, like Gecko) Chrome/146.0.0.0 Safari/537.36 Edg/146.0.0.0"
109.130.167.137 - - [29/Mar/2026:12:54:08 +0000] "GET /wp-content/uploads/2023/06/Crystal3333-1-4.png HTTP/1.1" 200 67620 "https://www.sunra.be/contact-us/" "Mozilla/5.0 (Windows NT 10.0; Win64; x64) AppleWebKit/537.36 (KHTML, like Gecko) Chrome/146.0.0.0 Safari/537.36 Edg/146.0.0.0"
109.130.167.137 - - [29/Mar/2026:12:54:08 +0000] "GET /wp-content/uploads/2023/06/arrow-icon.png HTTP/1.1" 200 273 "https://www.sunra.be/contact-us/" "Mozilla/5.0 (Windows NT 10.0; Win64; x64) AppleWebKit/537.36 (KHTML, like Gecko) Chrome/146.0.0.0 Safari/537.36 Edg/146.0.0.0"
109.130.167.137 - - [29/Mar/2026:12:54:08 +0000] "GET /wp-content/uploads/2023/06/man-buying-fast-motorcycle-with-help-beautiful-brunette-saleswoman-1-3.png?id=857 HTTP/1.1" 200 827263 "https://www.sunra.be/contact-us/" "Mozilla/5.0 (Windows NT 10.0; Win64; x64) AppleWebKit/537.36 (KHTML, like Gecko) Chrome/146.0.0.0 Safari/537.36 Edg/146.0.0.0"
109.130.167.137 - - [29/Mar/2026:12:54:08 +0000] "GET /wp-json/contact-form-7/v1/contact-forms/6624/feedback/schema HTTP/1.1" 200 1938 "https://www.sunra.be/contact-us/" "Mozilla/5.0 (Windows NT 10.0; Win64; x64) AppleWebKit/537.36 (KHTML, like Gecko) Chrome/146.0.0.0 Safari/537.36 Edg/146.0.0.0"
109.130.167.137 - - [29/Mar/2026:12:54:08 +0000] "GET /wp-json/contact-form-7/v1/contact-forms/1260/feedback/schema HTTP/1.1" 200 1957 "https://www.sunra.be/contact-us/" "Mozilla/5.0 (Windows NT 10.0; Win64; x64) AppleWebKit/537.36 (KHTML, like Gecko) Chrome/146.0.0.0 Safari/537.36 Edg/146.0.0.0"
