74.7.242.15 - - [29/Mar/2026:17:54:55 +0000] "GET /shop/stellion/dispensing013554272096.shtm HTTP/1.1" 301 - "https://sunra.be/sitemap.xml" "Mozilla/5.0 AppleWebKit/537.36 (KHTML, like Gecko; compatible; GPTBot/1.3; +https://openai.com/gptbot)"
74.7.227.191 - - [29/Mar/2026:17:54:56 +0000] "GET /shop/silesia/acanthocarpous012039362643.shtm HTTP/1.1" 404 38905 "https://sunra.be" "Mozilla/5.0 AppleWebKit/537.36 (KHTML, like Gecko; compatible; GPTBot/1.3; +https://openai.com/gptbot)"
216.73.216.217 - - [29/Mar/2026:17:54:56 +0000] "GET /shop/lingerer/inimaginable054246187645.shtm HTTP/1.1" 301 - "-" "Mozilla/5.0 AppleWebKit/537.36 (KHTML, like Gecko; compatible; ClaudeBot/1.0; +claudebot@anthropic.com)"
66.249.74.100 - - [29/Mar/2026:17:54:57 +0000] "GET /?u=3473220199406&channel=307694&from=category-info.php?shop/nationalrath/peduncles03674779972.shtm HTTP/1.1" 200 228022 "-" "Mozilla/5.0 (Linux; Android 6.0.1; Nexus 5X Build/MMB29P) AppleWebKit/537.36 (KHTML, like Gecko) Chrome/146.0.7680.153 Mobile Safari/537.36 (compatible; Googlebot/2.1; +http://www.google.com/bot.html)"
74.7.227.191 - - [29/Mar/2026:17:54:59 +0000] "GET /shop/studiousness/grosgrain013072058552.shtm HTTP/1.1" 404 38905 "https://sunra.be" "Mozilla/5.0 AppleWebKit/537.36 (KHTML, like Gecko; compatible; GPTBot/1.3; +https://openai.com/gptbot)"
74.7.242.15 - - [29/Mar/2026:17:54:59 +0000] "GET /shop/subcordate/opisthomi013290045506.shtm HTTP/1.1" 301 - "https://sunra.be/sitemap.xml" "Mozilla/5.0 AppleWebKit/537.36 (KHTML, like Gecko; compatible; GPTBot/1.3; +https://openai.com/gptbot)"
216.73.216.217 - - [29/Mar/2026:17:54:59 +0000] "GET /shop/lingerer/inimaginable054246187645.shtm HTTP/1.1" 404 38903 "https://sunra.be/shop/lingerer/inimaginable054246187645.shtm" "Mozilla/5.0 AppleWebKit/537.36 (KHTML, like Gecko; compatible; ClaudeBot/1.0; +claudebot@anthropic.com)"
74.7.242.15 - - [29/Mar/2026:17:55:02 +0000] "GET /shop/nebulization/accompany012492501243.shtm HTTP/1.1" 301 - "https://sunra.be/sitemap.xml" "Mozilla/5.0 AppleWebKit/537.36 (KHTML, like Gecko; compatible; GPTBot/1.3; +https://openai.com/gptbot)"
74.7.227.191 - - [29/Mar/2026:17:55:02 +0000] "GET /shop/amities/uropeltidae012569165406.shtm HTTP/1.1" 404 38899 "https://sunra.be" "Mozilla/5.0 AppleWebKit/537.36 (KHTML, like Gecko; compatible; GPTBot/1.3; +https://openai.com/gptbot)"
74.7.242.15 - - [29/Mar/2026:17:55:05 +0000] "GET /shop/dolomedes/sheller012244417592.shtm HTTP/1.1" 301 - "https://sunra.be/sitemap.xml" "Mozilla/5.0 AppleWebKit/537.36 (KHTML, like Gecko; compatible; GPTBot/1.3; +https://openai.com/gptbot)"
74.7.227.191 - - [29/Mar/2026:17:55:05 +0000] "GET /shop/nebulization/accompany012492501243.shtm HTTP/1.1" 404 38905 "https://sunra.be" "Mozilla/5.0 AppleWebKit/537.36 (KHTML, like Gecko; compatible; GPTBot/1.3; +https://openai.com/gptbot)"
216.73.216.217 - - [29/Mar/2026:17:55:07 +0000] "GET /shop/telotrocha/formlessly05643405412.shtm HTTP/1.1" 301 - "-" "Mozilla/5.0 AppleWebKit/537.36 (KHTML, like Gecko; compatible; ClaudeBot/1.0; +claudebot@anthropic.com)"
74.7.242.15 - - [29/Mar/2026:17:55:08 +0000] "GET /shop/recomposing/fecal012652858652.shtm HTTP/1.1" 301 - "https://sunra.be/sitemap.xml" "Mozilla/5.0 AppleWebKit/537.36 (KHTML, like Gecko; compatible; GPTBot/1.3; +https://openai.com/gptbot)"
74.7.227.191 - - [29/Mar/2026:17:55:08 +0000] "GET /shop/trochaic/executorship012062845646.shtm HTTP/1.1" 404 38903 "https://sunra.be" "Mozilla/5.0 AppleWebKit/537.36 (KHTML, like Gecko; compatible; GPTBot/1.3; +https://openai.com/gptbot)"
216.73.216.217 - - [29/Mar/2026:17:55:09 +0000] "GET /shop/telotrocha/formlessly05643405412.shtm HTTP/1.1" 404 38901 "https://sunra.be/shop/telotrocha/formlessly05643405412.shtm" "Mozilla/5.0 AppleWebKit/537.36 (KHTML, like Gecko; compatible; ClaudeBot/1.0; +claudebot@anthropic.com)"
74.7.242.15 - - [29/Mar/2026:17:55:11 +0000] "GET /shop/scarlatinal/clearheadedness01981787645.shtm HTTP/1.1" 301 - "https://sunra.be/sitemap.xml" "Mozilla/5.0 AppleWebKit/537.36 (KHTML, like Gecko; compatible; GPTBot/1.3; +https://openai.com/gptbot)"
74.7.227.191 - - [29/Mar/2026:17:55:11 +0000] "GET /shop/stellion/dispensing013554272096.shtm HTTP/1.1" 404 38899 "https://sunra.be" "Mozilla/5.0 AppleWebKit/537.36 (KHTML, like Gecko; compatible; GPTBot/1.3; +https://openai.com/gptbot)"
74.7.242.15 - - [29/Mar/2026:17:55:14 +0000] "GET /shop/extremeless/putid01625361086.shtm HTTP/1.1" 301 - "https://sunra.be/sitemap.xml" "Mozilla/5.0 AppleWebKit/537.36 (KHTML, like Gecko; compatible; GPTBot/1.3; +https://openai.com/gptbot)"
74.7.227.191 - - [29/Mar/2026:17:55:15 +0000] "GET /shop/subcordate/opisthomi013290045506.shtm HTTP/1.1" 404 38901 "https://sunra.be" "Mozilla/5.0 AppleWebKit/537.36 (KHTML, like Gecko; compatible; GPTBot/1.3; +https://openai.com/gptbot)"
74.7.242.15 - - [29/Mar/2026:17:55:17 +0000] "GET /shop/propyla/parallels01139822978.shtm HTTP/1.1" 301 - "https://sunra.be/sitemap.xml" "Mozilla/5.0 AppleWebKit/537.36 (KHTML, like Gecko; compatible; GPTBot/1.3; +https://openai.com/gptbot)"
74.7.227.191 - - [29/Mar/2026:17:55:18 +0000] "GET /shop/saltatorial/resilient012917502046.shtm HTTP/1.1" 404 38903 "https://sunra.be" "Mozilla/5.0 AppleWebKit/537.36 (KHTML, like Gecko; compatible; GPTBot/1.3; +https://openai.com/gptbot)"
216.73.216.217 - - [29/Mar/2026:17:55:18 +0000] "GET /shop/breechloader/abbeys05816859440.shtm HTTP/1.1" 301 - "-" "Mozilla/5.0 AppleWebKit/537.36 (KHTML, like Gecko; compatible; ClaudeBot/1.0; +claudebot@anthropic.com)"
216.73.216.217 - - [29/Mar/2026:17:55:20 +0000] "GET /shop/breechloader/abbeys05816859440.shtm HTTP/1.1" 404 38897 "https://sunra.be/shop/breechloader/abbeys05816859440.shtm" "Mozilla/5.0 AppleWebKit/537.36 (KHTML, like Gecko; compatible; ClaudeBot/1.0; +claudebot@anthropic.com)"
74.7.242.15 - - [29/Mar/2026:17:55:20 +0000] "GET /shop/declasse/heaviest01818938584.shtm HTTP/1.1" 301 - "https://sunra.be/sitemap.xml" "Mozilla/5.0 AppleWebKit/537.36 (KHTML, like Gecko; compatible; GPTBot/1.3; +https://openai.com/gptbot)"
74.7.227.191 - - [29/Mar/2026:17:55:21 +0000] "GET /shop/epiderm/longiroster013032250791.shtm HTTP/1.1" 404 38899 "https://sunra.be" "Mozilla/5.0 AppleWebKit/537.36 (KHTML, like Gecko; compatible; GPTBot/1.3; +https://openai.com/gptbot)"
74.7.242.15 - - [29/Mar/2026:17:55:24 +0000] "GET /shop/haughtiest/thames01681900655.shtm HTTP/1.1" 301 - "https://sunra.be/sitemap.xml" "Mozilla/5.0 AppleWebKit/537.36 (KHTML, like Gecko; compatible; GPTBot/1.3; +https://openai.com/gptbot)"
74.7.227.191 - - [29/Mar/2026:17:55:24 +0000] "GET /shop/accroach/rationalize011864515821.shtm HTTP/1.1" 404 38901 "https://sunra.be" "Mozilla/5.0 AppleWebKit/537.36 (KHTML, like Gecko; compatible; GPTBot/1.3; +https://openai.com/gptbot)"
74.7.242.15 - - [29/Mar/2026:17:55:27 +0000] "GET /shop/liliopsida/nigget01410455405.shtm HTTP/1.1" 301 - "https://sunra.be/sitemap.xml" "Mozilla/5.0 AppleWebKit/537.36 (KHTML, like Gecko; compatible; GPTBot/1.3; +https://openai.com/gptbot)"
74.7.227.191 - - [29/Mar/2026:17:55:27 +0000] "GET /shop/dolomedes/sheller012244417592.shtm HTTP/1.1" 404 38895 "https://sunra.be" "Mozilla/5.0 AppleWebKit/537.36 (KHTML, like Gecko; compatible; GPTBot/1.3; +https://openai.com/gptbot)"
202.76.141.132 - - [29/Mar/2026:17:55:28 +0000] "GET /shopdetail/controversy/031041732 HTTP/1.1" 404 38883 "-" "Mozilla/5.0 (Macintosh; Intel Mac OS X 10.15; rv:128.0) Gecko/20100101 Firefox/128.0"
216.73.216.217 - - [29/Mar/2026:17:55:30 +0000] "GET /shop/reflecting/shirred062523965949.shtm HTTP/1.1" 301 - "-" "Mozilla/5.0 AppleWebKit/537.36 (KHTML, like Gecko; compatible; ClaudeBot/1.0; +claudebot@anthropic.com)"
74.7.227.191 - - [29/Mar/2026:17:55:30 +0000] "GET /shop/recomposing/fecal012652858652.shtm HTTP/1.1" 404 38895 "https://sunra.be" "Mozilla/5.0 AppleWebKit/537.36 (KHTML, like Gecko; compatible; GPTBot/1.3; +https://openai.com/gptbot)"
74.7.242.15 - - [29/Mar/2026:17:55:30 +0000] "GET /shop/divaricating/acantha011587106161.shtm HTTP/1.1" 301 - "https://sunra.be/sitemap.xml" "Mozilla/5.0 AppleWebKit/537.36 (KHTML, like Gecko; compatible; GPTBot/1.3; +https://openai.com/gptbot)"
216.73.216.217 - - [29/Mar/2026:17:55:33 +0000] "GET /shop/reflecting/shirred062523965949.shtm HTTP/1.1" 404 38897 "https://sunra.be/shop/reflecting/shirred062523965949.shtm" "Mozilla/5.0 AppleWebKit/537.36 (KHTML, like Gecko; compatible; ClaudeBot/1.0; +claudebot@anthropic.com)"
74.7.242.15 - - [29/Mar/2026:17:55:33 +0000] "GET /shop/tartronate/saxophone013902822920.shtm HTTP/1.1" 301 - "https://sunra.be/sitemap.xml" "Mozilla/5.0 AppleWebKit/537.36 (KHTML, like Gecko; compatible; GPTBot/1.3; +https://openai.com/gptbot)"
74.7.227.191 - - [29/Mar/2026:17:55:33 +0000] "GET /shop/extremeless/putid01625361086.shtm HTTP/1.1" 404 38893 "https://sunra.be" "Mozilla/5.0 AppleWebKit/537.36 (KHTML, like Gecko; compatible; GPTBot/1.3; +https://openai.com/gptbot)"
74.7.242.15 - - [29/Mar/2026:17:55:37 +0000] "GET /shop/tazetta/appellative011317685817.shtm HTTP/1.1" 301 - "https://sunra.be/sitemap.xml" "Mozilla/5.0 AppleWebKit/537.36 (KHTML, like Gecko; compatible; GPTBot/1.3; +https://openai.com/gptbot)"
74.7.227.191 - - [29/Mar/2026:17:55:37 +0000] "GET /shop/scarlatinal/clearheadedness01981787645.shtm HTTP/1.1" 404 38913 "https://sunra.be" "Mozilla/5.0 AppleWebKit/537.36 (KHTML, like Gecko; compatible; GPTBot/1.3; +https://openai.com/gptbot)"
74.7.242.15 - - [29/Mar/2026:17:55:40 +0000] "GET /shop/caftan/phyllotactic012151990412.shtm HTTP/1.1" 301 - "https://sunra.be/sitemap.xml" "Mozilla/5.0 AppleWebKit/537.36 (KHTML, like Gecko; compatible; GPTBot/1.3; +https://openai.com/gptbot)"
74.7.227.191 - - [29/Mar/2026:17:55:40 +0000] "GET /shop/divaricating/acantha011587106161.shtm HTTP/1.1" 404 38901 "https://sunra.be" "Mozilla/5.0 AppleWebKit/537.36 (KHTML, like Gecko; compatible; GPTBot/1.3; +https://openai.com/gptbot)"
74.7.242.15 - - [29/Mar/2026:17:55:43 +0000] "GET /shop/impressment/stegnosis012807390535.shtm HTTP/1.1" 301 - "https://sunra.be/sitemap.xml" "Mozilla/5.0 AppleWebKit/537.36 (KHTML, like Gecko; compatible; GPTBot/1.3; +https://openai.com/gptbot)"
74.7.227.191 - - [29/Mar/2026:17:55:43 +0000] "GET /shop/liliopsida/nigget01410455405.shtm HTTP/1.1" 404 38893 "https://sunra.be" "Mozilla/5.0 AppleWebKit/537.36 (KHTML, like Gecko; compatible; GPTBot/1.3; +https://openai.com/gptbot)"
216.73.216.217 - - [29/Mar/2026:17:55:44 +0000] "GET /shop/warly/coaptation061312719467.shtm HTTP/1.1" 301 - "-" "Mozilla/5.0 AppleWebKit/537.36 (KHTML, like Gecko; compatible; ClaudeBot/1.0; +claudebot@anthropic.com)"
114.119.149.159 - - [29/Mar/2026:17:55:45 +0000] "GET /shop/inspect/cogue064096338405.shtm HTTP/1.1" 301 - "https://sunra.be/?sitemap869.xml" "Mozilla/5.0 (Linux; Android 7.0;) AppleWebKit/537.36 (KHTML, like Gecko) Mobile Safari/537.36 (compatible; PetalBot;+https://webmaster.petalsearch.com/site/petalbot)"
74.7.242.15 - - [29/Mar/2026:17:55:46 +0000] "GET /shop/tapiser/interepimeral014121668089.shtm HTTP/1.1" 301 - "https://sunra.be/sitemap.xml" "Mozilla/5.0 AppleWebKit/537.36 (KHTML, like Gecko; compatible; GPTBot/1.3; +https://openai.com/gptbot)"
216.73.216.217 - - [29/Mar/2026:17:55:46 +0000] "GET /shop/warly/coaptation061312719467.shtm HTTP/1.1" 404 38893 "https://sunra.be/shop/warly/coaptation061312719467.shtm" "Mozilla/5.0 AppleWebKit/537.36 (KHTML, like Gecko; compatible; ClaudeBot/1.0; +claudebot@anthropic.com)"
74.7.227.191 - - [29/Mar/2026:17:55:46 +0000] "GET /shop/haughtiest/thames01681900655.shtm HTTP/1.1" 404 38893 "https://sunra.be" "Mozilla/5.0 AppleWebKit/537.36 (KHTML, like Gecko; compatible; GPTBot/1.3; +https://openai.com/gptbot)"
114.119.149.159 - - [29/Mar/2026:17:55:47 +0000] "GET /shop/inspect/cogue064096338405.shtm HTTP/1.1" 404 37546 "https://sunra.be/?sitemap869.xml" "Mozilla/5.0 (Linux; Android 7.0;) AppleWebKit/537.36 (KHTML, like Gecko) Mobile Safari/537.36 (compatible; PetalBot;+https://webmaster.petalsearch.com/site/petalbot)"
74.7.242.15 - - [29/Mar/2026:17:55:49 +0000] "GET /shop/chemosynthetic/bliny014066884080.shtm HTTP/1.1" 301 - "https://sunra.be/sitemap.xml" "Mozilla/5.0 AppleWebKit/537.36 (KHTML, like Gecko; compatible; GPTBot/1.3; +https://openai.com/gptbot)"
74.7.227.191 - - [29/Mar/2026:17:55:49 +0000] "GET /shop/propyla/parallels01139822978.shtm HTTP/1.1" 404 38893 "https://sunra.be" "Mozilla/5.0 AppleWebKit/537.36 (KHTML, like Gecko; compatible; GPTBot/1.3; +https://openai.com/gptbot)"
74.7.227.191 - - [29/Mar/2026:17:55:52 +0000] "GET /shop/declasse/heaviest01818938584.shtm HTTP/1.1" 404 38893 "https://sunra.be" "Mozilla/5.0 AppleWebKit/537.36 (KHTML, like Gecko; compatible; GPTBot/1.3; +https://openai.com/gptbot)"
74.7.242.15 - - [29/Mar/2026:17:55:52 +0000] "GET /shop/anthropoides/reassume013631541193.shtm HTTP/1.1" 301 - "https://sunra.be/sitemap.xml" "Mozilla/5.0 AppleWebKit/537.36 (KHTML, like Gecko; compatible; GPTBot/1.3; +https://openai.com/gptbot)"
217.182.68.102 - - [29/Mar/2026:17:55:54 +0000] "POST /wp-cron.php?doing_wp_cron=1774806954.2728459835052490234375 HTTP/1.1" 200 - "-" "WordPress/6.9.4; https://www.sunra.be"
74.7.242.15 - - [29/Mar/2026:17:55:55 +0000] "GET /shop/compunction/neossine011036571654.shtm HTTP/1.1" 301 - "https://sunra.be/sitemap.xml" "Mozilla/5.0 AppleWebKit/537.36 (KHTML, like Gecko; compatible; GPTBot/1.3; +https://openai.com/gptbot)"
52.167.144.193 - - [29/Mar/2026:17:55:56 +0000] "GET /shop/bobance/fluxed052959145412.shtml HTTP/1.1" 200 213215 "-" "Mozilla/5.0 AppleWebKit/537.36 (KHTML, like Gecko; compatible; bingbot/2.0; +http://www.bing.com/bingbot.htm) Chrome/116.0.1938.76 Safari/537.36"
74.7.227.191 - - [29/Mar/2026:17:55:55 +0000] "GET /shop/chemosynthetic/bliny014066884080.shtm HTTP/1.1" 404 38901 "https://sunra.be" "Mozilla/5.0 AppleWebKit/537.36 (KHTML, like Gecko; compatible; GPTBot/1.3; +https://openai.com/gptbot)"
216.73.216.217 - - [29/Mar/2026:17:55:57 +0000] "GET /shop/stinkard/intersectional051958748162.shtm HTTP/1.1" 301 - "-" "Mozilla/5.0 AppleWebKit/537.36 (KHTML, like Gecko; compatible; ClaudeBot/1.0; +claudebot@anthropic.com)"
74.7.227.191 - - [29/Mar/2026:17:55:58 +0000] "GET /shop/tartronate/saxophone013902822920.shtm HTTP/1.1" 404 38901 "https://sunra.be" "Mozilla/5.0 AppleWebKit/537.36 (KHTML, like Gecko; compatible; GPTBot/1.3; +https://openai.com/gptbot)"
74.7.242.15 - - [29/Mar/2026:17:55:59 +0000] "GET /shop/intrenched/helldoomed011741474521.shtm HTTP/1.1" 301 - "https://sunra.be/sitemap.xml" "Mozilla/5.0 AppleWebKit/537.36 (KHTML, like Gecko; compatible; GPTBot/1.3; +https://openai.com/gptbot)"
216.73.216.217 - - [29/Mar/2026:17:55:59 +0000] "GET /shop/stinkard/intersectional051958748162.shtm HTTP/1.1" 404 38907 "https://sunra.be/shop/stinkard/intersectional051958748162.shtm" "Mozilla/5.0 AppleWebKit/537.36 (KHTML, like Gecko; compatible; ClaudeBot/1.0; +claudebot@anthropic.com)"
131.0.6.218 - - [29/Mar/2026:17:55:59 +0000] "GET /shopdetail/unable/193007326 HTTP/1.1" 301 - "-" "Mozilla/5.0 (Macintosh; Intel Mac OS X 10.15; rv:129.0) Gecko/20100101 Firefox/129.0"
216.73.216.217 - - [29/Mar/2026:17:56:01 +0000] "GET /shop/baskin/indictable003641491451.shtm HTTP/1.1" 301 - "-" "Mozilla/5.0 AppleWebKit/537.36 (KHTML, like Gecko; compatible; ClaudeBot/1.0; +claudebot@anthropic.com)"
74.7.242.15 - - [29/Mar/2026:17:56:02 +0000] "GET /shop/herodii/sluttishness014100331396.shtm HTTP/1.1" 301 - "https://sunra.be/sitemap.xml" "Mozilla/5.0 AppleWebKit/537.36 (KHTML, like Gecko; compatible; GPTBot/1.3; +https://openai.com/gptbot)"
74.7.227.191 - - [29/Mar/2026:17:56:02 +0000] "GET /shop/tapiser/interepimeral014121668089.shtm HTTP/1.1" 404 38903 "https://sunra.be" "Mozilla/5.0 AppleWebKit/537.36 (KHTML, like Gecko; compatible; GPTBot/1.3; +https://openai.com/gptbot)"
216.73.216.217 - - [29/Mar/2026:17:56:03 +0000] "GET /shop/baskin/indictable003641491451.shtm HTTP/1.1" 404 38895 "https://sunra.be/shop/baskin/indictable003641491451.shtm" "Mozilla/5.0 AppleWebKit/537.36 (KHTML, like Gecko; compatible; ClaudeBot/1.0; +claudebot@anthropic.com)"
14.168.134.247 - - [29/Mar/2026:17:56:04 +0000] "GET /shopdetail/unable/193007326 HTTP/1.1" 404 38873 "-" "Mozilla/5.0 (Macintosh; Intel Mac OS X 10.15; rv:129.0) Gecko/20100101 Firefox/129.0"
74.7.242.15 - - [29/Mar/2026:17:56:05 +0000] "GET /shop/zolaistic/boohooing011200772482.shtm HTTP/1.1" 301 - "https://sunra.be/sitemap.xml" "Mozilla/5.0 AppleWebKit/537.36 (KHTML, like Gecko; compatible; GPTBot/1.3; +https://openai.com/gptbot)"
74.7.227.191 - - [29/Mar/2026:17:56:05 +0000] "GET /shop/caftan/phyllotactic012151990412.shtm HTTP/1.1" 404 38899 "https://sunra.be" "Mozilla/5.0 AppleWebKit/537.36 (KHTML, like Gecko; compatible; GPTBot/1.3; +https://openai.com/gptbot)"
74.7.242.15 - - [29/Mar/2026:17:56:08 +0000] "GET /shop/rhizoma/theanthropist012419082611.shtm HTTP/1.1" 301 - "https://sunra.be/sitemap.xml" "Mozilla/5.0 AppleWebKit/537.36 (KHTML, like Gecko; compatible; GPTBot/1.3; +https://openai.com/gptbot)"
74.7.227.191 - - [29/Mar/2026:17:56:08 +0000] "GET /shop/impressment/stegnosis012807390535.shtm HTTP/1.1" 404 38903 "https://sunra.be" "Mozilla/5.0 AppleWebKit/537.36 (KHTML, like Gecko; compatible; GPTBot/1.3; +https://openai.com/gptbot)"
66.249.74.102 - - [29/Mar/2026:17:56:09 +0000] "GET /?u=3798157624800 HTTP/1.1" 200 201825 "-" "Mozilla/5.0 (Linux; Android 6.0.1; Nexus 5X Build/MMB29P) AppleWebKit/537.36 (KHTML, like Gecko) Chrome/146.0.7680.153 Mobile Safari/537.36 (compatible; Googlebot/2.1; +http://www.google.com/bot.html)"
66.249.74.102 - - [29/Mar/2026:17:56:11 +0000] "GET /?u=89908164255301&channel=c4a615&from=shared.php?shop/ectal/clattered032604276682.shtm HTTP/1.1" 200 226735 "-" "Mozilla/5.0 (Linux; Android 6.0.1; Nexus 5X Build/MMB29P) AppleWebKit/537.36 (KHTML, like Gecko) Chrome/146.0.7680.153 Mobile Safari/537.36 (compatible; Googlebot/2.1; +http://www.google.com/bot.html)"
74.7.242.15 - - [29/Mar/2026:17:56:11 +0000] "GET /shop/convenient/gnashing011018871258.shtm HTTP/1.1" 301 - "https://sunra.be/sitemap.xml" "Mozilla/5.0 AppleWebKit/537.36 (KHTML, like Gecko; compatible; GPTBot/1.3; +https://openai.com/gptbot)"
74.7.227.191 - - [29/Mar/2026:17:56:11 +0000] "GET /shop/tazetta/appellative011317685817.shtm HTTP/1.1" 404 38899 "https://sunra.be" "Mozilla/5.0 AppleWebKit/537.36 (KHTML, like Gecko; compatible; GPTBot/1.3; +https://openai.com/gptbot)"
66.249.74.100 - - [29/Mar/2026:17:56:13 +0000] "GET /?u=10962103045502&channel=06b946&from=goods.php%3Fid%3D1030455-6474%26name%3D%E3%80%90ZOJIRUSHI%E3%80%915.5%E5%90%88++%E5%9C%A7%E5%8A%9BIH%E7%82%8A%E9%A3%AF%E3%82%B8%E3%83%A3%E3%83%BC+NW-JE10-BA%EF%BC%88%E7%82%8A%E9%A3%AF%E5%99%A8+%E3%82%B9%E3%83%AC%E3%83%BC%E3%83%88%E3%83%96%E3%83%A9%E3%83%83%E3%82%AF+JPI-S100KT+%5B5.5%E5%90%88+%2F%E5%9C%A7%E5%8A%9BIH%5D+%E3%82%BF%E3%82%A4%E3%82%AC%E3%83%BC%EF%BD%9CTIGER+%E9%80%9A%E8%B2%A9+%7C+%E3%83%93%E3%83%83%E3%82%AF%E3%82%AB%E3%83%A1%E3%83%A9.com%EF%BC%89 HTTP/1.1" 200 211200 "-" "Mozilla/5.0 (Linux; Android 6.0.1; Nexus 5X Build/MMB29P) AppleWebKit/537.36 (KHTML, like Gecko) Chrome/146.0.7680.153 Mobile Safari/537.36 (compatible; Googlebot/2.1; +http://www.google.com/bot.html)"
74.7.242.15 - - [29/Mar/2026:17:56:14 +0000] "GET /shop/hypostases/primness012814403537.shtm HTTP/1.1" 301 - "https://sunra.be/sitemap.xml" "Mozilla/5.0 AppleWebKit/537.36 (KHTML, like Gecko; compatible; GPTBot/1.3; +https://openai.com/gptbot)"
74.7.227.191 - - [29/Mar/2026:17:56:14 +0000] "GET /shop/intrenched/helldoomed011741474521.shtm HTTP/1.1" 404 38903 "https://sunra.be" "Mozilla/5.0 AppleWebKit/537.36 (KHTML, like Gecko; compatible; GPTBot/1.3; +https://openai.com/gptbot)"
216.73.216.217 - - [29/Mar/2026:17:56:15 +0000] "GET /shop/polyps/cronstedtite062790988148.shtm HTTP/1.1" 301 - "-" "Mozilla/5.0 AppleWebKit/537.36 (KHTML, like Gecko; compatible; ClaudeBot/1.0; +claudebot@anthropic.com)"
66.249.74.101 - - [29/Mar/2026:17:56:15 +0000] "GET /?u=5131985470100&channel=7cf5eb&from=jp.php%3Fid%3D854701-17527%26name%3D%E3%83%B4%E3%82%A1%E3%82%A4%E3%82%AA%E3%83%AA%E3%83%B3%E5%B0%82%E7%94%A8%E3%81%AE%E5%BC%93+4%2F4++%E3%83%96%E3%83%A9%E3%82%B8%E3%83%AA%E3%82%A2%E3%83%B3%E3%82%A6%E3%83%83%E3%83%89%E3%83%90%E3%82%A4%E3%82%AA%E3%83%AA%E3%83%B3%E5%BC%93%E4%B8%B8%E6%A3%92%E3%83%95%E3%83%AD%E3%83%83%E3%82%B0%E3%82%A2%E3%82%A4%E3%82%A4%E3%83%B3%E3%83%AC%E3%82%A4%E5%BC%93%E4%BB%98%E3%81%8D%E3%83%AC%E3%82%B6%E3%83%BC%E3%83%8F%E3%83%B3%E3%83%89%E3%83%AB%E7%99%BD%E9%A6%AC%E6%AF%9B%EF%BC%88%E3%83%90%E3%82%A4%E3%82%AA%E3%83%AA%E3%83%B3%E5%BC%93%E2%97%87Bellarco+Advance+%E5%8E%B3%E9%81%B8%E3%83%96%E3%83%A9%E3%82%A6%E3%83%B3%E3%82%AB%E3%83%BC%E3%83%9C%E3%83%B3%E2%97%87%E3%82%A4%E3%83%AA%E3%82%B9%E7%B4%8B%E7%AB%A0%E3%83%BB%E7%99%BD%E9%8A%85%E4%BB%95%E6%A7%98+4%2F4%E3%82%B5%E3%82%A4%E3%82%BA%7C%E3%83%90%E3%82%A4%E3%82%AA%E3%83%AA%E3%83%B3%E9%80%9A%E8%B2%A9+%E5%BC%A6%E3%83%BB%E3%83%81%E3%82%A7%E3%83%AD%E3%83%BB%E3%83%93%E3%82%AA%E3%83%A9%E3%83%BB%E5%BC%93++%E5%BC%A6%E6%A5%BD%E5%99%A8%E3%80%90%E3%82%AF%E3%83%A9%E3%82%A4%E3%82%B9%E3%83%A9%E3%83%BC%E3%83%9F%E3%83%A5%E3%83%BC%E3%82%B8%E3%83%83%E3%82%AF%E3%80%91%E3%83%8D%E3%83%83%E3%83%88%E3%82%B7%E3%83%A7%E3%83%83%E3%83%97%EF%BC%89 HTTP/1.1" 200 212116 "-" "Mozilla/5.0 (Linux; Android 6.0.1; Nexus 5X Build/MMB29P) AppleWebKit/537.36 (KHTML, like Gecko) Chrome/146.0.7680.153 Mobile Safari/537.36 (compatible; Googlebot/2.1; +http://www.google.com/bot.html)"
66.249.74.101 - - [29/Mar/2026:17:56:17 +0000] "GET /?u=73709148202404&channel=a01aff&from=pin.php?shop/pg/1005022001/ HTTP/1.1" 200 226791 "-" "Mozilla/5.0 (Linux; Android 6.0.1; Nexus 5X Build/MMB29P) AppleWebKit/537.36 (KHTML, like Gecko) Chrome/146.0.7680.153 Mobile Safari/537.36 (compatible; Googlebot/2.1; +http://www.google.com/bot.html)"
216.73.216.217 - - [29/Mar/2026:17:56:17 +0000] "GET /shop/polyps/cronstedtite062790988148.shtm HTTP/1.1" 404 38899 "https://sunra.be/shop/polyps/cronstedtite062790988148.shtm" "Mozilla/5.0 AppleWebKit/537.36 (KHTML, like Gecko; compatible; ClaudeBot/1.0; +claudebot@anthropic.com)"
74.7.242.15 - - [29/Mar/2026:17:56:17 +0000] "GET /shop/euryops/oreoselinum011702878875.shtm HTTP/1.1" 301 - "https://sunra.be/sitemap.xml" "Mozilla/5.0 AppleWebKit/537.36 (KHTML, like Gecko; compatible; GPTBot/1.3; +https://openai.com/gptbot)"
74.7.227.191 - - [29/Mar/2026:17:56:18 +0000] "GET /shop/convenient/gnashing011018871258.shtm HTTP/1.1" 404 38899 "https://sunra.be" "Mozilla/5.0 AppleWebKit/537.36 (KHTML, like Gecko; compatible; GPTBot/1.3; +https://openai.com/gptbot)"
74.7.242.15 - - [29/Mar/2026:17:56:21 +0000] "GET /shop/palaestric/reserate014004149804.shtm HTTP/1.1" 301 - "https://sunra.be/sitemap.xml" "Mozilla/5.0 AppleWebKit/537.36 (KHTML, like Gecko; compatible; GPTBot/1.3; +https://openai.com/gptbot)"
74.7.227.191 - - [29/Mar/2026:17:56:21 +0000] "GET /shop/anthropoides/reassume013631541193.shtm HTTP/1.1" 404 38903 "https://sunra.be" "Mozilla/5.0 AppleWebKit/537.36 (KHTML, like Gecko; compatible; GPTBot/1.3; +https://openai.com/gptbot)"
74.7.242.15 - - [29/Mar/2026:17:56:24 +0000] "GET /shop/lacrymans/sarcomata011628152075.shtm HTTP/1.1" 301 - "https://sunra.be/sitemap.xml" "Mozilla/5.0 AppleWebKit/537.36 (KHTML, like Gecko; compatible; GPTBot/1.3; +https://openai.com/gptbot)"
74.7.227.191 - - [29/Mar/2026:17:56:24 +0000] "GET /shop/zolaistic/boohooing011200772482.shtm HTTP/1.1" 404 38899 "https://sunra.be" "Mozilla/5.0 AppleWebKit/537.36 (KHTML, like Gecko; compatible; GPTBot/1.3; +https://openai.com/gptbot)"
74.7.242.15 - - [29/Mar/2026:17:56:27 +0000] "GET /shop/ambulatories/repaster013005720360.shtm HTTP/1.1" 301 - "https://sunra.be/sitemap.xml" "Mozilla/5.0 AppleWebKit/537.36 (KHTML, like Gecko; compatible; GPTBot/1.3; +https://openai.com/gptbot)"
74.7.227.191 - - [29/Mar/2026:17:56:27 +0000] "GET /shop/herodii/sluttishness014100331396.shtm HTTP/1.1" 404 38901 "https://sunra.be" "Mozilla/5.0 AppleWebKit/537.36 (KHTML, like Gecko; compatible; GPTBot/1.3; +https://openai.com/gptbot)"
216.73.216.217 - - [29/Mar/2026:17:56:29 +0000] "GET /shop/licentiate/nectosac061558820331.shtm HTTP/1.1" 301 - "-" "Mozilla/5.0 AppleWebKit/537.36 (KHTML, like Gecko; compatible; ClaudeBot/1.0; +claudebot@anthropic.com)"
74.7.242.15 - - [29/Mar/2026:17:56:30 +0000] "GET /shop/inappropriate/raton012839494642.shtm HTTP/1.1" 301 - "https://sunra.be/sitemap.xml" "Mozilla/5.0 AppleWebKit/537.36 (KHTML, like Gecko; compatible; GPTBot/1.3; +https://openai.com/gptbot)"
74.7.227.191 - - [29/Mar/2026:17:56:30 +0000] "GET /shop/rhizoma/theanthropist012419082611.shtm HTTP/1.1" 404 38903 "https://sunra.be" "Mozilla/5.0 AppleWebKit/537.36 (KHTML, like Gecko; compatible; GPTBot/1.3; +https://openai.com/gptbot)"
216.73.216.217 - - [29/Mar/2026:17:56:31 +0000] "GET /shop/licentiate/nectosac061558820331.shtm HTTP/1.1" 404 38899 "https://sunra.be/shop/licentiate/nectosac061558820331.shtm" "Mozilla/5.0 AppleWebKit/537.36 (KHTML, like Gecko; compatible; ClaudeBot/1.0; +claudebot@anthropic.com)"
74.7.227.191 - - [29/Mar/2026:17:56:33 +0000] "GET /shop/compunction/neossine011036571654.shtm HTTP/1.1" 404 38901 "https://sunra.be" "Mozilla/5.0 AppleWebKit/537.36 (KHTML, like Gecko; compatible; GPTBot/1.3; +https://openai.com/gptbot)"
14.227.115.49 - - [29/Mar/2026:17:56:33 +0000] "GET /shopdetail/controversy/260033931 HTTP/1.1" 404 38883 "-" "Mozilla/5.0 (Windows NT 10.0; Win64; x64) AppleWebKit/537.36 (KHTML, like Gecko) Chrome/134.0.6998.88 Safari/537.36"
74.7.242.15 - - [29/Mar/2026:17:56:33 +0000] "GET /shop/exampless/toccatella011510214755.shtm HTTP/1.1" 301 - "https://sunra.be/sitemap.xml" "Mozilla/5.0 AppleWebKit/537.36 (KHTML, like Gecko; compatible; GPTBot/1.3; +https://openai.com/gptbot)"
74.7.242.15 - - [29/Mar/2026:17:56:36 +0000] "GET /shop/hoonoomaun/inrunning011808797601.shtm HTTP/1.1" 301 - "https://sunra.be/sitemap.xml" "Mozilla/5.0 AppleWebKit/537.36 (KHTML, like Gecko; compatible; GPTBot/1.3; +https://openai.com/gptbot)"
74.7.227.191 - - [29/Mar/2026:17:56:36 +0000] "GET /shop/ambulatories/repaster013005720360.shtm HTTP/1.1" 404 38903 "https://sunra.be" "Mozilla/5.0 AppleWebKit/537.36 (KHTML, like Gecko; compatible; GPTBot/1.3; +https://openai.com/gptbot)"
74.7.242.15 - - [29/Mar/2026:17:56:40 +0000] "GET /shop/crosspurposes/pipage014020897709.shtm HTTP/1.1" 301 - "https://sunra.be/sitemap.xml" "Mozilla/5.0 AppleWebKit/537.36 (KHTML, like Gecko; compatible; GPTBot/1.3; +https://openai.com/gptbot)"
74.7.227.191 - - [29/Mar/2026:17:56:39 +0000] "GET /shop/euryops/oreoselinum011702878875.shtm HTTP/1.1" 404 38899 "https://sunra.be" "Mozilla/5.0 AppleWebKit/537.36 (KHTML, like Gecko; compatible; GPTBot/1.3; +https://openai.com/gptbot)"
74.7.242.15 - - [29/Mar/2026:17:56:43 +0000] "GET /shop/enduringness/deepen013486949016.shtm HTTP/1.1" 301 - "https://sunra.be/sitemap.xml" "Mozilla/5.0 AppleWebKit/537.36 (KHTML, like Gecko; compatible; GPTBot/1.3; +https://openai.com/gptbot)"
74.7.227.191 - - [29/Mar/2026:17:56:43 +0000] "GET /shop/lacrymans/sarcomata011628152075.shtm HTTP/1.1" 404 38899 "https://sunra.be" "Mozilla/5.0 AppleWebKit/537.36 (KHTML, like Gecko; compatible; GPTBot/1.3; +https://openai.com/gptbot)"
216.73.216.217 - - [29/Mar/2026:17:56:43 +0000] "GET /shop/spittly/controvertibly051442759489.shtm HTTP/1.1" 301 - "-" "Mozilla/5.0 AppleWebKit/537.36 (KHTML, like Gecko; compatible; ClaudeBot/1.0; +claudebot@anthropic.com)"
74.7.242.15 - - [29/Mar/2026:17:56:46 +0000] "GET /shop/worse/theophilanthropy012610185266.shtm HTTP/1.1" 301 - "https://sunra.be/sitemap.xml" "Mozilla/5.0 AppleWebKit/537.36 (KHTML, like Gecko; compatible; GPTBot/1.3; +https://openai.com/gptbot)"
74.7.227.191 - - [29/Mar/2026:17:56:46 +0000] "GET /shop/hypostases/primness012814403537.shtm HTTP/1.1" 404 38899 "https://sunra.be" "Mozilla/5.0 AppleWebKit/537.36 (KHTML, like Gecko; compatible; GPTBot/1.3; +https://openai.com/gptbot)"
216.73.216.217 - - [29/Mar/2026:17:56:46 +0000] "GET /shop/spittly/controvertibly051442759489.shtm HTTP/1.1" 404 38905 "https://sunra.be/shop/spittly/controvertibly051442759489.shtm" "Mozilla/5.0 AppleWebKit/537.36 (KHTML, like Gecko; compatible; ClaudeBot/1.0; +claudebot@anthropic.com)"
74.7.242.15 - - [29/Mar/2026:17:56:49 +0000] "GET /shop/splendidness/handspike011983853354.shtm HTTP/1.1" 301 - "https://sunra.be/sitemap.xml" "Mozilla/5.0 AppleWebKit/537.36 (KHTML, like Gecko; compatible; GPTBot/1.3; +https://openai.com/gptbot)"
74.7.227.191 - - [29/Mar/2026:17:56:49 +0000] "GET /shop/inappropriate/raton012839494642.shtm HTTP/1.1" 404 38899 "https://sunra.be" "Mozilla/5.0 AppleWebKit/537.36 (KHTML, like Gecko; compatible; GPTBot/1.3; +https://openai.com/gptbot)"
74.7.227.191 - - [29/Mar/2026:17:56:52 +0000] "GET /shop/palaestric/reserate014004149804.shtm HTTP/1.1" 404 38899 "https://sunra.be" "Mozilla/5.0 AppleWebKit/537.36 (KHTML, like Gecko; compatible; GPTBot/1.3; +https://openai.com/gptbot)"
74.7.242.15 - - [29/Mar/2026:17:56:52 +0000] "GET /shop/chiropter/expatiate013141709745.shtm HTTP/1.1" 301 - "https://sunra.be/sitemap.xml" "Mozilla/5.0 AppleWebKit/537.36 (KHTML, like Gecko; compatible; GPTBot/1.3; +https://openai.com/gptbot)"
217.182.68.102 - - [29/Mar/2026:17:56:53 +0000] "POST /wp-cron.php?doing_wp_cron=1774807013.9077069759368896484375 HTTP/1.1" 200 - "-" "WordPress/6.9.4; https://www.sunra.be"
74.7.242.15 - - [29/Mar/2026:17:56:55 +0000] "GET /shop/gobbledegook/ophelic011663630656.shtm HTTP/1.1" 301 - "https://sunra.be/sitemap.xml" "Mozilla/5.0 AppleWebKit/537.36 (KHTML, like Gecko; compatible; GPTBot/1.3; +https://openai.com/gptbot)"
74.7.227.191 - - [29/Mar/2026:17:56:55 +0000] "GET /shop/crosspurposes/pipage014020897709.shtm HTTP/1.1" 404 38901 "https://sunra.be" "Mozilla/5.0 AppleWebKit/537.36 (KHTML, like Gecko; compatible; GPTBot/1.3; +https://openai.com/gptbot)"
66.249.74.100 - - [29/Mar/2026:17:56:57 +0000] "GET /?u=01996155229000 HTTP/1.1" 200 223490 "-" "Mozilla/5.0 (Linux; Android 6.0.1; Nexus 5X Build/MMB29P) AppleWebKit/537.36 (KHTML, like Gecko) Chrome/146.0.7680.153 Mobile Safari/537.36 (compatible; Googlebot/2.1; +http://www.google.com/bot.html)"
66.249.74.100 - - [29/Mar/2026:17:56:59 +0000] "GET /?u=3473220199406&channel=307694&from=category-info.php?shop/forceps/edged033734106691.shtm HTTP/1.1" 200 219756 "-" "Mozilla/5.0 (Linux; Android 6.0.1; Nexus 5X Build/MMB29P) AppleWebKit/537.36 (KHTML, like Gecko) Chrome/146.0.7680.153 Mobile Safari/537.36 (compatible; Googlebot/2.1; +http://www.google.com/bot.html)"
216.73.216.217 - - [29/Mar/2026:17:56:58 +0000] "GET /shop/circulated/friburgh052170718263.shtm HTTP/1.1" 301 - "-" "Mozilla/5.0 AppleWebKit/537.36 (KHTML, like Gecko; compatible; ClaudeBot/1.0; +claudebot@anthropic.com)"
207.46.13.153 - - [29/Mar/2026:17:56:59 +0000] "GET /?u=88197143978403&channel=ed6a89&from=product.php%3Fid%3D1439784-363%26name%3D%E3%80%90%E3%83%A9%E3%83%83%E3%83%94%E3%83%B3%E3%82%B0%E5%8F%AF%E3%80%91+%E3%83%A1%E3%83%AC%E3%83%80%E3%82%A4%E3%83%A4+%E3%83%9A%E3%83%B3%E3%83%80%E3%83%B3%E3%83%88%E3%83%88%E3%83%83%E3%83%97+YG+%E3%82%A4%E3%82%A8%E3%83%AD%E3%83%BC%E3%82%B4%E3%83%BC%E3%83%AB%E3%83%89+%E3%83%9A%E3%83%B3%E3%83%80%E3%83%B3%E3%83%88%E3%83%88%E3%83%83%E3%83%97+K18+%E3%83%80%E3%82%A4%E3%83%A4%E3%83%A2%E3%83%B3%E3%83%89+%E3%83%AC%E3%83%87%E3%82%A3%E3%83%BC%E3%82%B9+%E3%80%90%E4%B8%AD%E5%8F%A4%E3%80%91 HTTP/1.1" 200 212029 "-" "Mozilla/5.0 AppleWebKit/537.36 (KHTML, like Gecko; compatible; bingbot/2.0; +http://www.bing.com/bingbot.htm) Chrome/116.0.1938.76 Safari/537.36"
74.7.242.15 - - [29/Mar/2026:17:56:58 +0000] "GET /shop/rollichied/amitosis012516262118.shtm HTTP/1.1" 301 - "https://sunra.be/sitemap.xml" "Mozilla/5.0 AppleWebKit/537.36 (KHTML, like Gecko; compatible; GPTBot/1.3; +https://openai.com/gptbot)"
74.7.227.191 - - [29/Mar/2026:17:56:58 +0000] "GET /shop/hoonoomaun/inrunning011808797601.shtm HTTP/1.1" 404 38901 "https://sunra.be" "Mozilla/5.0 AppleWebKit/537.36 (KHTML, like Gecko; compatible; GPTBot/1.3; +https://openai.com/gptbot)"
66.249.73.12 - - [29/Mar/2026:17:57:01 +0000] "GET /?u=86457107042403&channel=035765&from=brands.php?shop/inferobranchian/polyommatous032076802064.shtm HTTP/1.1" 200 229813 "-" "Mozilla/5.0 (Linux; Android 6.0.1; Nexus 5X Build/MMB29P) AppleWebKit/537.36 (KHTML, like Gecko) Chrome/146.0.7680.153 Mobile Safari/537.36 (compatible; Googlebot/2.1; +http://www.google.com/bot.html)"
216.73.216.217 - - [29/Mar/2026:17:57:01 +0000] "GET /shop/circulated/friburgh052170718263.shtm HTTP/1.1" 404 38899 "https://sunra.be/shop/circulated/friburgh052170718263.shtm" "Mozilla/5.0 AppleWebKit/537.36 (KHTML, like Gecko; compatible; ClaudeBot/1.0; +claudebot@anthropic.com)"
74.7.242.15 - - [29/Mar/2026:17:57:01 +0000] "GET /shop/phocodontia/precompose013673773168.shtm HTTP/1.1" 301 - "https://sunra.be/sitemap.xml" "Mozilla/5.0 AppleWebKit/537.36 (KHTML, like Gecko; compatible; GPTBot/1.3; +https://openai.com/gptbot)"
74.7.227.191 - - [29/Mar/2026:17:57:01 +0000] "GET /shop/worse/theophilanthropy012610185266.shtm HTTP/1.1" 404 38905 "https://sunra.be" "Mozilla/5.0 AppleWebKit/537.36 (KHTML, like Gecko; compatible; GPTBot/1.3; +https://openai.com/gptbot)"
66.249.73.13 - - [29/Mar/2026:17:57:03 +0000] "GET /shop/abjugate/wrestler502136169911.shtm HTTP/1.1" 200 219120 "-" "Mozilla/5.0 (Linux; Android 6.0.1; Nexus 5X Build/MMB29P) AppleWebKit/537.36 (KHTML, like Gecko) Chrome/146.0.7680.153 Mobile Safari/537.36 (compatible; Googlebot/2.1; +http://www.google.com/bot.html)"
66.249.74.100 - - [29/Mar/2026:17:57:05 +0000] "GET /?u=19239183270700&channel=79cb66&from=category-info.php?shop/belamy/scorce032093922614.shtm HTTP/1.1" 200 219218 "-" "Mozilla/5.0 (Linux; Android 6.0.1; Nexus 5X Build/MMB29P) AppleWebKit/537.36 (KHTML, like Gecko) Chrome/146.0.7680.153 Mobile Safari/537.36 (compatible; Googlebot/2.1; +http://www.google.com/bot.html)"
74.7.242.15 - - [29/Mar/2026:17:57:05 +0000] "GET /shop/homotypal/penologist012347941431.shtm HTTP/1.1" 301 - "https://sunra.be/sitemap.xml" "Mozilla/5.0 AppleWebKit/537.36 (KHTML, like Gecko; compatible; GPTBot/1.3; +https://openai.com/gptbot)"
74.7.227.191 - - [29/Mar/2026:17:57:05 +0000] "GET /shop/exampless/toccatella011510214755.shtm HTTP/1.1" 404 38901 "https://sunra.be" "Mozilla/5.0 AppleWebKit/537.36 (KHTML, like Gecko; compatible; GPTBot/1.3; +https://openai.com/gptbot)"
74.7.242.15 - - [29/Mar/2026:17:57:08 +0000] "GET /shop/antiphon/muhammadan011303967060.shtm HTTP/1.1" 301 - "https://sunra.be/sitemap.xml" "Mozilla/5.0 AppleWebKit/537.36 (KHTML, like Gecko; compatible; GPTBot/1.3; +https://openai.com/gptbot)"
74.7.227.191 - - [29/Mar/2026:17:57:08 +0000] "GET /shop/enduringness/deepen013486949016.shtm HTTP/1.1" 404 38899 "https://sunra.be" "Mozilla/5.0 AppleWebKit/537.36 (KHTML, like Gecko; compatible; GPTBot/1.3; +https://openai.com/gptbot)"
74.7.242.15 - - [29/Mar/2026:17:57:11 +0000] "GET /shop/benumbed/abscondence011079321020.shtm HTTP/1.1" 301 - "https://sunra.be/sitemap.xml" "Mozilla/5.0 AppleWebKit/537.36 (KHTML, like Gecko; compatible; GPTBot/1.3; +https://openai.com/gptbot)"
74.7.227.191 - - [29/Mar/2026:17:57:11 +0000] "GET /shop/splendidness/handspike011983853354.shtm HTTP/1.1" 404 38905 "https://sunra.be" "Mozilla/5.0 AppleWebKit/537.36 (KHTML, like Gecko; compatible; GPTBot/1.3; +https://openai.com/gptbot)"
74.7.242.15 - - [29/Mar/2026:17:57:14 +0000] "GET /shop/reservee/nondecisive012497090031.shtm HTTP/1.1" 301 - "https://sunra.be/sitemap.xml" "Mozilla/5.0 AppleWebKit/537.36 (KHTML, like Gecko; compatible; GPTBot/1.3; +https://openai.com/gptbot)"
74.7.227.191 - - [29/Mar/2026:17:57:14 +0000] "GET /shop/antiphon/muhammadan011303967060.shtm HTTP/1.1" 404 38899 "https://sunra.be" "Mozilla/5.0 AppleWebKit/537.36 (KHTML, like Gecko; compatible; GPTBot/1.3; +https://openai.com/gptbot)"
216.73.216.217 - - [29/Mar/2026:17:57:15 +0000] "GET /shop/quirite/batholite06122877115.shtm HTTP/1.1" 301 - "-" "Mozilla/5.0 AppleWebKit/537.36 (KHTML, like Gecko; compatible; ClaudeBot/1.0; +claudebot@anthropic.com)"
74.7.242.15 - - [29/Mar/2026:17:57:17 +0000] "GET /shop/rhythmometer/ligament013921898938.shtm HTTP/1.1" 301 - "https://sunra.be/sitemap.xml" "Mozilla/5.0 AppleWebKit/537.36 (KHTML, like Gecko; compatible; GPTBot/1.3; +https://openai.com/gptbot)"
74.7.227.191 - - [29/Mar/2026:17:57:17 +0000] "GET /shop/rollichied/amitosis012516262118.shtm HTTP/1.1" 404 38899 "https://sunra.be" "Mozilla/5.0 AppleWebKit/537.36 (KHTML, like Gecko; compatible; GPTBot/1.3; +https://openai.com/gptbot)"
216.73.216.217 - - [29/Mar/2026:17:57:18 +0000] "GET /shop/quirite/batholite06122877115.shtm HTTP/1.1" 404 38893 "https://sunra.be/shop/quirite/batholite06122877115.shtm" "Mozilla/5.0 AppleWebKit/537.36 (KHTML, like Gecko; compatible; ClaudeBot/1.0; +claudebot@anthropic.com)"
66.249.74.100 - - [29/Mar/2026:17:57:20 +0000] "GET /?u=6159511558610 HTTP/1.1" 200 209926 "-" "Mozilla/5.0 (Linux; Android 6.0.1; Nexus 5X Build/MMB29P) AppleWebKit/537.36 (KHTML, like Gecko) Chrome/146.0.7680.153 Mobile Safari/537.36 (compatible; Googlebot/2.1; +http://www.google.com/bot.html)"
74.7.242.15 - - [29/Mar/2026:17:57:20 +0000] "GET /shop/tabbies/suscitation014052905699.shtm HTTP/1.1" 301 - "https://sunra.be/sitemap.xml" "Mozilla/5.0 AppleWebKit/537.36 (KHTML, like Gecko; compatible; GPTBot/1.3; +https://openai.com/gptbot)"
74.7.227.191 - - [29/Mar/2026:17:57:20 +0000] "GET /shop/homotypal/penologist012347941431.shtm HTTP/1.1" 404 38901 "https://sunra.be" "Mozilla/5.0 AppleWebKit/537.36 (KHTML, like Gecko; compatible; GPTBot/1.3; +https://openai.com/gptbot)"
74.7.242.15 - - [29/Mar/2026:17:57:23 +0000] "GET /shop/martiana/protracheata012636715697.shtm HTTP/1.1" 301 - "https://sunra.be/sitemap.xml" "Mozilla/5.0 AppleWebKit/537.36 (KHTML, like Gecko; compatible; GPTBot/1.3; +https://openai.com/gptbot)"
74.7.227.191 - - [29/Mar/2026:17:57:23 +0000] "GET /shop/phocodontia/precompose013673773168.shtm HTTP/1.1" 404 38905 "https://sunra.be" "Mozilla/5.0 AppleWebKit/537.36 (KHTML, like Gecko; compatible; GPTBot/1.3; +https://openai.com/gptbot)"
216.73.216.217 - - [29/Mar/2026:17:57:24 +0000] "GET /shop/millgirl/undecennial054264996896.shtm HTTP/1.1" 301 - "-" "Mozilla/5.0 AppleWebKit/537.36 (KHTML, like Gecko; compatible; ClaudeBot/1.0; +claudebot@anthropic.com)"
74.7.242.15 - - [29/Mar/2026:17:57:27 +0000] "GET /shop/polyglottos/ambassade013239243120.shtm HTTP/1.1" 301 - "https://sunra.be/sitemap.xml" "Mozilla/5.0 AppleWebKit/537.36 (KHTML, like Gecko; compatible; GPTBot/1.3; +https://openai.com/gptbot)"
216.73.216.217 - - [29/Mar/2026:17:57:26 +0000] "GET /shop/millgirl/undecennial054264996896.shtm HTTP/1.1" 404 38901 "https://sunra.be/shop/millgirl/undecennial054264996896.shtm" "Mozilla/5.0 AppleWebKit/537.36 (KHTML, like Gecko; compatible; ClaudeBot/1.0; +claudebot@anthropic.com)"
74.7.227.191 - - [29/Mar/2026:17:57:27 +0000] "GET /shop/gobbledegook/ophelic011663630656.shtm HTTP/1.1" 404 38901 "https://sunra.be" "Mozilla/5.0 AppleWebKit/537.36 (KHTML, like Gecko; compatible; GPTBot/1.3; +https://openai.com/gptbot)"
114.119.149.159 - - [29/Mar/2026:17:57:29 +0000] "GET /shop/inspect/cogue064096338405.shtm HTTP/1.1" 301 - "https://sunra.be/?sitemap297.xml" "Mozilla/5.0 (Linux; Android 7.0;) AppleWebKit/537.36 (KHTML, like Gecko) Mobile Safari/537.36 (compatible; PetalBot;+https://webmaster.petalsearch.com/site/petalbot)"
74.7.242.15 - - [29/Mar/2026:17:57:29 +0000] "GET /shop/harehearted/precipe011629364174.shtm HTTP/1.1" 301 - "https://sunra.be/sitemap.xml" "Mozilla/5.0 AppleWebKit/537.36 (KHTML, like Gecko; compatible; GPTBot/1.3; +https://openai.com/gptbot)"
74.7.227.191 - - [29/Mar/2026:17:57:30 +0000] "GET /shop/chiropter/expatiate013141709745.shtm HTTP/1.1" 404 38899 "https://sunra.be" "Mozilla/5.0 AppleWebKit/537.36 (KHTML, like Gecko; compatible; GPTBot/1.3; +https://openai.com/gptbot)"
114.119.149.159 - - [29/Mar/2026:17:57:32 +0000] "GET /shop/inspect/cogue064096338405.shtm HTTP/1.1" 404 37546 "https://sunra.be/?sitemap297.xml" "Mozilla/5.0 (Linux; Android 7.0;) AppleWebKit/537.36 (KHTML, like Gecko) Mobile Safari/537.36 (compatible; PetalBot;+https://webmaster.petalsearch.com/site/petalbot)"
74.7.242.15 - - [29/Mar/2026:17:57:33 +0000] "GET /shop/ratihabition/gnathonic014101543495.shtm HTTP/1.1" 301 - "https://sunra.be/sitemap.xml" "Mozilla/5.0 AppleWebKit/537.36 (KHTML, like Gecko; compatible; GPTBot/1.3; +https://openai.com/gptbot)"
74.7.227.191 - - [29/Mar/2026:17:57:33 +0000] "GET /shop/polyglottos/ambassade013239243120.shtm HTTP/1.1" 404 38903 "https://sunra.be" "Mozilla/5.0 AppleWebKit/537.36 (KHTML, like Gecko; compatible; GPTBot/1.3; +https://openai.com/gptbot)"
176.31.139.4 - - [29/Mar/2026:17:57:34 +0000] "GET /?u=70623145403701&channel=19bf5d&from=shop.php%3Fid%3D1454037-16160%26name%3D25-26%20%E3%83%80%E3%82%A4%E3%82%B9%20%E3%83%9C%E3%83%BC%E3%83%89%E3%82%B4%E3%83%BC%E3%82%B0%E3%83%AB%20%E3%82%B0%E3%83%83%E3%83%89%E3%83%9E%E3%83%B3%20DICE%20GOODMAN%20GM54570%20C-UL%20LGR%2FLSI%20%E8%AA%BF%E5%85%89%C3%97ULTRA%E3%83%A9%E3%82%A4%E3%83%88%E3%82%B0%E3%83%AC%E3%82%A4%2F%E3%83%A9%E3%82%A4%E3%83%88%E3%82%B7%E3%83%AB%E3%83%90%E3%83%BC%E3%83%9F%E3%83%A9%E3%83%BC%E5%B9%B3%E9%9D%A2%20%E6%8F%9B%E6%B0%97%20%E5%B1%B1%E6%9C%AC%E5%85%89%E5%AD%A6 HTTP/1.1" 200 136690 "-" "Mozilla/5.0 (compatible; AhrefsBot/7.0; +http://ahrefs.com/robot/)"
74.7.242.15 - - [29/Mar/2026:17:57:36 +0000] "GET /shop/unfathered/heartpea013406517414.shtm HTTP/1.1" 301 - "https://sunra.be/sitemap.xml" "Mozilla/5.0 AppleWebKit/537.36 (KHTML, like Gecko; compatible; GPTBot/1.3; +https://openai.com/gptbot)"
74.7.227.191 - - [29/Mar/2026:17:57:36 +0000] "GET /shop/benumbed/abscondence011079321020.shtm HTTP/1.1" 404 38901 "https://sunra.be" "Mozilla/5.0 AppleWebKit/537.36 (KHTML, like Gecko; compatible; GPTBot/1.3; +https://openai.com/gptbot)"
14.179.153.21 - - [29/Mar/2026:17:57:38 +0000] "GET /shopdetail/desert/077041672 HTTP/1.1" 404 38873 "-" "Mozilla/5.0 (Macintosh; Intel Mac OS X 14.5; rv:126.0) Gecko/20100101 Firefox/126.0"
47.82.9.3 - - [29/Mar/2026:17:57:39 +0000] "GET /?u=4056943295602&channel=70361f&from=category-info.php?id%3D432956-6709%26name%3DG'Seven+Special+%E3%82%B9%E3%83%88%E3%83%A9%E3%83%88%E3%82%AD%E3%83%A3%E3%82%B9%E3%82%BF%E3%83%BC+%E3%83%8F%E3%82%AB%E3%83%A9%E3%83%B3%E3%83%80%E6%8C%87%E6%9D%BF HTTP/1.1" 301 - "https://sunra.be/" "Mozilla/5.0 (Macintosh; Intel Mac OS X 10_15_7) AppleWebKit/537.36 (KHTML, like Gecko) Chrome/135.0.0.0 Safari/537.36"
74.7.242.15 - - [29/Mar/2026:17:57:39 +0000] "GET /shop/austronesia/paeonia011869104609.shtm HTTP/1.1" 301 - "https://sunra.be/sitemap.xml" "Mozilla/5.0 AppleWebKit/537.36 (KHTML, like Gecko; compatible; GPTBot/1.3; +https://openai.com/gptbot)"
74.7.227.191 - - [29/Mar/2026:17:57:39 +0000] "GET /shop/rhythmometer/ligament013921898938.shtm HTTP/1.1" 404 38903 "https://sunra.be" "Mozilla/5.0 AppleWebKit/537.36 (KHTML, like Gecko; compatible; GPTBot/1.3; +https://openai.com/gptbot)"
216.73.216.217 - - [29/Mar/2026:17:57:41 +0000] "GET /shop/altered/antemosaic063663958390.shtm HTTP/1.1" 301 - "-" "Mozilla/5.0 AppleWebKit/537.36 (KHTML, like Gecko; compatible; ClaudeBot/1.0; +claudebot@anthropic.com)"
47.82.9.3 - - [29/Mar/2026:17:57:42 +0000] "GET /?u=4056943295602&channel=70361f&from=category-info.php?id%3D432956-6709%26name%3DG%5C'Seven%20Special%20%E3%82%B9%E3%83%88%E3%83%A9%E3%83%88%E3%82%AD%E3%83%A3%E3%82%B9%E3%82%BF%E3%83%BC%20%E3%83%8F%E3%82%AB%E3%83%A9%E3%83%B3%E3%83%80%E6%8C%87%E6%9D%BF HTTP/1.1" 301 - "https://sunra.be/" "Mozilla/5.0 (Macintosh; Intel Mac OS X 10_15_7) AppleWebKit/537.36 (KHTML, like Gecko) Chrome/135.0.0.0 Safari/537.36"
74.7.227.191 - - [29/Mar/2026:17:57:42 +0000] "GET /shop/martiana/protracheata012636715697.shtm HTTP/1.1" 404 38903 "https://sunra.be" "Mozilla/5.0 AppleWebKit/537.36 (KHTML, like Gecko; compatible; GPTBot/1.3; +https://openai.com/gptbot)"
74.7.242.15 - - [29/Mar/2026:17:57:42 +0000] "GET /shop/colchicum/steaminess013519053107.shtm HTTP/1.1" 301 - "https://sunra.be/sitemap.xml" "Mozilla/5.0 AppleWebKit/537.36 (KHTML, like Gecko; compatible; GPTBot/1.3; +https://openai.com/gptbot)"
216.73.216.217 - - [29/Mar/2026:17:57:42 +0000] "GET /shop/altered/antemosaic063663958390.shtm HTTP/1.1" 404 38897 "https://sunra.be/shop/altered/antemosaic063663958390.shtm" "Mozilla/5.0 AppleWebKit/537.36 (KHTML, like Gecko; compatible; ClaudeBot/1.0; +claudebot@anthropic.com)"
74.7.242.15 - - [29/Mar/2026:17:57:45 +0000] "GET /shop/dietetic/beneficient013988006849.shtm HTTP/1.1" 301 - "https://sunra.be/sitemap.xml" "Mozilla/5.0 AppleWebKit/537.36 (KHTML, like Gecko; compatible; GPTBot/1.3; +https://openai.com/gptbot)"
74.7.227.191 - - [29/Mar/2026:17:57:45 +0000] "GET /shop/tabbies/suscitation014052905699.shtm HTTP/1.1" 404 38899 "https://sunra.be" "Mozilla/5.0 AppleWebKit/537.36 (KHTML, like Gecko; compatible; GPTBot/1.3; +https://openai.com/gptbot)"
74.7.242.15 - - [29/Mar/2026:17:57:49 +0000] "GET /shop/morse/confraternities014166442361.shtm HTTP/1.1" 301 - "https://sunra.be/sitemap.xml" "Mozilla/5.0 AppleWebKit/537.36 (KHTML, like Gecko; compatible; GPTBot/1.3; +https://openai.com/gptbot)"
74.7.227.191 - - [29/Mar/2026:17:57:49 +0000] "GET /shop/reservee/nondecisive012497090031.shtm HTTP/1.1" 404 38901 "https://sunra.be" "Mozilla/5.0 AppleWebKit/537.36 (KHTML, like Gecko; compatible; GPTBot/1.3; +https://openai.com/gptbot)"
74.7.227.191 - - [29/Mar/2026:17:57:52 +0000] "GET /shop/harehearted/precipe011629364174.shtm HTTP/1.1" 404 38899 "https://sunra.be" "Mozilla/5.0 AppleWebKit/537.36 (KHTML, like Gecko; compatible; GPTBot/1.3; +https://openai.com/gptbot)"
74.7.242.15 - - [29/Mar/2026:17:57:52 +0000] "GET /shop/phytochimy/selfconceit011810173207.shtm HTTP/1.1" 301 - "https://sunra.be/sitemap.xml" "Mozilla/5.0 AppleWebKit/537.36 (KHTML, like Gecko; compatible; GPTBot/1.3; +https://openai.com/gptbot)"
217.182.68.102 - - [29/Mar/2026:17:57:53 +0000] "POST /wp-cron.php?doing_wp_cron=1774807073.5371959209442138671875 HTTP/1.1" 200 - "-" "WordPress/6.9.4; https://www.sunra.be"
74.7.227.191 - - [29/Mar/2026:17:57:55 +0000] "GET /shop/morse/confraternities014166442361.shtm HTTP/1.1" 404 38903 "https://sunra.be" "Mozilla/5.0 AppleWebKit/537.36 (KHTML, like Gecko; compatible; GPTBot/1.3; +https://openai.com/gptbot)"
74.7.242.15 - - [29/Mar/2026:17:57:55 +0000] "GET /shop/melanerpes/polyporous014126420416.shtm HTTP/1.1" 301 - "https://sunra.be/sitemap.xml" "Mozilla/5.0 AppleWebKit/537.36 (KHTML, like Gecko; compatible; GPTBot/1.3; +https://openai.com/gptbot)"
216.73.216.217 - - [29/Mar/2026:17:57:56 +0000] "GET /shop/hogged/leptodactylus061754586290.shtm HTTP/1.1" 301 - "-" "Mozilla/5.0 AppleWebKit/537.36 (KHTML, like Gecko; compatible; ClaudeBot/1.0; +claudebot@anthropic.com)"
216.73.216.217 - - [29/Mar/2026:17:57:58 +0000] "GET /shop/hogged/leptodactylus061754586290.shtm HTTP/1.1" 404 38901 "https://sunra.be/shop/hogged/leptodactylus061754586290.shtm" "Mozilla/5.0 AppleWebKit/537.36 (KHTML, like Gecko; compatible; ClaudeBot/1.0; +claudebot@anthropic.com)"
74.7.227.191 - - [29/Mar/2026:17:57:58 +0000] "GET /shop/dietetic/beneficient013988006849.shtm HTTP/1.1" 404 38901 "https://sunra.be" "Mozilla/5.0 AppleWebKit/537.36 (KHTML, like Gecko; compatible; GPTBot/1.3; +https://openai.com/gptbot)"
74.7.242.15 - - [29/Mar/2026:17:57:58 +0000] "GET /shop/leptophylla/papyrean012056881220.shtm HTTP/1.1" 301 - "https://sunra.be/sitemap.xml" "Mozilla/5.0 AppleWebKit/537.36 (KHTML, like Gecko; compatible; GPTBot/1.3; +https://openai.com/gptbot)"
66.249.74.101 - - [29/Mar/2026:17:58:01 +0000] "GET /?u=8298058443408&channel=129be0&from=shop.php?shop/adequation/sporting03405499328.shtm HTTP/1.1" 200 219255 "-" "Mozilla/5.0 (Linux; Android 6.0.1; Nexus 5X Build/MMB29P) AppleWebKit/537.36 (KHTML, like Gecko) Chrome/146.0.7680.153 Mobile Safari/537.36 (compatible; Googlebot/2.1; +http://www.google.com/bot.html)"
74.7.227.191 - - [29/Mar/2026:17:58:01 +0000] "GET /shop/unfathered/heartpea013406517414.shtm HTTP/1.1" 404 38899 "https://sunra.be" "Mozilla/5.0 AppleWebKit/537.36 (KHTML, like Gecko; compatible; GPTBot/1.3; +https://openai.com/gptbot)"
74.7.242.15 - - [29/Mar/2026:17:58:01 +0000] "GET /shop/antiphoner/intuition013245043991.shtm HTTP/1.1" 301 - "https://sunra.be/sitemap.xml" "Mozilla/5.0 AppleWebKit/537.36 (KHTML, like Gecko; compatible; GPTBot/1.3; +https://openai.com/gptbot)"
74.7.242.15 - - [29/Mar/2026:17:58:04 +0000] "GET /shop/hanging/plagiostomata012175751287.shtm HTTP/1.1" 301 - "https://sunra.be/sitemap.xml" "Mozilla/5.0 AppleWebKit/537.36 (KHTML, like Gecko; compatible; GPTBot/1.3; +https://openai.com/gptbot)"
74.7.227.191 - - [29/Mar/2026:17:58:04 +0000] "GET /shop/colchicum/steaminess013519053107.shtm HTTP/1.1" 404 38901 "https://sunra.be" "Mozilla/5.0 AppleWebKit/537.36 (KHTML, like Gecko; compatible; GPTBot/1.3; +https://openai.com/gptbot)"
74.7.242.15 - - [29/Mar/2026:17:58:08 +0000] "GET /shop/allopathist/tighter013855624466.shtm HTTP/1.1" 301 - "https://sunra.be/sitemap.xml" "Mozilla/5.0 AppleWebKit/537.36 (KHTML, like Gecko; compatible; GPTBot/1.3; +https://openai.com/gptbot)"
74.7.227.191 - - [29/Mar/2026:17:58:07 +0000] "GET /shop/ratihabition/gnathonic014101543495.shtm HTTP/1.1" 404 38905 "https://sunra.be" "Mozilla/5.0 AppleWebKit/537.36 (KHTML, like Gecko; compatible; GPTBot/1.3; +https://openai.com/gptbot)"
150.223.194.182 - - [29/Mar/2026:17:58:08 +0000] "GET /?author=15 HTTP/1.1" 301 - "-" "Apache-HttpClient/4.5.2 (Java/1.8.0_161)"
74.7.227.191 - - [29/Mar/2026:17:58:10 +0000] "GET /shop/austronesia/paeonia011869104609.shtm HTTP/1.1" 404 38899 "https://sunra.be" "Mozilla/5.0 AppleWebKit/537.36 (KHTML, like Gecko; compatible; GPTBot/1.3; +https://openai.com/gptbot)"
74.7.242.15 - - [29/Mar/2026:17:58:11 +0000] "GET /shop/cockcrow/irretention012570377505.shtm HTTP/1.1" 301 - "https://sunra.be/sitemap.xml" "Mozilla/5.0 AppleWebKit/537.36 (KHTML, like Gecko; compatible; GPTBot/1.3; +https://openai.com/gptbot)"
74.7.227.191 - - [29/Mar/2026:17:58:14 +0000] "GET /shop/phytochimy/selfconceit011810173207.shtm HTTP/1.1" 404 38905 "https://sunra.be" "Mozilla/5.0 AppleWebKit/537.36 (KHTML, like Gecko; compatible; GPTBot/1.3; +https://openai.com/gptbot)"
