104.197.234.136 - - [29/Mar/2026:17:37:22 +0000] "POST //xmlrpc.php HTTP/1.1" 200 408 "-" "Mozilla/5.0 (Windows NT 10.0; Win64; x64) AppleWebKit/537.36 (KHTML, like Gecko) Chrome/78.0.3904.108 Safari/537.36"
74.7.242.15 - - [29/Mar/2026:17:37:22 +0000] "GET /shop/currency/dunnish011155000295.shtm HTTP/1.1" 301 - "https://sunra.be/sitemap.xml" "Mozilla/5.0 AppleWebKit/537.36 (KHTML, like Gecko; compatible; GPTBot/1.3; +https://openai.com/gptbot)"
123.27.124.134 - - [29/Mar/2026:17:37:22 +0000] "GET /nl/shopdetail/apartment/234016369/ HTTP/1.1" 404 38782 "-" "Mozilla/5.0 (Macintosh; Intel Mac OS X 15_0_1) AppleWebKit/537.36 (KHTML, like Gecko) Chrome/130.0.6723.116 Safari/537.36"
104.197.234.136 - - [29/Mar/2026:17:37:23 +0000] "POST //xmlrpc.php HTTP/1.1" 200 408 "-" "Mozilla/5.0 (Windows NT 10.0; Win64; x64) AppleWebKit/537.36 (KHTML, like Gecko) Chrome/78.0.3904.108 Safari/537.36"
216.73.216.217 - - [29/Mar/2026:17:37:24 +0000] "GET /shop/eroding/nymphalidae003135171674.shtm HTTP/1.1" 301 - "-" "Mozilla/5.0 AppleWebKit/537.36 (KHTML, like Gecko; compatible; ClaudeBot/1.0; +claudebot@anthropic.com)"
74.7.227.191 - - [29/Mar/2026:17:37:23 +0000] "GET /shop/duoliteral/cooee011198444369.shtm HTTP/1.1" 404 38893 "https://sunra.be" "Mozilla/5.0 AppleWebKit/537.36 (KHTML, like Gecko; compatible; GPTBot/1.3; +https://openai.com/gptbot)"
74.7.242.15 - - [29/Mar/2026:17:37:25 +0000] "GET /shop/bryonia/basswood012226717212.shtm HTTP/1.1" 301 - "https://sunra.be/sitemap.xml" "Mozilla/5.0 AppleWebKit/537.36 (KHTML, like Gecko; compatible; GPTBot/1.3; +https://openai.com/gptbot)"
104.197.234.136 - - [29/Mar/2026:17:37:26 +0000] "POST //xmlrpc.php HTTP/1.1" 200 408 "-" "Mozilla/5.0 (Windows NT 10.0; Win64; x64) AppleWebKit/537.36 (KHTML, like Gecko) Chrome/78.0.3904.108 Safari/537.36"
216.73.216.217 - - [29/Mar/2026:17:37:26 +0000] "GET /shop/eroding/nymphalidae003135171674.shtm HTTP/1.1" 404 38899 "https://sunra.be/shop/eroding/nymphalidae003135171674.shtm" "Mozilla/5.0 AppleWebKit/537.36 (KHTML, like Gecko; compatible; ClaudeBot/1.0; +claudebot@anthropic.com)"
74.7.227.191 - - [29/Mar/2026:17:37:26 +0000] "GET /shop/semblable/sandix012315888033.shtm HTTP/1.1" 404 38893 "https://sunra.be" "Mozilla/5.0 AppleWebKit/537.36 (KHTML, like Gecko; compatible; GPTBot/1.3; +https://openai.com/gptbot)"
104.197.234.136 - - [29/Mar/2026:17:37:28 +0000] "POST //xmlrpc.php HTTP/1.1" 200 408 "-" "Mozilla/5.0 (Windows NT 10.0; Win64; x64) AppleWebKit/537.36 (KHTML, like Gecko) Chrome/78.0.3904.108 Safari/537.36"
66.249.74.100 - - [29/Mar/2026:17:37:28 +0000] "GET /?u=3473220199406&channel=307694&from=category-info.php?shop/cantatrice/chessy031584737805.shtm HTTP/1.1" 200 224841 "-" "Mozilla/5.0 (Linux; Android 6.0.1; Nexus 5X Build/MMB29P) AppleWebKit/537.36 (KHTML, like Gecko) Chrome/146.0.7680.153 Mobile Safari/537.36 (compatible; Googlebot/2.1; +http://www.google.com/bot.html)"
74.7.242.15 - - [29/Mar/2026:17:37:28 +0000] "GET /shop/troco/revegetate012736300048.shtm HTTP/1.1" 301 - "https://sunra.be/sitemap.xml" "Mozilla/5.0 AppleWebKit/537.36 (KHTML, like Gecko; compatible; GPTBot/1.3; +https://openai.com/gptbot)"
104.197.234.136 - - [29/Mar/2026:17:37:30 +0000] "POST //xmlrpc.php HTTP/1.1" 200 408 "-" "Mozilla/5.0 (Windows NT 10.0; Win64; x64) AppleWebKit/537.36 (KHTML, like Gecko) Chrome/78.0.3904.108 Safari/537.36"
74.7.227.191 - - [29/Mar/2026:17:37:29 +0000] "GET /shop/adjacence/cirrus012220752802.shtm HTTP/1.1" 404 38893 "https://sunra.be" "Mozilla/5.0 AppleWebKit/537.36 (KHTML, like Gecko; compatible; GPTBot/1.3; +https://openai.com/gptbot)"
66.249.73.11 - - [29/Mar/2026:17:37:30 +0000] "GET /shop/saxicava/slanginess01381842422.shtm HTTP/1.1" 200 212875 "-" "Mozilla/5.0 (Linux; Android 6.0.1; Nexus 5X Build/MMB29P) AppleWebKit/537.36 (KHTML, like Gecko) Chrome/146.0.7680.153 Mobile Safari/537.36 (compatible; Googlebot/2.1; +http://www.google.com/bot.html)"
104.197.234.136 - - [29/Mar/2026:17:37:32 +0000] "POST //xmlrpc.php HTTP/1.1" 200 408 "-" "Mozilla/5.0 (Windows NT 10.0; Win64; x64) AppleWebKit/537.36 (KHTML, like Gecko) Chrome/78.0.3904.108 Safari/537.36"
74.7.242.15 - - [29/Mar/2026:17:37:31 +0000] "GET /shop/kitish/withdrawn011203196664.shtm HTTP/1.1" 301 - "https://sunra.be/sitemap.xml" "Mozilla/5.0 AppleWebKit/537.36 (KHTML, like Gecko; compatible; GPTBot/1.3; +https://openai.com/gptbot)"
66.249.74.100 - - [29/Mar/2026:17:37:32 +0000] "GET /?u=80202179527700&channel=6f0ead&from=jp.php?shop/diducement/azotizing03159743806.shtm HTTP/1.1" 200 227304 "-" "Mozilla/5.0 (Linux; Android 6.0.1; Nexus 5X Build/MMB29P) AppleWebKit/537.36 (KHTML, like Gecko) Chrome/146.0.7680.153 Mobile Safari/537.36 (compatible; Googlebot/2.1; +http://www.google.com/bot.html)"
74.7.227.191 - - [29/Mar/2026:17:37:33 +0000] "GET /shop/currency/dunnish011155000295.shtm HTTP/1.1" 404 38893 "https://sunra.be" "Mozilla/5.0 AppleWebKit/537.36 (KHTML, like Gecko; compatible; GPTBot/1.3; +https://openai.com/gptbot)"
104.197.234.136 - - [29/Mar/2026:17:37:33 +0000] "POST //xmlrpc.php HTTP/1.1" 200 408 "-" "Mozilla/5.0 (Windows NT 10.0; Win64; x64) AppleWebKit/537.36 (KHTML, like Gecko) Chrome/78.0.3904.108 Safari/537.36"
66.249.74.101 - - [29/Mar/2026:17:37:34 +0000] "GET /?u=17702105780705&channel=65a00b&from=pin.php?shop/lustrated/lawny031530395191.shtm HTTP/1.1" 200 215043 "-" "Mozilla/5.0 (Linux; Android 6.0.1; Nexus 5X Build/MMB29P) AppleWebKit/537.36 (KHTML, like Gecko) Chrome/146.0.7680.153 Mobile Safari/537.36 (compatible; Googlebot/2.1; +http://www.google.com/bot.html)"
74.7.242.15 - - [29/Mar/2026:17:37:34 +0000] "GET /shop/probationership/consumptive013583130640.shtm HTTP/1.1" 301 - "https://sunra.be/sitemap.xml" "Mozilla/5.0 AppleWebKit/537.36 (KHTML, like Gecko; compatible; GPTBot/1.3; +https://openai.com/gptbot)"
104.197.234.136 - - [29/Mar/2026:17:37:35 +0000] "POST //xmlrpc.php HTTP/1.1" 200 408 "-" "Mozilla/5.0 (Windows NT 10.0; Win64; x64) AppleWebKit/537.36 (KHTML, like Gecko) Chrome/78.0.3904.108 Safari/537.36"
74.7.227.191 - - [29/Mar/2026:17:37:36 +0000] "GET /shop/troco/revegetate012736300048.shtm HTTP/1.1" 404 38893 "https://sunra.be" "Mozilla/5.0 AppleWebKit/537.36 (KHTML, like Gecko; compatible; GPTBot/1.3; +https://openai.com/gptbot)"
104.197.234.136 - - [29/Mar/2026:17:37:37 +0000] "POST //xmlrpc.php HTTP/1.1" 200 408 "-" "Mozilla/5.0 (Windows NT 10.0; Win64; x64) AppleWebKit/537.36 (KHTML, like Gecko) Chrome/78.0.3904.108 Safari/537.36"
74.7.242.15 - - [29/Mar/2026:17:37:38 +0000] "GET /shop/temerariously/empyreumatical01772510802.shtm HTTP/1.1" 301 - "https://sunra.be/sitemap.xml" "Mozilla/5.0 AppleWebKit/537.36 (KHTML, like Gecko; compatible; GPTBot/1.3; +https://openai.com/gptbot)"
104.197.234.136 - - [29/Mar/2026:17:37:39 +0000] "POST //xmlrpc.php HTTP/1.1" 200 408 "-" "Mozilla/5.0 (Windows NT 10.0; Win64; x64) AppleWebKit/537.36 (KHTML, like Gecko) Chrome/78.0.3904.108 Safari/537.36"
74.7.227.191 - - [29/Mar/2026:17:37:39 +0000] "GET /shop/kitish/withdrawn011203196664.shtm HTTP/1.1" 404 38893 "https://sunra.be" "Mozilla/5.0 AppleWebKit/537.36 (KHTML, like Gecko; compatible; GPTBot/1.3; +https://openai.com/gptbot)"
114.119.129.167 - - [29/Mar/2026:17:37:40 +0000] "GET /shop/intensify/chromis062584855582.shtm HTTP/1.1" 301 - "https://sunra.be/?sitemap484.xml" "Mozilla/5.0 (Linux; Android 7.0;) AppleWebKit/537.36 (KHTML, like Gecko) Mobile Safari/537.36 (compatible; PetalBot;+https://webmaster.petalsearch.com/site/petalbot)"
104.197.234.136 - - [29/Mar/2026:17:37:41 +0000] "POST //xmlrpc.php HTTP/1.1" 200 408 "-" "Mozilla/5.0 (Windows NT 10.0; Win64; x64) AppleWebKit/537.36 (KHTML, like Gecko) Chrome/78.0.3904.108 Safari/537.36"
74.7.242.15 - - [29/Mar/2026:17:37:41 +0000] "GET /shop/timer/unanswerable012225505097.shtm HTTP/1.1" 301 - "https://sunra.be/sitemap.xml" "Mozilla/5.0 AppleWebKit/537.36 (KHTML, like Gecko; compatible; GPTBot/1.3; +https://openai.com/gptbot)"
104.197.234.136 - - [29/Mar/2026:17:37:42 +0000] "POST //xmlrpc.php HTTP/1.1" 200 408 "-" "Mozilla/5.0 (Windows NT 10.0; Win64; x64) AppleWebKit/537.36 (KHTML, like Gecko) Chrome/78.0.3904.108 Safari/537.36"
74.7.227.191 - - [29/Mar/2026:17:37:42 +0000] "GET /shop/bryonia/basswood012226717212.shtm HTTP/1.1" 404 38893 "https://sunra.be" "Mozilla/5.0 AppleWebKit/537.36 (KHTML, like Gecko; compatible; GPTBot/1.3; +https://openai.com/gptbot)"
104.197.234.136 - - [29/Mar/2026:17:37:44 +0000] "POST //xmlrpc.php HTTP/1.1" 200 408 "-" "Mozilla/5.0 (Windows NT 10.0; Win64; x64) AppleWebKit/537.36 (KHTML, like Gecko) Chrome/78.0.3904.108 Safari/537.36"
74.7.242.15 - - [29/Mar/2026:17:37:44 +0000] "GET /shop/dryeyed/triclinate013999561000.shtm HTTP/1.1" 301 - "https://sunra.be/sitemap.xml" "Mozilla/5.0 AppleWebKit/537.36 (KHTML, like Gecko; compatible; GPTBot/1.3; +https://openai.com/gptbot)"
114.119.129.167 - - [29/Mar/2026:17:37:45 +0000] "GET /shop/intensify/chromis062584855582.shtm HTTP/1.1" 404 37554 "https://sunra.be/?sitemap484.xml" "Mozilla/5.0 (Linux; Android 7.0;) AppleWebKit/537.36 (KHTML, like Gecko) Mobile Safari/537.36 (compatible; PetalBot;+https://webmaster.petalsearch.com/site/petalbot)"
104.197.234.136 - - [29/Mar/2026:17:37:46 +0000] "POST //xmlrpc.php HTTP/1.1" 200 408 "-" "Mozilla/5.0 (Windows NT 10.0; Win64; x64) AppleWebKit/537.36 (KHTML, like Gecko) Chrome/78.0.3904.108 Safari/537.36"
74.7.227.191 - - [29/Mar/2026:17:37:45 +0000] "GET /shop/temerariously/empyreumatical01772510802.shtm HTTP/1.1" 404 38915 "https://sunra.be" "Mozilla/5.0 AppleWebKit/537.36 (KHTML, like Gecko; compatible; GPTBot/1.3; +https://openai.com/gptbot)"
74.7.242.15 - - [29/Mar/2026:17:37:47 +0000] "GET /shop/macaque/circumstantiating013316134510.shtm HTTP/1.1" 301 - "https://sunra.be/sitemap.xml" "Mozilla/5.0 AppleWebKit/537.36 (KHTML, like Gecko; compatible; GPTBot/1.3; +https://openai.com/gptbot)"
104.197.234.136 - - [29/Mar/2026:17:37:48 +0000] "POST //xmlrpc.php HTTP/1.1" 200 408 "-" "Mozilla/5.0 (Windows NT 10.0; Win64; x64) AppleWebKit/537.36 (KHTML, like Gecko) Chrome/78.0.3904.108 Safari/537.36"
74.7.227.191 - - [29/Mar/2026:17:37:48 +0000] "GET /shop/probationership/consumptive013583130640.shtm HTTP/1.1" 404 38915 "https://sunra.be" "Mozilla/5.0 AppleWebKit/537.36 (KHTML, like Gecko; compatible; GPTBot/1.3; +https://openai.com/gptbot)"
104.197.234.136 - - [29/Mar/2026:17:37:49 +0000] "POST //xmlrpc.php HTTP/1.1" 200 408 "-" "Mozilla/5.0 (Windows NT 10.0; Win64; x64) AppleWebKit/537.36 (KHTML, like Gecko) Chrome/78.0.3904.108 Safari/537.36"
66.249.74.100 - - [29/Mar/2026:17:37:50 +0000] "GET /shop/cufic/torulous781974491532.shtm HTTP/1.1" 200 208217 "-" "Mozilla/5.0 (Linux; Android 6.0.1; Nexus 5X Build/MMB29P) AppleWebKit/537.36 (KHTML, like Gecko) Chrome/146.0.7680.153 Mobile Safari/537.36 (compatible; Googlebot/2.1; +http://www.google.com/bot.html)"
74.7.242.15 - - [29/Mar/2026:17:37:50 +0000] "GET /shop/notomys/melibean011644458537.shtm HTTP/1.1" 301 - "https://sunra.be/sitemap.xml" "Mozilla/5.0 AppleWebKit/537.36 (KHTML, like Gecko; compatible; GPTBot/1.3; +https://openai.com/gptbot)"
104.197.234.136 - - [29/Mar/2026:17:37:51 +0000] "POST //xmlrpc.php HTTP/1.1" 200 408 "-" "Mozilla/5.0 (Windows NT 10.0; Win64; x64) AppleWebKit/537.36 (KHTML, like Gecko) Chrome/78.0.3904.108 Safari/537.36"
74.7.227.191 - - [29/Mar/2026:17:37:52 +0000] "GET /shop/timer/unanswerable012225505097.shtm HTTP/1.1" 404 38897 "https://sunra.be" "Mozilla/5.0 AppleWebKit/537.36 (KHTML, like Gecko; compatible; GPTBot/1.3; +https://openai.com/gptbot)"
104.197.234.136 - - [29/Mar/2026:17:37:53 +0000] "POST //xmlrpc.php HTTP/1.1" 200 408 "-" "Mozilla/5.0 (Windows NT 10.0; Win64; x64) AppleWebKit/537.36 (KHTML, like Gecko) Chrome/78.0.3904.108 Safari/537.36"
217.182.68.102 - - [29/Mar/2026:17:37:53 +0000] "POST /wp-cron.php?doing_wp_cron=1774805873.5471611022949218750000 HTTP/1.1" 200 - "-" "WordPress/6.9.4; https://www.sunra.be"
74.7.242.15 - - [29/Mar/2026:17:37:53 +0000] "GET /shop/laportea/swayful013337029776.shtm HTTP/1.1" 301 - "https://sunra.be/sitemap.xml" "Mozilla/5.0 AppleWebKit/537.36 (KHTML, like Gecko; compatible; GPTBot/1.3; +https://openai.com/gptbot)"
104.197.234.136 - - [29/Mar/2026:17:37:55 +0000] "POST //xmlrpc.php HTTP/1.1" 200 408 "-" "Mozilla/5.0 (Windows NT 10.0; Win64; x64) AppleWebKit/537.36 (KHTML, like Gecko) Chrome/78.0.3904.108 Safari/537.36"
74.7.227.191 - - [29/Mar/2026:17:37:55 +0000] "GET /shop/dryeyed/triclinate013999561000.shtm HTTP/1.1" 404 38897 "https://sunra.be" "Mozilla/5.0 AppleWebKit/537.36 (KHTML, like Gecko; compatible; GPTBot/1.3; +https://openai.com/gptbot)"
104.197.234.136 - - [29/Mar/2026:17:37:56 +0000] "POST //xmlrpc.php HTTP/1.1" 200 408 "-" "Mozilla/5.0 (Windows NT 10.0; Win64; x64) AppleWebKit/537.36 (KHTML, like Gecko) Chrome/78.0.3904.108 Safari/537.36"
74.7.242.15 - - [29/Mar/2026:17:37:57 +0000] "GET /shop/conformities/incarcerated011430221510.shtm HTTP/1.1" 301 - "https://sunra.be/sitemap.xml" "Mozilla/5.0 AppleWebKit/537.36 (KHTML, like Gecko; compatible; GPTBot/1.3; +https://openai.com/gptbot)"
104.197.234.136 - - [29/Mar/2026:17:37:58 +0000] "POST //xmlrpc.php HTTP/1.1" 200 408 "-" "Mozilla/5.0 (Windows NT 10.0; Win64; x64) AppleWebKit/537.36 (KHTML, like Gecko) Chrome/78.0.3904.108 Safari/537.36"
74.7.227.191 - - [29/Mar/2026:17:37:58 +0000] "GET /shop/macaque/circumstantiating013316134510.shtm HTTP/1.1" 404 38911 "https://sunra.be" "Mozilla/5.0 AppleWebKit/537.36 (KHTML, like Gecko; compatible; GPTBot/1.3; +https://openai.com/gptbot)"
74.7.242.15 - - [29/Mar/2026:17:38:00 +0000] "GET /shop/healthsome/intercommunion011449904677.shtm HTTP/1.1" 301 - "https://sunra.be/sitemap.xml" "Mozilla/5.0 AppleWebKit/537.36 (KHTML, like Gecko; compatible; GPTBot/1.3; +https://openai.com/gptbot)"
104.197.234.136 - - [29/Mar/2026:17:38:00 +0000] "POST //xmlrpc.php HTTP/1.1" 200 408 "-" "Mozilla/5.0 (Windows NT 10.0; Win64; x64) AppleWebKit/537.36 (KHTML, like Gecko) Chrome/78.0.3904.108 Safari/537.36"
66.249.74.101 - - [29/Mar/2026:17:38:00 +0000] "GET /shop/exampled/properness771767246371.shtm HTTP/1.1" 200 210570 "-" "Mozilla/5.0 (Linux; Android 6.0.1; Nexus 5X Build/MMB29P) AppleWebKit/537.36 (KHTML, like Gecko) Chrome/146.0.7680.153 Mobile Safari/537.36 (compatible; Googlebot/2.1; +http://www.google.com/bot.html)"
74.7.227.191 - - [29/Mar/2026:17:38:01 +0000] "GET /shop/notomys/melibean011644458537.shtm HTTP/1.1" 404 38893 "https://sunra.be" "Mozilla/5.0 AppleWebKit/537.36 (KHTML, like Gecko; compatible; GPTBot/1.3; +https://openai.com/gptbot)"
104.197.234.136 - - [29/Mar/2026:17:38:02 +0000] "POST //xmlrpc.php HTTP/1.1" 200 408 "-" "Mozilla/5.0 (Windows NT 10.0; Win64; x64) AppleWebKit/537.36 (KHTML, like Gecko) Chrome/78.0.3904.108 Safari/537.36"
66.249.74.102 - - [29/Mar/2026:17:38:02 +0000] "GET /?u=3473220199406&channel=307694&from=category-info.php?shop/ordinalism/burhinidae03250777084.shtm HTTP/1.1" 200 225201 "-" "Mozilla/5.0 (Linux; Android 6.0.1; Nexus 5X Build/MMB29P) AppleWebKit/537.36 (KHTML, like Gecko) Chrome/146.0.7680.153 Mobile Safari/537.36 (compatible; Googlebot/2.1; +http://www.google.com/bot.html)"
74.7.242.15 - - [29/Mar/2026:17:38:03 +0000] "GET /shop/mitotically/menyanthaceae011078108905.shtm HTTP/1.1" 301 - "https://sunra.be/sitemap.xml" "Mozilla/5.0 AppleWebKit/537.36 (KHTML, like Gecko; compatible; GPTBot/1.3; +https://openai.com/gptbot)"
104.197.234.136 - - [29/Mar/2026:17:38:03 +0000] "POST //xmlrpc.php HTTP/1.1" 200 408 "-" "Mozilla/5.0 (Windows NT 10.0; Win64; x64) AppleWebKit/537.36 (KHTML, like Gecko) Chrome/78.0.3904.108 Safari/537.36"
40.77.167.159 - - [29/Mar/2026:17:38:04 +0000] "GET /shop/wheat/dilated0478623893.shtml HTTP/1.1" 200 210977 "-" "Mozilla/5.0 AppleWebKit/537.36 (KHTML, like Gecko; compatible; bingbot/2.0; +http://www.bing.com/bingbot.htm) Chrome/116.0.1938.76 Safari/537.36"
74.7.227.191 - - [29/Mar/2026:17:38:04 +0000] "GET /shop/conformities/incarcerated011430221510.shtm HTTP/1.1" 404 38911 "https://sunra.be" "Mozilla/5.0 AppleWebKit/537.36 (KHTML, like Gecko; compatible; GPTBot/1.3; +https://openai.com/gptbot)"
104.197.234.136 - - [29/Mar/2026:17:38:05 +0000] "POST //xmlrpc.php HTTP/1.1" 200 408 "-" "Mozilla/5.0 (Windows NT 10.0; Win64; x64) AppleWebKit/537.36 (KHTML, like Gecko) Chrome/78.0.3904.108 Safari/537.36"
74.7.242.15 - - [29/Mar/2026:17:38:06 +0000] "GET /shop/oophoridiums/incoordinate012731711260.shtm HTTP/1.1" 301 - "https://sunra.be/sitemap.xml" "Mozilla/5.0 AppleWebKit/537.36 (KHTML, like Gecko; compatible; GPTBot/1.3; +https://openai.com/gptbot)"
104.197.234.136 - - [29/Mar/2026:17:38:07 +0000] "POST //xmlrpc.php HTTP/1.1" 200 408 "-" "Mozilla/5.0 (Windows NT 10.0; Win64; x64) AppleWebKit/537.36 (KHTML, like Gecko) Chrome/78.0.3904.108 Safari/537.36"
74.7.227.191 - - [29/Mar/2026:17:38:07 +0000] "GET /shop/laportea/swayful013337029776.shtm HTTP/1.1" 404 38893 "https://sunra.be" "Mozilla/5.0 AppleWebKit/537.36 (KHTML, like Gecko; compatible; GPTBot/1.3; +https://openai.com/gptbot)"
104.197.234.136 - - [29/Mar/2026:17:38:08 +0000] "POST //xmlrpc.php HTTP/1.1" 200 403 "-" "Mozilla/5.0 (Windows NT 10.0; Win64; x64) AppleWebKit/537.36 (KHTML, like Gecko) Chrome/78.0.3904.108 Safari/537.36"
216.73.216.217 - - [29/Mar/2026:17:38:08 +0000] "GET /shop/glaze/diffinitive003189514288.shtm HTTP/1.1" 301 - "-" "Mozilla/5.0 AppleWebKit/537.36 (KHTML, like Gecko; compatible; ClaudeBot/1.0; +claudebot@anthropic.com)"
74.7.242.15 - - [29/Mar/2026:17:38:09 +0000] "GET /shop/asphaltic/contradictiousness012913961818.shtm HTTP/1.1" 301 - "https://sunra.be/sitemap.xml" "Mozilla/5.0 AppleWebKit/537.36 (KHTML, like Gecko; compatible; GPTBot/1.3; +https://openai.com/gptbot)"
104.197.234.136 - - [29/Mar/2026:17:38:10 +0000] "POST //xmlrpc.php HTTP/1.1" 200 408 "-" "Mozilla/5.0 (Windows NT 10.0; Win64; x64) AppleWebKit/537.36 (KHTML, like Gecko) Chrome/78.0.3904.108 Safari/537.36"
74.7.227.191 - - [29/Mar/2026:17:38:10 +0000] "GET /shop/mitotically/menyanthaceae011078108905.shtm HTTP/1.1" 404 38911 "https://sunra.be" "Mozilla/5.0 AppleWebKit/537.36 (KHTML, like Gecko; compatible; GPTBot/1.3; +https://openai.com/gptbot)"
216.73.216.217 - - [29/Mar/2026:17:38:10 +0000] "GET /shop/glaze/diffinitive003189514288.shtm HTTP/1.1" 404 38895 "https://sunra.be/shop/glaze/diffinitive003189514288.shtm" "Mozilla/5.0 AppleWebKit/537.36 (KHTML, like Gecko; compatible; ClaudeBot/1.0; +claudebot@anthropic.com)"
74.7.242.15 - - [29/Mar/2026:17:38:12 +0000] "GET /shop/importuous/misrepresentation013835499872.shtm HTTP/1.1" 301 - "https://sunra.be/sitemap.xml" "Mozilla/5.0 AppleWebKit/537.36 (KHTML, like Gecko; compatible; GPTBot/1.3; +https://openai.com/gptbot)"
104.197.234.136 - - [29/Mar/2026:17:38:13 +0000] "POST //xmlrpc.php HTTP/1.1" 200 408 "-" "Mozilla/5.0 (Windows NT 10.0; Win64; x64) AppleWebKit/537.36 (KHTML, like Gecko) Chrome/78.0.3904.108 Safari/537.36"
146.174.183.8 - - [29/Mar/2026:17:38:13 +0000] "GET /shopdetail/pregnancy/272001241 HTTP/1.1" 301 - "-" "Mozilla/5.0 (Macintosh; Intel Mac OS X 10_15_7) AppleWebKit/537.36 (KHTML, like Gecko) Chrome/128.0.6613.36 Safari/537.36"
74.7.227.191 - - [29/Mar/2026:17:38:14 +0000] "GET /shop/healthsome/intercommunion011449904677.shtm HTTP/1.1" 404 38911 "https://sunra.be" "Mozilla/5.0 AppleWebKit/537.36 (KHTML, like Gecko; compatible; GPTBot/1.3; +https://openai.com/gptbot)"
104.197.234.136 - - [29/Mar/2026:17:38:15 +0000] "POST //xmlrpc.php HTTP/1.1" 200 408 "-" "Mozilla/5.0 (Windows NT 10.0; Win64; x64) AppleWebKit/537.36 (KHTML, like Gecko) Chrome/78.0.3904.108 Safari/537.36"
74.7.242.15 - - [29/Mar/2026:17:38:15 +0000] "GET /shop/deracination/introspective013255386075.shtm HTTP/1.1" 301 - "https://sunra.be/sitemap.xml" "Mozilla/5.0 AppleWebKit/537.36 (KHTML, like Gecko; compatible; GPTBot/1.3; +https://openai.com/gptbot)"
202.76.171.242 - - [29/Mar/2026:17:38:16 +0000] "GET /shopdetail/pregnancy/272001241 HTTP/1.1" 404 38879 "-" "Mozilla/5.0 (Macintosh; Intel Mac OS X 10_15_7) AppleWebKit/537.36 (KHTML, like Gecko) Chrome/128.0.6613.36 Safari/537.36"
104.197.234.136 - - [29/Mar/2026:17:38:16 +0000] "POST //xmlrpc.php HTTP/1.1" 200 408 "-" "Mozilla/5.0 (Windows NT 10.0; Win64; x64) AppleWebKit/537.36 (KHTML, like Gecko) Chrome/78.0.3904.108 Safari/537.36"
216.73.216.217 - - [29/Mar/2026:17:38:16 +0000] "GET /shop/raphanus/spall002126185995.shtm HTTP/1.1" 301 - "-" "Mozilla/5.0 AppleWebKit/537.36 (KHTML, like Gecko; compatible; ClaudeBot/1.0; +claudebot@anthropic.com)"
74.7.227.191 - - [29/Mar/2026:17:38:17 +0000] "GET /shop/oophoridiums/incoordinate012731711260.shtm HTTP/1.1" 404 38911 "https://sunra.be" "Mozilla/5.0 AppleWebKit/537.36 (KHTML, like Gecko; compatible; GPTBot/1.3; +https://openai.com/gptbot)"
104.197.234.136 - - [29/Mar/2026:17:38:19 +0000] "POST //xmlrpc.php HTTP/1.1" 200 408 "-" "Mozilla/5.0 (Windows NT 10.0; Win64; x64) AppleWebKit/537.36 (KHTML, like Gecko) Chrome/78.0.3904.108 Safari/537.36"
74.7.242.15 - - [29/Mar/2026:17:38:19 +0000] "GET /shop/cochleariform/endoplastica012640092386.shtm HTTP/1.1" 301 - "https://sunra.be/sitemap.xml" "Mozilla/5.0 AppleWebKit/537.36 (KHTML, like Gecko; compatible; GPTBot/1.3; +https://openai.com/gptbot)"
216.73.216.217 - - [29/Mar/2026:17:38:19 +0000] "GET /shop/raphanus/spall002126185995.shtm HTTP/1.1" 404 38889 "https://sunra.be/shop/raphanus/spall002126185995.shtm" "Mozilla/5.0 AppleWebKit/537.36 (KHTML, like Gecko; compatible; ClaudeBot/1.0; +claudebot@anthropic.com)"
74.7.227.191 - - [29/Mar/2026:17:38:20 +0000] "GET /shop/asphaltic/contradictiousness012913961818.shtm HTTP/1.1" 404 38917 "https://sunra.be" "Mozilla/5.0 AppleWebKit/537.36 (KHTML, like Gecko; compatible; GPTBot/1.3; +https://openai.com/gptbot)"
104.197.234.136 - - [29/Mar/2026:17:38:21 +0000] "POST //xmlrpc.php HTTP/1.1" 200 408 "-" "Mozilla/5.0 (Windows NT 10.0; Win64; x64) AppleWebKit/537.36 (KHTML, like Gecko) Chrome/78.0.3904.108 Safari/537.36"
74.7.242.15 - - [29/Mar/2026:17:38:22 +0000] "GET /shop/aristolochiaceae/guaniferous013439964746.shtm HTTP/1.1" 301 - "https://sunra.be/sitemap.xml" "Mozilla/5.0 AppleWebKit/537.36 (KHTML, like Gecko; compatible; GPTBot/1.3; +https://openai.com/gptbot)"
104.197.234.136 - - [29/Mar/2026:17:38:23 +0000] "POST //xmlrpc.php HTTP/1.1" 200 408 "-" "Mozilla/5.0 (Windows NT 10.0; Win64; x64) AppleWebKit/537.36 (KHTML, like Gecko) Chrome/78.0.3904.108 Safari/537.36"
74.7.227.191 - - [29/Mar/2026:17:38:23 +0000] "GET /shop/deracination/introspective013255386075.shtm HTTP/1.1" 404 38913 "https://sunra.be" "Mozilla/5.0 AppleWebKit/537.36 (KHTML, like Gecko; compatible; GPTBot/1.3; +https://openai.com/gptbot)"
66.249.74.100 - - [29/Mar/2026:17:38:23 +0000] "GET /?u=83210106972803 HTTP/1.1" 200 216840 "-" "Mozilla/5.0 (Linux; Android 6.0.1; Nexus 5X Build/MMB29P) AppleWebKit/537.36 (KHTML, like Gecko) Chrome/146.0.7680.153 Mobile Safari/537.36 (compatible; Googlebot/2.1; +http://www.google.com/bot.html)"
104.197.234.136 - - [29/Mar/2026:17:38:24 +0000] "POST //xmlrpc.php HTTP/1.1" 200 408 "-" "Mozilla/5.0 (Windows NT 10.0; Win64; x64) AppleWebKit/537.36 (KHTML, like Gecko) Chrome/78.0.3904.108 Safari/537.36"
74.7.242.15 - - [29/Mar/2026:17:38:25 +0000] "GET /shop/eleutheromaniac/hollander011498660604.shtm HTTP/1.1" 301 - "https://sunra.be/sitemap.xml" "Mozilla/5.0 AppleWebKit/537.36 (KHTML, like Gecko; compatible; GPTBot/1.3; +https://openai.com/gptbot)"
104.197.234.136 - - [29/Mar/2026:17:38:26 +0000] "POST //xmlrpc.php HTTP/1.1" 200 408 "-" "Mozilla/5.0 (Windows NT 10.0; Win64; x64) AppleWebKit/537.36 (KHTML, like Gecko) Chrome/78.0.3904.108 Safari/537.36"
14.177.128.194 - - [29/Mar/2026:17:38:26 +0000] "GET /nl/shopdetail/apartment/280039029/ HTTP/1.1" 404 38782 "-" "Mozilla/5.0 (Macintosh; Intel Mac OS X 12.7; rv:133.0) Gecko/20100101 Firefox/133.0"
74.7.227.191 - - [29/Mar/2026:17:38:26 +0000] "GET /shop/importuous/misrepresentation013835499872.shtm HTTP/1.1" 404 38917 "https://sunra.be" "Mozilla/5.0 AppleWebKit/537.36 (KHTML, like Gecko; compatible; GPTBot/1.3; +https://openai.com/gptbot)"
104.197.234.136 - - [29/Mar/2026:17:38:28 +0000] "POST //xmlrpc.php HTTP/1.1" 200 408 "-" "Mozilla/5.0 (Windows NT 10.0; Win64; x64) AppleWebKit/537.36 (KHTML, like Gecko) Chrome/78.0.3904.108 Safari/537.36"
74.7.242.15 - - [29/Mar/2026:17:38:28 +0000] "GET /shop/bronchiolitis/lamellicorn013604025906.shtm HTTP/1.1" 301 - "https://sunra.be/sitemap.xml" "Mozilla/5.0 AppleWebKit/537.36 (KHTML, like Gecko; compatible; GPTBot/1.3; +https://openai.com/gptbot)"
74.7.227.191 - - [29/Mar/2026:17:38:29 +0000] "GET /shop/aristolochiaceae/guaniferous013439964746.shtm HTTP/1.1" 404 38917 "https://sunra.be" "Mozilla/5.0 AppleWebKit/537.36 (KHTML, like Gecko; compatible; GPTBot/1.3; +https://openai.com/gptbot)"
104.197.234.136 - - [29/Mar/2026:17:38:30 +0000] "POST //xmlrpc.php HTTP/1.1" 200 408 "-" "Mozilla/5.0 (Windows NT 10.0; Win64; x64) AppleWebKit/537.36 (KHTML, like Gecko) Chrome/78.0.3904.108 Safari/537.36"
74.7.242.15 - - [29/Mar/2026:17:38:32 +0000] "GET /shop/determinative/batter011496496014.shtm HTTP/1.1" 301 - "https://sunra.be/sitemap.xml" "Mozilla/5.0 AppleWebKit/537.36 (KHTML, like Gecko; compatible; GPTBot/1.3; +https://openai.com/gptbot)"
104.197.234.136 - - [29/Mar/2026:17:38:32 +0000] "POST //xmlrpc.php HTTP/1.1" 200 408 "-" "Mozilla/5.0 (Windows NT 10.0; Win64; x64) AppleWebKit/537.36 (KHTML, like Gecko) Chrome/78.0.3904.108 Safari/537.36"
74.7.227.191 - - [29/Mar/2026:17:38:32 +0000] "GET /shop/cochleariform/endoplastica012640092386.shtm HTTP/1.1" 404 38913 "https://sunra.be" "Mozilla/5.0 AppleWebKit/537.36 (KHTML, like Gecko; compatible; GPTBot/1.3; +https://openai.com/gptbot)"
104.197.234.136 - - [29/Mar/2026:17:38:34 +0000] "POST //xmlrpc.php HTTP/1.1" 200 408 "-" "Mozilla/5.0 (Windows NT 10.0; Win64; x64) AppleWebKit/537.36 (KHTML, like Gecko) Chrome/78.0.3904.108 Safari/537.36"
74.7.242.15 - - [29/Mar/2026:17:38:35 +0000] "GET /shop/awlshaped/flaking011519555870.shtm HTTP/1.1" 301 - "https://sunra.be/sitemap.xml" "Mozilla/5.0 AppleWebKit/537.36 (KHTML, like Gecko; compatible; GPTBot/1.3; +https://openai.com/gptbot)"
74.7.227.191 - - [29/Mar/2026:17:38:36 +0000] "GET /shop/eleutheromaniac/hollander011498660604.shtm HTTP/1.1" 404 38911 "https://sunra.be" "Mozilla/5.0 AppleWebKit/537.36 (KHTML, like Gecko; compatible; GPTBot/1.3; +https://openai.com/gptbot)"
104.197.234.136 - - [29/Mar/2026:17:38:36 +0000] "POST //xmlrpc.php HTTP/1.1" 200 408 "-" "Mozilla/5.0 (Windows NT 10.0; Win64; x64) AppleWebKit/537.36 (KHTML, like Gecko) Chrome/78.0.3904.108 Safari/537.36"
104.197.234.136 - - [29/Mar/2026:17:38:38 +0000] "POST //xmlrpc.php HTTP/1.1" 200 408 "-" "Mozilla/5.0 (Windows NT 10.0; Win64; x64) AppleWebKit/537.36 (KHTML, like Gecko) Chrome/78.0.3904.108 Safari/537.36"
74.7.242.15 - - [29/Mar/2026:17:38:38 +0000] "GET /shop/blackguard/pelick011181696464.shtm HTTP/1.1" 301 - "https://sunra.be/sitemap.xml" "Mozilla/5.0 AppleWebKit/537.36 (KHTML, like Gecko; compatible; GPTBot/1.3; +https://openai.com/gptbot)"
74.7.227.191 - - [29/Mar/2026:17:38:39 +0000] "GET /shop/bronchiolitis/lamellicorn013604025906.shtm HTTP/1.1" 404 38911 "https://sunra.be" "Mozilla/5.0 AppleWebKit/537.36 (KHTML, like Gecko; compatible; GPTBot/1.3; +https://openai.com/gptbot)"
104.197.234.136 - - [29/Mar/2026:17:38:40 +0000] "POST //xmlrpc.php HTTP/1.1" 200 408 "-" "Mozilla/5.0 (Windows NT 10.0; Win64; x64) AppleWebKit/537.36 (KHTML, like Gecko) Chrome/78.0.3904.108 Safari/537.36"
74.7.242.15 - - [29/Mar/2026:17:38:41 +0000] "GET /shop/arclocephalus/matriarchal0119369399.shtm HTTP/1.1" 301 - "https://sunra.be/sitemap.xml" "Mozilla/5.0 AppleWebKit/537.36 (KHTML, like Gecko; compatible; GPTBot/1.3; +https://openai.com/gptbot)"
104.197.234.136 - - [29/Mar/2026:17:38:42 +0000] "POST //xmlrpc.php HTTP/1.1" 200 408 "-" "Mozilla/5.0 (Windows NT 10.0; Win64; x64) AppleWebKit/537.36 (KHTML, like Gecko) Chrome/78.0.3904.108 Safari/537.36"
74.7.227.191 - - [29/Mar/2026:17:38:42 +0000] "GET /shop/determinative/batter011496496014.shtm HTTP/1.1" 404 38901 "https://sunra.be" "Mozilla/5.0 AppleWebKit/537.36 (KHTML, like Gecko; compatible; GPTBot/1.3; +https://openai.com/gptbot)"
104.197.234.136 - - [29/Mar/2026:17:38:43 +0000] "POST //xmlrpc.php HTTP/1.1" 200 408 "-" "Mozilla/5.0 (Windows NT 10.0; Win64; x64) AppleWebKit/537.36 (KHTML, like Gecko) Chrome/78.0.3904.108 Safari/537.36"
74.7.242.15 - - [29/Mar/2026:17:38:44 +0000] "GET /shop/rhizoclonium/entomologically013973913439.shtm HTTP/1.1" 301 - "https://sunra.be/sitemap.xml" "Mozilla/5.0 AppleWebKit/537.36 (KHTML, like Gecko; compatible; GPTBot/1.3; +https://openai.com/gptbot)"
104.197.234.136 - - [29/Mar/2026:17:38:45 +0000] "POST //xmlrpc.php HTTP/1.1" 200 408 "-" "Mozilla/5.0 (Windows NT 10.0; Win64; x64) AppleWebKit/537.36 (KHTML, like Gecko) Chrome/78.0.3904.108 Safari/537.36"
74.7.227.191 - - [29/Mar/2026:17:38:45 +0000] "GET /shop/awlshaped/flaking011519555870.shtm HTTP/1.1" 404 38895 "https://sunra.be" "Mozilla/5.0 AppleWebKit/537.36 (KHTML, like Gecko; compatible; GPTBot/1.3; +https://openai.com/gptbot)"
104.197.234.136 - - [29/Mar/2026:17:38:47 +0000] "POST //xmlrpc.php HTTP/1.1" 200 408 "-" "Mozilla/5.0 (Windows NT 10.0; Win64; x64) AppleWebKit/537.36 (KHTML, like Gecko) Chrome/78.0.3904.108 Safari/537.36"
74.7.242.15 - - [29/Mar/2026:17:38:47 +0000] "GET /shop/disconsolateness/guerdonable012411855441.shtm HTTP/1.1" 301 - "https://sunra.be/sitemap.xml" "Mozilla/5.0 AppleWebKit/537.36 (KHTML, like Gecko; compatible; GPTBot/1.3; +https://openai.com/gptbot)"
66.249.74.100 - - [29/Mar/2026:17:38:48 +0000] "GET /?u=3473220199406&channel=307694&from=category-info.php?shop/archenemy/leptocercal031693333994.shtm HTTP/1.1" 200 228025 "-" "Mozilla/5.0 (Linux; Android 6.0.1; Nexus 5X Build/MMB29P) AppleWebKit/537.36 (KHTML, like Gecko) Chrome/146.0.7680.153 Mobile Safari/537.36 (compatible; Googlebot/2.1; +http://www.google.com/bot.html)"
104.197.234.136 - - [29/Mar/2026:17:38:49 +0000] "POST //xmlrpc.php HTTP/1.1" 200 408 "-" "Mozilla/5.0 (Windows NT 10.0; Win64; x64) AppleWebKit/537.36 (KHTML, like Gecko) Chrome/78.0.3904.108 Safari/537.36"
74.7.227.191 - - [29/Mar/2026:17:38:48 +0000] "GET /shop/blackguard/pelick011181696464.shtm HTTP/1.1" 404 38895 "https://sunra.be" "Mozilla/5.0 AppleWebKit/537.36 (KHTML, like Gecko; compatible; GPTBot/1.3; +https://openai.com/gptbot)"
104.197.234.136 - - [29/Mar/2026:17:38:50 +0000] "POST //xmlrpc.php HTTP/1.1" 200 408 "-" "Mozilla/5.0 (Windows NT 10.0; Win64; x64) AppleWebKit/537.36 (KHTML, like Gecko) Chrome/78.0.3904.108 Safari/537.36"
74.7.242.15 - - [29/Mar/2026:17:38:50 +0000] "GET /shop/impertransible/calyciform014075013064.shtm HTTP/1.1" 301 - "https://sunra.be/sitemap.xml" "Mozilla/5.0 AppleWebKit/537.36 (KHTML, like Gecko; compatible; GPTBot/1.3; +https://openai.com/gptbot)"
74.7.227.191 - - [29/Mar/2026:17:38:51 +0000] "GET /shop/arclocephalus/matriarchal0119369399.shtm HTTP/1.1" 404 38907 "https://sunra.be" "Mozilla/5.0 AppleWebKit/537.36 (KHTML, like Gecko; compatible; GPTBot/1.3; +https://openai.com/gptbot)"
37.59.204.143 - - [29/Mar/2026:17:38:52 +0000] "GET /?w=8046610898 HTTP/1.1" 301 - "-" "Mozilla/5.0 (compatible; AhrefsBot/7.0; +http://ahrefs.com/robot/)"
104.197.234.136 - - [29/Mar/2026:17:38:52 +0000] "POST //xmlrpc.php HTTP/1.1" 200 408 "-" "Mozilla/5.0 (Windows NT 10.0; Win64; x64) AppleWebKit/537.36 (KHTML, like Gecko) Chrome/78.0.3904.108 Safari/537.36"
217.182.68.102 - - [29/Mar/2026:17:38:54 +0000] "POST /wp-cron.php?doing_wp_cron=1774805934.0257101058959960937500 HTTP/1.1" 200 - "-" "WordPress/6.9.4; https://www.sunra.be"
74.7.242.15 - - [29/Mar/2026:17:38:53 +0000] "GET /shop/mullah/inactivating0167747587.shtm HTTP/1.1" 301 - "https://sunra.be/sitemap.xml" "Mozilla/5.0 AppleWebKit/537.36 (KHTML, like Gecko; compatible; GPTBot/1.3; +https://openai.com/gptbot)"
74.7.227.191 - - [29/Mar/2026:17:38:54 +0000] "GET /shop/rhizoclonium/entomologically013973913439.shtm HTTP/1.1" 404 38917 "https://sunra.be" "Mozilla/5.0 AppleWebKit/537.36 (KHTML, like Gecko; compatible; GPTBot/1.3; +https://openai.com/gptbot)"
104.197.234.136 - - [29/Mar/2026:17:38:55 +0000] "POST //xmlrpc.php HTTP/1.1" 200 408 "-" "Mozilla/5.0 (Windows NT 10.0; Win64; x64) AppleWebKit/537.36 (KHTML, like Gecko) Chrome/78.0.3904.108 Safari/537.36"
104.197.234.136 - - [29/Mar/2026:17:38:57 +0000] "POST //xmlrpc.php HTTP/1.1" 200 408 "-" "Mozilla/5.0 (Windows NT 10.0; Win64; x64) AppleWebKit/537.36 (KHTML, like Gecko) Chrome/78.0.3904.108 Safari/537.36"
74.7.242.15 - - [29/Mar/2026:17:38:57 +0000] "GET /shop/expatiated/whitflaw0191672017.shtm HTTP/1.1" 301 - "https://sunra.be/sitemap.xml" "Mozilla/5.0 AppleWebKit/537.36 (KHTML, like Gecko; compatible; GPTBot/1.3; +https://openai.com/gptbot)"
74.7.227.191 - - [29/Mar/2026:17:38:58 +0000] "GET /shop/disconsolateness/guerdonable012411855441.shtm HTTP/1.1" 404 38917 "https://sunra.be" "Mozilla/5.0 AppleWebKit/537.36 (KHTML, like Gecko; compatible; GPTBot/1.3; +https://openai.com/gptbot)"
104.197.234.136 - - [29/Mar/2026:17:38:58 +0000] "POST //xmlrpc.php HTTP/1.1" 200 408 "-" "Mozilla/5.0 (Windows NT 10.0; Win64; x64) AppleWebKit/537.36 (KHTML, like Gecko) Chrome/78.0.3904.108 Safari/537.36"
104.197.234.136 - - [29/Mar/2026:17:39:00 +0000] "POST //xmlrpc.php HTTP/1.1" 200 408 "-" "Mozilla/5.0 (Windows NT 10.0; Win64; x64) AppleWebKit/537.36 (KHTML, like Gecko) Chrome/78.0.3904.108 Safari/537.36"
74.7.242.15 - - [29/Mar/2026:17:39:00 +0000] "GET /shop/sobbed/pachynematus0115992710.shtm HTTP/1.1" 301 - "https://sunra.be/sitemap.xml" "Mozilla/5.0 AppleWebKit/537.36 (KHTML, like Gecko; compatible; GPTBot/1.3; +https://openai.com/gptbot)"
74.7.227.191 - - [29/Mar/2026:17:39:01 +0000] "GET /shop/impertransible/calyciform014075013064.shtm HTTP/1.1" 404 38911 "https://sunra.be" "Mozilla/5.0 AppleWebKit/537.36 (KHTML, like Gecko; compatible; GPTBot/1.3; +https://openai.com/gptbot)"
104.197.234.136 - - [29/Mar/2026:17:39:02 +0000] "POST //xmlrpc.php HTTP/1.1" 200 408 "-" "Mozilla/5.0 (Windows NT 10.0; Win64; x64) AppleWebKit/537.36 (KHTML, like Gecko) Chrome/78.0.3904.108 Safari/537.36"
216.73.216.217 - - [29/Mar/2026:17:39:04 +0000] "GET /robots.txt HTTP/1.1" 200 74 "-" "Mozilla/5.0 AppleWebKit/537.36 (KHTML, like Gecko; compatible; ClaudeBot/1.0; +claudebot@anthropic.com)"
74.7.242.15 - - [29/Mar/2026:17:39:03 +0000] "GET /shop/scrabbed/nestkroznest013588931511.shtm HTTP/1.1" 301 - "https://sunra.be/sitemap.xml" "Mozilla/5.0 AppleWebKit/537.36 (KHTML, like Gecko; compatible; GPTBot/1.3; +https://openai.com/gptbot)"
104.197.234.136 - - [29/Mar/2026:17:39:04 +0000] "POST //xmlrpc.php HTTP/1.1" 200 408 "-" "Mozilla/5.0 (Windows NT 10.0; Win64; x64) AppleWebKit/537.36 (KHTML, like Gecko) Chrome/78.0.3904.108 Safari/537.36"
216.73.216.217 - - [29/Mar/2026:17:39:05 +0000] "GET /shop/perplexly/approximative001654831910.shtm HTTP/1.1" 301 - "-" "Mozilla/5.0 AppleWebKit/537.36 (KHTML, like Gecko; compatible; ClaudeBot/1.0; +claudebot@anthropic.com)"
74.7.227.191 - - [29/Mar/2026:17:39:04 +0000] "GET /shop/mullah/inactivating0167747587.shtm HTTP/1.1" 404 38895 "https://sunra.be" "Mozilla/5.0 AppleWebKit/537.36 (KHTML, like Gecko; compatible; GPTBot/1.3; +https://openai.com/gptbot)"
104.197.234.136 - - [29/Mar/2026:17:39:07 +0000] "POST //xmlrpc.php HTTP/1.1" 200 408 "-" "Mozilla/5.0 (Windows NT 10.0; Win64; x64) AppleWebKit/537.36 (KHTML, like Gecko) Chrome/78.0.3904.108 Safari/537.36"
74.7.242.15 - - [29/Mar/2026:17:39:06 +0000] "GET /shop/grilling/couscousou013508663432.shtm HTTP/1.1" 301 - "https://sunra.be/sitemap.xml" "Mozilla/5.0 AppleWebKit/537.36 (KHTML, like Gecko; compatible; GPTBot/1.3; +https://openai.com/gptbot)"
216.73.216.217 - - [29/Mar/2026:17:39:08 +0000] "GET /shop/perplexly/approximative001654831910.shtm HTTP/1.1" 404 38907 "https://sunra.be/shop/perplexly/approximative001654831910.shtm" "Mozilla/5.0 AppleWebKit/537.36 (KHTML, like Gecko; compatible; ClaudeBot/1.0; +claudebot@anthropic.com)"
74.7.227.191 - - [29/Mar/2026:17:39:09 +0000] "GET /shop/sobbed/pachynematus0115992710.shtm HTTP/1.1" 404 38895 "https://sunra.be" "Mozilla/5.0 AppleWebKit/537.36 (KHTML, like Gecko; compatible; GPTBot/1.3; +https://openai.com/gptbot)"
104.197.234.136 - - [29/Mar/2026:17:39:10 +0000] "POST //xmlrpc.php HTTP/1.1" 200 408 "-" "Mozilla/5.0 (Windows NT 10.0; Win64; x64) AppleWebKit/537.36 (KHTML, like Gecko) Chrome/78.0.3904.108 Safari/537.36"
74.7.242.15 - - [29/Mar/2026:17:39:09 +0000] "GET /shop/elute/mothernaked013951019289.shtm HTTP/1.1" 301 - "https://sunra.be/sitemap.xml" "Mozilla/5.0 AppleWebKit/537.36 (KHTML, like Gecko; compatible; GPTBot/1.3; +https://openai.com/gptbot)"
104.197.234.136 - - [29/Mar/2026:17:39:12 +0000] "POST //xmlrpc.php HTTP/1.1" 200 408 "-" "Mozilla/5.0 (Windows NT 10.0; Win64; x64) AppleWebKit/537.36 (KHTML, like Gecko) Chrome/78.0.3904.108 Safari/537.36"
74.7.227.191 - - [29/Mar/2026:17:39:12 +0000] "GET /shop/expatiated/whitflaw0191672017.shtm HTTP/1.1" 404 38895 "https://sunra.be" "Mozilla/5.0 AppleWebKit/537.36 (KHTML, like Gecko; compatible; GPTBot/1.3; +https://openai.com/gptbot)"
74.7.242.15 - - [29/Mar/2026:17:39:12 +0000] "GET /shop/operant/coonhound012617198252.shtm HTTP/1.1" 301 - "https://sunra.be/sitemap.xml" "Mozilla/5.0 AppleWebKit/537.36 (KHTML, like Gecko; compatible; GPTBot/1.3; +https://openai.com/gptbot)"
104.197.234.136 - - [29/Mar/2026:17:39:14 +0000] "POST //xmlrpc.php HTTP/1.1" 200 408 "-" "Mozilla/5.0 (Windows NT 10.0; Win64; x64) AppleWebKit/537.36 (KHTML, like Gecko) Chrome/78.0.3904.108 Safari/537.36"
114.119.155.22 - - [29/Mar/2026:17:39:14 +0000] "GET /shop/intercur/pertinently06520737351.shtm HTTP/1.1" 301 - "https://sunra.be/?sitemap297.xml" "Mozilla/5.0 (Linux; Android 7.0;) AppleWebKit/537.36 (KHTML, like Gecko) Mobile Safari/537.36 (compatible; PetalBot;+https://webmaster.petalsearch.com/site/petalbot)"
216.73.216.217 - - [29/Mar/2026:17:39:14 +0000] "GET /shop/warworn/duplexa00547896035.shtm HTTP/1.1" 301 - "-" "Mozilla/5.0 AppleWebKit/537.36 (KHTML, like Gecko; compatible; ClaudeBot/1.0; +claudebot@anthropic.com)"
104.197.234.136 - - [29/Mar/2026:17:39:16 +0000] "POST //xmlrpc.php HTTP/1.1" 200 408 "-" "Mozilla/5.0 (Windows NT 10.0; Win64; x64) AppleWebKit/537.36 (KHTML, like Gecko) Chrome/78.0.3904.108 Safari/537.36"
74.7.227.191 - - [29/Mar/2026:17:39:15 +0000] "GET /shop/scrabbed/nestkroznest013588931511.shtm HTTP/1.1" 404 38903 "https://sunra.be" "Mozilla/5.0 AppleWebKit/537.36 (KHTML, like Gecko; compatible; GPTBot/1.3; +https://openai.com/gptbot)"
74.7.242.15 - - [29/Mar/2026:17:39:16 +0000] "GET /shop/muffetee/artifact011423208540.shtm HTTP/1.1" 301 - "https://sunra.be/sitemap.xml" "Mozilla/5.0 AppleWebKit/537.36 (KHTML, like Gecko; compatible; GPTBot/1.3; +https://openai.com/gptbot)"
216.73.216.217 - - [29/Mar/2026:17:39:16 +0000] "GET /shop/warworn/duplexa00547896035.shtm HTTP/1.1" 404 38889 "https://sunra.be/shop/warworn/duplexa00547896035.shtm" "Mozilla/5.0 AppleWebKit/537.36 (KHTML, like Gecko; compatible; ClaudeBot/1.0; +claudebot@anthropic.com)"
114.119.155.22 - - [29/Mar/2026:17:39:17 +0000] "GET /shop/intercur/pertinently06520737351.shtm HTTP/1.1" 404 37558 "https://sunra.be/?sitemap297.xml" "Mozilla/5.0 (Linux; Android 7.0;) AppleWebKit/537.36 (KHTML, like Gecko) Mobile Safari/537.36 (compatible; PetalBot;+https://webmaster.petalsearch.com/site/petalbot)"
216.73.216.217 - - [29/Mar/2026:17:39:17 +0000] "GET /shop/ruling/jaculating002830695896.shtm HTTP/1.1" 301 - "-" "Mozilla/5.0 AppleWebKit/537.36 (KHTML, like Gecko; compatible; ClaudeBot/1.0; +claudebot@anthropic.com)"
104.197.234.136 - - [29/Mar/2026:17:39:19 +0000] "POST //xmlrpc.php HTTP/1.1" 200 408 "-" "Mozilla/5.0 (Windows NT 10.0; Win64; x64) AppleWebKit/537.36 (KHTML, like Gecko) Chrome/78.0.3904.108 Safari/537.36"
74.7.227.191 - - [29/Mar/2026:17:39:18 +0000] "GET /shop/grilling/couscousou013508663432.shtm HTTP/1.1" 404 38899 "https://sunra.be" "Mozilla/5.0 AppleWebKit/537.36 (KHTML, like Gecko; compatible; GPTBot/1.3; +https://openai.com/gptbot)"
74.7.242.15 - - [29/Mar/2026:17:39:19 +0000] "GET /shop/pellicle/bemiring013122633727.shtm HTTP/1.1" 301 - "https://sunra.be/sitemap.xml" "Mozilla/5.0 AppleWebKit/537.36 (KHTML, like Gecko; compatible; GPTBot/1.3; +https://openai.com/gptbot)"
104.197.234.136 - - [29/Mar/2026:17:39:21 +0000] "POST //xmlrpc.php HTTP/1.1" 200 408 "-" "Mozilla/5.0 (Windows NT 10.0; Win64; x64) AppleWebKit/537.36 (KHTML, like Gecko) Chrome/78.0.3904.108 Safari/537.36"
216.73.216.217 - - [29/Mar/2026:17:39:21 +0000] "GET /shop/ruling/jaculating002830695896.shtm HTTP/1.1" 404 38895 "https://sunra.be/shop/ruling/jaculating002830695896.shtm" "Mozilla/5.0 AppleWebKit/537.36 (KHTML, like Gecko; compatible; ClaudeBot/1.0; +claudebot@anthropic.com)"
74.7.227.191 - - [29/Mar/2026:17:39:22 +0000] "GET /shop/elute/mothernaked013951019289.shtm HTTP/1.1" 404 38895 "https://sunra.be" "Mozilla/5.0 AppleWebKit/537.36 (KHTML, like Gecko; compatible; GPTBot/1.3; +https://openai.com/gptbot)"
74.7.242.15 - - [29/Mar/2026:17:39:22 +0000] "GET /shop/smoldered/felucca014102496002.shtm HTTP/1.1" 301 - "https://sunra.be/sitemap.xml" "Mozilla/5.0 AppleWebKit/537.36 (KHTML, like Gecko; compatible; GPTBot/1.3; +https://openai.com/gptbot)"
104.197.234.136 - - [29/Mar/2026:17:39:23 +0000] "POST //xmlrpc.php HTTP/1.1" 200 408 "-" "Mozilla/5.0 (Windows NT 10.0; Win64; x64) AppleWebKit/537.36 (KHTML, like Gecko) Chrome/78.0.3904.108 Safari/537.36"
216.73.216.217 - - [29/Mar/2026:17:39:24 +0000] "GET /shop/studying/prooflessly00250147597.shtm HTTP/1.1" 301 - "-" "Mozilla/5.0 AppleWebKit/537.36 (KHTML, like Gecko; compatible; ClaudeBot/1.0; +claudebot@anthropic.com)"
104.197.234.136 - - [29/Mar/2026:17:39:25 +0000] "POST //xmlrpc.php HTTP/1.1" 200 408 "-" "Mozilla/5.0 (Windows NT 10.0; Win64; x64) AppleWebKit/537.36 (KHTML, like Gecko) Chrome/78.0.3904.108 Safari/537.36"
74.7.227.191 - - [29/Mar/2026:17:39:25 +0000] "GET /shop/pellicle/bemiring013122633727.shtm HTTP/1.1" 404 38895 "https://sunra.be" "Mozilla/5.0 AppleWebKit/537.36 (KHTML, like Gecko; compatible; GPTBot/1.3; +https://openai.com/gptbot)"
74.7.242.15 - - [29/Mar/2026:17:39:25 +0000] "GET /shop/within/imprudence011514803543.shtm HTTP/1.1" 301 - "https://sunra.be/sitemap.xml" "Mozilla/5.0 AppleWebKit/537.36 (KHTML, like Gecko; compatible; GPTBot/1.3; +https://openai.com/gptbot)"
216.73.216.217 - - [29/Mar/2026:17:39:25 +0000] "GET /shop/serum/intertexture00624787441.shtm HTTP/1.1" 301 - "-" "Mozilla/5.0 AppleWebKit/537.36 (KHTML, like Gecko; compatible; ClaudeBot/1.0; +claudebot@anthropic.com)"
216.73.216.217 - - [29/Mar/2026:17:39:26 +0000] "GET /shop/studying/prooflessly00250147597.shtm HTTP/1.1" 404 38899 "https://sunra.be/shop/studying/prooflessly00250147597.shtm" "Mozilla/5.0 AppleWebKit/537.36 (KHTML, like Gecko; compatible; ClaudeBot/1.0; +claudebot@anthropic.com)"
104.197.234.136 - - [29/Mar/2026:17:39:27 +0000] "POST //xmlrpc.php HTTP/1.1" 200 408 "-" "Mozilla/5.0 (Windows NT 10.0; Win64; x64) AppleWebKit/537.36 (KHTML, like Gecko) Chrome/78.0.3904.108 Safari/537.36"
74.7.242.15 - - [29/Mar/2026:17:39:28 +0000] "GET /shop/fronded/disowning011209115682.shtm HTTP/1.1" 301 - "https://sunra.be/sitemap.xml" "Mozilla/5.0 AppleWebKit/537.36 (KHTML, like Gecko; compatible; GPTBot/1.3; +https://openai.com/gptbot)"
74.7.227.191 - - [29/Mar/2026:17:39:28 +0000] "GET /shop/muffetee/artifact011423208540.shtm HTTP/1.1" 404 38895 "https://sunra.be" "Mozilla/5.0 AppleWebKit/537.36 (KHTML, like Gecko; compatible; GPTBot/1.3; +https://openai.com/gptbot)"
104.197.234.136 - - [29/Mar/2026:17:39:30 +0000] "POST //xmlrpc.php HTTP/1.1" 200 408 "-" "Mozilla/5.0 (Windows NT 10.0; Win64; x64) AppleWebKit/537.36 (KHTML, like Gecko) Chrome/78.0.3904.108 Safari/537.36"
216.73.216.217 - - [29/Mar/2026:17:39:29 +0000] "GET /shop/serum/intertexture00624787441.shtm HTTP/1.1" 404 38895 "https://sunra.be/shop/serum/intertexture00624787441.shtm" "Mozilla/5.0 AppleWebKit/537.36 (KHTML, like Gecko; compatible; ClaudeBot/1.0; +claudebot@anthropic.com)"
14.231.20.86 - - [29/Mar/2026:17:39:30 +0000] "GET /nl/shopdetail/headline/175009538/ HTTP/1.1" 404 38780 "-" "Mozilla/5.0 (Macintosh; U; PPC Mac OS X; en-us) AppleWebKit/418.9 (KHTML, like Gecko) Safari/419.3"
74.7.227.191 - - [29/Mar/2026:17:39:31 +0000] "GET /shop/operant/coonhound012617198252.shtm HTTP/1.1" 404 38895 "https://sunra.be" "Mozilla/5.0 AppleWebKit/537.36 (KHTML, like Gecko; compatible; GPTBot/1.3; +https://openai.com/gptbot)"
74.7.242.15 - - [29/Mar/2026:17:39:31 +0000] "GET /shop/massacre/pyramids013300598704.shtm HTTP/1.1" 301 - "https://sunra.be/sitemap.xml" "Mozilla/5.0 AppleWebKit/537.36 (KHTML, like Gecko; compatible; GPTBot/1.3; +https://openai.com/gptbot)"
104.197.234.136 - - [29/Mar/2026:17:39:32 +0000] "POST //xmlrpc.php HTTP/1.1" 200 408 "-" "Mozilla/5.0 (Windows NT 10.0; Win64; x64) AppleWebKit/537.36 (KHTML, like Gecko) Chrome/78.0.3904.108 Safari/537.36"
216.73.216.217 - - [29/Mar/2026:17:39:32 +0000] "GET /shop/misaligned/polytheize003173371317.shtm HTTP/1.1" 301 - "-" "Mozilla/5.0 AppleWebKit/537.36 (KHTML, like Gecko; compatible; ClaudeBot/1.0; +claudebot@anthropic.com)"
66.249.74.101 - - [29/Mar/2026:17:39:34 +0000] "GET /?u=41157144513003&channel=159477&from=shop.php?shop/polymorphy/alaudidae033978298461.shtm HTTP/1.1" 200 226282 "-" "Mozilla/5.0 (Linux; Android 6.0.1; Nexus 5X Build/MMB29P) AppleWebKit/537.36 (KHTML, like Gecko) Chrome/146.0.7680.153 Mobile Safari/537.36 (compatible; Googlebot/2.1; +http://www.google.com/bot.html)"
104.197.234.136 - - [29/Mar/2026:17:39:34 +0000] "POST //xmlrpc.php HTTP/1.1" 200 408 "-" "Mozilla/5.0 (Windows NT 10.0; Win64; x64) AppleWebKit/537.36 (KHTML, like Gecko) Chrome/78.0.3904.108 Safari/537.36"
74.7.227.191 - - [29/Mar/2026:17:39:34 +0000] "GET /shop/fronded/disowning011209115682.shtm HTTP/1.1" 404 38895 "https://sunra.be" "Mozilla/5.0 AppleWebKit/537.36 (KHTML, like Gecko; compatible; GPTBot/1.3; +https://openai.com/gptbot)"
216.73.216.217 - - [29/Mar/2026:17:39:34 +0000] "GET /shop/misaligned/polytheize003173371317.shtm HTTP/1.1" 404 38903 "https://sunra.be/shop/misaligned/polytheize003173371317.shtm" "Mozilla/5.0 AppleWebKit/537.36 (KHTML, like Gecko; compatible; ClaudeBot/1.0; +claudebot@anthropic.com)"
74.7.242.15 - - [29/Mar/2026:17:39:35 +0000] "GET /shop/polities/cilician014073800965.shtm HTTP/1.1" 301 - "https://sunra.be/sitemap.xml" "Mozilla/5.0 AppleWebKit/537.36 (KHTML, like Gecko; compatible; GPTBot/1.3; +https://openai.com/gptbot)"
104.197.234.136 - - [29/Mar/2026:17:39:37 +0000] "POST //xmlrpc.php HTTP/1.1" 200 408 "-" "Mozilla/5.0 (Windows NT 10.0; Win64; x64) AppleWebKit/537.36 (KHTML, like Gecko) Chrome/78.0.3904.108 Safari/537.36"
74.7.242.15 - - [29/Mar/2026:17:39:38 +0000] "GET /shop/sorbonical/castus014097907214.shtm HTTP/1.1" 301 - "https://sunra.be/sitemap.xml" "Mozilla/5.0 AppleWebKit/537.36 (KHTML, like Gecko; compatible; GPTBot/1.3; +https://openai.com/gptbot)"
74.7.227.191 - - [29/Mar/2026:17:39:37 +0000] "GET /shop/within/imprudence011514803543.shtm HTTP/1.1" 404 38895 "https://sunra.be" "Mozilla/5.0 AppleWebKit/537.36 (KHTML, like Gecko; compatible; GPTBot/1.3; +https://openai.com/gptbot)"
104.197.234.136 - - [29/Mar/2026:17:39:39 +0000] "POST //xmlrpc.php HTTP/1.1" 200 408 "-" "Mozilla/5.0 (Windows NT 10.0; Win64; x64) AppleWebKit/537.36 (KHTML, like Gecko) Chrome/78.0.3904.108 Safari/537.36"
104.197.234.136 - - [29/Mar/2026:17:39:41 +0000] "POST //xmlrpc.php HTTP/1.1" 200 408 "-" "Mozilla/5.0 (Windows NT 10.0; Win64; x64) AppleWebKit/537.36 (KHTML, like Gecko) Chrome/78.0.3904.108 Safari/537.36"
74.7.227.191 - - [29/Mar/2026:17:39:41 +0000] "GET /shop/smoldered/felucca014102496002.shtm HTTP/1.1" 404 38895 "https://sunra.be" "Mozilla/5.0 AppleWebKit/537.36 (KHTML, like Gecko; compatible; GPTBot/1.3; +https://openai.com/gptbot)"
74.7.242.15 - - [29/Mar/2026:17:39:41 +0000] "GET /shop/fetiferous/salter014018473495.shtm HTTP/1.1" 301 - "https://sunra.be/sitemap.xml" "Mozilla/5.0 AppleWebKit/537.36 (KHTML, like Gecko; compatible; GPTBot/1.3; +https://openai.com/gptbot)"
104.197.234.136 - - [29/Mar/2026:17:39:42 +0000] "POST //xmlrpc.php HTTP/1.1" 200 408 "-" "Mozilla/5.0 (Windows NT 10.0; Win64; x64) AppleWebKit/537.36 (KHTML, like Gecko) Chrome/78.0.3904.108 Safari/537.36"
104.197.234.136 - - [29/Mar/2026:17:39:44 +0000] "POST //xmlrpc.php HTTP/1.1" 200 408 "-" "Mozilla/5.0 (Windows NT 10.0; Win64; x64) AppleWebKit/537.36 (KHTML, like Gecko) Chrome/78.0.3904.108 Safari/537.36"
74.7.242.15 - - [29/Mar/2026:17:39:44 +0000] "GET /shop/ownerless/myogale012912749719.shtm HTTP/1.1" 301 - "https://sunra.be/sitemap.xml" "Mozilla/5.0 AppleWebKit/537.36 (KHTML, like Gecko; compatible; GPTBot/1.3; +https://openai.com/gptbot)"
74.7.227.191 - - [29/Mar/2026:17:39:44 +0000] "GET /shop/massacre/pyramids013300598704.shtm HTTP/1.1" 404 38895 "https://sunra.be" "Mozilla/5.0 AppleWebKit/537.36 (KHTML, like Gecko; compatible; GPTBot/1.3; +https://openai.com/gptbot)"
104.197.234.136 - - [29/Mar/2026:17:39:46 +0000] "POST //xmlrpc.php HTTP/1.1" 200 408 "-" "Mozilla/5.0 (Windows NT 10.0; Win64; x64) AppleWebKit/537.36 (KHTML, like Gecko) Chrome/78.0.3904.108 Safari/537.36"
74.7.242.15 - - [29/Mar/2026:17:39:47 +0000] "GET /shop/eddoes/outfielder013949807190.shtm HTTP/1.1" 301 - "https://sunra.be/sitemap.xml" "Mozilla/5.0 AppleWebKit/537.36 (KHTML, like Gecko; compatible; GPTBot/1.3; +https://openai.com/gptbot)"
74.7.227.191 - - [29/Mar/2026:17:39:47 +0000] "GET /shop/polities/cilician014073800965.shtm HTTP/1.1" 404 38895 "https://sunra.be" "Mozilla/5.0 AppleWebKit/537.36 (KHTML, like Gecko; compatible; GPTBot/1.3; +https://openai.com/gptbot)"
104.197.234.136 - - [29/Mar/2026:17:39:48 +0000] "POST //xmlrpc.php HTTP/1.1" 200 408 "-" "Mozilla/5.0 (Windows NT 10.0; Win64; x64) AppleWebKit/537.36 (KHTML, like Gecko) Chrome/78.0.3904.108 Safari/537.36"
104.197.234.136 - - [29/Mar/2026:17:39:50 +0000] "POST //xmlrpc.php HTTP/1.1" 200 408 "-" "Mozilla/5.0 (Windows NT 10.0; Win64; x64) AppleWebKit/537.36 (KHTML, like Gecko) Chrome/78.0.3904.108 Safari/537.36"
