95.182.138.181 - - [29/Mar/2026:15:29:41 +0000] "GET /wp-content/uploads/2024/07/SUNRA_Offre-speciale_rotate_ombre-1.png HTTP/1.1" 200 31000 "https://www.sunra.be/our-models/miku-super/" "Mozilla/5.0 (iPhone; CPU iPhone OS 26_3_1 like Mac OS X) AppleWebKit/605.1.15 (KHTML, like Gecko) Mobile/23D8133 Safari/604.1 [FBAN/FBIOS;FBAV/554.0.0.38.78;FBBV/917646558;FBDV/iPhone17,1;FBMD/iPhone;FBSN/iOS;FBSV/26.3.1;FBSS/3;FBID/phone;FBLC/fr_FR;FBOP/5;FBRV/922259908;IABMV/1]"
95.182.138.181 - - [29/Mar/2026:15:29:41 +0000] "GET /wp-content/uploads/2023/06/Product-Banner-Bg-N1-MOBILE.jpg HTTP/1.1" 200 195193 "https://www.sunra.be/" "Mozilla/5.0 (iPhone; CPU iPhone OS 26_3_1 like Mac OS X) AppleWebKit/605.1.15 (KHTML, like Gecko) Mobile/23D8133 Safari/604.1 [FBAN/FBIOS;FBAV/554.0.0.38.78;FBBV/917646558;FBDV/iPhone17,1;FBMD/iPhone;FBSN/iOS;FBSV/26.3.1;FBSS/3;FBID/phone;FBLC/fr_FR;FBOP/5;FBRV/922259908;IABMV/1]"
95.182.138.181 - - [29/Mar/2026:15:29:41 +0000] "GET /wp-content/uploads/2023/06/s14-2.webp HTTP/1.1" 200 50610 "https://www.sunra.be/" "Mozilla/5.0 (iPhone; CPU iPhone OS 26_3_1 like Mac OS X) AppleWebKit/605.1.15 (KHTML, like Gecko) Mobile/23D8133 Safari/604.1 [FBAN/FBIOS;FBAV/554.0.0.38.78;FBBV/917646558;FBDV/iPhone17,1;FBMD/iPhone;FBSN/iOS;FBSV/26.3.1;FBSS/3;FBID/phone;FBLC/fr_FR;FBOP/5;FBRV/922259908;IABMV/1]"
95.182.138.181 - - [29/Mar/2026:15:29:41 +0000] "GET /wp-content/uploads/2023/06/s19-1.webp HTTP/1.1" 200 49532 "https://www.sunra.be/" "Mozilla/5.0 (iPhone; CPU iPhone OS 26_3_1 like Mac OS X) AppleWebKit/605.1.15 (KHTML, like Gecko) Mobile/23D8133 Safari/604.1 [FBAN/FBIOS;FBAV/554.0.0.38.78;FBBV/917646558;FBDV/iPhone17,1;FBMD/iPhone;FBSN/iOS;FBSV/26.3.1;FBSS/3;FBID/phone;FBLC/fr_FR;FBOP/5;FBRV/922259908;IABMV/1]"
95.182.138.181 - - [29/Mar/2026:15:29:41 +0000] "GET /wp-content/uploads/2023/06/s20-1-1.webp HTTP/1.1" 200 49624 "https://www.sunra.be/" "Mozilla/5.0 (iPhone; CPU iPhone OS 26_3_1 like Mac OS X) AppleWebKit/605.1.15 (KHTML, like Gecko) Mobile/23D8133 Safari/604.1 [FBAN/FBIOS;FBAV/554.0.0.38.78;FBBV/917646558;FBDV/iPhone17,1;FBMD/iPhone;FBSN/iOS;FBSV/26.3.1;FBSS/3;FBID/phone;FBLC/fr_FR;FBOP/5;FBRV/922259908;IABMV/1]"
95.182.138.181 - - [29/Mar/2026:15:29:41 +0000] "GET /wp-content/uploads/2023/06/Introducing-MIKU-Super-1080p.mp4 HTTP/1.1" 206 18345850 "https://www.sunra.be/our-models/miku-super/" "Mozilla/5.0 (iPhone; CPU iPhone OS 26_3_1 like Mac OS X) AppleWebKit/605.1.15 (KHTML, like Gecko) Mobile/23D8133 Safari/604.1 [FBAN/FBIOS;FBAV/554.0.0.38.78;FBBV/917646558;FBDV/iPhone17,1;FBMD/iPhone;FBSN/iOS;FBSV/26.3.1;FBSS/3;FBID/phone;FBLC/fr_FR;FBOP/5;FBRV/922259908;IABMV/1]"
95.182.138.181 - - [29/Mar/2026:15:29:41 +0000] "GET /wp-content/uploads/2023/06/s16-1.webp HTTP/1.1" 200 56500 "https://www.sunra.be/" "Mozilla/5.0 (iPhone; CPU iPhone OS 26_3_1 like Mac OS X) AppleWebKit/605.1.15 (KHTML, like Gecko) Mobile/23D8133 Safari/604.1 [FBAN/FBIOS;FBAV/554.0.0.38.78;FBBV/917646558;FBDV/iPhone17,1;FBMD/iPhone;FBSN/iOS;FBSV/26.3.1;FBSS/3;FBID/phone;FBLC/fr_FR;FBOP/5;FBRV/922259908;IABMV/1]"
95.182.138.181 - - [29/Mar/2026:15:29:41 +0000] "GET /wp-content/uploads/2023/06/s18-1.webp HTTP/1.1" 200 49616 "https://www.sunra.be/" "Mozilla/5.0 (iPhone; CPU iPhone OS 26_3_1 like Mac OS X) AppleWebKit/605.1.15 (KHTML, like Gecko) Mobile/23D8133 Safari/604.1 [FBAN/FBIOS;FBAV/554.0.0.38.78;FBBV/917646558;FBDV/iPhone17,1;FBMD/iPhone;FBSN/iOS;FBSV/26.3.1;FBSS/3;FBID/phone;FBLC/fr_FR;FBOP/5;FBRV/922259908;IABMV/1]"
95.182.138.181 - - [29/Mar/2026:15:29:41 +0000] "GET /wp-content/uploads/2023/06/Product-Banner-Bg-N1-Desk.jpg HTTP/1.1" 200 402634 "https://www.sunra.be/" "Mozilla/5.0 (iPhone; CPU iPhone OS 26_3_1 like Mac OS X) AppleWebKit/605.1.15 (KHTML, like Gecko) Mobile/23D8133 Safari/604.1 [FBAN/FBIOS;FBAV/554.0.0.38.78;FBBV/917646558;FBDV/iPhone17,1;FBMD/iPhone;FBSN/iOS;FBSV/26.3.1;FBSS/3;FBID/phone;FBLC/fr_FR;FBOP/5;FBRV/922259908;IABMV/1]"
95.182.138.181 - - [29/Mar/2026:15:29:41 +0000] "GET /wp-content/uploads/2023/06/Product-Banner-Bg-N1-TAB.jpg HTTP/1.1" 200 261946 "https://www.sunra.be/" "Mozilla/5.0 (iPhone; CPU iPhone OS 26_3_1 like Mac OS X) AppleWebKit/605.1.15 (KHTML, like Gecko) Mobile/23D8133 Safari/604.1 [FBAN/FBIOS;FBAV/554.0.0.38.78;FBBV/917646558;FBDV/iPhone17,1;FBMD/iPhone;FBSN/iOS;FBSV/26.3.1;FBSS/3;FBID/phone;FBLC/fr_FR;FBOP/5;FBRV/922259908;IABMV/1]"
95.182.138.181 - - [29/Mar/2026:15:29:41 +0000] "GET /wp-content/uploads/2023/06/Introducing-MIKU-Super-1080p.mp4 HTTP/1.1" 206 61306 "https://www.sunra.be/our-models/miku-super/" "Mozilla/5.0 (iPhone; CPU iPhone OS 26_3_1 like Mac OS X) AppleWebKit/605.1.15 (KHTML, like Gecko) Mobile/23D8133 Safari/604.1 [FBAN/FBIOS;FBAV/554.0.0.38.78;FBBV/917646558;FBDV/iPhone17,1;FBMD/iPhone;FBSN/iOS;FBSV/26.3.1;FBSS/3;FBID/phone;FBLC/fr_FR;FBOP/5;FBRV/922259908;IABMV/1]"
95.182.138.181 - - [29/Mar/2026:15:29:41 +0000] "GET /wp-content/uploads/2023/06/Introducing-MIKU-Super-1080p.mp4 HTTP/1.1" 206 18148653 "https://www.sunra.be/our-models/miku-super/" "Mozilla/5.0 (iPhone; CPU iPhone OS 26_3_1 like Mac OS X) AppleWebKit/605.1.15 (KHTML, like Gecko) Mobile/23D8133 Safari/604.1 [FBAN/FBIOS;FBAV/554.0.0.38.78;FBBV/917646558;FBDV/iPhone17,1;FBMD/iPhone;FBSN/iOS;FBSV/26.3.1;FBSS/3;FBID/phone;FBLC/fr_FR;FBOP/5;FBRV/922259908;IABMV/1]"
95.182.138.181 - - [29/Mar/2026:15:29:42 +0000] "GET /wp-content/themes/sunra/assets/js/config.js HTTP/1.1" 200 - "https://www.sunra.be/our-models/miku-super/" "Mozilla/5.0 (iPhone; CPU iPhone OS 26_3_1 like Mac OS X) AppleWebKit/605.1.15 (KHTML, like Gecko) Mobile/23D8133 Safari/604.1 [FBAN/FBIOS;FBAV/554.0.0.38.78;FBBV/917646558;FBDV/iPhone17,1;FBMD/iPhone;FBSN/iOS;FBSV/26.3.1;FBSS/3;FBID/phone;FBLC/fr_FR;FBOP/5;FBRV/922259908;IABMV/1]"
95.182.138.181 - - [29/Mar/2026:15:29:42 +0000] "GET /wp-content/uploads/2023/06/s15-1.webp HTTP/1.1" 200 43548 "https://www.sunra.be/our-models/miku-super/" "Mozilla/5.0 (iPhone; CPU iPhone OS 26_3_1 like Mac OS X) AppleWebKit/605.1.15 (KHTML, like Gecko) Mobile/23D8133 Safari/604.1 [FBAN/FBIOS;FBAV/554.0.0.38.78;FBBV/917646558;FBDV/iPhone17,1;FBMD/iPhone;FBSN/iOS;FBSV/26.3.1;FBSS/3;FBID/phone;FBLC/fr_FR;FBOP/5;FBRV/922259908;IABMV/1]"
95.182.138.181 - - [29/Mar/2026:15:29:42 +0000] "GET /wp-content/plugins/instagram-feed/img/sbi-sprite.png HTTP/1.1" 200 3943 "https://www.sunra.be/our-models/miku-super/" "Mozilla/5.0 (iPhone; CPU iPhone OS 26_3_1 like Mac OS X) AppleWebKit/605.1.15 (KHTML, like Gecko) Mobile/23D8133 Safari/604.1 [FBAN/FBIOS;FBAV/554.0.0.38.78;FBBV/917646558;FBDV/iPhone17,1;FBMD/iPhone;FBSN/iOS;FBSV/26.3.1;FBSS/3;FBID/phone;FBLC/fr_FR;FBOP/5;FBRV/922259908;IABMV/1]"
95.182.138.181 - - [29/Mar/2026:15:29:42 +0000] "GET /wp-content/uploads/2023/06/s14-1.webp HTTP/1.1" 200 50610 "https://www.sunra.be/our-models/miku-super/" "Mozilla/5.0 (iPhone; CPU iPhone OS 26_3_1 like Mac OS X) AppleWebKit/605.1.15 (KHTML, like Gecko) Mobile/23D8133 Safari/604.1 [FBAN/FBIOS;FBAV/554.0.0.38.78;FBBV/917646558;FBDV/iPhone17,1;FBMD/iPhone;FBSN/iOS;FBSV/26.3.1;FBSS/3;FBID/phone;FBLC/fr_FR;FBOP/5;FBRV/922259908;IABMV/1]"
95.182.138.181 - - [29/Mar/2026:15:29:42 +0000] "GET /wp-content/uploads/2023/06/s12-1.webp HTTP/1.1" 200 21042 "https://www.sunra.be/our-models/miku-super/" "Mozilla/5.0 (iPhone; CPU iPhone OS 26_3_1 like Mac OS X) AppleWebKit/605.1.15 (KHTML, like Gecko) Mobile/23D8133 Safari/604.1 [FBAN/FBIOS;FBAV/554.0.0.38.78;FBBV/917646558;FBDV/iPhone17,1;FBMD/iPhone;FBSN/iOS;FBSV/26.3.1;FBSS/3;FBID/phone;FBLC/fr_FR;FBOP/5;FBRV/922259908;IABMV/1]"
95.182.138.181 - - [29/Mar/2026:15:29:42 +0000] "GET /wp-content/uploads/2023/06/s9-1.webp HTTP/1.1" 200 39546 "https://www.sunra.be/our-models/miku-super/" "Mozilla/5.0 (iPhone; CPU iPhone OS 26_3_1 like Mac OS X) AppleWebKit/605.1.15 (KHTML, like Gecko) Mobile/23D8133 Safari/604.1 [FBAN/FBIOS;FBAV/554.0.0.38.78;FBBV/917646558;FBDV/iPhone17,1;FBMD/iPhone;FBSN/iOS;FBSV/26.3.1;FBSS/3;FBID/phone;FBLC/fr_FR;FBOP/5;FBRV/922259908;IABMV/1]"
95.182.138.181 - - [29/Mar/2026:15:29:42 +0000] "GET /wp-content/uploads/2023/06/s11-1.webp HTTP/1.1" 200 43046 "https://www.sunra.be/our-models/miku-super/" "Mozilla/5.0 (iPhone; CPU iPhone OS 26_3_1 like Mac OS X) AppleWebKit/605.1.15 (KHTML, like Gecko) Mobile/23D8133 Safari/604.1 [FBAN/FBIOS;FBAV/554.0.0.38.78;FBBV/917646558;FBDV/iPhone17,1;FBMD/iPhone;FBSN/iOS;FBSV/26.3.1;FBSS/3;FBID/phone;FBLC/fr_FR;FBOP/5;FBRV/922259908;IABMV/1]"
95.182.138.181 - - [29/Mar/2026:15:29:42 +0000] "GET /wp-content/uploads/2023/06/s8-1.webp HTTP/1.1" 200 24582 "https://www.sunra.be/our-models/miku-super/" "Mozilla/5.0 (iPhone; CPU iPhone OS 26_3_1 like Mac OS X) AppleWebKit/605.1.15 (KHTML, like Gecko) Mobile/23D8133 Safari/604.1 [FBAN/FBIOS;FBAV/554.0.0.38.78;FBBV/917646558;FBDV/iPhone17,1;FBMD/iPhone;FBSN/iOS;FBSV/26.3.1;FBSS/3;FBID/phone;FBLC/fr_FR;FBOP/5;FBRV/922259908;IABMV/1]"
95.182.138.181 - - [29/Mar/2026:15:29:42 +0000] "GET /wp-content/uploads/2023/06/s10-1.webp HTTP/1.1" 200 51684 "https://www.sunra.be/our-models/miku-super/" "Mozilla/5.0 (iPhone; CPU iPhone OS 26_3_1 like Mac OS X) AppleWebKit/605.1.15 (KHTML, like Gecko) Mobile/23D8133 Safari/604.1 [FBAN/FBIOS;FBAV/554.0.0.38.78;FBBV/917646558;FBDV/iPhone17,1;FBMD/iPhone;FBSN/iOS;FBSV/26.3.1;FBSS/3;FBID/phone;FBLC/fr_FR;FBOP/5;FBRV/922259908;IABMV/1]"
36.75.153.93 - - [29/Mar/2026:15:29:40 +0000] "GET /nl/shopdetail/headline/208030763/ HTTP/1.1" 404 38780 "-" "Mozilla/5.0 (Macintosh; Intel Mac OS X 11.6; rv:136.0) Gecko/20100101 Firefox/136.0"
95.182.138.181 - - [29/Mar/2026:15:29:42 +0000] "GET /our-models/miku-super/assets/styles.css HTTP/1.1" 404 37554 "https://www.sunra.be/our-models/miku-super/" "Mozilla/5.0 (iPhone; CPU iPhone OS 26_3_1 like Mac OS X) AppleWebKit/605.1.15 (KHTML, like Gecko) Mobile/23D8133 Safari/604.1 [FBAN/FBIOS;FBAV/554.0.0.38.78;FBBV/917646558;FBDV/iPhone17,1;FBMD/iPhone;FBSN/iOS;FBSV/26.3.1;FBSS/3;FBID/phone;FBLC/fr_FR;FBOP/5;FBRV/922259908;IABMV/1]"
216.73.216.217 - - [29/Mar/2026:15:29:44 +0000] "GET /shop/unpucker/firmament003035636023.shtm HTTP/1.1" 301 - "-" "Mozilla/5.0 AppleWebKit/537.36 (KHTML, like Gecko; compatible; ClaudeBot/1.0; +claudebot@anthropic.com)"
216.73.216.217 - - [29/Mar/2026:15:29:46 +0000] "GET /shop/activities/choused051021560303.shtm HTTP/1.1" 301 - "-" "Mozilla/5.0 AppleWebKit/537.36 (KHTML, like Gecko; compatible; ClaudeBot/1.0; +claudebot@anthropic.com)"
216.73.216.217 - - [29/Mar/2026:15:29:46 +0000] "GET /shop/unpucker/firmament003035636023.shtm HTTP/1.1" 404 38897 "https://sunra.be/shop/unpucker/firmament003035636023.shtm" "Mozilla/5.0 AppleWebKit/537.36 (KHTML, like Gecko; compatible; ClaudeBot/1.0; +claudebot@anthropic.com)"
216.73.216.217 - - [29/Mar/2026:15:29:48 +0000] "GET /shop/activities/choused051021560303.shtm HTTP/1.1" 404 38897 "https://sunra.be/shop/activities/choused051021560303.shtm" "Mozilla/5.0 AppleWebKit/537.36 (KHTML, like Gecko; compatible; ClaudeBot/1.0; +claudebot@anthropic.com)"
216.73.216.217 - - [29/Mar/2026:15:30:04 +0000] "GET /shop/judaism/duotone001459065967.shtm HTTP/1.1" 301 - "-" "Mozilla/5.0 AppleWebKit/537.36 (KHTML, like Gecko; compatible; ClaudeBot/1.0; +claudebot@anthropic.com)"
217.182.68.102 - - [29/Mar/2026:15:30:06 +0000] "POST /wp-cron.php?doing_wp_cron=1774798206.4287219047546386718750 HTTP/1.1" 200 - "-" "WordPress/6.9.4; https://www.sunra.be"
216.73.216.217 - - [29/Mar/2026:15:30:07 +0000] "GET /shop/judaism/duotone001459065967.shtm HTTP/1.1" 404 38891 "https://sunra.be/shop/judaism/duotone001459065967.shtm" "Mozilla/5.0 AppleWebKit/537.36 (KHTML, like Gecko; compatible; ClaudeBot/1.0; +claudebot@anthropic.com)"
180.94.88.30 - - [29/Mar/2026:15:30:14 +0000] "GET /shop/abnormality/monocule033353161363.shtm HTTP/1.1" 301 - "-" "Mozilla/5.0 (Macintosh; Intel Mac OS X 14.6; rv:132.0) Gecko/20100101 Firefox/132.0"
216.73.216.217 - - [29/Mar/2026:15:30:17 +0000] "GET /shop/wimpled/hostel051004421867.shtm HTTP/1.1" 301 - "-" "Mozilla/5.0 AppleWebKit/537.36 (KHTML, like Gecko; compatible; ClaudeBot/1.0; +claudebot@anthropic.com)"
79.143.107.95 - - [29/Mar/2026:15:30:17 +0000] "GET /shop/abnormality/monocule033353161363.shtm HTTP/1.1" 404 38901 "-" "Mozilla/5.0 (Macintosh; Intel Mac OS X 14.6; rv:132.0) Gecko/20100101 Firefox/132.0"
216.73.216.217 - - [29/Mar/2026:15:30:19 +0000] "GET /shop/wimpled/hostel051004421867.shtm HTTP/1.1" 404 38889 "https://sunra.be/shop/wimpled/hostel051004421867.shtm" "Mozilla/5.0 AppleWebKit/537.36 (KHTML, like Gecko; compatible; ClaudeBot/1.0; +claudebot@anthropic.com)"
216.73.216.217 - - [29/Mar/2026:15:30:24 +0000] "GET /shop/exsanguine/belemnitic002593094013.shtm HTTP/1.1" 301 - "-" "Mozilla/5.0 AppleWebKit/537.36 (KHTML, like Gecko; compatible; ClaudeBot/1.0; +claudebot@anthropic.com)"
216.73.216.217 - - [29/Mar/2026:15:30:26 +0000] "GET /shop/exsanguine/belemnitic002593094013.shtm HTTP/1.1" 404 38903 "https://sunra.be/shop/exsanguine/belemnitic002593094013.shtm" "Mozilla/5.0 AppleWebKit/537.36 (KHTML, like Gecko; compatible; ClaudeBot/1.0; +claudebot@anthropic.com)"
49.36.215.211 - - [29/Mar/2026:15:30:29 +0000] "GET /nl/shopdetail/residential/198016649/ HTTP/1.1" 404 38786 "-" "Mozilla/5.0 (Macintosh; Intel Mac OS X 14.6; rv:127.0) Gecko/20100101 Firefox/127.0"
54.37.118.84 - - [29/Mar/2026:15:30:39 +0000] "GET /?b=74621180903 HTTP/1.1" 301 - "-" "Mozilla/5.0 (compatible; AhrefsBot/7.0; +http://ahrefs.com/robot/)"
216.73.216.217 - - [29/Mar/2026:15:30:44 +0000] "GET /shop/virgins/lobbish00849183492.shtm HTTP/1.1" 301 - "-" "Mozilla/5.0 AppleWebKit/537.36 (KHTML, like Gecko; compatible; ClaudeBot/1.0; +claudebot@anthropic.com)"
216.73.216.217 - - [29/Mar/2026:15:30:46 +0000] "GET /shop/virgins/lobbish00849183492.shtm HTTP/1.1" 404 38889 "https://sunra.be/shop/virgins/lobbish00849183492.shtm" "Mozilla/5.0 AppleWebKit/537.36 (KHTML, like Gecko; compatible; ClaudeBot/1.0; +claudebot@anthropic.com)"
113.180.83.203 - - [29/Mar/2026:15:30:52 +0000] "GET /shop/advertising/postnuptial021586653366.shtm HTTP/1.1" 301 - "-" "Mozilla/5.0 (Macintosh; U; PPC Mac OS X; da-dk) AppleWebKit/522+ (KHTML, like Gecko) Safari/419.3"
217.182.68.102 - - [29/Mar/2026:15:30:54 +0000] "POST /wp-cron.php?doing_wp_cron=1774798254.0454258918762207031250 HTTP/1.1" 200 - "-" "WordPress/6.9.4; https://www.sunra.be"
95.182.138.181 - - [29/Mar/2026:15:30:56 +0000] "GET /our-models/crystal-2/ HTTP/1.1" 200 101443 "https://www.sunra.be/our-models/miku-super/" "Mozilla/5.0 (iPhone; CPU iPhone OS 26_3_1 like Mac OS X) AppleWebKit/605.1.15 (KHTML, like Gecko) Mobile/23D8133 Safari/604.1 [FBAN/FBIOS;FBAV/554.0.0.38.78;FBBV/917646558;FBDV/iPhone17,1;FBMD/iPhone;FBSN/iOS;FBSV/26.3.1;FBSS/3;FBID/phone;FBLC/fr_FR;FBOP/5;FBRV/922259908;IABMV/1]"
95.182.138.181 - - [29/Mar/2026:15:30:58 +0000] "GET /wp-content/themes/sunra/style.css?t=1774798257&ver=6.9.4 HTTP/1.1" 200 24715 "https://www.sunra.be/our-models/crystal-2/" "Mozilla/5.0 (iPhone; CPU iPhone OS 26_3_1 like Mac OS X) AppleWebKit/605.1.15 (KHTML, like Gecko) Mobile/23D8133 Safari/604.1 [FBAN/FBIOS;FBAV/554.0.0.38.78;FBBV/917646558;FBDV/iPhone17,1;FBMD/iPhone;FBSN/iOS;FBSV/26.3.1;FBSS/3;FBID/phone;FBLC/fr_FR;FBOP/5;FBRV/922259908;IABMV/1]"
188.26.199.179 - - [29/Mar/2026:15:30:56 +0000] "GET /shop/advertising/postnuptial021586653366.shtm HTTP/1.1" 404 38907 "-" "Mozilla/5.0 (Macintosh; U; PPC Mac OS X; da-dk) AppleWebKit/522+ (KHTML, like Gecko) Safari/419.3"
95.182.138.181 - - [29/Mar/2026:15:30:58 +0000] "GET /wp-content/uploads/2023/06/Untitled-4-02-4.jpg HTTP/1.1" 200 691935 "https://www.sunra.be/our-models/crystal-2/" "Mozilla/5.0 (iPhone; CPU iPhone OS 26_3_1 like Mac OS X) AppleWebKit/605.1.15 (KHTML, like Gecko) Mobile/23D8133 Safari/604.1 [FBAN/FBIOS;FBAV/554.0.0.38.78;FBBV/917646558;FBDV/iPhone17,1;FBMD/iPhone;FBSN/iOS;FBSV/26.3.1;FBSS/3;FBID/phone;FBLC/fr_FR;FBOP/5;FBRV/922259908;IABMV/1]"
95.182.138.181 - - [29/Mar/2026:15:30:58 +0000] "GET /wp-content/uploads/2023/06/Crystal-2.mp4 HTTP/1.1" 206 2 "https://www.sunra.be/our-models/crystal-2/" "Mozilla/5.0 (iPhone; CPU iPhone OS 26_3_1 like Mac OS X) AppleWebKit/605.1.15 (KHTML, like Gecko) Mobile/23D8133 Safari/604.1 [FBAN/FBIOS;FBAV/554.0.0.38.78;FBBV/917646558;FBDV/iPhone17,1;FBMD/iPhone;FBSN/iOS;FBSV/26.3.1;FBSS/3;FBID/phone;FBLC/fr_FR;FBOP/5;FBRV/922259908;IABMV/1]"
95.182.138.181 - - [29/Mar/2026:15:30:58 +0000] "GET /wp-content/uploads/2023/06/Untitled-4-01-4.jpg HTTP/1.1" 200 519513 "https://www.sunra.be/our-models/crystal-2/" "Mozilla/5.0 (iPhone; CPU iPhone OS 26_3_1 like Mac OS X) AppleWebKit/605.1.15 (KHTML, like Gecko) Mobile/23D8133 Safari/604.1 [FBAN/FBIOS;FBAV/554.0.0.38.78;FBBV/917646558;FBDV/iPhone17,1;FBMD/iPhone;FBSN/iOS;FBSV/26.3.1;FBSS/3;FBID/phone;FBLC/fr_FR;FBOP/5;FBRV/922259908;IABMV/1]"
95.182.138.181 - - [29/Mar/2026:15:30:58 +0000] "GET /wp-content/uploads/2023/06/specs-Bg-crystal2-01.jpg HTTP/1.1" 200 83212 "https://www.sunra.be/our-models/crystal-2/" "Mozilla/5.0 (iPhone; CPU iPhone OS 26_3_1 like Mac OS X) AppleWebKit/605.1.15 (KHTML, like Gecko) Mobile/23D8133 Safari/604.1 [FBAN/FBIOS;FBAV/554.0.0.38.78;FBBV/917646558;FBDV/iPhone17,1;FBMD/iPhone;FBSN/iOS;FBSV/26.3.1;FBSS/3;FBID/phone;FBLC/fr_FR;FBOP/5;FBRV/922259908;IABMV/1]"
95.182.138.181 - - [29/Mar/2026:15:30:58 +0000] "GET /wp-content/uploads/2023/06/Silver.png HTTP/1.1" 200 778 "https://www.sunra.be/" "Mozilla/5.0 (iPhone; CPU iPhone OS 26_3_1 like Mac OS X) AppleWebKit/605.1.15 (KHTML, like Gecko) Mobile/23D8133 Safari/604.1 [FBAN/FBIOS;FBAV/554.0.0.38.78;FBBV/917646558;FBDV/iPhone17,1;FBMD/iPhone;FBSN/iOS;FBSV/26.3.1;FBSS/3;FBID/phone;FBLC/fr_FR;FBOP/5;FBRV/922259908;IABMV/1]"
95.182.138.181 - - [29/Mar/2026:15:30:58 +0000] "GET /wp-content/uploads/2023/06/Crystal-2.mp4 HTTP/1.1" 206 4290492 "https://www.sunra.be/our-models/crystal-2/" "Mozilla/5.0 (iPhone; CPU iPhone OS 26_3_1 like Mac OS X) AppleWebKit/605.1.15 (KHTML, like Gecko) Mobile/23D8133 Safari/604.1 [FBAN/FBIOS;FBAV/554.0.0.38.78;FBBV/917646558;FBDV/iPhone17,1;FBMD/iPhone;FBSN/iOS;FBSV/26.3.1;FBSS/3;FBID/phone;FBLC/fr_FR;FBOP/5;FBRV/922259908;IABMV/1]"
95.182.138.181 - - [29/Mar/2026:15:30:58 +0000] "GET /wp-content/uploads/2023/06/Crystal-2.mp4 HTTP/1.1" 206 14268 "https://www.sunra.be/our-models/crystal-2/" "Mozilla/5.0 (iPhone; CPU iPhone OS 26_3_1 like Mac OS X) AppleWebKit/605.1.15 (KHTML, like Gecko) Mobile/23D8133 Safari/604.1 [FBAN/FBIOS;FBAV/554.0.0.38.78;FBBV/917646558;FBDV/iPhone17,1;FBMD/iPhone;FBSN/iOS;FBSV/26.3.1;FBSS/3;FBID/phone;FBLC/fr_FR;FBOP/5;FBRV/922259908;IABMV/1]"
95.182.138.181 - - [29/Mar/2026:15:30:58 +0000] "GET /wp-content/uploads/2023/06/Crystal9-1.webp HTTP/1.1" 200 41210 "https://www.sunra.be/" "Mozilla/5.0 (iPhone; CPU iPhone OS 26_3_1 like Mac OS X) AppleWebKit/605.1.15 (KHTML, like Gecko) Mobile/23D8133 Safari/604.1 [FBAN/FBIOS;FBAV/554.0.0.38.78;FBBV/917646558;FBDV/iPhone17,1;FBMD/iPhone;FBSN/iOS;FBSV/26.3.1;FBSS/3;FBID/phone;FBLC/fr_FR;FBOP/5;FBRV/922259908;IABMV/1]"
95.182.138.181 - - [29/Mar/2026:15:30:58 +0000] "GET /wp-content/uploads/2023/06/Crystal2-1.webp HTTP/1.1" 200 34406 "https://www.sunra.be/" "Mozilla/5.0 (iPhone; CPU iPhone OS 26_3_1 like Mac OS X) AppleWebKit/605.1.15 (KHTML, like Gecko) Mobile/23D8133 Safari/604.1 [FBAN/FBIOS;FBAV/554.0.0.38.78;FBBV/917646558;FBDV/iPhone17,1;FBMD/iPhone;FBSN/iOS;FBSV/26.3.1;FBSS/3;FBID/phone;FBLC/fr_FR;FBOP/5;FBRV/922259908;IABMV/1]"
95.182.138.181 - - [29/Mar/2026:15:30:58 +0000] "GET /wp-content/uploads/2023/06/Untitled-4-03-4.jpg HTTP/1.1" 200 507459 "https://www.sunra.be/our-models/crystal-2/" "Mozilla/5.0 (iPhone; CPU iPhone OS 26_3_1 like Mac OS X) AppleWebKit/605.1.15 (KHTML, like Gecko) Mobile/23D8133 Safari/604.1 [FBAN/FBIOS;FBAV/554.0.0.38.78;FBBV/917646558;FBDV/iPhone17,1;FBMD/iPhone;FBSN/iOS;FBSV/26.3.1;FBSS/3;FBID/phone;FBLC/fr_FR;FBOP/5;FBRV/922259908;IABMV/1]"
95.182.138.181 - - [29/Mar/2026:15:30:58 +0000] "GET /wp-content/uploads/2023/06/Untitled-4-04-4.jpg HTTP/1.1" 200 614537 "https://www.sunra.be/our-models/crystal-2/" "Mozilla/5.0 (iPhone; CPU iPhone OS 26_3_1 like Mac OS X) AppleWebKit/605.1.15 (KHTML, like Gecko) Mobile/23D8133 Safari/604.1 [FBAN/FBIOS;FBAV/554.0.0.38.78;FBBV/917646558;FBDV/iPhone17,1;FBMD/iPhone;FBSN/iOS;FBSV/26.3.1;FBSS/3;FBID/phone;FBLC/fr_FR;FBOP/5;FBRV/922259908;IABMV/1]"
95.182.138.181 - - [29/Mar/2026:15:30:58 +0000] "GET /wp-content/uploads/2023/06/Untitled-4-05-3.jpg HTTP/1.1" 200 654663 "https://www.sunra.be/our-models/crystal-2/" "Mozilla/5.0 (iPhone; CPU iPhone OS 26_3_1 like Mac OS X) AppleWebKit/605.1.15 (KHTML, like Gecko) Mobile/23D8133 Safari/604.1 [FBAN/FBIOS;FBAV/554.0.0.38.78;FBBV/917646558;FBDV/iPhone17,1;FBMD/iPhone;FBSN/iOS;FBSV/26.3.1;FBSS/3;FBID/phone;FBLC/fr_FR;FBOP/5;FBRV/922259908;IABMV/1]"
95.182.138.181 - - [29/Mar/2026:15:30:58 +0000] "GET /wp-content/uploads/2023/06/Crystal-2.mp4 HTTP/1.1" 206 2596330 "https://www.sunra.be/our-models/crystal-2/" "Mozilla/5.0 (iPhone; CPU iPhone OS 26_3_1 like Mac OS X) AppleWebKit/605.1.15 (KHTML, like Gecko) Mobile/23D8133 Safari/604.1 [FBAN/FBIOS;FBAV/554.0.0.38.78;FBBV/917646558;FBDV/iPhone17,1;FBMD/iPhone;FBSN/iOS;FBSV/26.3.1;FBSS/3;FBID/phone;FBLC/fr_FR;FBOP/5;FBRV/922259908;IABMV/1]"
216.73.216.217 - - [29/Mar/2026:15:30:57 +0000] "GET /shop/willower/ciboria06485268099.shtm HTTP/1.1" 301 - "-" "Mozilla/5.0 AppleWebKit/537.36 (KHTML, like Gecko; compatible; ClaudeBot/1.0; +claudebot@anthropic.com)"
95.182.138.181 - - [29/Mar/2026:15:30:59 +0000] "GET /wp-content/uploads/2023/06/Crystal11-1.webp HTTP/1.1" 200 39196 "https://www.sunra.be/" "Mozilla/5.0 (iPhone; CPU iPhone OS 26_3_1 like Mac OS X) AppleWebKit/605.1.15 (KHTML, like Gecko) Mobile/23D8133 Safari/604.1 [FBAN/FBIOS;FBAV/554.0.0.38.78;FBBV/917646558;FBDV/iPhone17,1;FBMD/iPhone;FBSN/iOS;FBSV/26.3.1;FBSS/3;FBID/phone;FBLC/fr_FR;FBOP/5;FBRV/922259908;IABMV/1]"
95.182.138.181 - - [29/Mar/2026:15:30:59 +0000] "GET /wp-content/uploads/2023/06/Crystal3333-1.webp HTTP/1.1" 200 40258 "https://www.sunra.be/" "Mozilla/5.0 (iPhone; CPU iPhone OS 26_3_1 like Mac OS X) AppleWebKit/605.1.15 (KHTML, like Gecko) Mobile/23D8133 Safari/604.1 [FBAN/FBIOS;FBAV/554.0.0.38.78;FBBV/917646558;FBDV/iPhone17,1;FBMD/iPhone;FBSN/iOS;FBSV/26.3.1;FBSS/3;FBID/phone;FBLC/fr_FR;FBOP/5;FBRV/922259908;IABMV/1]"
95.182.138.181 - - [29/Mar/2026:15:30:59 +0000] "GET /wp-content/uploads/2023/06/cry9.png HTTP/1.1" 200 406318 "https://www.sunra.be/our-models/crystal-2/" "Mozilla/5.0 (iPhone; CPU iPhone OS 26_3_1 like Mac OS X) AppleWebKit/605.1.15 (KHTML, like Gecko) Mobile/23D8133 Safari/604.1 [FBAN/FBIOS;FBAV/554.0.0.38.78;FBBV/917646558;FBDV/iPhone17,1;FBMD/iPhone;FBSN/iOS;FBSV/26.3.1;FBSS/3;FBID/phone;FBLC/fr_FR;FBOP/5;FBRV/922259908;IABMV/1]"
95.182.138.181 - - [29/Mar/2026:15:30:59 +0000] "GET /wp-content/uploads/2023/06/Crysta1.webp HTTP/1.1" 200 29044 "https://www.sunra.be/our-models/crystal-2/" "Mozilla/5.0 (iPhone; CPU iPhone OS 26_3_1 like Mac OS X) AppleWebKit/605.1.15 (KHTML, like Gecko) Mobile/23D8133 Safari/604.1 [FBAN/FBIOS;FBAV/554.0.0.38.78;FBBV/917646558;FBDV/iPhone17,1;FBMD/iPhone;FBSN/iOS;FBSV/26.3.1;FBSS/3;FBID/phone;FBLC/fr_FR;FBOP/5;FBRV/922259908;IABMV/1]"
95.182.138.181 - - [29/Mar/2026:15:30:59 +0000] "GET /wp-content/uploads/2023/06/Crystal4.webp HTTP/1.1" 200 17134 "https://www.sunra.be/our-models/crystal-2/" "Mozilla/5.0 (iPhone; CPU iPhone OS 26_3_1 like Mac OS X) AppleWebKit/605.1.15 (KHTML, like Gecko) Mobile/23D8133 Safari/604.1 [FBAN/FBIOS;FBAV/554.0.0.38.78;FBBV/917646558;FBDV/iPhone17,1;FBMD/iPhone;FBSN/iOS;FBSV/26.3.1;FBSS/3;FBID/phone;FBLC/fr_FR;FBOP/5;FBRV/922259908;IABMV/1]"
95.182.138.181 - - [29/Mar/2026:15:30:59 +0000] "GET /wp-content/uploads/2023/06/Crystal3.webp HTTP/1.1" 200 33868 "https://www.sunra.be/our-models/crystal-2/" "Mozilla/5.0 (iPhone; CPU iPhone OS 26_3_1 like Mac OS X) AppleWebKit/605.1.15 (KHTML, like Gecko) Mobile/23D8133 Safari/604.1 [FBAN/FBIOS;FBAV/554.0.0.38.78;FBBV/917646558;FBDV/iPhone17,1;FBMD/iPhone;FBSN/iOS;FBSV/26.3.1;FBSS/3;FBID/phone;FBLC/fr_FR;FBOP/5;FBRV/922259908;IABMV/1]"
95.182.138.181 - - [29/Mar/2026:15:30:59 +0000] "GET /wp-content/uploads/2023/06/Crystal2.webp HTTP/1.1" 200 34406 "https://www.sunra.be/our-models/crystal-2/" "Mozilla/5.0 (iPhone; CPU iPhone OS 26_3_1 like Mac OS X) AppleWebKit/605.1.15 (KHTML, like Gecko) Mobile/23D8133 Safari/604.1 [FBAN/FBIOS;FBAV/554.0.0.38.78;FBBV/917646558;FBDV/iPhone17,1;FBMD/iPhone;FBSN/iOS;FBSV/26.3.1;FBSS/3;FBID/phone;FBLC/fr_FR;FBOP/5;FBRV/922259908;IABMV/1]"
95.182.138.181 - - [29/Mar/2026:15:30:59 +0000] "GET /wp-content/uploads/2023/06/Crystal7.webp HTTP/1.1" 200 28498 "https://www.sunra.be/our-models/crystal-2/" "Mozilla/5.0 (iPhone; CPU iPhone OS 26_3_1 like Mac OS X) AppleWebKit/605.1.15 (KHTML, like Gecko) Mobile/23D8133 Safari/604.1 [FBAN/FBIOS;FBAV/554.0.0.38.78;FBBV/917646558;FBDV/iPhone17,1;FBMD/iPhone;FBSN/iOS;FBSV/26.3.1;FBSS/3;FBID/phone;FBLC/fr_FR;FBOP/5;FBRV/922259908;IABMV/1]"
95.182.138.181 - - [29/Mar/2026:15:30:59 +0000] "GET /wp-content/uploads/2023/06/Crystal6.webp HTTP/1.1" 200 29020 "https://www.sunra.be/our-models/crystal-2/" "Mozilla/5.0 (iPhone; CPU iPhone OS 26_3_1 like Mac OS X) AppleWebKit/605.1.15 (KHTML, like Gecko) Mobile/23D8133 Safari/604.1 [FBAN/FBIOS;FBAV/554.0.0.38.78;FBBV/917646558;FBDV/iPhone17,1;FBMD/iPhone;FBSN/iOS;FBSV/26.3.1;FBSS/3;FBID/phone;FBLC/fr_FR;FBOP/5;FBRV/922259908;IABMV/1]"
95.182.138.181 - - [29/Mar/2026:15:30:59 +0000] "GET /wp-content/uploads/2023/06/Crystal8.webp HTTP/1.1" 200 28214 "https://www.sunra.be/our-models/crystal-2/" "Mozilla/5.0 (iPhone; CPU iPhone OS 26_3_1 like Mac OS X) AppleWebKit/605.1.15 (KHTML, like Gecko) Mobile/23D8133 Safari/604.1 [FBAN/FBIOS;FBAV/554.0.0.38.78;FBBV/917646558;FBDV/iPhone17,1;FBMD/iPhone;FBSN/iOS;FBSV/26.3.1;FBSS/3;FBID/phone;FBLC/fr_FR;FBOP/5;FBRV/922259908;IABMV/1]"
95.182.138.181 - - [29/Mar/2026:15:30:59 +0000] "GET /wp-content/uploads/2023/06/Crystal11.webp HTTP/1.1" 200 39196 "https://www.sunra.be/our-models/crystal-2/" "Mozilla/5.0 (iPhone; CPU iPhone OS 26_3_1 like Mac OS X) AppleWebKit/605.1.15 (KHTML, like Gecko) Mobile/23D8133 Safari/604.1 [FBAN/FBIOS;FBAV/554.0.0.38.78;FBBV/917646558;FBDV/iPhone17,1;FBMD/iPhone;FBSN/iOS;FBSV/26.3.1;FBSS/3;FBID/phone;FBLC/fr_FR;FBOP/5;FBRV/922259908;IABMV/1]"
95.182.138.181 - - [29/Mar/2026:15:31:00 +0000] "GET /wp-content/uploads/2023/06/Crystal5.webp HTTP/1.1" 200 18392 "https://www.sunra.be/our-models/crystal-2/" "Mozilla/5.0 (iPhone; CPU iPhone OS 26_3_1 like Mac OS X) AppleWebKit/605.1.15 (KHTML, like Gecko) Mobile/23D8133 Safari/604.1 [FBAN/FBIOS;FBAV/554.0.0.38.78;FBBV/917646558;FBDV/iPhone17,1;FBMD/iPhone;FBSN/iOS;FBSV/26.3.1;FBSS/3;FBID/phone;FBLC/fr_FR;FBOP/5;FBRV/922259908;IABMV/1]"
95.182.138.181 - - [29/Mar/2026:15:30:59 +0000] "GET /our-models/crystal-2/assets/styles.css HTTP/1.1" 404 37552 "https://www.sunra.be/our-models/crystal-2/" "Mozilla/5.0 (iPhone; CPU iPhone OS 26_3_1 like Mac OS X) AppleWebKit/605.1.15 (KHTML, like Gecko) Mobile/23D8133 Safari/604.1 [FBAN/FBIOS;FBAV/554.0.0.38.78;FBBV/917646558;FBDV/iPhone17,1;FBMD/iPhone;FBSN/iOS;FBSV/26.3.1;FBSS/3;FBID/phone;FBLC/fr_FR;FBOP/5;FBRV/922259908;IABMV/1]"
216.73.216.217 - - [29/Mar/2026:15:30:59 +0000] "GET /shop/willower/ciboria06485268099.shtm HTTP/1.1" 404 38891 "https://sunra.be/shop/willower/ciboria06485268099.shtm" "Mozilla/5.0 AppleWebKit/537.36 (KHTML, like Gecko; compatible; ClaudeBot/1.0; +claudebot@anthropic.com)"
114.119.151.83 - - [29/Mar/2026:15:31:07 +0000] "GET /shop/joining/uncarnate064157482875.shtm HTTP/1.1" 301 - "https://sunra.be/?sitemap869.xml" "Mozilla/5.0 (Linux; Android 7.0;) AppleWebKit/537.36 (KHTML, like Gecko) Mobile Safari/537.36 (compatible; PetalBot;+https://webmaster.petalsearch.com/site/petalbot)"
47.82.11.123 - - [29/Mar/2026:15:31:15 +0000] "GET /?u=2851849804504&channel=2b0a85&from=category-info.php?id%3D498045-10466%26name%3DBROMPTON%E3%80%80%E7%94%A8%E3%80%80MINI+P%E3%83%8F%E3%83%B3%E3%83%89%E3%83%AB%E3%83%90%E3%83%BC%E3%80%80%E6%96%B0%E5%93%81%E3%80%80%E3%82%B7%E3%83%AB%E3%83%90%E3%83%BC HTTP/1.1" 301 - "https://sunra.be/" "Mozilla/5.0 (Windows NT 10.0; Win64; x64) AppleWebKit/537.36 (KHTML, like Gecko) Chrome/135.0.0.0 Safari/537.36 Edg/135.0.0.0"
47.82.11.123 - - [29/Mar/2026:15:31:17 +0000] "GET /?u=2851849804504&channel=2b0a85&from=category-info.php?id%3D498045-10466%26name%3DBROMPTON%E3%80%80%E7%94%A8%E3%80%80MINI%20P%E3%83%8F%E3%83%B3%E3%83%89%E3%83%AB%E3%83%90%E3%83%BC%E3%80%80%E6%96%B0%E5%93%81%E3%80%80%E3%82%B7%E3%83%AB%E3%83%90%E3%83%BC HTTP/1.1" 301 - "https://sunra.be/" "Mozilla/5.0 (Windows NT 10.0; Win64; x64) AppleWebKit/537.36 (KHTML, like Gecko) Chrome/135.0.0.0 Safari/537.36 Edg/135.0.0.0"
40.77.167.116 - - [29/Mar/2026:15:31:22 +0000] "GET /shop/cadmic/print042160373738.shtml HTTP/1.1" 200 213993 "-" "Mozilla/5.0 AppleWebKit/537.36 (KHTML, like Gecko; compatible; bingbot/2.0; +http://www.bing.com/bingbot.htm) Chrome/116.0.1938.76 Safari/537.36"
202.76.175.159 - - [29/Mar/2026:15:31:22 +0000] "GET /shop/beggaring/melancholian05876464716.shtm HTTP/1.1" 404 38903 "-" "Mozilla/5.0 (Macintosh; Intel Mac OS X 14_3_1) AppleWebKit/537.36 (KHTML, like Gecko) Chrome/131.0.6778.204 Safari/537.36"
47.82.11.130 - - [29/Mar/2026:15:31:29 +0000] "GET /?u=71673168244104&channel=5d7fe4&from=product.php?id%3D1682441-14183%26name%3DLa+Sportiva+%E3%83%A1%E3%83%B3%E3%82%BA+Bushido+II+%E3%83%88%E3%83%AC%E3%82%A4%E3%83%AB%E3%83%A9%E3%83%B3%E3%83%8B%E3%83%B3%E3%82%B0%E3%82%B7%E3%83%A5%E3%83%BC%E3%82%BA HTTP/1.1" 301 - "https://sunra.be/" "Mozilla/5.0 (Macintosh; Intel Mac OS X 10_15_7) AppleWebKit/537.36 (KHTML, like Gecko) Chrome/134.0.0.0 Safari/537.36"
216.73.216.217 - - [29/Mar/2026:15:31:29 +0000] "GET /shop/presumptively/codling06332319711.shtm HTTP/1.1" 301 - "-" "Mozilla/5.0 AppleWebKit/537.36 (KHTML, like Gecko; compatible; ClaudeBot/1.0; +claudebot@anthropic.com)"
216.73.216.217 - - [29/Mar/2026:15:31:31 +0000] "GET /shop/presumptively/codling06332319711.shtm HTTP/1.1" 404 38901 "https://sunra.be/shop/presumptively/codling06332319711.shtm" "Mozilla/5.0 AppleWebKit/537.36 (KHTML, like Gecko; compatible; ClaudeBot/1.0; +claudebot@anthropic.com)"
47.82.11.130 - - [29/Mar/2026:15:31:31 +0000] "GET /?u=71673168244104&channel=5d7fe4&from=product.php?id%3D1682441-14183%26name%3DLa%20Sportiva%20%E3%83%A1%E3%83%B3%E3%82%BA%20Bushido%20II%20%E3%83%88%E3%83%AC%E3%82%A4%E3%83%AB%E3%83%A9%E3%83%B3%E3%83%8B%E3%83%B3%E3%82%B0%E3%82%B7%E3%83%A5%E3%83%BC%E3%82%BA HTTP/1.1" 301 - "https://sunra.be/" "Mozilla/5.0 (Macintosh; Intel Mac OS X 10_15_7) AppleWebKit/537.36 (KHTML, like Gecko) Chrome/134.0.0.0 Safari/537.36"
113.174.147.84 - - [29/Mar/2026:15:31:38 +0000] "GET /shop/alomancy/hierographical002735683746.shtm HTTP/1.1" 301 - "-" "Mozilla/5.0 (Macintosh; Intel Mac OS X 15.1; rv:133.0) Gecko/20100101 Firefox/133.0"
95.182.138.181 - - [29/Mar/2026:15:31:38 +0000] "GET /our-models/robo/ HTTP/1.1" 200 101520 "https://www.sunra.be/our-models/crystal-2/" "Mozilla/5.0 (iPhone; CPU iPhone OS 26_3_1 like Mac OS X) AppleWebKit/605.1.15 (KHTML, like Gecko) Mobile/23D8133 Safari/604.1 [FBAN/FBIOS;FBAV/554.0.0.38.78;FBBV/917646558;FBDV/iPhone17,1;FBMD/iPhone;FBSN/iOS;FBSV/26.3.1;FBSS/3;FBID/phone;FBLC/fr_FR;FBOP/5;FBRV/922259908;IABMV/1]"
95.182.138.181 - - [29/Mar/2026:15:31:40 +0000] "GET /wp-content/themes/sunra/style.css?t=1774798300&ver=6.9.4 HTTP/1.1" 200 24715 "https://www.sunra.be/our-models/robo/" "Mozilla/5.0 (iPhone; CPU iPhone OS 26_3_1 like Mac OS X) AppleWebKit/605.1.15 (KHTML, like Gecko) Mobile/23D8133 Safari/604.1 [FBAN/FBIOS;FBAV/554.0.0.38.78;FBBV/917646558;FBDV/iPhone17,1;FBMD/iPhone;FBSN/iOS;FBSV/26.3.1;FBSS/3;FBID/phone;FBLC/fr_FR;FBOP/5;FBRV/922259908;IABMV/1]"
95.182.138.181 - - [29/Mar/2026:15:31:40 +0000] "GET /wp-content/uploads/2023/06/Untitled-4-02-3.jpg HTTP/1.1" 200 675397 "https://www.sunra.be/our-models/robo/" "Mozilla/5.0 (iPhone; CPU iPhone OS 26_3_1 like Mac OS X) AppleWebKit/605.1.15 (KHTML, like Gecko) Mobile/23D8133 Safari/604.1 [FBAN/FBIOS;FBAV/554.0.0.38.78;FBBV/917646558;FBDV/iPhone17,1;FBMD/iPhone;FBSN/iOS;FBSV/26.3.1;FBSS/3;FBID/phone;FBLC/fr_FR;FBOP/5;FBRV/922259908;IABMV/1]"
95.182.138.181 - - [29/Mar/2026:15:31:40 +0000] "GET /wp-content/uploads/2023/06/Untitled-4-01-3.jpg HTTP/1.1" 200 704870 "https://www.sunra.be/our-models/robo/" "Mozilla/5.0 (iPhone; CPU iPhone OS 26_3_1 like Mac OS X) AppleWebKit/605.1.15 (KHTML, like Gecko) Mobile/23D8133 Safari/604.1 [FBAN/FBIOS;FBAV/554.0.0.38.78;FBBV/917646558;FBDV/iPhone17,1;FBMD/iPhone;FBSN/iOS;FBSV/26.3.1;FBSS/3;FBID/phone;FBLC/fr_FR;FBOP/5;FBRV/922259908;IABMV/1]"
95.182.138.181 - - [29/Mar/2026:15:31:40 +0000] "GET /wp-content/uploads/2023/06/ROBO-S.mp4 HTTP/1.1" 206 2 "https://www.sunra.be/our-models/robo/" "Mozilla/5.0 (iPhone; CPU iPhone OS 26_3_1 like Mac OS X) AppleWebKit/605.1.15 (KHTML, like Gecko) Mobile/23D8133 Safari/604.1 [FBAN/FBIOS;FBAV/554.0.0.38.78;FBBV/917646558;FBDV/iPhone17,1;FBMD/iPhone;FBSN/iOS;FBSV/26.3.1;FBSS/3;FBID/phone;FBLC/fr_FR;FBOP/5;FBRV/922259908;IABMV/1]"
95.182.138.181 - - [29/Mar/2026:15:31:40 +0000] "GET /wp-content/uploads/2023/06/Untitled-4-03-3.jpg HTTP/1.1" 200 911144 "https://www.sunra.be/our-models/robo/" "Mozilla/5.0 (iPhone; CPU iPhone OS 26_3_1 like Mac OS X) AppleWebKit/605.1.15 (KHTML, like Gecko) Mobile/23D8133 Safari/604.1 [FBAN/FBIOS;FBAV/554.0.0.38.78;FBBV/917646558;FBDV/iPhone17,1;FBMD/iPhone;FBSN/iOS;FBSV/26.3.1;FBSS/3;FBID/phone;FBLC/fr_FR;FBOP/5;FBRV/922259908;IABMV/1]"
95.182.138.181 - - [29/Mar/2026:15:31:40 +0000] "GET /wp-content/uploads/2023/06/robo_che1-1-2.webp HTTP/1.1" 200 112550 "https://www.sunra.be/" "Mozilla/5.0 (iPhone; CPU iPhone OS 26_3_1 like Mac OS X) AppleWebKit/605.1.15 (KHTML, like Gecko) Mobile/23D8133 Safari/604.1 [FBAN/FBIOS;FBAV/554.0.0.38.78;FBBV/917646558;FBDV/iPhone17,1;FBMD/iPhone;FBSN/iOS;FBSV/26.3.1;FBSS/3;FBID/phone;FBLC/fr_FR;FBOP/5;FBRV/922259908;IABMV/1]"
95.182.138.181 - - [29/Mar/2026:15:31:40 +0000] "GET /wp-content/uploads/2023/06/specs-Bg-robos-01.jpg HTTP/1.1" 200 105609 "https://www.sunra.be/our-models/robo/" "Mozilla/5.0 (iPhone; CPU iPhone OS 26_3_1 like Mac OS X) AppleWebKit/605.1.15 (KHTML, like Gecko) Mobile/23D8133 Safari/604.1 [FBAN/FBIOS;FBAV/554.0.0.38.78;FBBV/917646558;FBDV/iPhone17,1;FBMD/iPhone;FBSN/iOS;FBSV/26.3.1;FBSS/3;FBID/phone;FBLC/fr_FR;FBOP/5;FBRV/922259908;IABMV/1]"
95.182.138.181 - - [29/Mar/2026:15:31:40 +0000] "GET /wp-content/uploads/2023/06/ROBO-S.mp4 HTTP/1.1" 206 64986 "https://www.sunra.be/our-models/robo/" "Mozilla/5.0 (iPhone; CPU iPhone OS 26_3_1 like Mac OS X) AppleWebKit/605.1.15 (KHTML, like Gecko) Mobile/23D8133 Safari/604.1 [FBAN/FBIOS;FBAV/554.0.0.38.78;FBBV/917646558;FBDV/iPhone17,1;FBMD/iPhone;FBSN/iOS;FBSV/26.3.1;FBSS/3;FBID/phone;FBLC/fr_FR;FBOP/5;FBRV/922259908;IABMV/1]"
95.182.138.181 - - [29/Mar/2026:15:31:40 +0000] "GET /wp-content/uploads/2023/06/ROBO-S.mp4 HTTP/1.1" 206 15400410 "https://www.sunra.be/our-models/robo/" "Mozilla/5.0 (iPhone; CPU iPhone OS 26_3_1 like Mac OS X) AppleWebKit/605.1.15 (KHTML, like Gecko) Mobile/23D8133 Safari/604.1 [FBAN/FBIOS;FBAV/554.0.0.38.78;FBBV/917646558;FBDV/iPhone17,1;FBMD/iPhone;FBSN/iOS;FBSV/26.3.1;FBSS/3;FBID/phone;FBLC/fr_FR;FBOP/5;FBRV/922259908;IABMV/1]"
95.182.138.181 - - [29/Mar/2026:15:31:40 +0000] "GET /wp-content/uploads/2023/06/Untitled-4-05-2.jpg HTTP/1.1" 200 670131 "https://www.sunra.be/our-models/robo/" "Mozilla/5.0 (iPhone; CPU iPhone OS 26_3_1 like Mac OS X) AppleWebKit/605.1.15 (KHTML, like Gecko) Mobile/23D8133 Safari/604.1 [FBAN/FBIOS;FBAV/554.0.0.38.78;FBBV/917646558;FBDV/iPhone17,1;FBMD/iPhone;FBSN/iOS;FBSV/26.3.1;FBSS/3;FBID/phone;FBLC/fr_FR;FBOP/5;FBRV/922259908;IABMV/1]"
95.182.138.181 - - [29/Mar/2026:15:31:40 +0000] "GET /wp-content/uploads/2023/06/Untitled-4-04-3.jpg HTTP/1.1" 200 594765 "https://www.sunra.be/our-models/robo/" "Mozilla/5.0 (iPhone; CPU iPhone OS 26_3_1 like Mac OS X) AppleWebKit/605.1.15 (KHTML, like Gecko) Mobile/23D8133 Safari/604.1 [FBAN/FBIOS;FBAV/554.0.0.38.78;FBBV/917646558;FBDV/iPhone17,1;FBMD/iPhone;FBSN/iOS;FBSV/26.3.1;FBSS/3;FBID/phone;FBLC/fr_FR;FBOP/5;FBRV/922259908;IABMV/1]"
95.182.138.181 - - [29/Mar/2026:15:31:40 +0000] "GET /wp-content/uploads/2023/06/1-ROBO-3.png HTTP/1.1" 200 270355 "https://www.sunra.be/" "Mozilla/5.0 (iPhone; CPU iPhone OS 26_3_1 like Mac OS X) AppleWebKit/605.1.15 (KHTML, like Gecko) Mobile/23D8133 Safari/604.1 [FBAN/FBIOS;FBAV/554.0.0.38.78;FBBV/917646558;FBDV/iPhone17,1;FBMD/iPhone;FBSN/iOS;FBSV/26.3.1;FBSS/3;FBID/phone;FBLC/fr_FR;FBOP/5;FBRV/922259908;IABMV/1]"
95.182.138.181 - - [29/Mar/2026:15:31:40 +0000] "GET /wp-content/uploads/2023/06/ROBO-S.mp4 HTTP/1.1" 206 15255533 "https://www.sunra.be/our-models/robo/" "Mozilla/5.0 (iPhone; CPU iPhone OS 26_3_1 like Mac OS X) AppleWebKit/605.1.15 (KHTML, like Gecko) Mobile/23D8133 Safari/604.1 [FBAN/FBIOS;FBAV/554.0.0.38.78;FBBV/917646558;FBDV/iPhone17,1;FBMD/iPhone;FBSN/iOS;FBSV/26.3.1;FBSS/3;FBID/phone;FBLC/fr_FR;FBOP/5;FBRV/922259908;IABMV/1]"
95.182.138.181 - - [29/Mar/2026:15:31:41 +0000] "GET /wp-content/uploads/2023/06/ROBO-4-1.png HTTP/1.1" 200 148104 "https://www.sunra.be/our-models/robo/" "Mozilla/5.0 (iPhone; CPU iPhone OS 26_3_1 like Mac OS X) AppleWebKit/605.1.15 (KHTML, like Gecko) Mobile/23D8133 Safari/604.1 [FBAN/FBIOS;FBAV/554.0.0.38.78;FBBV/917646558;FBDV/iPhone17,1;FBMD/iPhone;FBSN/iOS;FBSV/26.3.1;FBSS/3;FBID/phone;FBLC/fr_FR;FBOP/5;FBRV/922259908;IABMV/1]"
95.182.138.181 - - [29/Mar/2026:15:31:41 +0000] "GET /wp-content/uploads/2023/06/ROBO-5.png HTTP/1.1" 200 167086 "https://www.sunra.be/our-models/robo/" "Mozilla/5.0 (iPhone; CPU iPhone OS 26_3_1 like Mac OS X) AppleWebKit/605.1.15 (KHTML, like Gecko) Mobile/23D8133 Safari/604.1 [FBAN/FBIOS;FBAV/554.0.0.38.78;FBBV/917646558;FBDV/iPhone17,1;FBMD/iPhone;FBSN/iOS;FBSV/26.3.1;FBSS/3;FBID/phone;FBLC/fr_FR;FBOP/5;FBRV/922259908;IABMV/1]"
95.182.138.181 - - [29/Mar/2026:15:31:41 +0000] "GET /wp-content/uploads/2023/06/ROBO-1.png HTTP/1.1" 200 199882 "https://www.sunra.be/our-models/robo/" "Mozilla/5.0 (iPhone; CPU iPhone OS 26_3_1 like Mac OS X) AppleWebKit/605.1.15 (KHTML, like Gecko) Mobile/23D8133 Safari/604.1 [FBAN/FBIOS;FBAV/554.0.0.38.78;FBBV/917646558;FBDV/iPhone17,1;FBMD/iPhone;FBSN/iOS;FBSV/26.3.1;FBSS/3;FBID/phone;FBLC/fr_FR;FBOP/5;FBRV/922259908;IABMV/1]"
95.182.138.181 - - [29/Mar/2026:15:31:41 +0000] "GET /wp-content/uploads/2023/06/ROBO-8.png HTTP/1.1" 200 267523 "https://www.sunra.be/our-models/robo/" "Mozilla/5.0 (iPhone; CPU iPhone OS 26_3_1 like Mac OS X) AppleWebKit/605.1.15 (KHTML, like Gecko) Mobile/23D8133 Safari/604.1 [FBAN/FBIOS;FBAV/554.0.0.38.78;FBBV/917646558;FBDV/iPhone17,1;FBMD/iPhone;FBSN/iOS;FBSV/26.3.1;FBSS/3;FBID/phone;FBLC/fr_FR;FBOP/5;FBRV/922259908;IABMV/1]"
95.182.138.181 - - [29/Mar/2026:15:31:41 +0000] "GET /wp-content/uploads/2023/06/ROBO-7.png HTTP/1.1" 200 276180 "https://www.sunra.be/our-models/robo/" "Mozilla/5.0 (iPhone; CPU iPhone OS 26_3_1 like Mac OS X) AppleWebKit/605.1.15 (KHTML, like Gecko) Mobile/23D8133 Safari/604.1 [FBAN/FBIOS;FBAV/554.0.0.38.78;FBBV/917646558;FBDV/iPhone17,1;FBMD/iPhone;FBSN/iOS;FBSV/26.3.1;FBSS/3;FBID/phone;FBLC/fr_FR;FBOP/5;FBRV/922259908;IABMV/1]"
95.182.138.181 - - [29/Mar/2026:15:31:41 +0000] "GET /wp-content/uploads/2023/06/ROBO-3.png HTTP/1.1" 200 256378 "https://www.sunra.be/our-models/robo/" "Mozilla/5.0 (iPhone; CPU iPhone OS 26_3_1 like Mac OS X) AppleWebKit/605.1.15 (KHTML, like Gecko) Mobile/23D8133 Safari/604.1 [FBAN/FBIOS;FBAV/554.0.0.38.78;FBBV/917646558;FBDV/iPhone17,1;FBMD/iPhone;FBSN/iOS;FBSV/26.3.1;FBSS/3;FBID/phone;FBLC/fr_FR;FBOP/5;FBRV/922259908;IABMV/1]"
95.182.138.181 - - [29/Mar/2026:15:31:41 +0000] "GET /our-models/robo/assets/styles.css HTTP/1.1" 404 37542 "https://www.sunra.be/our-models/robo/" "Mozilla/5.0 (iPhone; CPU iPhone OS 26_3_1 like Mac OS X) AppleWebKit/605.1.15 (KHTML, like Gecko) Mobile/23D8133 Safari/604.1 [FBAN/FBIOS;FBAV/554.0.0.38.78;FBBV/917646558;FBDV/iPhone17,1;FBMD/iPhone;FBSN/iOS;FBSV/26.3.1;FBSS/3;FBID/phone;FBLC/fr_FR;FBOP/5;FBRV/922259908;IABMV/1]"
185.169.7.180 - - [29/Mar/2026:15:31:42 +0000] "GET /shop/alomancy/hierographical002735683746.shtm HTTP/1.1" 404 38907 "-" "Mozilla/5.0 (Macintosh; Intel Mac OS X 15.1; rv:133.0) Gecko/20100101 Firefox/133.0"
143.20.253.189 - - [29/Mar/2026:15:31:54 +0000] "GET /spareparts/footrest-panel-r/feed/ HTTP/1.1" 200 834 "-" "Mozilla/5.0 (Macintosh; Intel Mac OS X 10_15_7) AppleWebKit/537.36 (KHTML, like Gecko) Chrome/135.0.0.0 Safari/537.36"
217.182.68.102 - - [29/Mar/2026:15:31:56 +0000] "POST /wp-cron.php?doing_wp_cron=1774798316.4127819538116455078125 HTTP/1.1" 200 - "-" "WordPress/6.9.4; https://www.sunra.be"
95.182.138.181 - - [29/Mar/2026:15:31:58 +0000] "GET /our-models/hawk/ HTTP/1.1" 200 100923 "https://www.sunra.be/our-models/robo/" "Mozilla/5.0 (iPhone; CPU iPhone OS 26_3_1 like Mac OS X) AppleWebKit/605.1.15 (KHTML, like Gecko) Mobile/23D8133 Safari/604.1 [FBAN/FBIOS;FBAV/554.0.0.38.78;FBBV/917646558;FBDV/iPhone17,1;FBMD/iPhone;FBSN/iOS;FBSV/26.3.1;FBSS/3;FBID/phone;FBLC/fr_FR;FBOP/5;FBRV/922259908;IABMV/1]"
95.182.138.181 - - [29/Mar/2026:15:32:00 +0000] "GET /wp-content/themes/sunra/style.css?t=1774798320&ver=6.9.4 HTTP/1.1" 200 24715 "https://www.sunra.be/our-models/hawk/" "Mozilla/5.0 (iPhone; CPU iPhone OS 26_3_1 like Mac OS X) AppleWebKit/605.1.15 (KHTML, like Gecko) Mobile/23D8133 Safari/604.1 [FBAN/FBIOS;FBAV/554.0.0.38.78;FBBV/917646558;FBDV/iPhone17,1;FBMD/iPhone;FBSN/iOS;FBSV/26.3.1;FBSS/3;FBID/phone;FBLC/fr_FR;FBOP/5;FBRV/922259908;IABMV/1]"
95.182.138.181 - - [29/Mar/2026:15:32:00 +0000] "GET /wp-content/uploads/2023/06/Untitled-4-02-1.jpg HTTP/1.1" 200 710212 "https://www.sunra.be/our-models/hawk/" "Mozilla/5.0 (iPhone; CPU iPhone OS 26_3_1 like Mac OS X) AppleWebKit/605.1.15 (KHTML, like Gecko) Mobile/23D8133 Safari/604.1 [FBAN/FBIOS;FBAV/554.0.0.38.78;FBBV/917646558;FBDV/iPhone17,1;FBMD/iPhone;FBSN/iOS;FBSV/26.3.1;FBSS/3;FBID/phone;FBLC/fr_FR;FBOP/5;FBRV/922259908;IABMV/1]"
95.182.138.181 - - [29/Mar/2026:15:32:00 +0000] "GET /wp-content/uploads/2023/06/Untitled-4-01-1.jpg HTTP/1.1" 200 786827 "https://www.sunra.be/our-models/hawk/" "Mozilla/5.0 (iPhone; CPU iPhone OS 26_3_1 like Mac OS X) AppleWebKit/605.1.15 (KHTML, like Gecko) Mobile/23D8133 Safari/604.1 [FBAN/FBIOS;FBAV/554.0.0.38.78;FBBV/917646558;FBDV/iPhone17,1;FBMD/iPhone;FBSN/iOS;FBSV/26.3.1;FBSS/3;FBID/phone;FBLC/fr_FR;FBOP/5;FBRV/922259908;IABMV/1]"
95.182.138.181 - - [29/Mar/2026:15:32:00 +0000] "GET /wp-content/uploads/2023/06/Hawk.mp4 HTTP/1.1" 206 2 "https://www.sunra.be/our-models/hawk/" "Mozilla/5.0 (iPhone; CPU iPhone OS 26_3_1 like Mac OS X) AppleWebKit/605.1.15 (KHTML, like Gecko) Mobile/23D8133 Safari/604.1 [FBAN/FBIOS;FBAV/554.0.0.38.78;FBBV/917646558;FBDV/iPhone17,1;FBMD/iPhone;FBSN/iOS;FBSV/26.3.1;FBSS/3;FBID/phone;FBLC/fr_FR;FBOP/5;FBRV/922259908;IABMV/1]"
95.182.138.181 - - [29/Mar/2026:15:32:00 +0000] "GET /wp-content/uploads/2023/06/Untitled-4-03-1.jpg HTTP/1.1" 200 863096 "https://www.sunra.be/our-models/hawk/" "Mozilla/5.0 (iPhone; CPU iPhone OS 26_3_1 like Mac OS X) AppleWebKit/605.1.15 (KHTML, like Gecko) Mobile/23D8133 Safari/604.1 [FBAN/FBIOS;FBAV/554.0.0.38.78;FBBV/917646558;FBDV/iPhone17,1;FBMD/iPhone;FBSN/iOS;FBSV/26.3.1;FBSS/3;FBID/phone;FBLC/fr_FR;FBOP/5;FBRV/922259908;IABMV/1]"
95.182.138.181 - - [29/Mar/2026:15:32:01 +0000] "GET /wp-content/uploads/2023/06/Hawk9-1.webp HTTP/1.1" 200 40998 "https://www.sunra.be/" "Mozilla/5.0 (iPhone; CPU iPhone OS 26_3_1 like Mac OS X) AppleWebKit/605.1.15 (KHTML, like Gecko) Mobile/23D8133 Safari/604.1 [FBAN/FBIOS;FBAV/554.0.0.38.78;FBBV/917646558;FBDV/iPhone17,1;FBMD/iPhone;FBSN/iOS;FBSV/26.3.1;FBSS/3;FBID/phone;FBLC/fr_FR;FBOP/5;FBRV/922259908;IABMV/1]"
95.182.138.181 - - [29/Mar/2026:15:32:01 +0000] "GET /wp-content/uploads/2023/06/Hawk.mp4 HTTP/1.1" 206 4534930 "https://www.sunra.be/our-models/hawk/" "Mozilla/5.0 (iPhone; CPU iPhone OS 26_3_1 like Mac OS X) AppleWebKit/605.1.15 (KHTML, like Gecko) Mobile/23D8133 Safari/604.1 [FBAN/FBIOS;FBAV/554.0.0.38.78;FBBV/917646558;FBDV/iPhone17,1;FBMD/iPhone;FBSN/iOS;FBSV/26.3.1;FBSS/3;FBID/phone;FBLC/fr_FR;FBOP/5;FBRV/922259908;IABMV/1]"
95.182.138.181 - - [29/Mar/2026:15:32:01 +0000] "GET /wp-content/uploads/2023/06/specs-Bg-hawk-01.jpg HTTP/1.1" 200 266174 "https://www.sunra.be/our-models/hawk/" "Mozilla/5.0 (iPhone; CPU iPhone OS 26_3_1 like Mac OS X) AppleWebKit/605.1.15 (KHTML, like Gecko) Mobile/23D8133 Safari/604.1 [FBAN/FBIOS;FBAV/554.0.0.38.78;FBBV/917646558;FBDV/iPhone17,1;FBMD/iPhone;FBSN/iOS;FBSV/26.3.1;FBSS/3;FBID/phone;FBLC/fr_FR;FBOP/5;FBRV/922259908;IABMV/1]"
95.182.138.181 - - [29/Mar/2026:15:32:01 +0000] "GET /wp-content/uploads/2023/06/Hawk10-1.webp HTTP/1.1" 200 39794 "https://www.sunra.be/" "Mozilla/5.0 (iPhone; CPU iPhone OS 26_3_1 like Mac OS X) AppleWebKit/605.1.15 (KHTML, like Gecko) Mobile/23D8133 Safari/604.1 [FBAN/FBIOS;FBAV/554.0.0.38.78;FBBV/917646558;FBDV/iPhone17,1;FBMD/iPhone;FBSN/iOS;FBSV/26.3.1;FBSS/3;FBID/phone;FBLC/fr_FR;FBOP/5;FBRV/922259908;IABMV/1]"
95.182.138.181 - - [29/Mar/2026:15:32:01 +0000] "GET /wp-content/uploads/2023/06/Hawk11-1.webp HTTP/1.1" 200 42132 "https://www.sunra.be/" "Mozilla/5.0 (iPhone; CPU iPhone OS 26_3_1 like Mac OS X) AppleWebKit/605.1.15 (KHTML, like Gecko) Mobile/23D8133 Safari/604.1 [FBAN/FBIOS;FBAV/554.0.0.38.78;FBBV/917646558;FBDV/iPhone17,1;FBMD/iPhone;FBSN/iOS;FBSV/26.3.1;FBSS/3;FBID/phone;FBLC/fr_FR;FBOP/5;FBRV/922259908;IABMV/1]"
95.182.138.181 - - [29/Mar/2026:15:32:01 +0000] "GET /wp-content/uploads/2023/06/mk_left-1.webp HTTP/1.1" 200 44724 "https://www.sunra.be/" "Mozilla/5.0 (iPhone; CPU iPhone OS 26_3_1 like Mac OS X) AppleWebKit/605.1.15 (KHTML, like Gecko) Mobile/23D8133 Safari/604.1 [FBAN/FBIOS;FBAV/554.0.0.38.78;FBBV/917646558;FBDV/iPhone17,1;FBMD/iPhone;FBSN/iOS;FBSV/26.3.1;FBSS/3;FBID/phone;FBLC/fr_FR;FBOP/5;FBRV/922259908;IABMV/1]"
95.182.138.181 - - [29/Mar/2026:15:32:01 +0000] "GET /wp-content/uploads/2023/06/Untitled-4-04-1.jpg HTTP/1.1" 200 791305 "https://www.sunra.be/our-models/hawk/" "Mozilla/5.0 (iPhone; CPU iPhone OS 26_3_1 like Mac OS X) AppleWebKit/605.1.15 (KHTML, like Gecko) Mobile/23D8133 Safari/604.1 [FBAN/FBIOS;FBAV/554.0.0.38.78;FBBV/917646558;FBDV/iPhone17,1;FBMD/iPhone;FBSN/iOS;FBSV/26.3.1;FBSS/3;FBID/phone;FBLC/fr_FR;FBOP/5;FBRV/922259908;IABMV/1]"
95.182.138.181 - - [29/Mar/2026:15:32:01 +0000] "GET /wp-content/uploads/2023/06/Untitled-4-05-1.jpg HTTP/1.1" 200 1116422 "https://www.sunra.be/our-models/hawk/" "Mozilla/5.0 (iPhone; CPU iPhone OS 26_3_1 like Mac OS X) AppleWebKit/605.1.15 (KHTML, like Gecko) Mobile/23D8133 Safari/604.1 [FBAN/FBIOS;FBAV/554.0.0.38.78;FBBV/917646558;FBDV/iPhone17,1;FBMD/iPhone;FBSN/iOS;FBSV/26.3.1;FBSS/3;FBID/phone;FBLC/fr_FR;FBOP/5;FBRV/922259908;IABMV/1]"
95.182.138.181 - - [29/Mar/2026:15:32:01 +0000] "GET /wp-content/uploads/2023/06/Hawk5.webp HTTP/1.1" 200 17218 "https://www.sunra.be/our-models/hawk/" "Mozilla/5.0 (iPhone; CPU iPhone OS 26_3_1 like Mac OS X) AppleWebKit/605.1.15 (KHTML, like Gecko) Mobile/23D8133 Safari/604.1 [FBAN/FBIOS;FBAV/554.0.0.38.78;FBBV/917646558;FBDV/iPhone17,1;FBMD/iPhone;FBSN/iOS;FBSV/26.3.1;FBSS/3;FBID/phone;FBLC/fr_FR;FBOP/5;FBRV/922259908;IABMV/1]"
95.182.138.181 - - [29/Mar/2026:15:32:01 +0000] "GET /wp-content/uploads/2023/06/Hawk6.webp HTTP/1.1" 200 38936 "https://www.sunra.be/our-models/hawk/" "Mozilla/5.0 (iPhone; CPU iPhone OS 26_3_1 like Mac OS X) AppleWebKit/605.1.15 (KHTML, like Gecko) Mobile/23D8133 Safari/604.1 [FBAN/FBIOS;FBAV/554.0.0.38.78;FBBV/917646558;FBDV/iPhone17,1;FBMD/iPhone;FBSN/iOS;FBSV/26.3.1;FBSS/3;FBID/phone;FBLC/fr_FR;FBOP/5;FBRV/922259908;IABMV/1]"
95.182.138.181 - - [29/Mar/2026:15:32:01 +0000] "GET /wp-content/uploads/2023/06/Hawk4.webp HTTP/1.1" 200 39820 "https://www.sunra.be/our-models/hawk/" "Mozilla/5.0 (iPhone; CPU iPhone OS 26_3_1 like Mac OS X) AppleWebKit/605.1.15 (KHTML, like Gecko) Mobile/23D8133 Safari/604.1 [FBAN/FBIOS;FBAV/554.0.0.38.78;FBBV/917646558;FBDV/iPhone17,1;FBMD/iPhone;FBSN/iOS;FBSV/26.3.1;FBSS/3;FBID/phone;FBLC/fr_FR;FBOP/5;FBRV/922259908;IABMV/1]"
95.182.138.181 - - [29/Mar/2026:15:32:01 +0000] "GET /wp-content/uploads/2023/06/Hawk3-1.webp HTTP/1.1" 200 30264 "https://www.sunra.be/our-models/hawk/" "Mozilla/5.0 (iPhone; CPU iPhone OS 26_3_1 like Mac OS X) AppleWebKit/605.1.15 (KHTML, like Gecko) Mobile/23D8133 Safari/604.1 [FBAN/FBIOS;FBAV/554.0.0.38.78;FBBV/917646558;FBDV/iPhone17,1;FBMD/iPhone;FBSN/iOS;FBSV/26.3.1;FBSS/3;FBID/phone;FBLC/fr_FR;FBOP/5;FBRV/922259908;IABMV/1]"
95.182.138.181 - - [29/Mar/2026:15:32:01 +0000] "GET /wp-content/uploads/2023/06/Hawk2.webp HTTP/1.1" 200 38984 "https://www.sunra.be/our-models/hawk/" "Mozilla/5.0 (iPhone; CPU iPhone OS 26_3_1 like Mac OS X) AppleWebKit/605.1.15 (KHTML, like Gecko) Mobile/23D8133 Safari/604.1 [FBAN/FBIOS;FBAV/554.0.0.38.78;FBBV/917646558;FBDV/iPhone17,1;FBMD/iPhone;FBSN/iOS;FBSV/26.3.1;FBSS/3;FBID/phone;FBLC/fr_FR;FBOP/5;FBRV/922259908;IABMV/1]"
95.182.138.181 - - [29/Mar/2026:15:32:01 +0000] "GET /wp-content/uploads/2023/06/Hawk1.webp HTTP/1.1" 200 33282 "https://www.sunra.be/our-models/hawk/" "Mozilla/5.0 (iPhone; CPU iPhone OS 26_3_1 like Mac OS X) AppleWebKit/605.1.15 (KHTML, like Gecko) Mobile/23D8133 Safari/604.1 [FBAN/FBIOS;FBAV/554.0.0.38.78;FBBV/917646558;FBDV/iPhone17,1;FBMD/iPhone;FBSN/iOS;FBSV/26.3.1;FBSS/3;FBID/phone;FBLC/fr_FR;FBOP/5;FBRV/922259908;IABMV/1]"
95.182.138.181 - - [29/Mar/2026:15:32:01 +0000] "GET /wp-content/uploads/2023/06/mk_left.webp HTTP/1.1" 200 44724 "https://www.sunra.be/our-models/hawk/" "Mozilla/5.0 (iPhone; CPU iPhone OS 26_3_1 like Mac OS X) AppleWebKit/605.1.15 (KHTML, like Gecko) Mobile/23D8133 Safari/604.1 [FBAN/FBIOS;FBAV/554.0.0.38.78;FBBV/917646558;FBDV/iPhone17,1;FBMD/iPhone;FBSN/iOS;FBSV/26.3.1;FBSS/3;FBID/phone;FBLC/fr_FR;FBOP/5;FBRV/922259908;IABMV/1]"
