104.197.234.136 - - [29/Mar/2026:17:26:39 +0000] "POST //xmlrpc.php HTTP/1.1" 200 408 "-" "Mozilla/5.0 (Windows NT 10.0; Win64; x64) AppleWebKit/537.36 (KHTML, like Gecko) Chrome/78.0.3904.108 Safari/537.36"
104.197.234.136 - - [29/Mar/2026:17:26:41 +0000] "POST //xmlrpc.php HTTP/1.1" 200 408 "-" "Mozilla/5.0 (Windows NT 10.0; Win64; x64) AppleWebKit/537.36 (KHTML, like Gecko) Chrome/78.0.3904.108 Safari/537.36"
104.197.234.136 - - [29/Mar/2026:17:26:42 +0000] "POST //xmlrpc.php HTTP/1.1" 200 408 "-" "Mozilla/5.0 (Windows NT 10.0; Win64; x64) AppleWebKit/537.36 (KHTML, like Gecko) Chrome/78.0.3904.108 Safari/537.36"
104.197.234.136 - - [29/Mar/2026:17:26:44 +0000] "POST //xmlrpc.php HTTP/1.1" 200 408 "-" "Mozilla/5.0 (Windows NT 10.0; Win64; x64) AppleWebKit/537.36 (KHTML, like Gecko) Chrome/78.0.3904.108 Safari/537.36"
104.197.234.136 - - [29/Mar/2026:17:26:46 +0000] "POST //xmlrpc.php HTTP/1.1" 200 408 "-" "Mozilla/5.0 (Windows NT 10.0; Win64; x64) AppleWebKit/537.36 (KHTML, like Gecko) Chrome/78.0.3904.108 Safari/537.36"
114.119.145.36 - - [29/Mar/2026:17:26:46 +0000] "GET /shop/intercur/pertinently06520737351.shtm HTTP/1.1" 301 - "https://sunra.be/?sitemap297.xml" "Mozilla/5.0 (Linux; Android 7.0;) AppleWebKit/537.36 (KHTML, like Gecko) Mobile Safari/537.36 (compatible; PetalBot;+https://webmaster.petalsearch.com/site/petalbot)"
104.197.234.136 - - [29/Mar/2026:17:26:47 +0000] "POST //xmlrpc.php HTTP/1.1" 200 408 "-" "Mozilla/5.0 (Windows NT 10.0; Win64; x64) AppleWebKit/537.36 (KHTML, like Gecko) Chrome/78.0.3904.108 Safari/537.36"
104.197.234.136 - - [29/Mar/2026:17:26:49 +0000] "POST //xmlrpc.php HTTP/1.1" 200 408 "-" "Mozilla/5.0 (Windows NT 10.0; Win64; x64) AppleWebKit/537.36 (KHTML, like Gecko) Chrome/78.0.3904.108 Safari/537.36"
104.197.234.136 - - [29/Mar/2026:17:26:50 +0000] "POST //xmlrpc.php HTTP/1.1" 200 408 "-" "Mozilla/5.0 (Windows NT 10.0; Win64; x64) AppleWebKit/537.36 (KHTML, like Gecko) Chrome/78.0.3904.108 Safari/537.36"
52.167.144.186 - - [29/Mar/2026:17:26:53 +0000] "GET /shop/drooled/asiphonea062331516634.shtml HTTP/1.1" 200 222245 "-" "Mozilla/5.0 AppleWebKit/537.36 (KHTML, like Gecko; compatible; bingbot/2.0; +http://www.bing.com/bingbot.htm) Chrome/116.0.1938.76 Safari/537.36"
104.197.234.136 - - [29/Mar/2026:17:26:52 +0000] "POST //xmlrpc.php HTTP/1.1" 200 408 "-" "Mozilla/5.0 (Windows NT 10.0; Win64; x64) AppleWebKit/537.36 (KHTML, like Gecko) Chrome/78.0.3904.108 Safari/537.36"
217.182.68.102 - - [29/Mar/2026:17:26:53 +0000] "POST /wp-cron.php?doing_wp_cron=1774805213.6471049785614013671875 HTTP/1.1" 200 - "-" "WordPress/6.9.4; https://www.sunra.be"
216.73.216.217 - - [29/Mar/2026:17:26:54 +0000] "GET /shop/scoriform/leucophaeus00899885238.shtm HTTP/1.1" 301 - "-" "Mozilla/5.0 AppleWebKit/537.36 (KHTML, like Gecko; compatible; ClaudeBot/1.0; +claudebot@anthropic.com)"
104.197.234.136 - - [29/Mar/2026:17:26:55 +0000] "POST //xmlrpc.php HTTP/1.1" 200 408 "-" "Mozilla/5.0 (Windows NT 10.0; Win64; x64) AppleWebKit/537.36 (KHTML, like Gecko) Chrome/78.0.3904.108 Safari/537.36"
216.73.216.217 - - [29/Mar/2026:17:26:56 +0000] "GET /shop/scoriform/leucophaeus00899885238.shtm HTTP/1.1" 404 38901 "https://sunra.be/shop/scoriform/leucophaeus00899885238.shtm" "Mozilla/5.0 AppleWebKit/537.36 (KHTML, like Gecko; compatible; ClaudeBot/1.0; +claudebot@anthropic.com)"
104.197.234.136 - - [29/Mar/2026:17:26:57 +0000] "POST //xmlrpc.php HTTP/1.1" 200 408 "-" "Mozilla/5.0 (Windows NT 10.0; Win64; x64) AppleWebKit/537.36 (KHTML, like Gecko) Chrome/78.0.3904.108 Safari/537.36"
104.197.234.136 - - [29/Mar/2026:17:26:58 +0000] "POST //xmlrpc.php HTTP/1.1" 200 408 "-" "Mozilla/5.0 (Windows NT 10.0; Win64; x64) AppleWebKit/537.36 (KHTML, like Gecko) Chrome/78.0.3904.108 Safari/537.36"
104.197.234.136 - - [29/Mar/2026:17:27:00 +0000] "POST //xmlrpc.php HTTP/1.1" 200 408 "-" "Mozilla/5.0 (Windows NT 10.0; Win64; x64) AppleWebKit/537.36 (KHTML, like Gecko) Chrome/78.0.3904.108 Safari/537.36"
104.197.234.136 - - [29/Mar/2026:17:27:02 +0000] "POST //xmlrpc.php HTTP/1.1" 200 408 "-" "Mozilla/5.0 (Windows NT 10.0; Win64; x64) AppleWebKit/537.36 (KHTML, like Gecko) Chrome/78.0.3904.108 Safari/537.36"
104.197.234.136 - - [29/Mar/2026:17:27:03 +0000] "POST //xmlrpc.php HTTP/1.1" 200 408 "-" "Mozilla/5.0 (Windows NT 10.0; Win64; x64) AppleWebKit/537.36 (KHTML, like Gecko) Chrome/78.0.3904.108 Safari/537.36"
104.197.234.136 - - [29/Mar/2026:17:27:05 +0000] "POST //xmlrpc.php HTTP/1.1" 200 408 "-" "Mozilla/5.0 (Windows NT 10.0; Win64; x64) AppleWebKit/537.36 (KHTML, like Gecko) Chrome/78.0.3904.108 Safari/537.36"
92.222.104.221 - - [29/Mar/2026:17:27:07 +0000] "GET /?w=8046635755 HTTP/1.1" 301 - "-" "Mozilla/5.0 (compatible; AhrefsBot/7.0; +http://ahrefs.com/robot/)"
104.197.234.136 - - [29/Mar/2026:17:27:07 +0000] "POST //xmlrpc.php HTTP/1.1" 200 408 "-" "Mozilla/5.0 (Windows NT 10.0; Win64; x64) AppleWebKit/537.36 (KHTML, like Gecko) Chrome/78.0.3904.108 Safari/537.36"
202.76.188.87 - - [29/Mar/2026:17:27:08 +0000] "GET /shopdetail/introduction/210049883 HTTP/1.1" 301 - "-" "Mozilla/5.0 (Macintosh; Intel Mac OS X 13.6; rv:134.0) Gecko/20100101 Firefox/134.0"
104.197.234.136 - - [29/Mar/2026:17:27:10 +0000] "POST //xmlrpc.php HTTP/1.1" 200 408 "-" "Mozilla/5.0 (Windows NT 10.0; Win64; x64) AppleWebKit/537.36 (KHTML, like Gecko) Chrome/78.0.3904.108 Safari/537.36"
216.73.216.217 - - [29/Mar/2026:17:27:09 +0000] "GET /shop/secluding/monetarist06412965497.shtm HTTP/1.1" 301 - "-" "Mozilla/5.0 AppleWebKit/537.36 (KHTML, like Gecko; compatible; ClaudeBot/1.0; +claudebot@anthropic.com)"
104.197.234.136 - - [29/Mar/2026:17:27:11 +0000] "POST //xmlrpc.php HTTP/1.1" 200 408 "-" "Mozilla/5.0 (Windows NT 10.0; Win64; x64) AppleWebKit/537.36 (KHTML, like Gecko) Chrome/78.0.3904.108 Safari/537.36"
146.174.178.36 - - [29/Mar/2026:17:27:11 +0000] "GET /shopdetail/introduction/210049883 HTTP/1.1" 404 38885 "-" "Mozilla/5.0 (Macintosh; Intel Mac OS X 13.6; rv:134.0) Gecko/20100101 Firefox/134.0"
216.73.216.217 - - [29/Mar/2026:17:27:12 +0000] "GET /shop/secluding/monetarist06412965497.shtm HTTP/1.1" 404 38899 "https://sunra.be/shop/secluding/monetarist06412965497.shtm" "Mozilla/5.0 AppleWebKit/537.36 (KHTML, like Gecko; compatible; ClaudeBot/1.0; +claudebot@anthropic.com)"
104.197.234.136 - - [29/Mar/2026:17:27:13 +0000] "POST //xmlrpc.php HTTP/1.1" 200 408 "-" "Mozilla/5.0 (Windows NT 10.0; Win64; x64) AppleWebKit/537.36 (KHTML, like Gecko) Chrome/78.0.3904.108 Safari/537.36"
193.36.225.25 - - [29/Mar/2026:17:27:15 +0000] "GET /wp-login.php HTTP/1.1" 200 10088 "-" "Mozilla/5.0"
104.197.234.136 - - [29/Mar/2026:17:27:15 +0000] "POST //xmlrpc.php HTTP/1.1" 200 408 "-" "Mozilla/5.0 (Windows NT 10.0; Win64; x64) AppleWebKit/537.36 (KHTML, like Gecko) Chrome/78.0.3904.108 Safari/537.36"
66.249.74.101 - - [29/Mar/2026:17:27:15 +0000] "GET /?u=89908164255301&channel=c4a615&from=shared.php?shop/unscholarly/alimonious031245439073.shtm HTTP/1.1" 200 217544 "-" "Mozilla/5.0 (Linux; Android 6.0.1; Nexus 5X Build/MMB29P) AppleWebKit/537.36 (KHTML, like Gecko) Chrome/146.0.7680.153 Mobile Safari/537.36 (compatible; Googlebot/2.1; +http://www.google.com/bot.html)"
193.36.225.25 - - [29/Mar/2026:17:27:16 +0000] "GET /?author=1 HTTP/1.1" 301 - "-" "Mozilla/5.0"
104.197.234.136 - - [29/Mar/2026:17:27:17 +0000] "POST //xmlrpc.php HTTP/1.1" 200 408 "-" "Mozilla/5.0 (Windows NT 10.0; Win64; x64) AppleWebKit/537.36 (KHTML, like Gecko) Chrome/78.0.3904.108 Safari/537.36"
193.36.225.25 - - [29/Mar/2026:17:27:18 +0000] "GET /?rest_route=/wp/v2/users HTTP/1.1" 200 3622 "-" "Mozilla/5.0"
104.197.234.136 - - [29/Mar/2026:17:27:19 +0000] "POST //xmlrpc.php HTTP/1.1" 200 408 "-" "Mozilla/5.0 (Windows NT 10.0; Win64; x64) AppleWebKit/537.36 (KHTML, like Gecko) Chrome/78.0.3904.108 Safari/537.36"
104.197.234.136 - - [29/Mar/2026:17:27:20 +0000] "POST //xmlrpc.php HTTP/1.1" 200 408 "-" "Mozilla/5.0 (Windows NT 10.0; Win64; x64) AppleWebKit/537.36 (KHTML, like Gecko) Chrome/78.0.3904.108 Safari/537.36"
104.197.234.136 - - [29/Mar/2026:17:27:22 +0000] "POST //xmlrpc.php HTTP/1.1" 200 408 "-" "Mozilla/5.0 (Windows NT 10.0; Win64; x64) AppleWebKit/537.36 (KHTML, like Gecko) Chrome/78.0.3904.108 Safari/537.36"
104.197.234.136 - - [29/Mar/2026:17:27:24 +0000] "POST //xmlrpc.php HTTP/1.1" 200 408 "-" "Mozilla/5.0 (Windows NT 10.0; Win64; x64) AppleWebKit/537.36 (KHTML, like Gecko) Chrome/78.0.3904.108 Safari/537.36"
104.197.234.136 - - [29/Mar/2026:17:27:26 +0000] "POST //xmlrpc.php HTTP/1.1" 200 408 "-" "Mozilla/5.0 (Windows NT 10.0; Win64; x64) AppleWebKit/537.36 (KHTML, like Gecko) Chrome/78.0.3904.108 Safari/537.36"
104.197.234.136 - - [29/Mar/2026:17:27:27 +0000] "POST //xmlrpc.php HTTP/1.1" 200 408 "-" "Mozilla/5.0 (Windows NT 10.0; Win64; x64) AppleWebKit/537.36 (KHTML, like Gecko) Chrome/78.0.3904.108 Safari/537.36"
104.197.234.136 - - [29/Mar/2026:17:27:29 +0000] "POST //xmlrpc.php HTTP/1.1" 200 408 "-" "Mozilla/5.0 (Windows NT 10.0; Win64; x64) AppleWebKit/537.36 (KHTML, like Gecko) Chrome/78.0.3904.108 Safari/537.36"
205.254.178.33 - - [29/Mar/2026:17:27:29 +0000] "GET /shopdetail/theory/043009432 HTTP/1.1" 404 38873 "-" "Mozilla/5.0 (Macintosh; Intel Mac OS X 12.3; rv:131.0) Gecko/20100101 Firefox/131.0"
104.197.234.136 - - [29/Mar/2026:17:27:31 +0000] "POST //xmlrpc.php HTTP/1.1" 200 408 "-" "Mozilla/5.0 (Windows NT 10.0; Win64; x64) AppleWebKit/537.36 (KHTML, like Gecko) Chrome/78.0.3904.108 Safari/537.36"
216.73.216.217 - - [29/Mar/2026:17:27:30 +0000] "GET /shop/haploid/doorga062381734281.shtm HTTP/1.1" 301 - "-" "Mozilla/5.0 AppleWebKit/537.36 (KHTML, like Gecko; compatible; ClaudeBot/1.0; +claudebot@anthropic.com)"
104.197.234.136 - - [29/Mar/2026:17:27:32 +0000] "POST //xmlrpc.php HTTP/1.1" 200 408 "-" "Mozilla/5.0 (Windows NT 10.0; Win64; x64) AppleWebKit/537.36 (KHTML, like Gecko) Chrome/78.0.3904.108 Safari/537.36"
216.73.216.217 - - [29/Mar/2026:17:27:32 +0000] "GET /shop/haploid/doorga062381734281.shtm HTTP/1.1" 404 38889 "https://sunra.be/shop/haploid/doorga062381734281.shtm" "Mozilla/5.0 AppleWebKit/537.36 (KHTML, like Gecko; compatible; ClaudeBot/1.0; +claudebot@anthropic.com)"
104.197.234.136 - - [29/Mar/2026:17:27:34 +0000] "POST //xmlrpc.php HTTP/1.1" 200 408 "-" "Mozilla/5.0 (Windows NT 10.0; Win64; x64) AppleWebKit/537.36 (KHTML, like Gecko) Chrome/78.0.3904.108 Safari/537.36"
104.197.234.136 - - [29/Mar/2026:17:27:36 +0000] "POST //xmlrpc.php HTTP/1.1" 200 408 "-" "Mozilla/5.0 (Windows NT 10.0; Win64; x64) AppleWebKit/537.36 (KHTML, like Gecko) Chrome/78.0.3904.108 Safari/537.36"
104.197.234.136 - - [29/Mar/2026:17:27:37 +0000] "POST //xmlrpc.php HTTP/1.1" 200 408 "-" "Mozilla/5.0 (Windows NT 10.0; Win64; x64) AppleWebKit/537.36 (KHTML, like Gecko) Chrome/78.0.3904.108 Safari/537.36"
104.197.234.136 - - [29/Mar/2026:17:27:39 +0000] "POST //xmlrpc.php HTTP/1.1" 200 408 "-" "Mozilla/5.0 (Windows NT 10.0; Win64; x64) AppleWebKit/537.36 (KHTML, like Gecko) Chrome/78.0.3904.108 Safari/537.36"
77.83.39.162 - - [29/Mar/2026:17:27:40 +0000] "GET /.git/config HTTP/1.1" 404 38817 "-" "Mozilla/5.0 (X11; Linux 3.8-6.dmz.1-liquorix-686) KHTML/4.8.4 (like Gecko) Konqueror/4.8"
104.197.234.136 - - [29/Mar/2026:17:27:41 +0000] "POST //xmlrpc.php HTTP/1.1" 200 408 "-" "Mozilla/5.0 (Windows NT 10.0; Win64; x64) AppleWebKit/537.36 (KHTML, like Gecko) Chrome/78.0.3904.108 Safari/537.36"
104.197.234.136 - - [29/Mar/2026:17:27:43 +0000] "POST //xmlrpc.php HTTP/1.1" 200 408 "-" "Mozilla/5.0 (Windows NT 10.0; Win64; x64) AppleWebKit/537.36 (KHTML, like Gecko) Chrome/78.0.3904.108 Safari/537.36"
104.197.234.136 - - [29/Mar/2026:17:27:44 +0000] "POST //xmlrpc.php HTTP/1.1" 200 408 "-" "Mozilla/5.0 (Windows NT 10.0; Win64; x64) AppleWebKit/537.36 (KHTML, like Gecko) Chrome/78.0.3904.108 Safari/537.36"
216.73.216.217 - - [29/Mar/2026:17:27:46 +0000] "GET /shop/basnet/sulphocarbonic052269034585.shtm HTTP/1.1" 301 - "-" "Mozilla/5.0 AppleWebKit/537.36 (KHTML, like Gecko; compatible; ClaudeBot/1.0; +claudebot@anthropic.com)"
104.197.234.136 - - [29/Mar/2026:17:27:46 +0000] "POST //xmlrpc.php HTTP/1.1" 200 408 "-" "Mozilla/5.0 (Windows NT 10.0; Win64; x64) AppleWebKit/537.36 (KHTML, like Gecko) Chrome/78.0.3904.108 Safari/537.36"
104.197.234.136 - - [29/Mar/2026:17:27:48 +0000] "POST //xmlrpc.php HTTP/1.1" 200 408 "-" "Mozilla/5.0 (Windows NT 10.0; Win64; x64) AppleWebKit/537.36 (KHTML, like Gecko) Chrome/78.0.3904.108 Safari/537.36"
216.73.216.217 - - [29/Mar/2026:17:27:47 +0000] "GET /shop/basnet/sulphocarbonic052269034585.shtm HTTP/1.1" 404 38903 "https://sunra.be/shop/basnet/sulphocarbonic052269034585.shtm" "Mozilla/5.0 AppleWebKit/537.36 (KHTML, like Gecko; compatible; ClaudeBot/1.0; +claudebot@anthropic.com)"
104.197.234.136 - - [29/Mar/2026:17:27:49 +0000] "POST //xmlrpc.php HTTP/1.1" 200 408 "-" "Mozilla/5.0 (Windows NT 10.0; Win64; x64) AppleWebKit/537.36 (KHTML, like Gecko) Chrome/78.0.3904.108 Safari/537.36"
104.197.234.136 - - [29/Mar/2026:17:27:51 +0000] "POST //xmlrpc.php HTTP/1.1" 200 408 "-" "Mozilla/5.0 (Windows NT 10.0; Win64; x64) AppleWebKit/537.36 (KHTML, like Gecko) Chrome/78.0.3904.108 Safari/537.36"
104.197.234.136 - - [29/Mar/2026:17:27:53 +0000] "POST //xmlrpc.php HTTP/1.1" 200 408 "-" "Mozilla/5.0 (Windows NT 10.0; Win64; x64) AppleWebKit/537.36 (KHTML, like Gecko) Chrome/78.0.3904.108 Safari/537.36"
217.182.68.102 - - [29/Mar/2026:17:27:54 +0000] "POST /wp-cron.php?doing_wp_cron=1774805274.3852880001068115234375 HTTP/1.1" 200 - "-" "WordPress/6.9.4; https://www.sunra.be"
104.197.234.136 - - [29/Mar/2026:17:27:55 +0000] "POST //xmlrpc.php HTTP/1.1" 200 408 "-" "Mozilla/5.0 (Windows NT 10.0; Win64; x64) AppleWebKit/537.36 (KHTML, like Gecko) Chrome/78.0.3904.108 Safari/537.36"
104.197.234.136 - - [29/Mar/2026:17:27:57 +0000] "POST //xmlrpc.php HTTP/1.1" 200 408 "-" "Mozilla/5.0 (Windows NT 10.0; Win64; x64) AppleWebKit/537.36 (KHTML, like Gecko) Chrome/78.0.3904.108 Safari/537.36"
104.197.234.136 - - [29/Mar/2026:17:27:59 +0000] "POST //xmlrpc.php HTTP/1.1" 200 408 "-" "Mozilla/5.0 (Windows NT 10.0; Win64; x64) AppleWebKit/537.36 (KHTML, like Gecko) Chrome/78.0.3904.108 Safari/537.36"
104.197.234.136 - - [29/Mar/2026:17:28:01 +0000] "POST //xmlrpc.php HTTP/1.1" 200 408 "-" "Mozilla/5.0 (Windows NT 10.0; Win64; x64) AppleWebKit/537.36 (KHTML, like Gecko) Chrome/78.0.3904.108 Safari/537.36"
66.249.74.102 - - [29/Mar/2026:17:28:01 +0000] "GET /?p=6410523708 HTTP/1.1" 200 203220 "-" "Mozilla/5.0 (Linux; Android 6.0.1; Nexus 5X Build/MMB29P) AppleWebKit/537.36 (KHTML, like Gecko) Chrome/146.0.7680.153 Mobile Safari/537.36 (compatible; Googlebot/2.1; +http://www.google.com/bot.html)"
216.73.216.217 - - [29/Mar/2026:17:28:02 +0000] "GET /shop/demiman/swallowed001430476954.shtm HTTP/1.1" 301 - "-" "Mozilla/5.0 AppleWebKit/537.36 (KHTML, like Gecko; compatible; ClaudeBot/1.0; +claudebot@anthropic.com)"
104.197.234.136 - - [29/Mar/2026:17:28:03 +0000] "POST //xmlrpc.php HTTP/1.1" 200 408 "-" "Mozilla/5.0 (Windows NT 10.0; Win64; x64) AppleWebKit/537.36 (KHTML, like Gecko) Chrome/78.0.3904.108 Safari/537.36"
104.197.234.136 - - [29/Mar/2026:17:28:04 +0000] "POST //xmlrpc.php HTTP/1.1" 200 408 "-" "Mozilla/5.0 (Windows NT 10.0; Win64; x64) AppleWebKit/537.36 (KHTML, like Gecko) Chrome/78.0.3904.108 Safari/537.36"
216.73.216.217 - - [29/Mar/2026:17:28:04 +0000] "GET /shop/demiman/swallowed001430476954.shtm HTTP/1.1" 404 38895 "https://sunra.be/shop/demiman/swallowed001430476954.shtm" "Mozilla/5.0 AppleWebKit/537.36 (KHTML, like Gecko; compatible; ClaudeBot/1.0; +claudebot@anthropic.com)"
104.197.234.136 - - [29/Mar/2026:17:28:06 +0000] "POST //xmlrpc.php HTTP/1.1" 200 408 "-" "Mozilla/5.0 (Windows NT 10.0; Win64; x64) AppleWebKit/537.36 (KHTML, like Gecko) Chrome/78.0.3904.108 Safari/537.36"
104.197.234.136 - - [29/Mar/2026:17:28:08 +0000] "POST //xmlrpc.php HTTP/1.1" 200 408 "-" "Mozilla/5.0 (Windows NT 10.0; Win64; x64) AppleWebKit/537.36 (KHTML, like Gecko) Chrome/78.0.3904.108 Safari/537.36"
104.197.234.136 - - [29/Mar/2026:17:28:09 +0000] "POST //xmlrpc.php HTTP/1.1" 200 408 "-" "Mozilla/5.0 (Windows NT 10.0; Win64; x64) AppleWebKit/537.36 (KHTML, like Gecko) Chrome/78.0.3904.108 Safari/537.36"
104.197.234.136 - - [29/Mar/2026:17:28:11 +0000] "POST //xmlrpc.php HTTP/1.1" 200 408 "-" "Mozilla/5.0 (Windows NT 10.0; Win64; x64) AppleWebKit/537.36 (KHTML, like Gecko) Chrome/78.0.3904.108 Safari/537.36"
104.197.234.136 - - [29/Mar/2026:17:28:13 +0000] "POST //xmlrpc.php HTTP/1.1" 200 408 "-" "Mozilla/5.0 (Windows NT 10.0; Win64; x64) AppleWebKit/537.36 (KHTML, like Gecko) Chrome/78.0.3904.108 Safari/537.36"
104.197.234.136 - - [29/Mar/2026:17:28:14 +0000] "POST //xmlrpc.php HTTP/1.1" 200 408 "-" "Mozilla/5.0 (Windows NT 10.0; Win64; x64) AppleWebKit/537.36 (KHTML, like Gecko) Chrome/78.0.3904.108 Safari/537.36"
104.197.234.136 - - [29/Mar/2026:17:28:16 +0000] "POST //xmlrpc.php HTTP/1.1" 200 408 "-" "Mozilla/5.0 (Windows NT 10.0; Win64; x64) AppleWebKit/537.36 (KHTML, like Gecko) Chrome/78.0.3904.108 Safari/537.36"
216.73.216.217 - - [29/Mar/2026:17:28:16 +0000] "GET /shop/outspeak/phosphorescent002345868762.shtm HTTP/1.1" 301 - "-" "Mozilla/5.0 AppleWebKit/537.36 (KHTML, like Gecko; compatible; ClaudeBot/1.0; +claudebot@anthropic.com)"
104.197.234.136 - - [29/Mar/2026:17:28:18 +0000] "POST //xmlrpc.php HTTP/1.1" 200 408 "-" "Mozilla/5.0 (Windows NT 10.0; Win64; x64) AppleWebKit/537.36 (KHTML, like Gecko) Chrome/78.0.3904.108 Safari/537.36"
216.73.216.217 - - [29/Mar/2026:17:28:18 +0000] "GET /shop/outspeak/phosphorescent002345868762.shtm HTTP/1.1" 404 38907 "https://sunra.be/shop/outspeak/phosphorescent002345868762.shtm" "Mozilla/5.0 AppleWebKit/537.36 (KHTML, like Gecko; compatible; ClaudeBot/1.0; +claudebot@anthropic.com)"
104.197.234.136 - - [29/Mar/2026:17:28:19 +0000] "POST //xmlrpc.php HTTP/1.1" 200 408 "-" "Mozilla/5.0 (Windows NT 10.0; Win64; x64) AppleWebKit/537.36 (KHTML, like Gecko) Chrome/78.0.3904.108 Safari/537.36"
104.197.234.136 - - [29/Mar/2026:17:28:21 +0000] "POST //xmlrpc.php HTTP/1.1" 200 408 "-" "Mozilla/5.0 (Windows NT 10.0; Win64; x64) AppleWebKit/537.36 (KHTML, like Gecko) Chrome/78.0.3904.108 Safari/537.36"
104.197.234.136 - - [29/Mar/2026:17:28:23 +0000] "POST //xmlrpc.php HTTP/1.1" 200 408 "-" "Mozilla/5.0 (Windows NT 10.0; Win64; x64) AppleWebKit/537.36 (KHTML, like Gecko) Chrome/78.0.3904.108 Safari/537.36"
104.197.234.136 - - [29/Mar/2026:17:28:25 +0000] "POST //xmlrpc.php HTTP/1.1" 200 408 "-" "Mozilla/5.0 (Windows NT 10.0; Win64; x64) AppleWebKit/537.36 (KHTML, like Gecko) Chrome/78.0.3904.108 Safari/537.36"
104.197.234.136 - - [29/Mar/2026:17:28:27 +0000] "POST //xmlrpc.php HTTP/1.1" 200 408 "-" "Mozilla/5.0 (Windows NT 10.0; Win64; x64) AppleWebKit/537.36 (KHTML, like Gecko) Chrome/78.0.3904.108 Safari/537.36"
104.197.234.136 - - [29/Mar/2026:17:28:28 +0000] "POST //xmlrpc.php HTTP/1.1" 200 408 "-" "Mozilla/5.0 (Windows NT 10.0; Win64; x64) AppleWebKit/537.36 (KHTML, like Gecko) Chrome/78.0.3904.108 Safari/537.36"
104.197.234.136 - - [29/Mar/2026:17:28:30 +0000] "POST //xmlrpc.php HTTP/1.1" 200 408 "-" "Mozilla/5.0 (Windows NT 10.0; Win64; x64) AppleWebKit/537.36 (KHTML, like Gecko) Chrome/78.0.3904.108 Safari/537.36"
216.73.216.217 - - [29/Mar/2026:17:28:29 +0000] "GET /shop/nilotic/marie05633387148.shtm HTTP/1.1" 301 - "-" "Mozilla/5.0 AppleWebKit/537.36 (KHTML, like Gecko; compatible; ClaudeBot/1.0; +claudebot@anthropic.com)"
104.197.234.136 - - [29/Mar/2026:17:28:31 +0000] "POST //xmlrpc.php HTTP/1.1" 200 408 "-" "Mozilla/5.0 (Windows NT 10.0; Win64; x64) AppleWebKit/537.36 (KHTML, like Gecko) Chrome/78.0.3904.108 Safari/537.36"
216.73.216.217 - - [29/Mar/2026:17:28:31 +0000] "GET /shop/nilotic/marie05633387148.shtm HTTP/1.1" 404 38885 "https://sunra.be/shop/nilotic/marie05633387148.shtm" "Mozilla/5.0 AppleWebKit/537.36 (KHTML, like Gecko; compatible; ClaudeBot/1.0; +claudebot@anthropic.com)"
104.197.234.136 - - [29/Mar/2026:17:28:33 +0000] "POST //xmlrpc.php HTTP/1.1" 200 408 "-" "Mozilla/5.0 (Windows NT 10.0; Win64; x64) AppleWebKit/537.36 (KHTML, like Gecko) Chrome/78.0.3904.108 Safari/537.36"
14.240.37.83 - - [29/Mar/2026:17:28:33 +0000] "GET /shopdetail/theory/208003693 HTTP/1.1" 404 38873 "-" "Mozilla/5.0 (Macintosh; Intel Mac OS X 15.2; rv:128.0) Gecko/20100101 Firefox/128.0"
104.197.234.136 - - [29/Mar/2026:17:28:35 +0000] "POST //xmlrpc.php HTTP/1.1" 200 408 "-" "Mozilla/5.0 (Windows NT 10.0; Win64; x64) AppleWebKit/537.36 (KHTML, like Gecko) Chrome/78.0.3904.108 Safari/537.36"
104.197.234.136 - - [29/Mar/2026:17:28:37 +0000] "POST //xmlrpc.php HTTP/1.1" 200 408 "-" "Mozilla/5.0 (Windows NT 10.0; Win64; x64) AppleWebKit/537.36 (KHTML, like Gecko) Chrome/78.0.3904.108 Safari/537.36"
104.197.234.136 - - [29/Mar/2026:17:28:38 +0000] "POST //xmlrpc.php HTTP/1.1" 200 408 "-" "Mozilla/5.0 (Windows NT 10.0; Win64; x64) AppleWebKit/537.36 (KHTML, like Gecko) Chrome/78.0.3904.108 Safari/537.36"
104.197.234.136 - - [29/Mar/2026:17:28:40 +0000] "POST //xmlrpc.php HTTP/1.1" 200 408 "-" "Mozilla/5.0 (Windows NT 10.0; Win64; x64) AppleWebKit/537.36 (KHTML, like Gecko) Chrome/78.0.3904.108 Safari/537.36"
104.197.234.136 - - [29/Mar/2026:17:28:42 +0000] "POST //xmlrpc.php HTTP/1.1" 200 408 "-" "Mozilla/5.0 (Windows NT 10.0; Win64; x64) AppleWebKit/537.36 (KHTML, like Gecko) Chrome/78.0.3904.108 Safari/537.36"
104.197.234.136 - - [29/Mar/2026:17:28:43 +0000] "POST //xmlrpc.php HTTP/1.1" 200 408 "-" "Mozilla/5.0 (Windows NT 10.0; Win64; x64) AppleWebKit/537.36 (KHTML, like Gecko) Chrome/78.0.3904.108 Safari/537.36"
216.73.216.217 - - [29/Mar/2026:17:28:45 +0000] "GET /shop/seroon/recidivous053470939985.shtm HTTP/1.1" 301 - "-" "Mozilla/5.0 AppleWebKit/537.36 (KHTML, like Gecko; compatible; ClaudeBot/1.0; +claudebot@anthropic.com)"
104.197.234.136 - - [29/Mar/2026:17:28:45 +0000] "POST //xmlrpc.php HTTP/1.1" 200 408 "-" "Mozilla/5.0 (Windows NT 10.0; Win64; x64) AppleWebKit/537.36 (KHTML, like Gecko) Chrome/78.0.3904.108 Safari/537.36"
216.73.216.217 - - [29/Mar/2026:17:28:46 +0000] "GET /shop/seroon/recidivous053470939985.shtm HTTP/1.1" 404 38895 "https://sunra.be/shop/seroon/recidivous053470939985.shtm" "Mozilla/5.0 AppleWebKit/537.36 (KHTML, like Gecko; compatible; ClaudeBot/1.0; +claudebot@anthropic.com)"
104.197.234.136 - - [29/Mar/2026:17:28:47 +0000] "POST //xmlrpc.php HTTP/1.1" 200 408 "-" "Mozilla/5.0 (Windows NT 10.0; Win64; x64) AppleWebKit/537.36 (KHTML, like Gecko) Chrome/78.0.3904.108 Safari/537.36"
66.249.74.100 - - [29/Mar/2026:17:28:48 +0000] "GET /?u=89908164255301&channel=c4a615&from=shared.php?shop/irritable/stibic031368662176.shtm HTTP/1.1" 200 224503 "-" "Mozilla/5.0 (Linux; Android 6.0.1; Nexus 5X Build/MMB29P) AppleWebKit/537.36 (KHTML, like Gecko) Chrome/146.0.7680.153 Mobile Safari/537.36 (compatible; Googlebot/2.1; +http://www.google.com/bot.html)"
104.197.234.136 - - [29/Mar/2026:17:28:49 +0000] "POST //xmlrpc.php HTTP/1.1" 200 408 "-" "Mozilla/5.0 (Windows NT 10.0; Win64; x64) AppleWebKit/537.36 (KHTML, like Gecko) Chrome/78.0.3904.108 Safari/537.36"
104.197.234.136 - - [29/Mar/2026:17:28:50 +0000] "POST //xmlrpc.php HTTP/1.1" 200 408 "-" "Mozilla/5.0 (Windows NT 10.0; Win64; x64) AppleWebKit/537.36 (KHTML, like Gecko) Chrome/78.0.3904.108 Safari/537.36"
104.197.234.136 - - [29/Mar/2026:17:28:52 +0000] "POST //xmlrpc.php HTTP/1.1" 200 408 "-" "Mozilla/5.0 (Windows NT 10.0; Win64; x64) AppleWebKit/537.36 (KHTML, like Gecko) Chrome/78.0.3904.108 Safari/537.36"
114.119.145.36 - - [29/Mar/2026:17:28:51 +0000] "GET /shop/intercrop/colemouse06764370450.shtm HTTP/1.1" 301 - "https://sunra.be/?sitemap869.xml" "Mozilla/5.0 (Linux; Android 7.0;) AppleWebKit/537.36 (KHTML, like Gecko) Mobile Safari/537.36 (compatible; PetalBot;+https://webmaster.petalsearch.com/site/petalbot)"
217.182.68.102 - - [29/Mar/2026:17:28:53 +0000] "POST /wp-cron.php?doing_wp_cron=1774805333.3617680072784423828125 HTTP/1.1" 200 - "-" "WordPress/6.9.4; https://www.sunra.be"
104.197.234.136 - - [29/Mar/2026:17:28:54 +0000] "POST //xmlrpc.php HTTP/1.1" 200 408 "-" "Mozilla/5.0 (Windows NT 10.0; Win64; x64) AppleWebKit/537.36 (KHTML, like Gecko) Chrome/78.0.3904.108 Safari/537.36"
104.197.234.136 - - [29/Mar/2026:17:28:56 +0000] "POST //xmlrpc.php HTTP/1.1" 200 408 "-" "Mozilla/5.0 (Windows NT 10.0; Win64; x64) AppleWebKit/537.36 (KHTML, like Gecko) Chrome/78.0.3904.108 Safari/537.36"
104.197.234.136 - - [29/Mar/2026:17:28:57 +0000] "POST //xmlrpc.php HTTP/1.1" 200 408 "-" "Mozilla/5.0 (Windows NT 10.0; Win64; x64) AppleWebKit/537.36 (KHTML, like Gecko) Chrome/78.0.3904.108 Safari/537.36"
104.197.234.136 - - [29/Mar/2026:17:28:59 +0000] "POST //xmlrpc.php HTTP/1.1" 200 408 "-" "Mozilla/5.0 (Windows NT 10.0; Win64; x64) AppleWebKit/537.36 (KHTML, like Gecko) Chrome/78.0.3904.108 Safari/537.36"
216.73.216.217 - - [29/Mar/2026:17:29:00 +0000] "GET /shop/sepic/minutary05491721644.shtm HTTP/1.1" 301 - "-" "Mozilla/5.0 AppleWebKit/537.36 (KHTML, like Gecko; compatible; ClaudeBot/1.0; +claudebot@anthropic.com)"
114.119.145.36 - - [29/Mar/2026:17:29:00 +0000] "GET /shop/intercrop/colemouse06764370450.shtm HTTP/1.1" 404 37556 "https://sunra.be/?sitemap869.xml" "Mozilla/5.0 (Linux; Android 7.0;) AppleWebKit/537.36 (KHTML, like Gecko) Mobile Safari/537.36 (compatible; PetalBot;+https://webmaster.petalsearch.com/site/petalbot)"
104.197.234.136 - - [29/Mar/2026:17:29:01 +0000] "POST //xmlrpc.php HTTP/1.1" 200 408 "-" "Mozilla/5.0 (Windows NT 10.0; Win64; x64) AppleWebKit/537.36 (KHTML, like Gecko) Chrome/78.0.3904.108 Safari/537.36"
104.197.234.136 - - [29/Mar/2026:17:29:03 +0000] "POST //xmlrpc.php HTTP/1.1" 200 408 "-" "Mozilla/5.0 (Windows NT 10.0; Win64; x64) AppleWebKit/537.36 (KHTML, like Gecko) Chrome/78.0.3904.108 Safari/537.36"
216.73.216.217 - - [29/Mar/2026:17:29:02 +0000] "GET /shop/sepic/minutary05491721644.shtm HTTP/1.1" 404 38887 "https://sunra.be/shop/sepic/minutary05491721644.shtm" "Mozilla/5.0 AppleWebKit/537.36 (KHTML, like Gecko; compatible; ClaudeBot/1.0; +claudebot@anthropic.com)"
40.77.167.13 - - [29/Mar/2026:17:29:04 +0000] "GET /shop/annoto/antiphonally021603569693.shtml HTTP/1.1" 200 202871 "-" "Mozilla/5.0 AppleWebKit/537.36 (KHTML, like Gecko; compatible; bingbot/2.0; +http://www.bing.com/bingbot.htm) Chrome/116.0.1938.76 Safari/537.36"
104.197.234.136 - - [29/Mar/2026:17:29:05 +0000] "POST //xmlrpc.php HTTP/1.1" 200 408 "-" "Mozilla/5.0 (Windows NT 10.0; Win64; x64) AppleWebKit/537.36 (KHTML, like Gecko) Chrome/78.0.3904.108 Safari/537.36"
104.197.234.136 - - [29/Mar/2026:17:29:07 +0000] "POST //xmlrpc.php HTTP/1.1" 200 408 "-" "Mozilla/5.0 (Windows NT 10.0; Win64; x64) AppleWebKit/537.36 (KHTML, like Gecko) Chrome/78.0.3904.108 Safari/537.36"
104.197.234.136 - - [29/Mar/2026:17:29:08 +0000] "POST //xmlrpc.php HTTP/1.1" 200 408 "-" "Mozilla/5.0 (Windows NT 10.0; Win64; x64) AppleWebKit/537.36 (KHTML, like Gecko) Chrome/78.0.3904.108 Safari/537.36"
104.197.234.136 - - [29/Mar/2026:17:29:10 +0000] "POST //xmlrpc.php HTTP/1.1" 200 408 "-" "Mozilla/5.0 (Windows NT 10.0; Win64; x64) AppleWebKit/537.36 (KHTML, like Gecko) Chrome/78.0.3904.108 Safari/537.36"
104.197.234.136 - - [29/Mar/2026:17:29:12 +0000] "POST //xmlrpc.php HTTP/1.1" 200 408 "-" "Mozilla/5.0 (Windows NT 10.0; Win64; x64) AppleWebKit/537.36 (KHTML, like Gecko) Chrome/78.0.3904.108 Safari/537.36"
216.73.216.217 - - [29/Mar/2026:17:29:13 +0000] "GET /shop/membrane/ustilaginales054080126291.shtm HTTP/1.1" 301 - "-" "Mozilla/5.0 AppleWebKit/537.36 (KHTML, like Gecko; compatible; ClaudeBot/1.0; +claudebot@anthropic.com)"
104.197.234.136 - - [29/Mar/2026:17:29:14 +0000] "POST //xmlrpc.php HTTP/1.1" 200 408 "-" "Mozilla/5.0 (Windows NT 10.0; Win64; x64) AppleWebKit/537.36 (KHTML, like Gecko) Chrome/78.0.3904.108 Safari/537.36"
216.73.216.217 - - [29/Mar/2026:17:29:15 +0000] "GET /shop/membrane/ustilaginales054080126291.shtm HTTP/1.1" 404 38905 "https://sunra.be/shop/membrane/ustilaginales054080126291.shtm" "Mozilla/5.0 AppleWebKit/537.36 (KHTML, like Gecko; compatible; ClaudeBot/1.0; +claudebot@anthropic.com)"
104.197.234.136 - - [29/Mar/2026:17:29:15 +0000] "POST //xmlrpc.php HTTP/1.1" 200 408 "-" "Mozilla/5.0 (Windows NT 10.0; Win64; x64) AppleWebKit/537.36 (KHTML, like Gecko) Chrome/78.0.3904.108 Safari/537.36"
104.197.234.136 - - [29/Mar/2026:17:29:17 +0000] "POST //xmlrpc.php HTTP/1.1" 200 408 "-" "Mozilla/5.0 (Windows NT 10.0; Win64; x64) AppleWebKit/537.36 (KHTML, like Gecko) Chrome/78.0.3904.108 Safari/537.36"
104.197.234.136 - - [29/Mar/2026:17:29:19 +0000] "POST //xmlrpc.php HTTP/1.1" 200 408 "-" "Mozilla/5.0 (Windows NT 10.0; Win64; x64) AppleWebKit/537.36 (KHTML, like Gecko) Chrome/78.0.3904.108 Safari/537.36"
104.197.234.136 - - [29/Mar/2026:17:29:21 +0000] "POST //xmlrpc.php HTTP/1.1" 200 408 "-" "Mozilla/5.0 (Windows NT 10.0; Win64; x64) AppleWebKit/537.36 (KHTML, like Gecko) Chrome/78.0.3904.108 Safari/537.36"
202.76.191.147 - - [29/Mar/2026:17:29:21 +0000] "GET /shopdetail/organic/268038831 HTTP/1.1" 301 - "-" "Mozilla/5.0 (Macintosh; Intel Mac OS X 14_4_1) AppleWebKit/537.36 (KHTML, like Gecko) Chrome/124.0.6367.207 Safari/537.36"
104.197.234.136 - - [29/Mar/2026:17:29:23 +0000] "POST //xmlrpc.php HTTP/1.1" 200 408 "-" "Mozilla/5.0 (Windows NT 10.0; Win64; x64) AppleWebKit/537.36 (KHTML, like Gecko) Chrome/78.0.3904.108 Safari/537.36"
202.76.190.230 - - [29/Mar/2026:17:29:23 +0000] "GET /shopdetail/organic/268038831 HTTP/1.1" 404 38875 "-" "Mozilla/5.0 (Macintosh; Intel Mac OS X 14_4_1) AppleWebKit/537.36 (KHTML, like Gecko) Chrome/124.0.6367.207 Safari/537.36"
104.197.234.136 - - [29/Mar/2026:17:29:24 +0000] "POST //xmlrpc.php HTTP/1.1" 200 408 "-" "Mozilla/5.0 (Windows NT 10.0; Win64; x64) AppleWebKit/537.36 (KHTML, like Gecko) Chrome/78.0.3904.108 Safari/537.36"
104.197.234.136 - - [29/Mar/2026:17:29:26 +0000] "POST //xmlrpc.php HTTP/1.1" 200 408 "-" "Mozilla/5.0 (Windows NT 10.0; Win64; x64) AppleWebKit/537.36 (KHTML, like Gecko) Chrome/78.0.3904.108 Safari/537.36"
104.197.234.136 - - [29/Mar/2026:17:29:28 +0000] "POST //xmlrpc.php HTTP/1.1" 200 408 "-" "Mozilla/5.0 (Windows NT 10.0; Win64; x64) AppleWebKit/537.36 (KHTML, like Gecko) Chrome/78.0.3904.108 Safari/537.36"
216.73.216.217 - - [29/Mar/2026:17:29:28 +0000] "GET /shop/hypnologist/pecunial053850591442.shtm HTTP/1.1" 301 - "-" "Mozilla/5.0 AppleWebKit/537.36 (KHTML, like Gecko; compatible; ClaudeBot/1.0; +claudebot@anthropic.com)"
104.197.234.136 - - [29/Mar/2026:17:29:29 +0000] "POST //xmlrpc.php HTTP/1.1" 200 408 "-" "Mozilla/5.0 (Windows NT 10.0; Win64; x64) AppleWebKit/537.36 (KHTML, like Gecko) Chrome/78.0.3904.108 Safari/537.36"
216.73.216.217 - - [29/Mar/2026:17:29:30 +0000] "GET /shop/hypnologist/pecunial053850591442.shtm HTTP/1.1" 404 38901 "https://sunra.be/shop/hypnologist/pecunial053850591442.shtm" "Mozilla/5.0 AppleWebKit/537.36 (KHTML, like Gecko; compatible; ClaudeBot/1.0; +claudebot@anthropic.com)"
104.197.234.136 - - [29/Mar/2026:17:29:31 +0000] "POST //xmlrpc.php HTTP/1.1" 200 408 "-" "Mozilla/5.0 (Windows NT 10.0; Win64; x64) AppleWebKit/537.36 (KHTML, like Gecko) Chrome/78.0.3904.108 Safari/537.36"
104.197.234.136 - - [29/Mar/2026:17:29:33 +0000] "POST //xmlrpc.php HTTP/1.1" 200 408 "-" "Mozilla/5.0 (Windows NT 10.0; Win64; x64) AppleWebKit/537.36 (KHTML, like Gecko) Chrome/78.0.3904.108 Safari/537.36"
66.249.74.102 - - [29/Mar/2026:17:29:34 +0000] "GET /?u=89908164255301&channel=c4a615&from=shared.php?shop/gerland/preservatory032221761135.shtm HTTP/1.1" 200 220101 "-" "Mozilla/5.0 (Linux; Android 6.0.1; Nexus 5X Build/MMB29P) AppleWebKit/537.36 (KHTML, like Gecko) Chrome/146.0.7680.153 Mobile Safari/537.36 (compatible; Googlebot/2.1; +http://www.google.com/bot.html)"
216.73.216.217 - - [29/Mar/2026:17:29:34 +0000] "GET /shop/calendary/resected0529483180.shtm HTTP/1.1" 301 - "-" "Mozilla/5.0 AppleWebKit/537.36 (KHTML, like Gecko; compatible; ClaudeBot/1.0; +claudebot@anthropic.com)"
104.197.234.136 - - [29/Mar/2026:17:29:35 +0000] "POST //xmlrpc.php HTTP/1.1" 200 408 "-" "Mozilla/5.0 (Windows NT 10.0; Win64; x64) AppleWebKit/537.36 (KHTML, like Gecko) Chrome/78.0.3904.108 Safari/537.36"
104.197.234.136 - - [29/Mar/2026:17:29:36 +0000] "POST //xmlrpc.php HTTP/1.1" 200 408 "-" "Mozilla/5.0 (Windows NT 10.0; Win64; x64) AppleWebKit/537.36 (KHTML, like Gecko) Chrome/78.0.3904.108 Safari/537.36"
202.76.130.91 - - [29/Mar/2026:17:29:36 +0000] "GET /shopdetail/threshold/285046826 HTTP/1.1" 404 38879 "-" "Mozilla/5.0 (Macintosh; Intel Mac OS X 13_4_1) AppleWebKit/537.36 (KHTML, like Gecko) Chrome/130.0.6723.116 Safari/537.36"
216.73.216.217 - - [29/Mar/2026:17:29:36 +0000] "GET /shop/calendary/resected0529483180.shtm HTTP/1.1" 404 38893 "https://sunra.be/shop/calendary/resected0529483180.shtm" "Mozilla/5.0 AppleWebKit/537.36 (KHTML, like Gecko; compatible; ClaudeBot/1.0; +claudebot@anthropic.com)"
104.197.234.136 - - [29/Mar/2026:17:29:38 +0000] "POST //xmlrpc.php HTTP/1.1" 200 408 "-" "Mozilla/5.0 (Windows NT 10.0; Win64; x64) AppleWebKit/537.36 (KHTML, like Gecko) Chrome/78.0.3904.108 Safari/537.36"
104.197.234.136 - - [29/Mar/2026:17:29:40 +0000] "POST //xmlrpc.php HTTP/1.1" 200 408 "-" "Mozilla/5.0 (Windows NT 10.0; Win64; x64) AppleWebKit/537.36 (KHTML, like Gecko) Chrome/78.0.3904.108 Safari/537.36"
216.73.216.217 - - [29/Mar/2026:17:29:40 +0000] "GET /shop/aarons/intrinsic05740195277.shtm HTTP/1.1" 301 - "-" "Mozilla/5.0 AppleWebKit/537.36 (KHTML, like Gecko; compatible; ClaudeBot/1.0; +claudebot@anthropic.com)"
104.197.234.136 - - [29/Mar/2026:17:29:42 +0000] "POST //xmlrpc.php HTTP/1.1" 200 408 "-" "Mozilla/5.0 (Windows NT 10.0; Win64; x64) AppleWebKit/537.36 (KHTML, like Gecko) Chrome/78.0.3904.108 Safari/537.36"
114.119.155.38 - - [29/Mar/2026:17:29:42 +0000] "GET /shop/interchangement/preconceit06646852133.shtm HTTP/1.1" 301 - "https://sunra.be/?sitemap869.xml" "Mozilla/5.0 (Linux; Android 7.0;) AppleWebKit/537.36 (KHTML, like Gecko) Mobile Safari/537.36 (compatible; PetalBot;+https://webmaster.petalsearch.com/site/petalbot)"
216.73.216.217 - - [29/Mar/2026:17:29:42 +0000] "GET /shop/aarons/intrinsic05740195277.shtm HTTP/1.1" 404 38891 "https://sunra.be/shop/aarons/intrinsic05740195277.shtm" "Mozilla/5.0 AppleWebKit/537.36 (KHTML, like Gecko; compatible; ClaudeBot/1.0; +claudebot@anthropic.com)"
104.197.234.136 - - [29/Mar/2026:17:29:44 +0000] "POST //xmlrpc.php HTTP/1.1" 200 408 "-" "Mozilla/5.0 (Windows NT 10.0; Win64; x64) AppleWebKit/537.36 (KHTML, like Gecko) Chrome/78.0.3904.108 Safari/537.36"
104.197.234.136 - - [29/Mar/2026:17:29:46 +0000] "POST //xmlrpc.php HTTP/1.1" 200 408 "-" "Mozilla/5.0 (Windows NT 10.0; Win64; x64) AppleWebKit/537.36 (KHTML, like Gecko) Chrome/78.0.3904.108 Safari/537.36"
114.119.155.38 - - [29/Mar/2026:17:29:45 +0000] "GET /shop/interchangement/preconceit06646852133.shtm HTTP/1.1" 404 37570 "https://sunra.be/?sitemap869.xml" "Mozilla/5.0 (Linux; Android 7.0;) AppleWebKit/537.36 (KHTML, like Gecko) Mobile Safari/537.36 (compatible; PetalBot;+https://webmaster.petalsearch.com/site/petalbot)"
216.73.216.217 - - [29/Mar/2026:17:29:46 +0000] "GET /shop/subpeduncular/vendetta053376823418.shtm HTTP/1.1" 301 - "-" "Mozilla/5.0 AppleWebKit/537.36 (KHTML, like Gecko; compatible; ClaudeBot/1.0; +claudebot@anthropic.com)"
104.197.234.136 - - [29/Mar/2026:17:29:47 +0000] "POST //xmlrpc.php HTTP/1.1" 200 408 "-" "Mozilla/5.0 (Windows NT 10.0; Win64; x64) AppleWebKit/537.36 (KHTML, like Gecko) Chrome/78.0.3904.108 Safari/537.36"
216.73.216.217 - - [29/Mar/2026:17:29:48 +0000] "GET /shop/subpeduncular/vendetta053376823418.shtm HTTP/1.1" 404 38905 "https://sunra.be/shop/subpeduncular/vendetta053376823418.shtm" "Mozilla/5.0 AppleWebKit/537.36 (KHTML, like Gecko; compatible; ClaudeBot/1.0; +claudebot@anthropic.com)"
104.197.234.136 - - [29/Mar/2026:17:29:49 +0000] "POST //xmlrpc.php HTTP/1.1" 200 408 "-" "Mozilla/5.0 (Windows NT 10.0; Win64; x64) AppleWebKit/537.36 (KHTML, like Gecko) Chrome/78.0.3904.108 Safari/537.36"
104.197.234.136 - - [29/Mar/2026:17:29:51 +0000] "POST //xmlrpc.php HTTP/1.1" 200 408 "-" "Mozilla/5.0 (Windows NT 10.0; Win64; x64) AppleWebKit/537.36 (KHTML, like Gecko) Chrome/78.0.3904.108 Safari/537.36"
216.73.216.217 - - [29/Mar/2026:17:29:52 +0000] "GET /shop/alsace/cubism051119767219.shtm HTTP/1.1" 301 - "-" "Mozilla/5.0 AppleWebKit/537.36 (KHTML, like Gecko; compatible; ClaudeBot/1.0; +claudebot@anthropic.com)"
104.197.234.136 - - [29/Mar/2026:17:29:52 +0000] "POST //xmlrpc.php HTTP/1.1" 200 408 "-" "Mozilla/5.0 (Windows NT 10.0; Win64; x64) AppleWebKit/537.36 (KHTML, like Gecko) Chrome/78.0.3904.108 Safari/537.36"
217.182.68.102 - - [29/Mar/2026:17:29:54 +0000] "POST /wp-cron.php?doing_wp_cron=1774805394.0317490100860595703125 HTTP/1.1" 200 - "-" "WordPress/6.9.4; https://www.sunra.be"
216.73.216.217 - - [29/Mar/2026:17:29:54 +0000] "GET /shop/alsace/cubism051119767219.shtm HTTP/1.1" 404 38887 "https://sunra.be/shop/alsace/cubism051119767219.shtm" "Mozilla/5.0 AppleWebKit/537.36 (KHTML, like Gecko; compatible; ClaudeBot/1.0; +claudebot@anthropic.com)"
104.197.234.136 - - [29/Mar/2026:17:29:55 +0000] "POST //xmlrpc.php HTTP/1.1" 200 408 "-" "Mozilla/5.0 (Windows NT 10.0; Win64; x64) AppleWebKit/537.36 (KHTML, like Gecko) Chrome/78.0.3904.108 Safari/537.36"
104.197.234.136 - - [29/Mar/2026:17:29:57 +0000] "POST //xmlrpc.php HTTP/1.1" 200 408 "-" "Mozilla/5.0 (Windows NT 10.0; Win64; x64) AppleWebKit/537.36 (KHTML, like Gecko) Chrome/78.0.3904.108 Safari/537.36"
104.197.234.136 - - [29/Mar/2026:17:29:59 +0000] "POST //xmlrpc.php HTTP/1.1" 200 408 "-" "Mozilla/5.0 (Windows NT 10.0; Win64; x64) AppleWebKit/537.36 (KHTML, like Gecko) Chrome/78.0.3904.108 Safari/537.36"
216.73.216.217 - - [29/Mar/2026:17:29:58 +0000] "GET /shop/drifting/sannop052555614365.shtm HTTP/1.1" 301 - "-" "Mozilla/5.0 AppleWebKit/537.36 (KHTML, like Gecko; compatible; ClaudeBot/1.0; +claudebot@anthropic.com)"
104.197.234.136 - - [29/Mar/2026:17:30:01 +0000] "POST //xmlrpc.php HTTP/1.1" 200 408 "-" "Mozilla/5.0 (Windows NT 10.0; Win64; x64) AppleWebKit/537.36 (KHTML, like Gecko) Chrome/78.0.3904.108 Safari/537.36"
216.73.216.217 - - [29/Mar/2026:17:30:01 +0000] "GET /shop/drifting/sannop052555614365.shtm HTTP/1.1" 404 38891 "https://sunra.be/shop/drifting/sannop052555614365.shtm" "Mozilla/5.0 AppleWebKit/537.36 (KHTML, like Gecko; compatible; ClaudeBot/1.0; +claudebot@anthropic.com)"
104.197.234.136 - - [29/Mar/2026:17:30:03 +0000] "POST //xmlrpc.php HTTP/1.1" 200 408 "-" "Mozilla/5.0 (Windows NT 10.0; Win64; x64) AppleWebKit/537.36 (KHTML, like Gecko) Chrome/78.0.3904.108 Safari/537.36"
104.197.234.136 - - [29/Mar/2026:17:30:04 +0000] "POST //xmlrpc.php HTTP/1.1" 200 408 "-" "Mozilla/5.0 (Windows NT 10.0; Win64; x64) AppleWebKit/537.36 (KHTML, like Gecko) Chrome/78.0.3904.108 Safari/537.36"
104.197.234.136 - - [29/Mar/2026:17:30:06 +0000] "POST //xmlrpc.php HTTP/1.1" 200 408 "-" "Mozilla/5.0 (Windows NT 10.0; Win64; x64) AppleWebKit/537.36 (KHTML, like Gecko) Chrome/78.0.3904.108 Safari/537.36"
104.197.234.136 - - [29/Mar/2026:17:30:08 +0000] "POST //xmlrpc.php HTTP/1.1" 200 408 "-" "Mozilla/5.0 (Windows NT 10.0; Win64; x64) AppleWebKit/537.36 (KHTML, like Gecko) Chrome/78.0.3904.108 Safari/537.36"
104.197.234.136 - - [29/Mar/2026:17:30:10 +0000] "POST //xmlrpc.php HTTP/1.1" 200 408 "-" "Mozilla/5.0 (Windows NT 10.0; Win64; x64) AppleWebKit/537.36 (KHTML, like Gecko) Chrome/78.0.3904.108 Safari/537.36"
104.197.234.136 - - [29/Mar/2026:17:30:12 +0000] "POST //xmlrpc.php HTTP/1.1" 200 408 "-" "Mozilla/5.0 (Windows NT 10.0; Win64; x64) AppleWebKit/537.36 (KHTML, like Gecko) Chrome/78.0.3904.108 Safari/537.36"
104.197.234.136 - - [29/Mar/2026:17:30:14 +0000] "POST //xmlrpc.php HTTP/1.1" 200 408 "-" "Mozilla/5.0 (Windows NT 10.0; Win64; x64) AppleWebKit/537.36 (KHTML, like Gecko) Chrome/78.0.3904.108 Safari/537.36"
104.197.234.136 - - [29/Mar/2026:17:30:16 +0000] "POST //xmlrpc.php HTTP/1.1" 200 408 "-" "Mozilla/5.0 (Windows NT 10.0; Win64; x64) AppleWebKit/537.36 (KHTML, like Gecko) Chrome/78.0.3904.108 Safari/537.36"
104.197.234.136 - - [29/Mar/2026:17:30:18 +0000] "POST //xmlrpc.php HTTP/1.1" 200 408 "-" "Mozilla/5.0 (Windows NT 10.0; Win64; x64) AppleWebKit/537.36 (KHTML, like Gecko) Chrome/78.0.3904.108 Safari/537.36"
104.197.234.136 - - [29/Mar/2026:17:30:19 +0000] "POST //xmlrpc.php HTTP/1.1" 200 408 "-" "Mozilla/5.0 (Windows NT 10.0; Win64; x64) AppleWebKit/537.36 (KHTML, like Gecko) Chrome/78.0.3904.108 Safari/537.36"
66.249.74.101 - - [29/Mar/2026:17:30:20 +0000] "GET /?u=89908164255301&channel=c4a615&from=shared.php?shop/sparring/espagne034061927987.shtm HTTP/1.1" 200 217869 "-" "Mozilla/5.0 (Linux; Android 6.0.1; Nexus 5X Build/MMB29P) AppleWebKit/537.36 (KHTML, like Gecko) Chrome/146.0.7680.153 Mobile Safari/537.36 (compatible; Googlebot/2.1; +http://www.google.com/bot.html)"
104.197.234.136 - - [29/Mar/2026:17:30:21 +0000] "POST //xmlrpc.php HTTP/1.1" 200 403 "-" "Mozilla/5.0 (Windows NT 10.0; Win64; x64) AppleWebKit/537.36 (KHTML, like Gecko) Chrome/78.0.3904.108 Safari/537.36"
104.197.234.136 - - [29/Mar/2026:17:30:23 +0000] "POST //xmlrpc.php HTTP/1.1" 200 408 "-" "Mozilla/5.0 (Windows NT 10.0; Win64; x64) AppleWebKit/537.36 (KHTML, like Gecko) Chrome/78.0.3904.108 Safari/537.36"
216.73.216.217 - - [29/Mar/2026:17:30:23 +0000] "GET /shop/layperson/amniotic052253050803.shtm HTTP/1.1" 301 - "-" "Mozilla/5.0 AppleWebKit/537.36 (KHTML, like Gecko; compatible; ClaudeBot/1.0; +claudebot@anthropic.com)"
104.197.234.136 - - [29/Mar/2026:17:30:25 +0000] "POST //xmlrpc.php HTTP/1.1" 200 408 "-" "Mozilla/5.0 (Windows NT 10.0; Win64; x64) AppleWebKit/537.36 (KHTML, like Gecko) Chrome/78.0.3904.108 Safari/537.36"
216.73.216.217 - - [29/Mar/2026:17:30:25 +0000] "GET /shop/layperson/amniotic052253050803.shtm HTTP/1.1" 404 38897 "https://sunra.be/shop/layperson/amniotic052253050803.shtm" "Mozilla/5.0 AppleWebKit/537.36 (KHTML, like Gecko; compatible; ClaudeBot/1.0; +claudebot@anthropic.com)"
51.68.247.215 - - [29/Mar/2026:17:30:26 +0000] "GET /?w=8046624090 HTTP/1.1" 301 - "-" "Mozilla/5.0 (compatible; AhrefsBot/7.0; +http://ahrefs.com/robot/)"
104.197.234.136 - - [29/Mar/2026:17:30:27 +0000] "POST //xmlrpc.php HTTP/1.1" 200 408 "-" "Mozilla/5.0 (Windows NT 10.0; Win64; x64) AppleWebKit/537.36 (KHTML, like Gecko) Chrome/78.0.3904.108 Safari/537.36"
104.197.234.136 - - [29/Mar/2026:17:30:28 +0000] "POST //xmlrpc.php HTTP/1.1" 200 408 "-" "Mozilla/5.0 (Windows NT 10.0; Win64; x64) AppleWebKit/537.36 (KHTML, like Gecko) Chrome/78.0.3904.108 Safari/537.36"
104.197.234.136 - - [29/Mar/2026:17:30:30 +0000] "POST //xmlrpc.php HTTP/1.1" 200 408 "-" "Mozilla/5.0 (Windows NT 10.0; Win64; x64) AppleWebKit/537.36 (KHTML, like Gecko) Chrome/78.0.3904.108 Safari/537.36"
216.73.216.217 - - [29/Mar/2026:17:30:30 +0000] "GET /shop/lightest/sempster052539219052.shtm HTTP/1.1" 301 - "-" "Mozilla/5.0 AppleWebKit/537.36 (KHTML, like Gecko; compatible; ClaudeBot/1.0; +claudebot@anthropic.com)"
104.197.234.136 - - [29/Mar/2026:17:30:31 +0000] "POST //xmlrpc.php HTTP/1.1" 200 408 "-" "Mozilla/5.0 (Windows NT 10.0; Win64; x64) AppleWebKit/537.36 (KHTML, like Gecko) Chrome/78.0.3904.108 Safari/537.36"
104.197.234.136 - - [29/Mar/2026:17:30:33 +0000] "POST //xmlrpc.php HTTP/1.1" 200 408 "-" "Mozilla/5.0 (Windows NT 10.0; Win64; x64) AppleWebKit/537.36 (KHTML, like Gecko) Chrome/78.0.3904.108 Safari/537.36"
216.73.216.217 - - [29/Mar/2026:17:30:33 +0000] "GET /shop/lightest/sempster052539219052.shtm HTTP/1.1" 404 38895 "https://sunra.be/shop/lightest/sempster052539219052.shtm" "Mozilla/5.0 AppleWebKit/537.36 (KHTML, like Gecko; compatible; ClaudeBot/1.0; +claudebot@anthropic.com)"
104.197.234.136 - - [29/Mar/2026:17:30:34 +0000] "POST //xmlrpc.php HTTP/1.1" 200 408 "-" "Mozilla/5.0 (Windows NT 10.0; Win64; x64) AppleWebKit/537.36 (KHTML, like Gecko) Chrome/78.0.3904.108 Safari/537.36"
104.197.234.136 - - [29/Mar/2026:17:30:36 +0000] "POST //xmlrpc.php HTTP/1.1" 200 408 "-" "Mozilla/5.0 (Windows NT 10.0; Win64; x64) AppleWebKit/537.36 (KHTML, like Gecko) Chrome/78.0.3904.108 Safari/537.36"
216.73.216.217 - - [29/Mar/2026:17:30:36 +0000] "GET /shop/contangoes/standoffish05981290871.shtm HTTP/1.1" 301 - "-" "Mozilla/5.0 AppleWebKit/537.36 (KHTML, like Gecko; compatible; ClaudeBot/1.0; +claudebot@anthropic.com)"
104.197.234.136 - - [29/Mar/2026:17:30:38 +0000] "POST //xmlrpc.php HTTP/1.1" 200 408 "-" "Mozilla/5.0 (Windows NT 10.0; Win64; x64) AppleWebKit/537.36 (KHTML, like Gecko) Chrome/78.0.3904.108 Safari/537.36"
216.73.216.217 - - [29/Mar/2026:17:30:38 +0000] "GET /shop/contangoes/standoffish05981290871.shtm HTTP/1.1" 404 38903 "https://sunra.be/shop/contangoes/standoffish05981290871.shtm" "Mozilla/5.0 AppleWebKit/537.36 (KHTML, like Gecko; compatible; ClaudeBot/1.0; +claudebot@anthropic.com)"
104.197.234.136 - - [29/Mar/2026:17:30:39 +0000] "POST //xmlrpc.php HTTP/1.1" 200 408 "-" "Mozilla/5.0 (Windows NT 10.0; Win64; x64) AppleWebKit/537.36 (KHTML, like Gecko) Chrome/78.0.3904.108 Safari/537.36"
202.76.172.112 - - [29/Mar/2026:17:30:40 +0000] "GET /shopdetail/trait/130044607 HTTP/1.1" 404 38871 "-" "Mozilla/5.0 (Macintosh; Intel Mac OS X 13_6_4) AppleWebKit/537.36 (KHTML, like Gecko) Chrome/124.0.6367.155 Safari/537.36"
216.73.216.217 - - [29/Mar/2026:17:30:40 +0000] "GET /shop/circummure/inferobranchian05694664112.shtm HTTP/1.1" 301 - "-" "Mozilla/5.0 AppleWebKit/537.36 (KHTML, like Gecko; compatible; ClaudeBot/1.0; +claudebot@anthropic.com)"
104.197.234.136 - - [29/Mar/2026:17:30:41 +0000] "POST //xmlrpc.php HTTP/1.1" 200 408 "-" "Mozilla/5.0 (Windows NT 10.0; Win64; x64) AppleWebKit/537.36 (KHTML, like Gecko) Chrome/78.0.3904.108 Safari/537.36"
216.73.216.217 - - [29/Mar/2026:17:30:42 +0000] "GET /shop/circummure/inferobranchian05694664112.shtm HTTP/1.1" 404 38911 "https://sunra.be/shop/circummure/inferobranchian05694664112.shtm" "Mozilla/5.0 AppleWebKit/537.36 (KHTML, like Gecko; compatible; ClaudeBot/1.0; +claudebot@anthropic.com)"
104.197.234.136 - - [29/Mar/2026:17:30:43 +0000] "POST //xmlrpc.php HTTP/1.1" 200 408 "-" "Mozilla/5.0 (Windows NT 10.0; Win64; x64) AppleWebKit/537.36 (KHTML, like Gecko) Chrome/78.0.3904.108 Safari/537.36"
104.197.234.136 - - [29/Mar/2026:17:30:44 +0000] "POST //xmlrpc.php HTTP/1.1" 200 408 "-" "Mozilla/5.0 (Windows NT 10.0; Win64; x64) AppleWebKit/537.36 (KHTML, like Gecko) Chrome/78.0.3904.108 Safari/537.36"
216.73.216.217 - - [29/Mar/2026:17:30:44 +0000] "GET /shop/misdone/gnash051555953165.shtm HTTP/1.1" 301 - "-" "Mozilla/5.0 AppleWebKit/537.36 (KHTML, like Gecko; compatible; ClaudeBot/1.0; +claudebot@anthropic.com)"
104.197.234.136 - - [29/Mar/2026:17:30:46 +0000] "POST //xmlrpc.php HTTP/1.1" 200 408 "-" "Mozilla/5.0 (Windows NT 10.0; Win64; x64) AppleWebKit/537.36 (KHTML, like Gecko) Chrome/78.0.3904.108 Safari/537.36"
216.73.216.217 - - [29/Mar/2026:17:30:46 +0000] "GET /shop/misdone/gnash051555953165.shtm HTTP/1.1" 404 38887 "https://sunra.be/shop/misdone/gnash051555953165.shtm" "Mozilla/5.0 AppleWebKit/537.36 (KHTML, like Gecko; compatible; ClaudeBot/1.0; +claudebot@anthropic.com)"
104.197.234.136 - - [29/Mar/2026:17:30:48 +0000] "POST //xmlrpc.php HTTP/1.1" 200 408 "-" "Mozilla/5.0 (Windows NT 10.0; Win64; x64) AppleWebKit/537.36 (KHTML, like Gecko) Chrome/78.0.3904.108 Safari/537.36"
114.119.150.254 - - [29/Mar/2026:17:30:48 +0000] "GET /shop/interlucation/henpecked06982383442.shtm HTTP/1.1" 301 - "https://sunra.be/?sitemap297.xml" "Mozilla/5.0 (Linux; Android 7.0;) AppleWebKit/537.36 (KHTML, like Gecko) Mobile Safari/537.36 (compatible; PetalBot;+https://webmaster.petalsearch.com/site/petalbot)"
216.73.216.217 - - [29/Mar/2026:17:30:48 +0000] "GET /shop/covariance/undeify05418317928.shtm HTTP/1.1" 301 - "-" "Mozilla/5.0 AppleWebKit/537.36 (KHTML, like Gecko; compatible; ClaudeBot/1.0; +claudebot@anthropic.com)"
104.197.234.136 - - [29/Mar/2026:17:30:50 +0000] "POST //xmlrpc.php HTTP/1.1" 200 408 "-" "Mozilla/5.0 (Windows NT 10.0; Win64; x64) AppleWebKit/537.36 (KHTML, like Gecko) Chrome/78.0.3904.108 Safari/537.36"
216.73.216.217 - - [29/Mar/2026:17:30:50 +0000] "GET /shop/covariance/undeify05418317928.shtm HTTP/1.1" 404 38895 "https://sunra.be/shop/covariance/undeify05418317928.shtm" "Mozilla/5.0 AppleWebKit/537.36 (KHTML, like Gecko; compatible; ClaudeBot/1.0; +claudebot@anthropic.com)"
104.197.234.136 - - [29/Mar/2026:17:30:51 +0000] "POST //xmlrpc.php HTTP/1.1" 200 408 "-" "Mozilla/5.0 (Windows NT 10.0; Win64; x64) AppleWebKit/537.36 (KHTML, like Gecko) Chrome/78.0.3904.108 Safari/537.36"
104.197.234.136 - - [29/Mar/2026:17:30:53 +0000] "POST //xmlrpc.php HTTP/1.1" 200 408 "-" "Mozilla/5.0 (Windows NT 10.0; Win64; x64) AppleWebKit/537.36 (KHTML, like Gecko) Chrome/78.0.3904.108 Safari/537.36"
217.182.68.102 - - [29/Mar/2026:17:30:54 +0000] "POST /wp-cron.php?doing_wp_cron=1774805454.4069669246673583984375 HTTP/1.1" 200 - "-" "WordPress/6.9.4; https://www.sunra.be"
104.197.234.136 - - [29/Mar/2026:17:30:56 +0000] "POST //xmlrpc.php HTTP/1.1" 200 408 "-" "Mozilla/5.0 (Windows NT 10.0; Win64; x64) AppleWebKit/537.36 (KHTML, like Gecko) Chrome/78.0.3904.108 Safari/537.36"
104.197.234.136 - - [29/Mar/2026:17:30:57 +0000] "POST //xmlrpc.php HTTP/1.1" 200 408 "-" "Mozilla/5.0 (Windows NT 10.0; Win64; x64) AppleWebKit/537.36 (KHTML, like Gecko) Chrome/78.0.3904.108 Safari/537.36"
114.119.150.254 - - [29/Mar/2026:17:30:57 +0000] "GET /shop/interlucation/henpecked06982383442.shtm HTTP/1.1" 404 37564 "https://sunra.be/?sitemap297.xml" "Mozilla/5.0 (Linux; Android 7.0;) AppleWebKit/537.36 (KHTML, like Gecko) Mobile Safari/537.36 (compatible; PetalBot;+https://webmaster.petalsearch.com/site/petalbot)"
104.197.234.136 - - [29/Mar/2026:17:30:59 +0000] "POST //xmlrpc.php HTTP/1.1" 200 408 "-" "Mozilla/5.0 (Windows NT 10.0; Win64; x64) AppleWebKit/537.36 (KHTML, like Gecko) Chrome/78.0.3904.108 Safari/537.36"
104.197.234.136 - - [29/Mar/2026:17:31:01 +0000] "POST //xmlrpc.php HTTP/1.1" 200 408 "-" "Mozilla/5.0 (Windows NT 10.0; Win64; x64) AppleWebKit/537.36 (KHTML, like Gecko) Chrome/78.0.3904.108 Safari/537.36"
