104.197.234.136 - - [29/Mar/2026:17:23:59 +0000] "POST //xmlrpc.php HTTP/1.1" 200 408 "-" "Mozilla/5.0 (Windows NT 10.0; Win64; x64) AppleWebKit/537.36 (KHTML, like Gecko) Chrome/78.0.3904.108 Safari/537.36"
5.39.1.229 - - [29/Mar/2026:17:23:59 +0000] "GET /?w=8046641162 HTTP/1.1" 301 - "-" "Mozilla/5.0 (compatible; AhrefsBot/7.0; +http://ahrefs.com/robot/)"
104.197.234.136 - - [29/Mar/2026:17:24:01 +0000] "POST //xmlrpc.php HTTP/1.1" 200 408 "-" "Mozilla/5.0 (Windows NT 10.0; Win64; x64) AppleWebKit/537.36 (KHTML, like Gecko) Chrome/78.0.3904.108 Safari/537.36"
104.197.234.136 - - [29/Mar/2026:17:24:03 +0000] "POST //xmlrpc.php HTTP/1.1" 200 408 "-" "Mozilla/5.0 (Windows NT 10.0; Win64; x64) AppleWebKit/537.36 (KHTML, like Gecko) Chrome/78.0.3904.108 Safari/537.36"
104.197.234.136 - - [29/Mar/2026:17:24:05 +0000] "POST //xmlrpc.php HTTP/1.1" 200 408 "-" "Mozilla/5.0 (Windows NT 10.0; Win64; x64) AppleWebKit/537.36 (KHTML, like Gecko) Chrome/78.0.3904.108 Safari/537.36"
217.180.89.141 - - [29/Mar/2026:17:24:06 +0000] "GET / HTTP/1.1" 301 - "https://www.google.com/" "Mozilla/5.0 (Linux; Android 10; K) AppleWebKit/537.36 (KHTML, like Gecko) Chrome/146.0.0.0 Mobile Safari/537.36"
104.197.234.136 - - [29/Mar/2026:17:24:07 +0000] "POST //xmlrpc.php HTTP/1.1" 200 408 "-" "Mozilla/5.0 (Windows NT 10.0; Win64; x64) AppleWebKit/537.36 (KHTML, like Gecko) Chrome/78.0.3904.108 Safari/537.36"
217.180.89.141 - - [29/Mar/2026:17:24:08 +0000] "GET / HTTP/1.1" 200 134831 "https://www.google.com/" "Mozilla/5.0 (Linux; Android 10; K) AppleWebKit/537.36 (KHTML, like Gecko) Chrome/146.0.0.0 Mobile Safari/537.36"
217.180.89.141 - - [29/Mar/2026:17:24:10 +0000] "GET /wp-content/plugins/instagram-feed/css/sbi-styles.min.css?ver=6.10.0 HTTP/1.1" 200 41838 "https://www.sunra.be/" "Mozilla/5.0 (Linux; Android 10; K) AppleWebKit/537.36 (KHTML, like Gecko) Chrome/146.0.0.0 Mobile Safari/537.36"
217.180.89.141 - - [29/Mar/2026:17:24:10 +0000] "GET /wp-includes/css/dist/block-library/style.min.css?ver=6.9.4 HTTP/1.1" 200 119358 "https://www.sunra.be/" "Mozilla/5.0 (Linux; Android 10; K) AppleWebKit/537.36 (KHTML, like Gecko) Chrome/146.0.0.0 Mobile Safari/537.36"
217.180.89.141 - - [29/Mar/2026:17:24:10 +0000] "GET /wp-content/plugins/contact-form-7/includes/css/styles.css?ver=6.1.5 HTTP/1.1" 200 2947 "https://www.sunra.be/" "Mozilla/5.0 (Linux; Android 10; K) AppleWebKit/537.36 (KHTML, like Gecko) Chrome/146.0.0.0 Mobile Safari/537.36"
217.180.89.141 - - [29/Mar/2026:17:24:10 +0000] "GET /wp-content/themes/sunra/assets/lightbox/css/lightbox.min.css?ver=6.9.4 HTTP/1.1" 200 2574 "https://www.sunra.be/" "Mozilla/5.0 (Linux; Android 10; K) AppleWebKit/537.36 (KHTML, like Gecko) Chrome/146.0.0.0 Mobile Safari/537.36"
217.180.89.141 - - [29/Mar/2026:17:24:10 +0000] "GET /wp-content/themes/sunra/assets/css/owl.carousel.min.css?ver=6.9.4 HTTP/1.1" 200 3351 "https://www.sunra.be/" "Mozilla/5.0 (Linux; Android 10; K) AppleWebKit/537.36 (KHTML, like Gecko) Chrome/146.0.0.0 Mobile Safari/537.36"
217.180.89.141 - - [29/Mar/2026:17:24:10 +0000] "GET /wp-content/themes/sunra/assets/css/owl.theme.default.css?ver=6.9.4 HTTP/1.1" 200 1380 "https://www.sunra.be/" "Mozilla/5.0 (Linux; Android 10; K) AppleWebKit/537.36 (KHTML, like Gecko) Chrome/146.0.0.0 Mobile Safari/537.36"
217.180.89.141 - - [29/Mar/2026:17:24:10 +0000] "GET /wp-content/themes/sunra/style.css?t=1774805049&ver=6.9.4 HTTP/1.1" 200 24715 "https://www.sunra.be/" "Mozilla/5.0 (Linux; Android 10; K) AppleWebKit/537.36 (KHTML, like Gecko) Chrome/146.0.0.0 Mobile Safari/537.36"
217.180.89.141 - - [29/Mar/2026:17:24:10 +0000] "GET /wp-content/uploads/smile_fonts/Defaults/Defaults.css?ver=3.19.6 HTTP/1.1" 200 27639 "https://www.sunra.be/" "Mozilla/5.0 (Linux; Android 10; K) AppleWebKit/537.36 (KHTML, like Gecko) Chrome/146.0.0.0 Mobile Safari/537.36"
217.180.89.141 - - [29/Mar/2026:17:24:10 +0000] "GET /wp-content/plugins/Ultimate_VC_Addons/assets/min-css/style.min.css?ver=3.19.6 HTTP/1.1" 200 13362 "https://www.sunra.be/" "Mozilla/5.0 (Linux; Android 10; K) AppleWebKit/537.36 (KHTML, like Gecko) Chrome/146.0.0.0 Mobile Safari/537.36"
217.180.89.141 - - [29/Mar/2026:17:24:10 +0000] "GET /wp-content/plugins/Ultimate_VC_Addons/assets/min-css/headings.min.css?ver=3.19.6 HTTP/1.1" 200 1255 "https://www.sunra.be/" "Mozilla/5.0 (Linux; Android 10; K) AppleWebKit/537.36 (KHTML, like Gecko) Chrome/146.0.0.0 Mobile Safari/537.36"
217.180.89.141 - - [29/Mar/2026:17:24:10 +0000] "GET /wp-content/plugins/js_composer/assets/lib/bower/animate-css/animate.min.css?ver=6.10.0 HTTP/1.1" 200 16177 "https://www.sunra.be/" "Mozilla/5.0 (Linux; Android 10; K) AppleWebKit/537.36 (KHTML, like Gecko) Chrome/146.0.0.0 Mobile Safari/537.36"
217.180.89.141 - - [29/Mar/2026:17:24:10 +0000] "GET /wp-content/themes/sunra/assets/css/bootstrap.min.css?ver=6.9.4 HTTP/1.1" 200 194699 "https://www.sunra.be/" "Mozilla/5.0 (Linux; Android 10; K) AppleWebKit/537.36 (KHTML, like Gecko) Chrome/146.0.0.0 Mobile Safari/537.36"
217.180.89.141 - - [29/Mar/2026:17:24:10 +0000] "GET /wp-content/plugins/js_composer/assets/lib/bower/font-awesome/css/v4-shims.min.css?ver=6.10.0 HTTP/1.1" 200 34399 "https://www.sunra.be/" "Mozilla/5.0 (Linux; Android 10; K) AppleWebKit/537.36 (KHTML, like Gecko) Chrome/146.0.0.0 Mobile Safari/537.36"
217.180.89.141 - - [29/Mar/2026:17:24:10 +0000] "GET /wp-content/plugins/js_composer/assets/lib/bower/font-awesome/css/all.min.css?ver=6.10.0 HTTP/1.1" 200 55921 "https://www.sunra.be/" "Mozilla/5.0 (Linux; Android 10; K) AppleWebKit/537.36 (KHTML, like Gecko) Chrome/146.0.0.0 Mobile Safari/537.36"
217.180.89.141 - - [29/Mar/2026:17:24:10 +0000] "GET /wp-content/plugins/revslider/public/assets/css/rs6.css?ver=6.6.12 HTTP/1.1" 200 58260 "https://www.sunra.be/" "Mozilla/5.0 (Linux; Android 10; K) AppleWebKit/537.36 (KHTML, like Gecko) Chrome/146.0.0.0 Mobile Safari/537.36"
217.180.89.141 - - [29/Mar/2026:17:24:10 +0000] "GET /wp-includes/js/jquery/jquery.min.js?ver=3.7.1 HTTP/1.1" 200 87553 "https://www.sunra.be/" "Mozilla/5.0 (Linux; Android 10; K) AppleWebKit/537.36 (KHTML, like Gecko) Chrome/146.0.0.0 Mobile Safari/537.36"
104.197.234.136 - - [29/Mar/2026:17:24:09 +0000] "POST //xmlrpc.php HTTP/1.1" 200 408 "-" "Mozilla/5.0 (Windows NT 10.0; Win64; x64) AppleWebKit/537.36 (KHTML, like Gecko) Chrome/78.0.3904.108 Safari/537.36"
217.180.89.141 - - [29/Mar/2026:17:24:11 +0000] "GET /wp-includes/js/jquery/jquery-migrate.min.js?ver=3.4.1 HTTP/1.1" 200 13577 "https://www.sunra.be/" "Mozilla/5.0 (Linux; Android 10; K) AppleWebKit/537.36 (KHTML, like Gecko) Chrome/146.0.0.0 Mobile Safari/537.36"
217.180.89.141 - - [29/Mar/2026:17:24:11 +0000] "GET /wp-content/plugins/Ultimate_VC_Addons/assets/min-js/ultimate-params.min.js?ver=3.19.6 HTTP/1.1" 200 1102 "https://www.sunra.be/" "Mozilla/5.0 (Linux; Android 10; K) AppleWebKit/537.36 (KHTML, like Gecko) Chrome/146.0.0.0 Mobile Safari/537.36"
217.180.89.141 - - [29/Mar/2026:17:24:11 +0000] "GET /wp-content/plugins/Ultimate_VC_Addons/assets/min-js/headings.min.js?ver=3.19.6 HTTP/1.1" 200 2714 "https://www.sunra.be/" "Mozilla/5.0 (Linux; Android 10; K) AppleWebKit/537.36 (KHTML, like Gecko) Chrome/146.0.0.0 Mobile Safari/537.36"
217.180.89.141 - - [29/Mar/2026:17:24:11 +0000] "GET /wp-content/plugins/revslider/public/assets/assets/dummy.png HTTP/1.1" 200 68 "https://www.sunra.be/" "Mozilla/5.0 (Linux; Android 10; K) AppleWebKit/537.36 (KHTML, like Gecko) Chrome/146.0.0.0 Mobile Safari/537.36"
217.180.89.141 - - [29/Mar/2026:17:24:11 +0000] "GET /wp-content/uploads/2023/06/footer_logo.png HTTP/1.1" 200 3303 "https://www.sunra.be/" "Mozilla/5.0 (Linux; Android 10; K) AppleWebKit/537.36 (KHTML, like Gecko) Chrome/146.0.0.0 Mobile Safari/537.36"
217.180.89.141 - - [29/Mar/2026:17:24:11 +0000] "GET /wp-includes/js/dist/hooks.min.js?ver=dd5603f07f9220ed27f1 HTTP/1.1" 200 5661 "https://www.sunra.be/" "Mozilla/5.0 (Linux; Android 10; K) AppleWebKit/537.36 (KHTML, like Gecko) Chrome/146.0.0.0 Mobile Safari/537.36"
217.180.89.141 - - [29/Mar/2026:17:24:11 +0000] "GET /wp-includes/js/dist/i18n.min.js?ver=c26c3dc7bed366793375 HTTP/1.1" 200 5314 "https://www.sunra.be/" "Mozilla/5.0 (Linux; Android 10; K) AppleWebKit/537.36 (KHTML, like Gecko) Chrome/146.0.0.0 Mobile Safari/537.36"
217.180.89.141 - - [29/Mar/2026:17:24:11 +0000] "GET /wp-content/plugins/contact-form-7/includes/swv/js/index.js?ver=6.1.5 HTTP/1.1" 200 12512 "https://www.sunra.be/" "Mozilla/5.0 (Linux; Android 10; K) AppleWebKit/537.36 (KHTML, like Gecko) Chrome/146.0.0.0 Mobile Safari/537.36"
217.180.89.141 - - [29/Mar/2026:17:24:11 +0000] "GET /wp-content/plugins/contact-form-7/includes/js/index.js?ver=6.1.5 HTTP/1.1" 200 13452 "https://www.sunra.be/" "Mozilla/5.0 (Linux; Android 10; K) AppleWebKit/537.36 (KHTML, like Gecko) Chrome/146.0.0.0 Mobile Safari/537.36"
217.180.89.141 - - [29/Mar/2026:17:24:11 +0000] "GET /wp-content/plugins/facebook-conversion-pixel/pixel-cat.min.js?ver=3.3.0 HTTP/1.1" 200 27878 "https://www.sunra.be/" "Mozilla/5.0 (Linux; Android 10; K) AppleWebKit/537.36 (KHTML, like Gecko) Chrome/146.0.0.0 Mobile Safari/537.36"
217.180.89.141 - - [29/Mar/2026:17:24:11 +0000] "GET /wp-content/plugins/facebook-conversion-pixel/video.js?ver=6.9.4 HTTP/1.1" 200 10428 "https://www.sunra.be/" "Mozilla/5.0 (Linux; Android 10; K) AppleWebKit/537.36 (KHTML, like Gecko) Chrome/146.0.0.0 Mobile Safari/537.36"
217.180.89.141 - - [29/Mar/2026:17:24:10 +0000] "GET /wp-content/plugins/js_composer/assets/css/js_composer.min.css?ver=6.10.0 HTTP/1.1" 200 462565 "https://www.sunra.be/" "Mozilla/5.0 (Linux; Android 10; K) AppleWebKit/537.36 (KHTML, like Gecko) Chrome/146.0.0.0 Mobile Safari/537.36"
217.180.89.141 - - [29/Mar/2026:17:24:11 +0000] "GET /wp-content/plugins/js_composer/assets/js/dist/js_composer_front.min.js?ver=6.10.0 HTTP/1.1" 200 20050 "https://www.sunra.be/" "Mozilla/5.0 (Linux; Android 10; K) AppleWebKit/537.36 (KHTML, like Gecko) Chrome/146.0.0.0 Mobile Safari/537.36"
217.180.89.141 - - [29/Mar/2026:17:24:11 +0000] "GET /wp-content/plugins/js_composer/assets/lib/vc_waypoints/vc-waypoints.min.js?ver=6.10.0 HTTP/1.1" 200 9237 "https://www.sunra.be/" "Mozilla/5.0 (Linux; Android 10; K) AppleWebKit/537.36 (KHTML, like Gecko) Chrome/146.0.0.0 Mobile Safari/537.36"
217.180.89.141 - - [29/Mar/2026:17:24:11 +0000] "GET /wp-content/themes/sunra/assets/js/owl.carousel.min.js?ver=6.9.4 HTTP/1.1" 200 44342 "https://www.sunra.be/" "Mozilla/5.0 (Linux; Android 10; K) AppleWebKit/537.36 (KHTML, like Gecko) Chrome/146.0.0.0 Mobile Safari/537.36"
217.180.89.141 - - [29/Mar/2026:17:24:11 +0000] "GET /wp-content/themes/sunra/assets/js/bootstrap.bundle.min.js?ver=6.9.4 HTTP/1.1" 200 80421 "https://www.sunra.be/" "Mozilla/5.0 (Linux; Android 10; K) AppleWebKit/537.36 (KHTML, like Gecko) Chrome/146.0.0.0 Mobile Safari/537.36"
217.180.89.141 - - [29/Mar/2026:17:24:11 +0000] "GET /wp-content/themes/sunra/assets/lightbox/js/lightbox.min.js?ver=6.9.4 HTTP/1.1" 200 9754 "https://www.sunra.be/" "Mozilla/5.0 (Linux; Android 10; K) AppleWebKit/537.36 (KHTML, like Gecko) Chrome/146.0.0.0 Mobile Safari/537.36"
217.180.89.141 - - [29/Mar/2026:17:24:11 +0000] "GET /wp-content/plugins/instagram-feed/js/sbi-scripts.min.js?ver=6.10.0 HTTP/1.1" 200 26773 "https://www.sunra.be/" "Mozilla/5.0 (Linux; Android 10; K) AppleWebKit/537.36 (KHTML, like Gecko) Chrome/146.0.0.0 Mobile Safari/537.36"
217.180.89.141 - - [29/Mar/2026:17:24:11 +0000] "GET /wp-content/plugins/sitepress-multilingual-cms/res/js/cookies/language-cookie.js?ver=476000 HTTP/1.1" 200 290 "https://www.sunra.be/" "Mozilla/5.0 (Linux; Android 10; K) AppleWebKit/537.36 (KHTML, like Gecko) Chrome/146.0.0.0 Mobile Safari/537.36"
217.180.89.141 - - [29/Mar/2026:17:24:11 +0000] "GET /wp-content/uploads/2023/06/instagram.png HTTP/1.1" 200 2595 "https://www.sunra.be/" "Mozilla/5.0 (Linux; Android 10; K) AppleWebKit/537.36 (KHTML, like Gecko) Chrome/146.0.0.0 Mobile Safari/537.36"
217.180.89.141 - - [29/Mar/2026:17:24:11 +0000] "GET /wp-content/plugins/js_composer/assets/lib/bower/font-awesome/webfonts/fa-solid-900.woff2 HTTP/1.1" 200 75760 "https://www.sunra.be/wp-content/plugins/js_composer/assets/lib/bower/font-awesome/css/all.min.css?ver=6.10.0" "Mozilla/5.0 (Linux; Android 10; K) AppleWebKit/537.36 (KHTML, like Gecko) Chrome/146.0.0.0 Mobile Safari/537.36"
217.180.89.141 - - [29/Mar/2026:17:24:11 +0000] "GET /wp-content/uploads/2023/06/whatsapp-1.png HTTP/1.1" 200 15490 "https://www.sunra.be/" "Mozilla/5.0 (Linux; Android 10; K) AppleWebKit/537.36 (KHTML, like Gecko) Chrome/146.0.0.0 Mobile Safari/537.36"
217.180.89.141 - - [29/Mar/2026:17:24:11 +0000] "GET /wp-content/uploads/2023/06/icon_1.png HTTP/1.1" 200 1317 "https://www.sunra.be/" "Mozilla/5.0 (Linux; Android 10; K) AppleWebKit/537.36 (KHTML, like Gecko) Chrome/146.0.0.0 Mobile Safari/537.36"
217.180.89.141 - - [29/Mar/2026:17:24:11 +0000] "GET /wp-content/uploads/2023/06/icon_2.png HTTP/1.1" 200 981 "https://www.sunra.be/" "Mozilla/5.0 (Linux; Android 10; K) AppleWebKit/537.36 (KHTML, like Gecko) Chrome/146.0.0.0 Mobile Safari/537.36"
217.180.89.141 - - [29/Mar/2026:17:24:11 +0000] "GET /wp-content/uploads/2023/06/homepage-French-01.jpg HTTP/1.1" 200 344731 "https://www.sunra.be/" "Mozilla/5.0 (Linux; Android 10; K) AppleWebKit/537.36 (KHTML, like Gecko) Chrome/146.0.0.0 Mobile Safari/537.36"
217.180.89.141 - - [29/Mar/2026:17:24:11 +0000] "GET /wp-content/uploads/2023/06/icon_4.png HTTP/1.1" 200 1135 "https://www.sunra.be/" "Mozilla/5.0 (Linux; Android 10; K) AppleWebKit/537.36 (KHTML, like Gecko) Chrome/146.0.0.0 Mobile Safari/537.36"
217.180.89.141 - - [29/Mar/2026:17:24:11 +0000] "GET /wp-content/uploads/2023/06/footer_logo.png HTTP/1.1" 200 3303 "https://www.sunra.be/" "Mozilla/5.0 (Linux; Android 10; K) AppleWebKit/537.36 (KHTML, like Gecko) Chrome/146.0.0.0 Mobile Safari/537.36"
217.180.89.141 - - [29/Mar/2026:17:24:11 +0000] "GET /wp-content/uploads/2023/06/icon_3.png HTTP/1.1" 200 1189 "https://www.sunra.be/" "Mozilla/5.0 (Linux; Android 10; K) AppleWebKit/537.36 (KHTML, like Gecko) Chrome/146.0.0.0 Mobile Safari/537.36"
217.180.89.141 - - [29/Mar/2026:17:24:11 +0000] "GET /wp-content/uploads/2023/06/homepage-French-03.jpg HTTP/1.1" 200 288431 "https://www.sunra.be/" "Mozilla/5.0 (Linux; Android 10; K) AppleWebKit/537.36 (KHTML, like Gecko) Chrome/146.0.0.0 Mobile Safari/537.36"
217.180.89.141 - - [29/Mar/2026:17:24:12 +0000] "GET /wp-content/uploads/2023/06/fb.png HTTP/1.1" 200 1430 "https://www.sunra.be/" "Mozilla/5.0 (Linux; Android 10; K) AppleWebKit/537.36 (KHTML, like Gecko) Chrome/146.0.0.0 Mobile Safari/537.36"
217.180.89.141 - - [29/Mar/2026:17:24:12 +0000] "GET /wp-content/uploads/2023/06/tw.png HTTP/1.1" 200 1114 "https://www.sunra.be/" "Mozilla/5.0 (Linux; Android 10; K) AppleWebKit/537.36 (KHTML, like Gecko) Chrome/146.0.0.0 Mobile Safari/537.36"
217.180.89.141 - - [29/Mar/2026:17:24:12 +0000] "GET /wp-content/uploads/2023/06/yt.png HTTP/1.1" 200 1305 "https://www.sunra.be/" "Mozilla/5.0 (Linux; Android 10; K) AppleWebKit/537.36 (KHTML, like Gecko) Chrome/146.0.0.0 Mobile Safari/537.36"
217.180.89.141 - - [29/Mar/2026:17:24:11 +0000] "GET /wp-content/uploads/2023/06/homepage-French-02.jpg HTTP/1.1" 200 234921 "https://www.sunra.be/" "Mozilla/5.0 (Linux; Android 10; K) AppleWebKit/537.36 (KHTML, like Gecko) Chrome/146.0.0.0 Mobile Safari/537.36"
217.180.89.141 - - [29/Mar/2026:17:24:11 +0000] "GET /wp-content/uploads/2024/01/Miku-French-05.jpg HTTP/1.1" 200 564032 "https://www.sunra.be/" "Mozilla/5.0 (Linux; Android 10; K) AppleWebKit/537.36 (KHTML, like Gecko) Chrome/146.0.0.0 Mobile Safari/537.36"
217.180.89.141 - - [29/Mar/2026:17:24:12 +0000] "GET /wp-content/uploads/2023/06/homepage-French-04.jpg HTTP/1.1" 200 263417 "https://www.sunra.be/" "Mozilla/5.0 (Linux; Android 10; K) AppleWebKit/537.36 (KHTML, like Gecko) Chrome/146.0.0.0 Mobile Safari/537.36"
66.249.73.12 - - [29/Mar/2026:17:24:11 +0000] "GET /en/our-models/hawk/ HTTP/1.1" 200 208616 "-" "Mozilla/5.0 (Linux; Android 6.0.1; Nexus 5X Build/MMB29P) AppleWebKit/537.36 (KHTML, like Gecko) Chrome/146.0.7680.153 Mobile Safari/537.36 (compatible; Googlebot/2.1; +http://www.google.com/bot.html)"
217.180.89.141 - - [29/Mar/2026:17:24:11 +0000] "GET /wp-content/uploads/2024/01/RoboS-French-06.jpg HTTP/1.1" 200 423323 "https://www.sunra.be/" "Mozilla/5.0 (Linux; Android 10; K) AppleWebKit/537.36 (KHTML, like Gecko) Chrome/146.0.0.0 Mobile Safari/537.36"
217.180.89.141 - - [29/Mar/2026:17:24:12 +0000] "GET //wp-content/uploads/2023/06/Rectangle-201.png HTTP/1.1" 200 135 "https://www.sunra.be/" "Mozilla/5.0 (Linux; Android 10; K) AppleWebKit/537.36 (KHTML, like Gecko) Chrome/146.0.0.0 Mobile Safari/537.36"
217.180.89.141 - - [29/Mar/2026:17:24:12 +0000] "GET /wp-content/uploads/2023/06/removal-1-4.png HTTP/1.1" 200 81904 "https://www.sunra.be/" "Mozilla/5.0 (Linux; Android 10; K) AppleWebKit/537.36 (KHTML, like Gecko) Chrome/146.0.0.0 Mobile Safari/537.36"
104.197.234.136 - - [29/Mar/2026:17:24:11 +0000] "POST //xmlrpc.php HTTP/1.1" 200 408 "-" "Mozilla/5.0 (Windows NT 10.0; Win64; x64) AppleWebKit/537.36 (KHTML, like Gecko) Chrome/78.0.3904.108 Safari/537.36"
217.180.89.141 - - [29/Mar/2026:17:24:12 +0000] "GET /wp-content/uploads/2023/06/crystal-French-08-08-1.jpg HTTP/1.1" 200 161112 "https://www.sunra.be/" "Mozilla/5.0 (Linux; Android 10; K) AppleWebKit/537.36 (KHTML, like Gecko) Chrome/146.0.0.0 Mobile Safari/537.36"
217.180.89.141 - - [29/Mar/2026:17:24:12 +0000] "GET /wp-content/uploads/2023/06/Hawk11-1-5.png HTTP/1.1" 200 72970 "https://www.sunra.be/" "Mozilla/5.0 (Linux; Android 10; K) AppleWebKit/537.36 (KHTML, like Gecko) Chrome/146.0.0.0 Mobile Safari/537.36"
217.180.89.141 - - [29/Mar/2026:17:24:12 +0000] "GET /wp-content/uploads/2024/01/Hawk-French-07.jpg HTTP/1.1" 200 544970 "https://www.sunra.be/" "Mozilla/5.0 (Linux; Android 10; K) AppleWebKit/537.36 (KHTML, like Gecko) Chrome/146.0.0.0 Mobile Safari/537.36"
217.180.89.141 - - [29/Mar/2026:17:24:12 +0000] "GET /wp-content/uploads/2023/06/Crystal3333-1-4.png HTTP/1.1" 200 67620 "https://www.sunra.be/" "Mozilla/5.0 (Linux; Android 10; K) AppleWebKit/537.36 (KHTML, like Gecko) Chrome/146.0.0.0 Mobile Safari/537.36"
217.180.89.141 - - [29/Mar/2026:17:24:12 +0000] "GET /wp-content/uploads/2023/06/arrow-icon.png HTTP/1.1" 200 273 "https://www.sunra.be/" "Mozilla/5.0 (Linux; Android 10; K) AppleWebKit/537.36 (KHTML, like Gecko) Chrome/146.0.0.0 Mobile Safari/537.36"
217.180.89.141 - - [29/Mar/2026:17:24:12 +0000] "GET /wp-content/themes/sunra/assets/lightbox/images/prev.png HTTP/1.1" 200 1360 "https://www.sunra.be/wp-content/themes/sunra/assets/lightbox/css/lightbox.min.css?ver=6.9.4" "Mozilla/5.0 (Linux; Android 10; K) AppleWebKit/537.36 (KHTML, like Gecko) Chrome/146.0.0.0 Mobile Safari/537.36"
217.180.89.141 - - [29/Mar/2026:17:24:13 +0000] "GET /wp-content/themes/sunra/assets/lightbox/images/next.png HTTP/1.1" 200 1350 "https://www.sunra.be/wp-content/themes/sunra/assets/lightbox/css/lightbox.min.css?ver=6.9.4" "Mozilla/5.0 (Linux; Android 10; K) AppleWebKit/537.36 (KHTML, like Gecko) Chrome/146.0.0.0 Mobile Safari/537.36"
217.180.89.141 - - [29/Mar/2026:17:24:13 +0000] "GET /wp-content/themes/sunra/assets/lightbox/images/loading.gif HTTP/1.1" 200 8476 "https://www.sunra.be/wp-content/themes/sunra/assets/lightbox/css/lightbox.min.css?ver=6.9.4" "Mozilla/5.0 (Linux; Android 10; K) AppleWebKit/537.36 (KHTML, like Gecko) Chrome/146.0.0.0 Mobile Safari/537.36"
217.180.89.141 - - [29/Mar/2026:17:24:13 +0000] "GET /wp-content/themes/sunra/assets/lightbox/images/close.png HTTP/1.1" 200 280 "https://www.sunra.be/wp-content/themes/sunra/assets/lightbox/css/lightbox.min.css?ver=6.9.4" "Mozilla/5.0 (Linux; Android 10; K) AppleWebKit/537.36 (KHTML, like Gecko) Chrome/146.0.0.0 Mobile Safari/537.36"
217.180.89.141 - - [29/Mar/2026:17:24:12 +0000] "GET /wp-content/plugins/revslider/public/assets/js/rbtools.min.js?ver=6.6.12 HTTP/1.1" 200 165339 "https://www.sunra.be/" "Mozilla/5.0 (Linux; Android 10; K) AppleWebKit/537.36 (KHTML, like Gecko) Chrome/146.0.0.0 Mobile Safari/537.36"
217.180.89.141 - - [29/Mar/2026:17:24:12 +0000] "GET /wp-content/plugins/revslider/public/assets/js/rs6.min.js?ver=6.6.12 HTTP/1.1" 200 414606 "https://www.sunra.be/" "Mozilla/5.0 (Linux; Android 10; K) AppleWebKit/537.36 (KHTML, like Gecko) Chrome/146.0.0.0 Mobile Safari/537.36"
217.180.89.141 - - [29/Mar/2026:17:24:13 +0000] "GET /wp-content/plugins/revslider/public/assets/assets/transparent.png HTTP/1.1" 200 122 "https://www.sunra.be/" "Mozilla/5.0 (Linux; Android 10; K) AppleWebKit/537.36 (KHTML, like Gecko) Chrome/146.0.0.0 Mobile Safari/537.36"
217.180.89.141 - - [29/Mar/2026:17:24:13 +0000] "GET /wp-content/uploads/2023/07/Robo-02.png HTTP/1.1" 200 4178 "https://www.sunra.be/" "Mozilla/5.0 (Linux; Android 10; K) AppleWebKit/537.36 (KHTML, like Gecko) Chrome/146.0.0.0 Mobile Safari/537.36"
217.180.89.141 - - [29/Mar/2026:17:24:13 +0000] "GET /wp-content/plugins/revslider/public/assets/fonts/revicons/revicons.woff?5510888 HTTP/1.1" 200 7536 "https://www.sunra.be/wp-content/plugins/revslider/public/assets/css/rs6.css?ver=6.6.12" "Mozilla/5.0 (Linux; Android 10; K) AppleWebKit/537.36 (KHTML, like Gecko) Chrome/146.0.0.0 Mobile Safari/537.36"
217.180.89.141 - - [29/Mar/2026:17:24:13 +0000] "GET /wp-content/uploads/2024/01/80-100-French-01.png HTTP/1.1" 200 11800 "https://www.sunra.be/" "Mozilla/5.0 (Linux; Android 10; K) AppleWebKit/537.36 (KHTML, like Gecko) Chrome/146.0.0.0 Mobile Safari/537.36"
217.180.89.141 - - [29/Mar/2026:17:24:12 +0000] "GET /wp-content/uploads/2023/06/bm4josy2-1-1.png HTTP/1.1" 200 846201 "https://www.sunra.be/" "Mozilla/5.0 (Linux; Android 10; K) AppleWebKit/537.36 (KHTML, like Gecko) Chrome/146.0.0.0 Mobile Safari/537.36"
217.180.89.141 - - [29/Mar/2026:17:24:13 +0000] "GET /wp-content/uploads/2023/07/Miku-Super-03.png HTTP/1.1" 200 3233 "https://www.sunra.be/" "Mozilla/5.0 (Linux; Android 10; K) AppleWebKit/537.36 (KHTML, like Gecko) Chrome/146.0.0.0 Mobile Safari/537.36"
217.180.89.141 - - [29/Mar/2026:17:24:13 +0000] "GET /wp-content/uploads/2023/06/Miku-Home-BG-Desk-01.jpg HTTP/1.1" 200 119395 "https://www.sunra.be/" "Mozilla/5.0 (Linux; Android 10; K) AppleWebKit/537.36 (KHTML, like Gecko) Chrome/146.0.0.0 Mobile Safari/537.36"
217.180.89.141 - - [29/Mar/2026:17:24:13 +0000] "GET /wp-content/uploads/2024/07/SUNRA_Offre-speciale_rotate_ombre-1.png HTTP/1.1" 200 31000 "https://www.sunra.be/" "Mozilla/5.0 (Linux; Android 10; K) AppleWebKit/537.36 (KHTML, like Gecko) Chrome/146.0.0.0 Mobile Safari/537.36"
217.180.89.141 - - [29/Mar/2026:17:24:12 +0000] "GET /wp-json/contact-form-7/v1/contact-forms/6624/feedback/schema HTTP/1.1" 200 1938 "https://www.sunra.be/" "Mozilla/5.0 (Linux; Android 10; K) AppleWebKit/537.36 (KHTML, like Gecko) Chrome/146.0.0.0 Mobile Safari/537.36"
217.180.89.141 - - [29/Mar/2026:17:24:13 +0000] "GET /wp-content/uploads/2023/06/bike-12.png HTTP/1.1" 200 533112 "https://www.sunra.be/" "Mozilla/5.0 (Linux; Android 10; K) AppleWebKit/537.36 (KHTML, like Gecko) Chrome/146.0.0.0 Mobile Safari/537.36"
217.180.89.141 - - [29/Mar/2026:17:24:13 +0000] "GET /wp-content/uploads/2023/06/Miku-Home-BG-Mobile-01.jpg HTTP/1.1" 200 316907 "https://www.sunra.be/" "Mozilla/5.0 (Linux; Android 10; K) AppleWebKit/537.36 (KHTML, like Gecko) Chrome/146.0.0.0 Mobile Safari/537.36"
217.180.89.141 - - [29/Mar/2026:17:24:14 +0000] "GET /wp-content/uploads/2023/06/Crysta1.webp HTTP/1.1" 200 29044 "https://www.sunra.be/" "Mozilla/5.0 (Linux; Android 10; K) AppleWebKit/537.36 (KHTML, like Gecko) Chrome/146.0.0.0 Mobile Safari/537.36"
217.180.89.141 - - [29/Mar/2026:17:24:14 +0000] "GET /wp-content/uploads/2023/07/Crystal-02.png HTTP/1.1" 200 4124 "https://www.sunra.be/" "Mozilla/5.0 (Linux; Android 10; K) AppleWebKit/537.36 (KHTML, like Gecko) Chrome/146.0.0.0 Mobile Safari/537.36"
217.180.89.141 - - [29/Mar/2026:17:24:14 +0000] "GET /wp-content/uploads/2023/07/Crystal-01.png HTTP/1.1" 200 3182 "https://www.sunra.be/" "Mozilla/5.0 (Linux; Android 10; K) AppleWebKit/537.36 (KHTML, like Gecko) Chrome/146.0.0.0 Mobile Safari/537.36"
217.180.89.141 - - [29/Mar/2026:17:24:14 +0000] "GET /wp-content/uploads/2023/06/Crystal-Home-BG-Mobile-01.jpg HTTP/1.1" 200 81114 "https://www.sunra.be/" "Mozilla/5.0 (Linux; Android 10; K) AppleWebKit/537.36 (KHTML, like Gecko) Chrome/146.0.0.0 Mobile Safari/537.36"
217.180.89.141 - - [29/Mar/2026:17:24:14 +0000] "GET /wp-content/uploads/2023/06/Hawk3.webp HTTP/1.1" 200 30264 "https://www.sunra.be/" "Mozilla/5.0 (Linux; Android 10; K) AppleWebKit/537.36 (KHTML, like Gecko) Chrome/146.0.0.0 Mobile Safari/537.36"
217.180.89.141 - - [29/Mar/2026:17:24:14 +0000] "GET /wp-content/uploads/2023/06/Crystal-Home-BG-Desk-01.jpg HTTP/1.1" 200 123265 "https://www.sunra.be/" "Mozilla/5.0 (Linux; Android 10; K) AppleWebKit/537.36 (KHTML, like Gecko) Chrome/146.0.0.0 Mobile Safari/537.36"
217.180.89.141 - - [29/Mar/2026:17:24:14 +0000] "GET /wp-content/uploads/2023/07/Crystal-01.png HTTP/1.1" 200 3182 "https://www.sunra.be/" "Mozilla/5.0 (Linux; Android 10; K) AppleWebKit/537.36 (KHTML, like Gecko) Chrome/146.0.0.0 Mobile Safari/537.36"
217.180.89.141 - - [29/Mar/2026:17:24:14 +0000] "GET /wp-content/uploads/2023/06/Hawk-Home-BG-Desk-01.jpg HTTP/1.1" 200 152635 "https://www.sunra.be/" "Mozilla/5.0 (Linux; Android 10; K) AppleWebKit/537.36 (KHTML, like Gecko) Chrome/146.0.0.0 Mobile Safari/537.36"
217.180.89.141 - - [29/Mar/2026:17:24:14 +0000] "GET /wp-content/uploads/2023/07/Crystal-03.png HTTP/1.1" 200 3233 "https://www.sunra.be/" "Mozilla/5.0 (Linux; Android 10; K) AppleWebKit/537.36 (KHTML, like Gecko) Chrome/146.0.0.0 Mobile Safari/537.36"
217.180.89.141 - - [29/Mar/2026:17:24:14 +0000] "GET /wp-content/uploads/2023/06/Hawk-Home-BG-Mobile-01.jpg HTTP/1.1" 200 326740 "https://www.sunra.be/" "Mozilla/5.0 (Linux; Android 10; K) AppleWebKit/537.36 (KHTML, like Gecko) Chrome/146.0.0.0 Mobile Safari/537.36"
104.197.234.136 - - [29/Mar/2026:17:24:13 +0000] "POST //xmlrpc.php HTTP/1.1" 200 408 "-" "Mozilla/5.0 (Windows NT 10.0; Win64; x64) AppleWebKit/537.36 (KHTML, like Gecko) Chrome/78.0.3904.108 Safari/537.36"
217.180.89.141 - - [29/Mar/2026:17:24:14 +0000] "GET /favicon.ico HTTP/1.1" 302 - "https://www.sunra.be/" "Mozilla/5.0 (Linux; Android 10; K) AppleWebKit/537.36 (KHTML, like Gecko) Chrome/146.0.0.0 Mobile Safari/537.36"
217.180.89.141 - - [29/Mar/2026:17:24:15 +0000] "GET /wp-includes/images/w-logo-blue-white-bg.png HTTP/1.1" 200 4119 "https://www.sunra.be/" "Mozilla/5.0 (Linux; Android 10; K) AppleWebKit/537.36 (KHTML, like Gecko) Chrome/146.0.0.0 Mobile Safari/537.36"
104.197.234.136 - - [29/Mar/2026:17:24:15 +0000] "POST //xmlrpc.php HTTP/1.1" 200 408 "-" "Mozilla/5.0 (Windows NT 10.0; Win64; x64) AppleWebKit/537.36 (KHTML, like Gecko) Chrome/78.0.3904.108 Safari/537.36"
104.197.234.136 - - [29/Mar/2026:17:24:17 +0000] "POST //xmlrpc.php HTTP/1.1" 200 408 "-" "Mozilla/5.0 (Windows NT 10.0; Win64; x64) AppleWebKit/537.36 (KHTML, like Gecko) Chrome/78.0.3904.108 Safari/537.36"
104.197.234.136 - - [29/Mar/2026:17:24:18 +0000] "POST //xmlrpc.php HTTP/1.1" 200 408 "-" "Mozilla/5.0 (Windows NT 10.0; Win64; x64) AppleWebKit/537.36 (KHTML, like Gecko) Chrome/78.0.3904.108 Safari/537.36"
113.175.27.227 - - [29/Mar/2026:17:24:18 +0000] "GET /shopdetail/regulator/181034148 HTTP/1.1" 404 38879 "-" "Mozilla/5.0 (Windows NT 10.0; Win64; x64) AppleWebKit/537.36 (KHTML, like Gecko) Chrome/128.0.6613.137 Safari/537.36"
104.197.234.136 - - [29/Mar/2026:17:24:20 +0000] "POST //xmlrpc.php HTTP/1.1" 200 408 "-" "Mozilla/5.0 (Windows NT 10.0; Win64; x64) AppleWebKit/537.36 (KHTML, like Gecko) Chrome/78.0.3904.108 Safari/537.36"
104.197.234.136 - - [29/Mar/2026:17:24:22 +0000] "POST //xmlrpc.php HTTP/1.1" 200 408 "-" "Mozilla/5.0 (Windows NT 10.0; Win64; x64) AppleWebKit/537.36 (KHTML, like Gecko) Chrome/78.0.3904.108 Safari/537.36"
217.180.89.141 - - [29/Mar/2026:17:24:23 +0000] "GET /wp-content/uploads/2023/06/robo_che2.webp HTTP/1.1" 200 79064 "https://www.sunra.be/" "Mozilla/5.0 (Linux; Android 10; K) AppleWebKit/537.36 (KHTML, like Gecko) Chrome/146.0.0.0 Mobile Safari/537.36"
217.180.89.141 - - [29/Mar/2026:17:24:23 +0000] "GET /wp-content/uploads/2023/06/Robo-S-Home-BG-Desk-01.jpg HTTP/1.1" 200 178199 "https://www.sunra.be/" "Mozilla/5.0 (Linux; Android 10; K) AppleWebKit/537.36 (KHTML, like Gecko) Chrome/146.0.0.0 Mobile Safari/537.36"
217.180.89.141 - - [29/Mar/2026:17:24:23 +0000] "GET /wp-content/uploads/2023/06/Robo-S-Home-BG-Mobile-01.jpg HTTP/1.1" 200 428414 "https://www.sunra.be/" "Mozilla/5.0 (Linux; Android 10; K) AppleWebKit/537.36 (KHTML, like Gecko) Chrome/146.0.0.0 Mobile Safari/537.36"
104.197.234.136 - - [29/Mar/2026:17:24:23 +0000] "POST //xmlrpc.php HTTP/1.1" 200 408 "-" "Mozilla/5.0 (Windows NT 10.0; Win64; x64) AppleWebKit/537.36 (KHTML, like Gecko) Chrome/78.0.3904.108 Safari/537.36"
104.197.234.136 - - [29/Mar/2026:17:24:25 +0000] "POST //xmlrpc.php HTTP/1.1" 200 408 "-" "Mozilla/5.0 (Windows NT 10.0; Win64; x64) AppleWebKit/537.36 (KHTML, like Gecko) Chrome/78.0.3904.108 Safari/537.36"
104.197.234.136 - - [29/Mar/2026:17:24:27 +0000] "POST //xmlrpc.php HTTP/1.1" 200 408 "-" "Mozilla/5.0 (Windows NT 10.0; Win64; x64) AppleWebKit/537.36 (KHTML, like Gecko) Chrome/78.0.3904.108 Safari/537.36"
104.197.234.136 - - [29/Mar/2026:17:24:28 +0000] "POST //xmlrpc.php HTTP/1.1" 200 408 "-" "Mozilla/5.0 (Windows NT 10.0; Win64; x64) AppleWebKit/537.36 (KHTML, like Gecko) Chrome/78.0.3904.108 Safari/537.36"
104.197.234.136 - - [29/Mar/2026:17:24:30 +0000] "POST //xmlrpc.php HTTP/1.1" 200 408 "-" "Mozilla/5.0 (Windows NT 10.0; Win64; x64) AppleWebKit/537.36 (KHTML, like Gecko) Chrome/78.0.3904.108 Safari/537.36"
104.197.234.136 - - [29/Mar/2026:17:24:32 +0000] "POST //xmlrpc.php HTTP/1.1" 200 408 "-" "Mozilla/5.0 (Windows NT 10.0; Win64; x64) AppleWebKit/537.36 (KHTML, like Gecko) Chrome/78.0.3904.108 Safari/537.36"
217.180.89.141 - - [29/Mar/2026:17:24:33 +0000] "GET /wp-content/uploads/2023/07/7-M-01-1.png HTTP/1.1" 200 22546 "https://www.sunra.be/" "Mozilla/5.0 (Linux; Android 10; K) AppleWebKit/537.36 (KHTML, like Gecko) Chrome/146.0.0.0 Mobile Safari/537.36"
104.197.234.136 - - [29/Mar/2026:17:24:33 +0000] "POST //xmlrpc.php HTTP/1.1" 200 408 "-" "Mozilla/5.0 (Windows NT 10.0; Win64; x64) AppleWebKit/537.36 (KHTML, like Gecko) Chrome/78.0.3904.108 Safari/537.36"
104.197.234.136 - - [29/Mar/2026:17:24:35 +0000] "POST //xmlrpc.php HTTP/1.1" 200 408 "-" "Mozilla/5.0 (Windows NT 10.0; Win64; x64) AppleWebKit/537.36 (KHTML, like Gecko) Chrome/78.0.3904.108 Safari/537.36"
104.197.234.136 - - [29/Mar/2026:17:24:37 +0000] "POST //xmlrpc.php HTTP/1.1" 200 408 "-" "Mozilla/5.0 (Windows NT 10.0; Win64; x64) AppleWebKit/537.36 (KHTML, like Gecko) Chrome/78.0.3904.108 Safari/537.36"
104.197.234.136 - - [29/Mar/2026:17:24:39 +0000] "POST //xmlrpc.php HTTP/1.1" 200 408 "-" "Mozilla/5.0 (Windows NT 10.0; Win64; x64) AppleWebKit/537.36 (KHTML, like Gecko) Chrome/78.0.3904.108 Safari/537.36"
104.197.234.136 - - [29/Mar/2026:17:24:40 +0000] "POST //xmlrpc.php HTTP/1.1" 200 408 "-" "Mozilla/5.0 (Windows NT 10.0; Win64; x64) AppleWebKit/537.36 (KHTML, like Gecko) Chrome/78.0.3904.108 Safari/537.36"
104.197.234.136 - - [29/Mar/2026:17:24:42 +0000] "POST //xmlrpc.php HTTP/1.1" 200 408 "-" "Mozilla/5.0 (Windows NT 10.0; Win64; x64) AppleWebKit/537.36 (KHTML, like Gecko) Chrome/78.0.3904.108 Safari/537.36"
104.197.234.136 - - [29/Mar/2026:17:24:44 +0000] "POST //xmlrpc.php HTTP/1.1" 200 408 "-" "Mozilla/5.0 (Windows NT 10.0; Win64; x64) AppleWebKit/537.36 (KHTML, like Gecko) Chrome/78.0.3904.108 Safari/537.36"
150.223.194.182 - - [29/Mar/2026:17:24:45 +0000] "GET /?author=10 HTTP/1.1" 301 - "-" "Apache-HttpClient/4.5.2 (Java/1.8.0_161)"
104.197.234.136 - - [29/Mar/2026:17:24:46 +0000] "POST //xmlrpc.php HTTP/1.1" 200 408 "-" "Mozilla/5.0 (Windows NT 10.0; Win64; x64) AppleWebKit/537.36 (KHTML, like Gecko) Chrome/78.0.3904.108 Safari/537.36"
104.197.234.136 - - [29/Mar/2026:17:24:48 +0000] "POST //xmlrpc.php HTTP/1.1" 200 408 "-" "Mozilla/5.0 (Windows NT 10.0; Win64; x64) AppleWebKit/537.36 (KHTML, like Gecko) Chrome/78.0.3904.108 Safari/537.36"
104.197.234.136 - - [29/Mar/2026:17:24:49 +0000] "POST //xmlrpc.php HTTP/1.1" 200 408 "-" "Mozilla/5.0 (Windows NT 10.0; Win64; x64) AppleWebKit/537.36 (KHTML, like Gecko) Chrome/78.0.3904.108 Safari/537.36"
150.223.194.182 - - [29/Mar/2026:17:24:49 +0000] "GET /?author=10 HTTP/1.1" 200 38984 "-" "Apache-HttpClient/4.5.2 (Java/1.8.0_161)"
104.197.234.136 - - [29/Mar/2026:17:24:51 +0000] "POST //xmlrpc.php HTTP/1.1" 200 408 "-" "Mozilla/5.0 (Windows NT 10.0; Win64; x64) AppleWebKit/537.36 (KHTML, like Gecko) Chrome/78.0.3904.108 Safari/537.36"
104.197.234.136 - - [29/Mar/2026:17:24:53 +0000] "POST //xmlrpc.php HTTP/1.1" 200 408 "-" "Mozilla/5.0 (Windows NT 10.0; Win64; x64) AppleWebKit/537.36 (KHTML, like Gecko) Chrome/78.0.3904.108 Safari/537.36"
217.182.68.102 - - [29/Mar/2026:17:24:54 +0000] "POST /wp-cron.php?doing_wp_cron=1774805094.3588969707489013671875 HTTP/1.1" 200 - "-" "WordPress/6.9.4; https://www.sunra.be"
216.73.216.217 - - [29/Mar/2026:17:24:54 +0000] "GET /shop/aftermath/inflectional052789327593.shtm HTTP/1.1" 301 - "-" "Mozilla/5.0 AppleWebKit/537.36 (KHTML, like Gecko; compatible; ClaudeBot/1.0; +claudebot@anthropic.com)"
104.197.234.136 - - [29/Mar/2026:17:24:55 +0000] "POST //xmlrpc.php HTTP/1.1" 200 408 "-" "Mozilla/5.0 (Windows NT 10.0; Win64; x64) AppleWebKit/537.36 (KHTML, like Gecko) Chrome/78.0.3904.108 Safari/537.36"
216.73.216.217 - - [29/Mar/2026:17:24:56 +0000] "GET /shop/aftermath/inflectional052789327593.shtm HTTP/1.1" 404 38905 "https://sunra.be/shop/aftermath/inflectional052789327593.shtm" "Mozilla/5.0 AppleWebKit/537.36 (KHTML, like Gecko; compatible; ClaudeBot/1.0; +claudebot@anthropic.com)"
66.249.74.100 - - [29/Mar/2026:17:24:57 +0000] "GET /?u=18485136571502&channel=2d6862&from=pin.php?shop/waddling/appending001009326393.shtm HTTP/1.1" 200 216008 "-" "Mozilla/5.0 (Linux; Android 6.0.1; Nexus 5X Build/MMB29P) AppleWebKit/537.36 (KHTML, like Gecko) Chrome/146.0.7680.153 Mobile Safari/537.36 (compatible; Googlebot/2.1; +http://www.google.com/bot.html)"
104.197.234.136 - - [29/Mar/2026:17:24:57 +0000] "POST //xmlrpc.php HTTP/1.1" 200 408 "-" "Mozilla/5.0 (Windows NT 10.0; Win64; x64) AppleWebKit/537.36 (KHTML, like Gecko) Chrome/78.0.3904.108 Safari/537.36"
14.162.23.22 - - [29/Mar/2026:17:24:57 +0000] "GET /shopdetail/inflation/282021799 HTTP/1.1" 301 - "-" "Mozilla/5.0 (Macintosh; Intel Mac OS X 10.15; rv:135.0) Gecko/20100101 Firefox/135.0"
104.197.234.136 - - [29/Mar/2026:17:24:59 +0000] "POST //xmlrpc.php HTTP/1.1" 200 408 "-" "Mozilla/5.0 (Windows NT 10.0; Win64; x64) AppleWebKit/537.36 (KHTML, like Gecko) Chrome/78.0.3904.108 Safari/537.36"
104.197.234.136 - - [29/Mar/2026:17:25:01 +0000] "POST //xmlrpc.php HTTP/1.1" 200 408 "-" "Mozilla/5.0 (Windows NT 10.0; Win64; x64) AppleWebKit/537.36 (KHTML, like Gecko) Chrome/78.0.3904.108 Safari/537.36"
130.193.234.169 - - [29/Mar/2026:17:25:01 +0000] "GET /shopdetail/inflation/282021799 HTTP/1.1" 404 38879 "-" "Mozilla/5.0 (Macintosh; Intel Mac OS X 10.15; rv:135.0) Gecko/20100101 Firefox/135.0"
104.197.234.136 - - [29/Mar/2026:17:25:03 +0000] "POST //xmlrpc.php HTTP/1.1" 200 408 "-" "Mozilla/5.0 (Windows NT 10.0; Win64; x64) AppleWebKit/537.36 (KHTML, like Gecko) Chrome/78.0.3904.108 Safari/537.36"
104.197.234.136 - - [29/Mar/2026:17:25:05 +0000] "POST //xmlrpc.php HTTP/1.1" 200 408 "-" "Mozilla/5.0 (Windows NT 10.0; Win64; x64) AppleWebKit/537.36 (KHTML, like Gecko) Chrome/78.0.3904.108 Safari/537.36"
104.197.234.136 - - [29/Mar/2026:17:25:07 +0000] "POST //xmlrpc.php HTTP/1.1" 200 408 "-" "Mozilla/5.0 (Windows NT 10.0; Win64; x64) AppleWebKit/537.36 (KHTML, like Gecko) Chrome/78.0.3904.108 Safari/537.36"
104.197.234.136 - - [29/Mar/2026:17:25:09 +0000] "POST //xmlrpc.php HTTP/1.1" 200 408 "-" "Mozilla/5.0 (Windows NT 10.0; Win64; x64) AppleWebKit/537.36 (KHTML, like Gecko) Chrome/78.0.3904.108 Safari/537.36"
150.223.194.182 - - [29/Mar/2026:17:25:09 +0000] "GET /?author=11 HTTP/1.1" 301 - "-" "Apache-HttpClient/4.5.2 (Java/1.8.0_161)"
114.119.155.22 - - [29/Mar/2026:17:25:10 +0000] "GET /shop/interestingly/ginglymostoma064028624607.shtm HTTP/1.1" 301 - "https://sunra.be/?sitemap297.xml" "Mozilla/5.0 (Linux; Android 7.0;) AppleWebKit/537.36 (KHTML, like Gecko) Mobile Safari/537.36 (compatible; PetalBot;+https://webmaster.petalsearch.com/site/petalbot)"
104.197.234.136 - - [29/Mar/2026:17:25:11 +0000] "POST //xmlrpc.php HTTP/1.1" 200 408 "-" "Mozilla/5.0 (Windows NT 10.0; Win64; x64) AppleWebKit/537.36 (KHTML, like Gecko) Chrome/78.0.3904.108 Safari/537.36"
104.197.234.136 - - [29/Mar/2026:17:25:13 +0000] "POST //xmlrpc.php HTTP/1.1" 200 408 "-" "Mozilla/5.0 (Windows NT 10.0; Win64; x64) AppleWebKit/537.36 (KHTML, like Gecko) Chrome/78.0.3904.108 Safari/537.36"
150.223.194.182 - - [29/Mar/2026:17:25:13 +0000] "GET /?author=11 HTTP/1.1" 200 38984 "-" "Apache-HttpClient/4.5.2 (Java/1.8.0_161)"
104.197.234.136 - - [29/Mar/2026:17:25:14 +0000] "POST //xmlrpc.php HTTP/1.1" 200 408 "-" "Mozilla/5.0 (Windows NT 10.0; Win64; x64) AppleWebKit/537.36 (KHTML, like Gecko) Chrome/78.0.3904.108 Safari/537.36"
104.197.234.136 - - [29/Mar/2026:17:25:16 +0000] "POST //xmlrpc.php HTTP/1.1" 200 408 "-" "Mozilla/5.0 (Windows NT 10.0; Win64; x64) AppleWebKit/537.36 (KHTML, like Gecko) Chrome/78.0.3904.108 Safari/537.36"
114.119.155.22 - - [29/Mar/2026:17:25:18 +0000] "GET /shop/interestingly/ginglymostoma064028624607.shtm HTTP/1.1" 404 37574 "https://sunra.be/?sitemap297.xml" "Mozilla/5.0 (Linux; Android 7.0;) AppleWebKit/537.36 (KHTML, like Gecko) Mobile Safari/537.36 (compatible; PetalBot;+https://webmaster.petalsearch.com/site/petalbot)"
104.197.234.136 - - [29/Mar/2026:17:25:18 +0000] "POST //xmlrpc.php HTTP/1.1" 200 408 "-" "Mozilla/5.0 (Windows NT 10.0; Win64; x64) AppleWebKit/537.36 (KHTML, like Gecko) Chrome/78.0.3904.108 Safari/537.36"
104.197.234.136 - - [29/Mar/2026:17:25:20 +0000] "POST //xmlrpc.php HTTP/1.1" 200 408 "-" "Mozilla/5.0 (Windows NT 10.0; Win64; x64) AppleWebKit/537.36 (KHTML, like Gecko) Chrome/78.0.3904.108 Safari/537.36"
150.223.194.182 - - [29/Mar/2026:17:25:21 +0000] "GET /?author=12 HTTP/1.1" 301 - "-" "Apache-HttpClient/4.5.2 (Java/1.8.0_161)"
104.197.234.136 - - [29/Mar/2026:17:25:21 +0000] "POST //xmlrpc.php HTTP/1.1" 200 408 "-" "Mozilla/5.0 (Windows NT 10.0; Win64; x64) AppleWebKit/537.36 (KHTML, like Gecko) Chrome/78.0.3904.108 Safari/537.36"
104.197.234.136 - - [29/Mar/2026:17:25:23 +0000] "POST //xmlrpc.php HTTP/1.1" 200 408 "-" "Mozilla/5.0 (Windows NT 10.0; Win64; x64) AppleWebKit/537.36 (KHTML, like Gecko) Chrome/78.0.3904.108 Safari/537.36"
187.62.67.197 - - [29/Mar/2026:17:25:24 +0000] "GET /shopdetail/resistance/004017887 HTTP/1.1" 404 38881 "-" "Mozilla/5.0 (Macintosh; Intel Mac OS X 13.7; rv:126.0) Gecko/20100101 Firefox/126.0"
104.197.234.136 - - [29/Mar/2026:17:25:25 +0000] "POST //xmlrpc.php HTTP/1.1" 200 408 "-" "Mozilla/5.0 (Windows NT 10.0; Win64; x64) AppleWebKit/537.36 (KHTML, like Gecko) Chrome/78.0.3904.108 Safari/537.36"
104.197.234.136 - - [29/Mar/2026:17:25:27 +0000] "POST //xmlrpc.php HTTP/1.1" 200 408 "-" "Mozilla/5.0 (Windows NT 10.0; Win64; x64) AppleWebKit/537.36 (KHTML, like Gecko) Chrome/78.0.3904.108 Safari/537.36"
150.223.194.182 - - [29/Mar/2026:17:25:28 +0000] "GET /?author=12 HTTP/1.1" 200 39009 "-" "Apache-HttpClient/4.5.2 (Java/1.8.0_161)"
104.197.234.136 - - [29/Mar/2026:17:25:29 +0000] "POST //xmlrpc.php HTTP/1.1" 200 408 "-" "Mozilla/5.0 (Windows NT 10.0; Win64; x64) AppleWebKit/537.36 (KHTML, like Gecko) Chrome/78.0.3904.108 Safari/537.36"
104.197.234.136 - - [29/Mar/2026:17:25:31 +0000] "POST //xmlrpc.php HTTP/1.1" 200 408 "-" "Mozilla/5.0 (Windows NT 10.0; Win64; x64) AppleWebKit/537.36 (KHTML, like Gecko) Chrome/78.0.3904.108 Safari/537.36"
104.197.234.136 - - [29/Mar/2026:17:25:32 +0000] "POST //xmlrpc.php HTTP/1.1" 200 408 "-" "Mozilla/5.0 (Windows NT 10.0; Win64; x64) AppleWebKit/537.36 (KHTML, like Gecko) Chrome/78.0.3904.108 Safari/537.36"
104.197.234.136 - - [29/Mar/2026:17:25:34 +0000] "POST //xmlrpc.php HTTP/1.1" 200 408 "-" "Mozilla/5.0 (Windows NT 10.0; Win64; x64) AppleWebKit/537.36 (KHTML, like Gecko) Chrome/78.0.3904.108 Safari/537.36"
104.197.234.136 - - [29/Mar/2026:17:25:36 +0000] "POST //xmlrpc.php HTTP/1.1" 200 408 "-" "Mozilla/5.0 (Windows NT 10.0; Win64; x64) AppleWebKit/537.36 (KHTML, like Gecko) Chrome/78.0.3904.108 Safari/537.36"
104.197.234.136 - - [29/Mar/2026:17:25:38 +0000] "POST //xmlrpc.php HTTP/1.1" 200 408 "-" "Mozilla/5.0 (Windows NT 10.0; Win64; x64) AppleWebKit/537.36 (KHTML, like Gecko) Chrome/78.0.3904.108 Safari/537.36"
104.197.234.136 - - [29/Mar/2026:17:25:39 +0000] "POST //xmlrpc.php HTTP/1.1" 200 408 "-" "Mozilla/5.0 (Windows NT 10.0; Win64; x64) AppleWebKit/537.36 (KHTML, like Gecko) Chrome/78.0.3904.108 Safari/537.36"
150.223.194.182 - - [29/Mar/2026:17:25:40 +0000] "GET /?author=13 HTTP/1.1" 301 - "-" "Apache-HttpClient/4.5.2 (Java/1.8.0_161)"
104.197.234.136 - - [29/Mar/2026:17:25:41 +0000] "POST //xmlrpc.php HTTP/1.1" 200 408 "-" "Mozilla/5.0 (Windows NT 10.0; Win64; x64) AppleWebKit/537.36 (KHTML, like Gecko) Chrome/78.0.3904.108 Safari/537.36"
104.197.234.136 - - [29/Mar/2026:17:25:43 +0000] "POST //xmlrpc.php HTTP/1.1" 200 408 "-" "Mozilla/5.0 (Windows NT 10.0; Win64; x64) AppleWebKit/537.36 (KHTML, like Gecko) Chrome/78.0.3904.108 Safari/537.36"
66.249.74.100 - - [29/Mar/2026:17:25:43 +0000] "GET /?u=18485136571502&channel=2d6862&from=pin.php?shop/dentateciliate/tonguetied091009326393.shtm HTTP/1.1" 200 217100 "-" "Mozilla/5.0 (Linux; Android 6.0.1; Nexus 5X Build/MMB29P) AppleWebKit/537.36 (KHTML, like Gecko) Chrome/146.0.7680.153 Mobile Safari/537.36 (compatible; Googlebot/2.1; +http://www.google.com/bot.html)"
150.223.194.182 - - [29/Mar/2026:17:25:43 +0000] "GET /?author=13 HTTP/1.1" 200 38984 "-" "Apache-HttpClient/4.5.2 (Java/1.8.0_161)"
104.197.234.136 - - [29/Mar/2026:17:25:44 +0000] "POST //xmlrpc.php HTTP/1.1" 200 408 "-" "Mozilla/5.0 (Windows NT 10.0; Win64; x64) AppleWebKit/537.36 (KHTML, like Gecko) Chrome/78.0.3904.108 Safari/537.36"
104.197.234.136 - - [29/Mar/2026:17:25:46 +0000] "POST //xmlrpc.php HTTP/1.1" 200 408 "-" "Mozilla/5.0 (Windows NT 10.0; Win64; x64) AppleWebKit/537.36 (KHTML, like Gecko) Chrome/78.0.3904.108 Safari/537.36"
104.197.234.136 - - [29/Mar/2026:17:25:48 +0000] "POST //xmlrpc.php HTTP/1.1" 200 408 "-" "Mozilla/5.0 (Windows NT 10.0; Win64; x64) AppleWebKit/537.36 (KHTML, like Gecko) Chrome/78.0.3904.108 Safari/537.36"
104.197.234.136 - - [29/Mar/2026:17:25:50 +0000] "POST //xmlrpc.php HTTP/1.1" 200 408 "-" "Mozilla/5.0 (Windows NT 10.0; Win64; x64) AppleWebKit/537.36 (KHTML, like Gecko) Chrome/78.0.3904.108 Safari/537.36"
104.197.234.136 - - [29/Mar/2026:17:25:51 +0000] "POST //xmlrpc.php HTTP/1.1" 200 408 "-" "Mozilla/5.0 (Windows NT 10.0; Win64; x64) AppleWebKit/537.36 (KHTML, like Gecko) Chrome/78.0.3904.108 Safari/537.36"
217.182.68.102 - - [29/Mar/2026:17:25:53 +0000] "POST /wp-cron.php?doing_wp_cron=1774805153.0020198822021484375000 HTTP/1.1" 200 - "-" "WordPress/6.9.4; https://www.sunra.be"
104.197.234.136 - - [29/Mar/2026:17:25:54 +0000] "POST //xmlrpc.php HTTP/1.1" 200 408 "-" "Mozilla/5.0 (Windows NT 10.0; Win64; x64) AppleWebKit/537.36 (KHTML, like Gecko) Chrome/78.0.3904.108 Safari/537.36"
104.197.234.136 - - [29/Mar/2026:17:25:56 +0000] "POST //xmlrpc.php HTTP/1.1" 200 408 "-" "Mozilla/5.0 (Windows NT 10.0; Win64; x64) AppleWebKit/537.36 (KHTML, like Gecko) Chrome/78.0.3904.108 Safari/537.36"
104.197.234.136 - - [29/Mar/2026:17:25:58 +0000] "POST //xmlrpc.php HTTP/1.1" 200 408 "-" "Mozilla/5.0 (Windows NT 10.0; Win64; x64) AppleWebKit/537.36 (KHTML, like Gecko) Chrome/78.0.3904.108 Safari/537.36"
104.197.234.136 - - [29/Mar/2026:17:25:59 +0000] "POST //xmlrpc.php HTTP/1.1" 200 408 "-" "Mozilla/5.0 (Windows NT 10.0; Win64; x64) AppleWebKit/537.36 (KHTML, like Gecko) Chrome/78.0.3904.108 Safari/537.36"
104.197.234.136 - - [29/Mar/2026:17:26:01 +0000] "POST //xmlrpc.php HTTP/1.1" 200 408 "-" "Mozilla/5.0 (Windows NT 10.0; Win64; x64) AppleWebKit/537.36 (KHTML, like Gecko) Chrome/78.0.3904.108 Safari/537.36"
104.197.234.136 - - [29/Mar/2026:17:26:03 +0000] "POST //xmlrpc.php HTTP/1.1" 200 408 "-" "Mozilla/5.0 (Windows NT 10.0; Win64; x64) AppleWebKit/537.36 (KHTML, like Gecko) Chrome/78.0.3904.108 Safari/537.36"
104.197.234.136 - - [29/Mar/2026:17:26:05 +0000] "POST //xmlrpc.php HTTP/1.1" 200 408 "-" "Mozilla/5.0 (Windows NT 10.0; Win64; x64) AppleWebKit/537.36 (KHTML, like Gecko) Chrome/78.0.3904.108 Safari/537.36"
104.197.234.136 - - [29/Mar/2026:17:26:06 +0000] "POST //xmlrpc.php HTTP/1.1" 200 408 "-" "Mozilla/5.0 (Windows NT 10.0; Win64; x64) AppleWebKit/537.36 (KHTML, like Gecko) Chrome/78.0.3904.108 Safari/537.36"
104.197.234.136 - - [29/Mar/2026:17:26:08 +0000] "POST //xmlrpc.php HTTP/1.1" 200 408 "-" "Mozilla/5.0 (Windows NT 10.0; Win64; x64) AppleWebKit/537.36 (KHTML, like Gecko) Chrome/78.0.3904.108 Safari/537.36"
104.197.234.136 - - [29/Mar/2026:17:26:10 +0000] "POST //xmlrpc.php HTTP/1.1" 200 408 "-" "Mozilla/5.0 (Windows NT 10.0; Win64; x64) AppleWebKit/537.36 (KHTML, like Gecko) Chrome/78.0.3904.108 Safari/537.36"
104.197.234.136 - - [29/Mar/2026:17:26:11 +0000] "POST //xmlrpc.php HTTP/1.1" 200 408 "-" "Mozilla/5.0 (Windows NT 10.0; Win64; x64) AppleWebKit/537.36 (KHTML, like Gecko) Chrome/78.0.3904.108 Safari/537.36"
104.197.234.136 - - [29/Mar/2026:17:26:13 +0000] "POST //xmlrpc.php HTTP/1.1" 200 408 "-" "Mozilla/5.0 (Windows NT 10.0; Win64; x64) AppleWebKit/537.36 (KHTML, like Gecko) Chrome/78.0.3904.108 Safari/537.36"
104.197.234.136 - - [29/Mar/2026:17:26:14 +0000] "POST //xmlrpc.php HTTP/1.1" 200 408 "-" "Mozilla/5.0 (Windows NT 10.0; Win64; x64) AppleWebKit/537.36 (KHTML, like Gecko) Chrome/78.0.3904.108 Safari/537.36"
104.197.234.136 - - [29/Mar/2026:17:26:16 +0000] "POST //xmlrpc.php HTTP/1.1" 200 408 "-" "Mozilla/5.0 (Windows NT 10.0; Win64; x64) AppleWebKit/537.36 (KHTML, like Gecko) Chrome/78.0.3904.108 Safari/537.36"
104.197.234.136 - - [29/Mar/2026:17:26:17 +0000] "POST //xmlrpc.php HTTP/1.1" 200 408 "-" "Mozilla/5.0 (Windows NT 10.0; Win64; x64) AppleWebKit/537.36 (KHTML, like Gecko) Chrome/78.0.3904.108 Safari/537.36"
104.197.234.136 - - [29/Mar/2026:17:26:19 +0000] "POST //xmlrpc.php HTTP/1.1" 200 408 "-" "Mozilla/5.0 (Windows NT 10.0; Win64; x64) AppleWebKit/537.36 (KHTML, like Gecko) Chrome/78.0.3904.108 Safari/537.36"
104.197.234.136 - - [29/Mar/2026:17:26:21 +0000] "POST //xmlrpc.php HTTP/1.1" 200 408 "-" "Mozilla/5.0 (Windows NT 10.0; Win64; x64) AppleWebKit/537.36 (KHTML, like Gecko) Chrome/78.0.3904.108 Safari/537.36"
104.197.234.136 - - [29/Mar/2026:17:26:22 +0000] "POST //xmlrpc.php HTTP/1.1" 200 408 "-" "Mozilla/5.0 (Windows NT 10.0; Win64; x64) AppleWebKit/537.36 (KHTML, like Gecko) Chrome/78.0.3904.108 Safari/537.36"
104.197.234.136 - - [29/Mar/2026:17:26:24 +0000] "POST //xmlrpc.php HTTP/1.1" 200 408 "-" "Mozilla/5.0 (Windows NT 10.0; Win64; x64) AppleWebKit/537.36 (KHTML, like Gecko) Chrome/78.0.3904.108 Safari/537.36"
104.197.234.136 - - [29/Mar/2026:17:26:25 +0000] "POST //xmlrpc.php HTTP/1.1" 200 408 "-" "Mozilla/5.0 (Windows NT 10.0; Win64; x64) AppleWebKit/537.36 (KHTML, like Gecko) Chrome/78.0.3904.108 Safari/537.36"
200.59.186.195 - - [29/Mar/2026:17:26:25 +0000] "GET /shopdetail/steer/287012772 HTTP/1.1" 404 38871 "-" "Mozilla/5.0 (Macintosh; Intel Mac OS X 12_6_0) AppleWebKit/537.36 (KHTML, like Gecko) Chrome/129.0.6668.58 Safari/537.36"
216.73.216.217 - - [29/Mar/2026:17:26:26 +0000] "GET /shop/gcide/electroplating053866845382.shtm HTTP/1.1" 301 - "-" "Mozilla/5.0 AppleWebKit/537.36 (KHTML, like Gecko; compatible; ClaudeBot/1.0; +claudebot@anthropic.com)"
104.197.234.136 - - [29/Mar/2026:17:26:27 +0000] "POST //xmlrpc.php HTTP/1.1" 200 408 "-" "Mozilla/5.0 (Windows NT 10.0; Win64; x64) AppleWebKit/537.36 (KHTML, like Gecko) Chrome/78.0.3904.108 Safari/537.36"
216.73.216.217 - - [29/Mar/2026:17:26:28 +0000] "GET /shop/gcide/electroplating053866845382.shtm HTTP/1.1" 404 38901 "https://sunra.be/shop/gcide/electroplating053866845382.shtm" "Mozilla/5.0 AppleWebKit/537.36 (KHTML, like Gecko; compatible; ClaudeBot/1.0; +claudebot@anthropic.com)"
104.197.234.136 - - [29/Mar/2026:17:26:29 +0000] "POST //xmlrpc.php HTTP/1.1" 200 408 "-" "Mozilla/5.0 (Windows NT 10.0; Win64; x64) AppleWebKit/537.36 (KHTML, like Gecko) Chrome/78.0.3904.108 Safari/537.36"
104.197.234.136 - - [29/Mar/2026:17:26:30 +0000] "POST //xmlrpc.php HTTP/1.1" 200 408 "-" "Mozilla/5.0 (Windows NT 10.0; Win64; x64) AppleWebKit/537.36 (KHTML, like Gecko) Chrome/78.0.3904.108 Safari/537.36"
66.249.74.101 - - [29/Mar/2026:17:26:31 +0000] "GET /?u=18485136571502&channel=2d6862&from=pin.php?shop/pudendal/fishful032737239615.shtm HTTP/1.1" 200 226981 "-" "Mozilla/5.0 (Linux; Android 6.0.1; Nexus 5X Build/MMB29P) AppleWebKit/537.36 (KHTML, like Gecko) Chrome/146.0.7680.153 Mobile Safari/537.36 (compatible; Googlebot/2.1; +http://www.google.com/bot.html)"
104.197.234.136 - - [29/Mar/2026:17:26:32 +0000] "POST //xmlrpc.php HTTP/1.1" 200 408 "-" "Mozilla/5.0 (Windows NT 10.0; Win64; x64) AppleWebKit/537.36 (KHTML, like Gecko) Chrome/78.0.3904.108 Safari/537.36"
104.197.234.136 - - [29/Mar/2026:17:26:34 +0000] "POST //xmlrpc.php HTTP/1.1" 200 408 "-" "Mozilla/5.0 (Windows NT 10.0; Win64; x64) AppleWebKit/537.36 (KHTML, like Gecko) Chrome/78.0.3904.108 Safari/537.36"
104.197.234.136 - - [29/Mar/2026:17:26:35 +0000] "POST //xmlrpc.php HTTP/1.1" 200 408 "-" "Mozilla/5.0 (Windows NT 10.0; Win64; x64) AppleWebKit/537.36 (KHTML, like Gecko) Chrome/78.0.3904.108 Safari/537.36"
104.197.234.136 - - [29/Mar/2026:17:26:37 +0000] "POST //xmlrpc.php HTTP/1.1" 200 408 "-" "Mozilla/5.0 (Windows NT 10.0; Win64; x64) AppleWebKit/537.36 (KHTML, like Gecko) Chrome/78.0.3904.108 Safari/537.36"
