74.7.242.15 - - [29/Mar/2026:17:39:50 +0000] "GET /shop/ensiferus/humbler012520409479.shtm HTTP/1.1" 301 - "https://sunra.be/sitemap.xml" "Mozilla/5.0 AppleWebKit/537.36 (KHTML, like Gecko; compatible; GPTBot/1.3; +https://openai.com/gptbot)"
74.7.227.191 - - [29/Mar/2026:17:39:50 +0000] "GET /shop/sorbonical/castus014097907214.shtm HTTP/1.1" 404 38895 "https://sunra.be" "Mozilla/5.0 AppleWebKit/537.36 (KHTML, like Gecko; compatible; GPTBot/1.3; +https://openai.com/gptbot)"
104.197.234.136 - - [29/Mar/2026:17:39:52 +0000] "POST //xmlrpc.php HTTP/1.1" 200 408 "-" "Mozilla/5.0 (Windows NT 10.0; Win64; x64) AppleWebKit/537.36 (KHTML, like Gecko) Chrome/78.0.3904.108 Safari/537.36"
217.182.68.102 - - [29/Mar/2026:17:39:53 +0000] "POST /wp-cron.php?doing_wp_cron=1774805993.3072690963745117187500 HTTP/1.1" 200 - "-" "WordPress/6.9.4; https://www.sunra.be"
74.7.227.191 - - [29/Mar/2026:17:39:53 +0000] "GET /shop/fetiferous/salter014018473495.shtm HTTP/1.1" 404 38895 "https://sunra.be" "Mozilla/5.0 AppleWebKit/537.36 (KHTML, like Gecko; compatible; GPTBot/1.3; +https://openai.com/gptbot)"
74.7.242.15 - - [29/Mar/2026:17:39:54 +0000] "GET /shop/liveforever/stage012950392890.shtm HTTP/1.1" 301 - "https://sunra.be/sitemap.xml" "Mozilla/5.0 AppleWebKit/537.36 (KHTML, like Gecko; compatible; GPTBot/1.3; +https://openai.com/gptbot)"
104.197.234.136 - - [29/Mar/2026:17:39:54 +0000] "POST //xmlrpc.php HTTP/1.1" 200 408 "-" "Mozilla/5.0 (Windows NT 10.0; Win64; x64) AppleWebKit/537.36 (KHTML, like Gecko) Chrome/78.0.3904.108 Safari/537.36"
104.197.234.136 - - [29/Mar/2026:17:39:56 +0000] "POST //xmlrpc.php HTTP/1.1" 200 408 "-" "Mozilla/5.0 (Windows NT 10.0; Win64; x64) AppleWebKit/537.36 (KHTML, like Gecko) Chrome/78.0.3904.108 Safari/537.36"
74.7.227.191 - - [29/Mar/2026:17:39:56 +0000] "GET /shop/ownerless/myogale012912749719.shtm HTTP/1.1" 404 38895 "https://sunra.be" "Mozilla/5.0 AppleWebKit/537.36 (KHTML, like Gecko; compatible; GPTBot/1.3; +https://openai.com/gptbot)"
74.7.242.15 - - [29/Mar/2026:17:39:57 +0000] "GET /shop/whipparee/gantlet013366709653.shtm HTTP/1.1" 301 - "https://sunra.be/sitemap.xml" "Mozilla/5.0 AppleWebKit/537.36 (KHTML, like Gecko; compatible; GPTBot/1.3; +https://openai.com/gptbot)"
104.197.234.136 - - [29/Mar/2026:17:39:58 +0000] "POST //xmlrpc.php HTTP/1.1" 200 408 "-" "Mozilla/5.0 (Windows NT 10.0; Win64; x64) AppleWebKit/537.36 (KHTML, like Gecko) Chrome/78.0.3904.108 Safari/537.36"
104.197.234.136 - - [29/Mar/2026:17:40:00 +0000] "POST //xmlrpc.php HTTP/1.1" 200 408 "-" "Mozilla/5.0 (Windows NT 10.0; Win64; x64) AppleWebKit/537.36 (KHTML, like Gecko) Chrome/78.0.3904.108 Safari/537.36"
74.7.227.191 - - [29/Mar/2026:17:40:00 +0000] "GET /shop/ensiferus/humbler012520409479.shtm HTTP/1.1" 404 38895 "https://sunra.be" "Mozilla/5.0 AppleWebKit/537.36 (KHTML, like Gecko; compatible; GPTBot/1.3; +https://openai.com/gptbot)"
74.7.242.15 - - [29/Mar/2026:17:40:00 +0000] "GET /shop/laically/parhelic012769747364.shtm HTTP/1.1" 301 - "https://sunra.be/sitemap.xml" "Mozilla/5.0 AppleWebKit/537.36 (KHTML, like Gecko; compatible; GPTBot/1.3; +https://openai.com/gptbot)"
104.197.234.136 - - [29/Mar/2026:17:40:02 +0000] "POST //xmlrpc.php HTTP/1.1" 200 408 "-" "Mozilla/5.0 (Windows NT 10.0; Win64; x64) AppleWebKit/537.36 (KHTML, like Gecko) Chrome/78.0.3904.108 Safari/537.36"
74.7.242.15 - - [29/Mar/2026:17:40:03 +0000] "GET /shop/papeterie/pintsch013976241552.shtm HTTP/1.1" 301 - "https://sunra.be/sitemap.xml" "Mozilla/5.0 AppleWebKit/537.36 (KHTML, like Gecko; compatible; GPTBot/1.3; +https://openai.com/gptbot)"
74.7.227.191 - - [29/Mar/2026:17:40:03 +0000] "GET /shop/eddoes/outfielder013949807190.shtm HTTP/1.1" 404 38895 "https://sunra.be" "Mozilla/5.0 AppleWebKit/537.36 (KHTML, like Gecko; compatible; GPTBot/1.3; +https://openai.com/gptbot)"
104.197.234.136 - - [29/Mar/2026:17:40:05 +0000] "POST //xmlrpc.php HTTP/1.1" 200 408 "-" "Mozilla/5.0 (Windows NT 10.0; Win64; x64) AppleWebKit/537.36 (KHTML, like Gecko) Chrome/78.0.3904.108 Safari/537.36"
74.7.242.15 - - [29/Mar/2026:17:40:06 +0000] "GET /shop/hemorrhoid/colugo013182170063.shtm HTTP/1.1" 301 - "https://sunra.be/sitemap.xml" "Mozilla/5.0 AppleWebKit/537.36 (KHTML, like Gecko; compatible; GPTBot/1.3; +https://openai.com/gptbot)"
104.197.234.136 - - [29/Mar/2026:17:40:07 +0000] "POST //xmlrpc.php HTTP/1.1" 200 408 "-" "Mozilla/5.0 (Windows NT 10.0; Win64; x64) AppleWebKit/537.36 (KHTML, like Gecko) Chrome/78.0.3904.108 Safari/537.36"
74.7.227.191 - - [29/Mar/2026:17:40:06 +0000] "GET /shop/papeterie/pintsch013976241552.shtm HTTP/1.1" 404 38895 "https://sunra.be" "Mozilla/5.0 AppleWebKit/537.36 (KHTML, like Gecko; compatible; GPTBot/1.3; +https://openai.com/gptbot)"
104.197.234.136 - - [29/Mar/2026:17:40:09 +0000] "POST //xmlrpc.php HTTP/1.1" 200 408 "-" "Mozilla/5.0 (Windows NT 10.0; Win64; x64) AppleWebKit/537.36 (KHTML, like Gecko) Chrome/78.0.3904.108 Safari/537.36"
74.7.227.191 - - [29/Mar/2026:17:40:09 +0000] "GET /shop/laically/parhelic012769747364.shtm HTTP/1.1" 404 38895 "https://sunra.be" "Mozilla/5.0 AppleWebKit/537.36 (KHTML, like Gecko; compatible; GPTBot/1.3; +https://openai.com/gptbot)"
74.7.242.15 - - [29/Mar/2026:17:40:09 +0000] "GET /shop/techniphone/jerry012275866056.shtm HTTP/1.1" 301 - "https://sunra.be/sitemap.xml" "Mozilla/5.0 AppleWebKit/537.36 (KHTML, like Gecko; compatible; GPTBot/1.3; +https://openai.com/gptbot)"
104.197.234.136 - - [29/Mar/2026:17:40:11 +0000] "POST //xmlrpc.php HTTP/1.1" 200 408 "-" "Mozilla/5.0 (Windows NT 10.0; Win64; x64) AppleWebKit/537.36 (KHTML, like Gecko) Chrome/78.0.3904.108 Safari/537.36"
74.7.242.15 - - [29/Mar/2026:17:40:13 +0000] "GET /shop/respersion/nutmeg011087286497.shtm HTTP/1.1" 301 - "https://sunra.be/sitemap.xml" "Mozilla/5.0 AppleWebKit/537.36 (KHTML, like Gecko; compatible; GPTBot/1.3; +https://openai.com/gptbot)"
74.7.227.191 - - [29/Mar/2026:17:40:12 +0000] "GET /shop/whipparee/gantlet013366709653.shtm HTTP/1.1" 404 38895 "https://sunra.be" "Mozilla/5.0 AppleWebKit/537.36 (KHTML, like Gecko; compatible; GPTBot/1.3; +https://openai.com/gptbot)"
104.197.234.136 - - [29/Mar/2026:17:40:13 +0000] "POST //xmlrpc.php HTTP/1.1" 200 408 "-" "Mozilla/5.0 (Windows NT 10.0; Win64; x64) AppleWebKit/537.36 (KHTML, like Gecko) Chrome/78.0.3904.108 Safari/537.36"
104.197.234.136 - - [29/Mar/2026:17:40:15 +0000] "POST //xmlrpc.php HTTP/1.1" 200 408 "-" "Mozilla/5.0 (Windows NT 10.0; Win64; x64) AppleWebKit/537.36 (KHTML, like Gecko) Chrome/78.0.3904.108 Safari/537.36"
74.7.242.15 - - [29/Mar/2026:17:40:16 +0000] "GET /shop/artamus/plumieria011536140252.shtm HTTP/1.1" 301 - "https://sunra.be/sitemap.xml" "Mozilla/5.0 AppleWebKit/537.36 (KHTML, like Gecko; compatible; GPTBot/1.3; +https://openai.com/gptbot)"
74.7.227.191 - - [29/Mar/2026:17:40:15 +0000] "GET /shop/liveforever/stage012950392890.shtm HTTP/1.1" 404 38895 "https://sunra.be" "Mozilla/5.0 AppleWebKit/537.36 (KHTML, like Gecko; compatible; GPTBot/1.3; +https://openai.com/gptbot)"
104.197.234.136 - - [29/Mar/2026:17:40:18 +0000] "POST //xmlrpc.php HTTP/1.1" 200 408 "-" "Mozilla/5.0 (Windows NT 10.0; Win64; x64) AppleWebKit/537.36 (KHTML, like Gecko) Chrome/78.0.3904.108 Safari/537.36"
74.7.242.15 - - [29/Mar/2026:17:40:19 +0000] "GET /shop/enwreathe/upcheer011883642500.shtm HTTP/1.1" 301 - "https://sunra.be/sitemap.xml" "Mozilla/5.0 AppleWebKit/537.36 (KHTML, like Gecko; compatible; GPTBot/1.3; +https://openai.com/gptbot)"
74.7.227.191 - - [29/Mar/2026:17:40:19 +0000] "GET /shop/techniphone/jerry012275866056.shtm HTTP/1.1" 404 38895 "https://sunra.be" "Mozilla/5.0 AppleWebKit/537.36 (KHTML, like Gecko; compatible; GPTBot/1.3; +https://openai.com/gptbot)"
66.249.74.102 - - [29/Mar/2026:17:40:20 +0000] "GET /?u=3473220199406&channel=307694&from=category-info.php?shop/spumescence/delineature031615230505.shtm HTTP/1.1" 200 224786 "-" "Mozilla/5.0 (Linux; Android 6.0.1; Nexus 5X Build/MMB29P) AppleWebKit/537.36 (KHTML, like Gecko) Chrome/146.0.7680.153 Mobile Safari/537.36 (compatible; Googlebot/2.1; +http://www.google.com/bot.html)"
104.197.234.136 - - [29/Mar/2026:17:40:20 +0000] "POST //xmlrpc.php HTTP/1.1" 200 408 "-" "Mozilla/5.0 (Windows NT 10.0; Win64; x64) AppleWebKit/537.36 (KHTML, like Gecko) Chrome/78.0.3904.108 Safari/537.36"
104.197.234.136 - - [29/Mar/2026:17:40:22 +0000] "POST //xmlrpc.php HTTP/1.1" 200 408 "-" "Mozilla/5.0 (Windows NT 10.0; Win64; x64) AppleWebKit/537.36 (KHTML, like Gecko) Chrome/78.0.3904.108 Safari/537.36"
74.7.227.191 - - [29/Mar/2026:17:40:22 +0000] "GET /shop/hemorrhoid/colugo013182170063.shtm HTTP/1.1" 404 38895 "https://sunra.be" "Mozilla/5.0 AppleWebKit/537.36 (KHTML, like Gecko; compatible; GPTBot/1.3; +https://openai.com/gptbot)"
74.7.242.15 - - [29/Mar/2026:17:40:22 +0000] "GET /shop/kreng/amphicarpic013171616865.shtm HTTP/1.1" 301 - "https://sunra.be/sitemap.xml" "Mozilla/5.0 AppleWebKit/537.36 (KHTML, like Gecko; compatible; GPTBot/1.3; +https://openai.com/gptbot)"
104.197.234.136 - - [29/Mar/2026:17:40:24 +0000] "POST //xmlrpc.php HTTP/1.1" 200 408 "-" "Mozilla/5.0 (Windows NT 10.0; Win64; x64) AppleWebKit/537.36 (KHTML, like Gecko) Chrome/78.0.3904.108 Safari/537.36"
74.7.227.191 - - [29/Mar/2026:17:40:25 +0000] "GET /shop/respersion/nutmeg011087286497.shtm HTTP/1.1" 404 38895 "https://sunra.be" "Mozilla/5.0 AppleWebKit/537.36 (KHTML, like Gecko; compatible; GPTBot/1.3; +https://openai.com/gptbot)"
104.197.234.136 - - [29/Mar/2026:17:40:25 +0000] "POST //xmlrpc.php HTTP/1.1" 200 408 "-" "Mozilla/5.0 (Windows NT 10.0; Win64; x64) AppleWebKit/537.36 (KHTML, like Gecko) Chrome/78.0.3904.108 Safari/537.36"
216.73.216.217 - - [29/Mar/2026:17:40:26 +0000] "GET /shop/salivation/stackage00693062980.shtm HTTP/1.1" 301 - "-" "Mozilla/5.0 AppleWebKit/537.36 (KHTML, like Gecko; compatible; ClaudeBot/1.0; +claudebot@anthropic.com)"
74.7.242.15 - - [29/Mar/2026:17:40:25 +0000] "GET /shop/termites/doctoral012927844114.shtm HTTP/1.1" 301 - "https://sunra.be/sitemap.xml" "Mozilla/5.0 AppleWebKit/537.36 (KHTML, like Gecko; compatible; GPTBot/1.3; +https://openai.com/gptbot)"
146.174.164.133 - - [29/Mar/2026:17:40:27 +0000] "GET /shopdetail/quarter/178005915 HTTP/1.1" 301 - "-" "Mozilla/5.0 (Macintosh; Intel Mac OS X 10.15; rv:127.0) Gecko/20100101 Firefox/127.0"
104.197.234.136 - - [29/Mar/2026:17:40:28 +0000] "POST //xmlrpc.php HTTP/1.1" 200 408 "-" "Mozilla/5.0 (Windows NT 10.0; Win64; x64) AppleWebKit/537.36 (KHTML, like Gecko) Chrome/78.0.3904.108 Safari/537.36"
216.73.216.217 - - [29/Mar/2026:17:40:28 +0000] "GET /shop/salivation/stackage00693062980.shtm HTTP/1.1" 404 38897 "https://sunra.be/shop/salivation/stackage00693062980.shtm" "Mozilla/5.0 AppleWebKit/537.36 (KHTML, like Gecko; compatible; ClaudeBot/1.0; +claudebot@anthropic.com)"
74.7.227.191 - - [29/Mar/2026:17:40:28 +0000] "GET /shop/artamus/plumieria011536140252.shtm HTTP/1.1" 404 38895 "https://sunra.be" "Mozilla/5.0 AppleWebKit/537.36 (KHTML, like Gecko; compatible; GPTBot/1.3; +https://openai.com/gptbot)"
74.7.242.15 - - [29/Mar/2026:17:40:29 +0000] "GET /shop/corporate/stalked012392779423.shtm HTTP/1.1" 301 - "https://sunra.be/sitemap.xml" "Mozilla/5.0 AppleWebKit/537.36 (KHTML, like Gecko; compatible; GPTBot/1.3; +https://openai.com/gptbot)"
202.76.170.207 - - [29/Mar/2026:17:40:29 +0000] "GET /shopdetail/quarter/178005915 HTTP/1.1" 404 38875 "-" "Mozilla/5.0 (Macintosh; Intel Mac OS X 10.15; rv:127.0) Gecko/20100101 Firefox/127.0"
104.197.234.136 - - [29/Mar/2026:17:40:29 +0000] "POST //xmlrpc.php HTTP/1.1" 200 408 "-" "Mozilla/5.0 (Windows NT 10.0; Win64; x64) AppleWebKit/537.36 (KHTML, like Gecko) Chrome/78.0.3904.108 Safari/537.36"
74.7.242.15 - - [29/Mar/2026:17:40:32 +0000] "GET /shop/apostatic/overwet013701256074.shtm HTTP/1.1" 301 - "https://sunra.be/sitemap.xml" "Mozilla/5.0 AppleWebKit/537.36 (KHTML, like Gecko; compatible; GPTBot/1.3; +https://openai.com/gptbot)"
74.7.227.191 - - [29/Mar/2026:17:40:31 +0000] "GET /shop/enwreathe/upcheer011883642500.shtm HTTP/1.1" 404 38895 "https://sunra.be" "Mozilla/5.0 AppleWebKit/537.36 (KHTML, like Gecko; compatible; GPTBot/1.3; +https://openai.com/gptbot)"
104.197.234.136 - - [29/Mar/2026:17:40:32 +0000] "POST //xmlrpc.php HTTP/1.1" 200 408 "-" "Mozilla/5.0 (Windows NT 10.0; Win64; x64) AppleWebKit/537.36 (KHTML, like Gecko) Chrome/78.0.3904.108 Safari/537.36"
14.249.193.78 - - [29/Mar/2026:17:40:34 +0000] "GET /nl/shopdetail/welcome/218029919/ HTTP/1.1" 404 38778 "-" "Mozilla/5.0 (Windows NT 10.0; WOW64; rv:127.0) Gecko/20100101 Firefox/127.0"
104.197.234.136 - - [29/Mar/2026:17:40:34 +0000] "POST //xmlrpc.php HTTP/1.1" 200 408 "-" "Mozilla/5.0 (Windows NT 10.0; Win64; x64) AppleWebKit/537.36 (KHTML, like Gecko) Chrome/78.0.3904.108 Safari/537.36"
74.7.227.191 - - [29/Mar/2026:17:40:34 +0000] "GET /shop/kreng/amphicarpic013171616865.shtm HTTP/1.1" 404 38895 "https://sunra.be" "Mozilla/5.0 AppleWebKit/537.36 (KHTML, like Gecko; compatible; GPTBot/1.3; +https://openai.com/gptbot)"
74.7.242.15 - - [29/Mar/2026:17:40:35 +0000] "GET /shop/deepsix/cherising012290403979.shtm HTTP/1.1" 301 - "https://sunra.be/sitemap.xml" "Mozilla/5.0 AppleWebKit/537.36 (KHTML, like Gecko; compatible; GPTBot/1.3; +https://openai.com/gptbot)"
216.73.216.217 - - [29/Mar/2026:17:40:35 +0000] "GET /shop/flutteringly/salon00197017082.shtm HTTP/1.1" 301 - "-" "Mozilla/5.0 AppleWebKit/537.36 (KHTML, like Gecko; compatible; ClaudeBot/1.0; +claudebot@anthropic.com)"
114.119.149.159 - - [29/Mar/2026:17:40:35 +0000] "GET /shop/intensify/chromis062584855582.shtm HTTP/1.1" 301 - "https://sunra.be/?sitemap297.xml" "Mozilla/5.0 (Linux; Android 7.0;) AppleWebKit/537.36 (KHTML, like Gecko) Mobile Safari/537.36 (compatible; PetalBot;+https://webmaster.petalsearch.com/site/petalbot)"
104.197.234.136 - - [29/Mar/2026:17:40:38 +0000] "POST //xmlrpc.php HTTP/1.1" 200 408 "-" "Mozilla/5.0 (Windows NT 10.0; Win64; x64) AppleWebKit/537.36 (KHTML, like Gecko) Chrome/78.0.3904.108 Safari/537.36"
74.7.227.191 - - [29/Mar/2026:17:40:37 +0000] "GET /shop/termites/doctoral012927844114.shtm HTTP/1.1" 404 38895 "https://sunra.be" "Mozilla/5.0 AppleWebKit/537.36 (KHTML, like Gecko; compatible; GPTBot/1.3; +https://openai.com/gptbot)"
216.73.216.217 - - [29/Mar/2026:17:40:38 +0000] "GET /shop/flutteringly/salon00197017082.shtm HTTP/1.1" 404 38895 "https://sunra.be/shop/flutteringly/salon00197017082.shtm" "Mozilla/5.0 AppleWebKit/537.36 (KHTML, like Gecko; compatible; ClaudeBot/1.0; +claudebot@anthropic.com)"
74.7.242.15 - - [29/Mar/2026:17:40:38 +0000] "GET /shop/pygmies/multisect012767582774.shtm HTTP/1.1" 301 - "https://sunra.be/sitemap.xml" "Mozilla/5.0 AppleWebKit/537.36 (KHTML, like Gecko; compatible; GPTBot/1.3; +https://openai.com/gptbot)"
104.197.234.136 - - [29/Mar/2026:17:40:39 +0000] "POST //xmlrpc.php HTTP/1.1" 200 408 "-" "Mozilla/5.0 (Windows NT 10.0; Win64; x64) AppleWebKit/537.36 (KHTML, like Gecko) Chrome/78.0.3904.108 Safari/537.36"
74.7.227.191 - - [29/Mar/2026:17:40:41 +0000] "GET /shop/corporate/stalked012392779423.shtm HTTP/1.1" 404 38895 "https://sunra.be" "Mozilla/5.0 AppleWebKit/537.36 (KHTML, like Gecko; compatible; GPTBot/1.3; +https://openai.com/gptbot)"
104.197.234.136 - - [29/Mar/2026:17:40:41 +0000] "POST //xmlrpc.php HTTP/1.1" 200 408 "-" "Mozilla/5.0 (Windows NT 10.0; Win64; x64) AppleWebKit/537.36 (KHTML, like Gecko) Chrome/78.0.3904.108 Safari/537.36"
114.119.149.159 - - [29/Mar/2026:17:40:41 +0000] "GET /shop/intensify/chromis062584855582.shtm HTTP/1.1" 404 37554 "https://sunra.be/?sitemap297.xml" "Mozilla/5.0 (Linux; Android 7.0;) AppleWebKit/537.36 (KHTML, like Gecko) Mobile Safari/537.36 (compatible; PetalBot;+https://webmaster.petalsearch.com/site/petalbot)"
74.7.242.15 - - [29/Mar/2026:17:40:42 +0000] "GET /shop/mumbo/deerstongue012984825094.shtm HTTP/1.1" 301 - "https://sunra.be/sitemap.xml" "Mozilla/5.0 AppleWebKit/537.36 (KHTML, like Gecko; compatible; GPTBot/1.3; +https://openai.com/gptbot)"
104.197.234.136 - - [29/Mar/2026:17:40:44 +0000] "POST //xmlrpc.php HTTP/1.1" 200 408 "-" "Mozilla/5.0 (Windows NT 10.0; Win64; x64) AppleWebKit/537.36 (KHTML, like Gecko) Chrome/78.0.3904.108 Safari/537.36"
74.7.227.191 - - [29/Mar/2026:17:40:44 +0000] "GET /shop/apostatic/overwet013701256074.shtm HTTP/1.1" 404 38895 "https://sunra.be" "Mozilla/5.0 AppleWebKit/537.36 (KHTML, like Gecko; compatible; GPTBot/1.3; +https://openai.com/gptbot)"
74.7.242.15 - - [29/Mar/2026:17:40:45 +0000] "GET /shop/forensal/averages014068096163.shtm HTTP/1.1" 301 - "https://sunra.be/sitemap.xml" "Mozilla/5.0 AppleWebKit/537.36 (KHTML, like Gecko; compatible; GPTBot/1.3; +https://openai.com/gptbot)"
104.197.234.136 - - [29/Mar/2026:17:40:46 +0000] "POST //xmlrpc.php HTTP/1.1" 200 408 "-" "Mozilla/5.0 (Windows NT 10.0; Win64; x64) AppleWebKit/537.36 (KHTML, like Gecko) Chrome/78.0.3904.108 Safari/537.36"
104.197.234.136 - - [29/Mar/2026:17:40:47 +0000] "POST //xmlrpc.php HTTP/1.1" 200 408 "-" "Mozilla/5.0 (Windows NT 10.0; Win64; x64) AppleWebKit/537.36 (KHTML, like Gecko) Chrome/78.0.3904.108 Safari/537.36"
74.7.227.191 - - [29/Mar/2026:17:40:47 +0000] "GET /shop/deepsix/cherising012290403979.shtm HTTP/1.1" 404 38895 "https://sunra.be" "Mozilla/5.0 AppleWebKit/537.36 (KHTML, like Gecko; compatible; GPTBot/1.3; +https://openai.com/gptbot)"
74.7.242.15 - - [29/Mar/2026:17:40:48 +0000] "GET /shop/mariolater/hegira011566210895.shtm HTTP/1.1" 301 - "https://sunra.be/sitemap.xml" "Mozilla/5.0 AppleWebKit/537.36 (KHTML, like Gecko; compatible; GPTBot/1.3; +https://openai.com/gptbot)"
104.197.234.136 - - [29/Mar/2026:17:40:49 +0000] "POST //xmlrpc.php HTTP/1.1" 200 408 "-" "Mozilla/5.0 (Windows NT 10.0; Win64; x64) AppleWebKit/537.36 (KHTML, like Gecko) Chrome/78.0.3904.108 Safari/537.36"
74.7.227.191 - - [29/Mar/2026:17:40:50 +0000] "GET /shop/forensal/averages014068096163.shtm HTTP/1.1" 404 38895 "https://sunra.be" "Mozilla/5.0 AppleWebKit/537.36 (KHTML, like Gecko; compatible; GPTBot/1.3; +https://openai.com/gptbot)"
104.197.234.136 - - [29/Mar/2026:17:40:51 +0000] "POST //xmlrpc.php HTTP/1.1" 200 408 "-" "Mozilla/5.0 (Windows NT 10.0; Win64; x64) AppleWebKit/537.36 (KHTML, like Gecko) Chrome/78.0.3904.108 Safari/537.36"
74.7.242.15 - - [29/Mar/2026:17:40:51 +0000] "GET /shop/pylodictus/mercat013194936313.shtm HTTP/1.1" 301 - "https://sunra.be/sitemap.xml" "Mozilla/5.0 AppleWebKit/537.36 (KHTML, like Gecko; compatible; GPTBot/1.3; +https://openai.com/gptbot)"
104.197.234.136 - - [29/Mar/2026:17:40:52 +0000] "POST //xmlrpc.php HTTP/1.1" 200 408 "-" "Mozilla/5.0 (Windows NT 10.0; Win64; x64) AppleWebKit/537.36 (KHTML, like Gecko) Chrome/78.0.3904.108 Safari/537.36"
217.182.68.102 - - [29/Mar/2026:17:40:53 +0000] "POST /wp-cron.php?doing_wp_cron=1774806053.2145109176635742187500 HTTP/1.1" 200 - "-" "WordPress/6.9.4; https://www.sunra.be"
74.7.227.191 - - [29/Mar/2026:17:40:53 +0000] "GET /shop/mumbo/deerstongue012984825094.shtm HTTP/1.1" 404 38895 "https://sunra.be" "Mozilla/5.0 AppleWebKit/537.36 (KHTML, like Gecko; compatible; GPTBot/1.3; +https://openai.com/gptbot)"
104.197.234.136 - - [29/Mar/2026:17:40:54 +0000] "POST //xmlrpc.php HTTP/1.1" 200 408 "-" "Mozilla/5.0 (Windows NT 10.0; Win64; x64) AppleWebKit/537.36 (KHTML, like Gecko) Chrome/78.0.3904.108 Safari/537.36"
74.7.242.15 - - [29/Mar/2026:17:40:54 +0000] "GET /shop/monogam/decoyduck012200186781.shtm HTTP/1.1" 301 - "https://sunra.be/sitemap.xml" "Mozilla/5.0 AppleWebKit/537.36 (KHTML, like Gecko; compatible; GPTBot/1.3; +https://openai.com/gptbot)"
104.197.234.136 - - [29/Mar/2026:17:40:56 +0000] "POST //xmlrpc.php HTTP/1.1" 200 408 "-" "Mozilla/5.0 (Windows NT 10.0; Win64; x64) AppleWebKit/537.36 (KHTML, like Gecko) Chrome/78.0.3904.108 Safari/537.36"
74.7.227.191 - - [29/Mar/2026:17:40:56 +0000] "GET /shop/pygmies/multisect012767582774.shtm HTTP/1.1" 404 38895 "https://sunra.be" "Mozilla/5.0 AppleWebKit/537.36 (KHTML, like Gecko; compatible; GPTBot/1.3; +https://openai.com/gptbot)"
74.7.242.15 - - [29/Mar/2026:17:40:57 +0000] "GET /shop/thrusher/frontier013526018486.shtm HTTP/1.1" 301 - "https://sunra.be/sitemap.xml" "Mozilla/5.0 AppleWebKit/537.36 (KHTML, like Gecko; compatible; GPTBot/1.3; +https://openai.com/gptbot)"
104.197.234.136 - - [29/Mar/2026:17:40:58 +0000] "POST //xmlrpc.php HTTP/1.1" 200 408 "-" "Mozilla/5.0 (Windows NT 10.0; Win64; x64) AppleWebKit/537.36 (KHTML, like Gecko) Chrome/78.0.3904.108 Safari/537.36"
104.197.234.136 - - [29/Mar/2026:17:41:00 +0000] "POST //xmlrpc.php HTTP/1.1" 200 408 "-" "Mozilla/5.0 (Windows NT 10.0; Win64; x64) AppleWebKit/537.36 (KHTML, like Gecko) Chrome/78.0.3904.108 Safari/537.36"
74.7.227.191 - - [29/Mar/2026:17:41:00 +0000] "GET /shop/mariolater/hegira011566210895.shtm HTTP/1.1" 404 38895 "https://sunra.be" "Mozilla/5.0 AppleWebKit/537.36 (KHTML, like Gecko; compatible; GPTBot/1.3; +https://openai.com/gptbot)"
74.7.242.15 - - [29/Mar/2026:17:41:01 +0000] "GET /shop/helmetshaped/fantasticality014171031165.shtm HTTP/1.1" 301 - "https://sunra.be/sitemap.xml" "Mozilla/5.0 AppleWebKit/537.36 (KHTML, like Gecko; compatible; GPTBot/1.3; +https://openai.com/gptbot)"
104.197.234.136 - - [29/Mar/2026:17:41:01 +0000] "POST //xmlrpc.php HTTP/1.1" 200 408 "-" "Mozilla/5.0 (Windows NT 10.0; Win64; x64) AppleWebKit/537.36 (KHTML, like Gecko) Chrome/78.0.3904.108 Safari/537.36"
104.197.234.136 - - [29/Mar/2026:17:41:03 +0000] "POST //xmlrpc.php HTTP/1.1" 200 408 "-" "Mozilla/5.0 (Windows NT 10.0; Win64; x64) AppleWebKit/537.36 (KHTML, like Gecko) Chrome/78.0.3904.108 Safari/537.36"
74.7.227.191 - - [29/Mar/2026:17:41:03 +0000] "GET /shop/pylodictus/mercat013194936313.shtm HTTP/1.1" 404 38895 "https://sunra.be" "Mozilla/5.0 AppleWebKit/537.36 (KHTML, like Gecko; compatible; GPTBot/1.3; +https://openai.com/gptbot)"
74.7.242.15 - - [29/Mar/2026:17:41:04 +0000] "GET /shop/trenched/coneincone013560677933.shtm HTTP/1.1" 301 - "https://sunra.be/sitemap.xml" "Mozilla/5.0 AppleWebKit/537.36 (KHTML, like Gecko; compatible; GPTBot/1.3; +https://openai.com/gptbot)"
216.73.216.217 - - [29/Mar/2026:17:41:05 +0000] "GET /shop/whettlebones/nitrometer002083954020.shtm HTTP/1.1" 301 - "-" "Mozilla/5.0 AppleWebKit/537.36 (KHTML, like Gecko; compatible; ClaudeBot/1.0; +claudebot@anthropic.com)"
104.197.234.136 - - [29/Mar/2026:17:41:05 +0000] "POST //xmlrpc.php HTTP/1.1" 200 408 "-" "Mozilla/5.0 (Windows NT 10.0; Win64; x64) AppleWebKit/537.36 (KHTML, like Gecko) Chrome/78.0.3904.108 Safari/537.36"
66.249.74.100 - - [29/Mar/2026:17:41:06 +0000] "GET /?u=3473220199406&channel=307694&from=category-info.php?shop/africana/zymase034278348974.shtm HTTP/1.1" 200 226844 "-" "Mozilla/5.0 (Linux; Android 6.0.1; Nexus 5X Build/MMB29P) AppleWebKit/537.36 (KHTML, like Gecko) Chrome/146.0.7680.153 Mobile Safari/537.36 (compatible; Googlebot/2.1; +http://www.google.com/bot.html)"
74.7.227.191 - - [29/Mar/2026:17:41:06 +0000] "GET /shop/monogam/decoyduck012200186781.shtm HTTP/1.1" 404 38895 "https://sunra.be" "Mozilla/5.0 AppleWebKit/537.36 (KHTML, like Gecko; compatible; GPTBot/1.3; +https://openai.com/gptbot)"
216.73.216.217 - - [29/Mar/2026:17:41:06 +0000] "GET /shop/whettlebones/nitrometer002083954020.shtm HTTP/1.1" 404 38907 "https://sunra.be/shop/whettlebones/nitrometer002083954020.shtm" "Mozilla/5.0 AppleWebKit/537.36 (KHTML, like Gecko; compatible; ClaudeBot/1.0; +claudebot@anthropic.com)"
74.7.242.15 - - [29/Mar/2026:17:41:07 +0000] "GET /shop/notionist/motivation011318897932.shtm HTTP/1.1" 301 - "https://sunra.be/sitemap.xml" "Mozilla/5.0 AppleWebKit/537.36 (KHTML, like Gecko; compatible; GPTBot/1.3; +https://openai.com/gptbot)"
104.197.234.136 - - [29/Mar/2026:17:41:07 +0000] "POST //xmlrpc.php HTTP/1.1" 200 408 "-" "Mozilla/5.0 (Windows NT 10.0; Win64; x64) AppleWebKit/537.36 (KHTML, like Gecko) Chrome/78.0.3904.108 Safari/537.36"
74.7.227.191 - - [29/Mar/2026:17:41:09 +0000] "GET /shop/thrusher/frontier013526018486.shtm HTTP/1.1" 404 38895 "https://sunra.be" "Mozilla/5.0 AppleWebKit/537.36 (KHTML, like Gecko; compatible; GPTBot/1.3; +https://openai.com/gptbot)"
104.197.234.136 - - [29/Mar/2026:17:41:10 +0000] "POST //xmlrpc.php HTTP/1.1" 200 408 "-" "Mozilla/5.0 (Windows NT 10.0; Win64; x64) AppleWebKit/537.36 (KHTML, like Gecko) Chrome/78.0.3904.108 Safari/537.36"
74.7.242.15 - - [29/Mar/2026:17:41:10 +0000] "GET /shop/extradite/maltese011400314390.shtm HTTP/1.1" 301 - "https://sunra.be/sitemap.xml" "Mozilla/5.0 AppleWebKit/537.36 (KHTML, like Gecko; compatible; GPTBot/1.3; +https://openai.com/gptbot)"
104.197.234.136 - - [29/Mar/2026:17:41:11 +0000] "POST //xmlrpc.php HTTP/1.1" 200 408 "-" "Mozilla/5.0 (Windows NT 10.0; Win64; x64) AppleWebKit/537.36 (KHTML, like Gecko) Chrome/78.0.3904.108 Safari/537.36"
74.7.227.191 - - [29/Mar/2026:17:41:12 +0000] "GET /shop/trenched/coneincone013560677933.shtm HTTP/1.1" 404 38899 "https://sunra.be" "Mozilla/5.0 AppleWebKit/537.36 (KHTML, like Gecko; compatible; GPTBot/1.3; +https://openai.com/gptbot)"
104.197.234.136 - - [29/Mar/2026:17:41:13 +0000] "POST //xmlrpc.php HTTP/1.1" 200 408 "-" "Mozilla/5.0 (Windows NT 10.0; Win64; x64) AppleWebKit/537.36 (KHTML, like Gecko) Chrome/78.0.3904.108 Safari/537.36"
74.7.242.15 - - [29/Mar/2026:17:41:13 +0000] "GET /shop/smith/brotherhood011736885733.shtm HTTP/1.1" 301 - "https://sunra.be/sitemap.xml" "Mozilla/5.0 AppleWebKit/537.36 (KHTML, like Gecko; compatible; GPTBot/1.3; +https://openai.com/gptbot)"
104.197.234.136 - - [29/Mar/2026:17:41:15 +0000] "POST //xmlrpc.php HTTP/1.1" 200 408 "-" "Mozilla/5.0 (Windows NT 10.0; Win64; x64) AppleWebKit/537.36 (KHTML, like Gecko) Chrome/78.0.3904.108 Safari/537.36"
74.7.227.191 - - [29/Mar/2026:17:41:15 +0000] "GET /shop/helmetshaped/fantasticality014171031165.shtm HTTP/1.1" 404 38915 "https://sunra.be" "Mozilla/5.0 AppleWebKit/537.36 (KHTML, like Gecko; compatible; GPTBot/1.3; +https://openai.com/gptbot)"
104.197.234.136 - - [29/Mar/2026:17:41:16 +0000] "POST //xmlrpc.php HTTP/1.1" 200 408 "-" "Mozilla/5.0 (Windows NT 10.0; Win64; x64) AppleWebKit/537.36 (KHTML, like Gecko) Chrome/78.0.3904.108 Safari/537.36"
74.7.242.15 - - [29/Mar/2026:17:41:16 +0000] "GET /shop/swate/synanthrose013004508261.shtm HTTP/1.1" 301 - "https://sunra.be/sitemap.xml" "Mozilla/5.0 AppleWebKit/537.36 (KHTML, like Gecko; compatible; GPTBot/1.3; +https://openai.com/gptbot)"
104.197.234.136 - - [29/Mar/2026:17:41:18 +0000] "POST //xmlrpc.php HTTP/1.1" 200 408 "-" "Mozilla/5.0 (Windows NT 10.0; Win64; x64) AppleWebKit/537.36 (KHTML, like Gecko) Chrome/78.0.3904.108 Safari/537.36"
74.7.227.191 - - [29/Mar/2026:17:41:18 +0000] "GET /shop/extradite/maltese011400314390.shtm HTTP/1.1" 404 38895 "https://sunra.be" "Mozilla/5.0 AppleWebKit/537.36 (KHTML, like Gecko; compatible; GPTBot/1.3; +https://openai.com/gptbot)"
74.7.242.15 - - [29/Mar/2026:17:41:19 +0000] "GET /shop/cymric/costusroot011751193359.shtm HTTP/1.1" 301 - "https://sunra.be/sitemap.xml" "Mozilla/5.0 AppleWebKit/537.36 (KHTML, like Gecko; compatible; GPTBot/1.3; +https://openai.com/gptbot)"
104.197.234.136 - - [29/Mar/2026:17:41:20 +0000] "POST //xmlrpc.php HTTP/1.1" 200 408 "-" "Mozilla/5.0 (Windows NT 10.0; Win64; x64) AppleWebKit/537.36 (KHTML, like Gecko) Chrome/78.0.3904.108 Safari/537.36"
104.197.234.136 - - [29/Mar/2026:17:41:21 +0000] "POST //xmlrpc.php HTTP/1.1" 200 408 "-" "Mozilla/5.0 (Windows NT 10.0; Win64; x64) AppleWebKit/537.36 (KHTML, like Gecko) Chrome/78.0.3904.108 Safari/537.36"
74.7.227.191 - - [29/Mar/2026:17:41:21 +0000] "GET /shop/notionist/motivation011318897932.shtm HTTP/1.1" 404 38901 "https://sunra.be" "Mozilla/5.0 AppleWebKit/537.36 (KHTML, like Gecko; compatible; GPTBot/1.3; +https://openai.com/gptbot)"
74.7.242.15 - - [29/Mar/2026:17:41:22 +0000] "GET /shop/starread/capnomor012173327105.shtm HTTP/1.1" 301 - "https://sunra.be/sitemap.xml" "Mozilla/5.0 AppleWebKit/537.36 (KHTML, like Gecko; compatible; GPTBot/1.3; +https://openai.com/gptbot)"
104.197.234.136 - - [29/Mar/2026:17:41:23 +0000] "POST //xmlrpc.php HTTP/1.1" 200 408 "-" "Mozilla/5.0 (Windows NT 10.0; Win64; x64) AppleWebKit/537.36 (KHTML, like Gecko) Chrome/78.0.3904.108 Safari/537.36"
216.73.216.217 - - [29/Mar/2026:17:41:23 +0000] "GET /shop/exceeded/erinite001011025035.shtm HTTP/1.1" 301 - "-" "Mozilla/5.0 AppleWebKit/537.36 (KHTML, like Gecko; compatible; ClaudeBot/1.0; +claudebot@anthropic.com)"
74.7.227.191 - - [29/Mar/2026:17:41:24 +0000] "GET /shop/smith/brotherhood011736885733.shtm HTTP/1.1" 404 38895 "https://sunra.be" "Mozilla/5.0 AppleWebKit/537.36 (KHTML, like Gecko; compatible; GPTBot/1.3; +https://openai.com/gptbot)"
104.197.234.136 - - [29/Mar/2026:17:41:25 +0000] "POST //xmlrpc.php HTTP/1.1" 200 408 "-" "Mozilla/5.0 (Windows NT 10.0; Win64; x64) AppleWebKit/537.36 (KHTML, like Gecko) Chrome/78.0.3904.108 Safari/537.36"
216.73.216.217 - - [29/Mar/2026:17:41:25 +0000] "GET /shop/exceeded/erinite001011025035.shtm HTTP/1.1" 404 38893 "https://sunra.be/shop/exceeded/erinite001011025035.shtm" "Mozilla/5.0 AppleWebKit/537.36 (KHTML, like Gecko; compatible; ClaudeBot/1.0; +claudebot@anthropic.com)"
74.7.242.15 - - [29/Mar/2026:17:41:26 +0000] "GET /shop/miniment/outreach011016447060.shtm HTTP/1.1" 301 - "https://sunra.be/sitemap.xml" "Mozilla/5.0 AppleWebKit/537.36 (KHTML, like Gecko; compatible; GPTBot/1.3; +https://openai.com/gptbot)"
104.197.234.136 - - [29/Mar/2026:17:41:28 +0000] "POST //xmlrpc.php HTTP/1.1" 200 408 "-" "Mozilla/5.0 (Windows NT 10.0; Win64; x64) AppleWebKit/537.36 (KHTML, like Gecko) Chrome/78.0.3904.108 Safari/537.36"
74.7.227.191 - - [29/Mar/2026:17:41:28 +0000] "GET /shop/swate/synanthrose013004508261.shtm HTTP/1.1" 404 38895 "https://sunra.be" "Mozilla/5.0 AppleWebKit/537.36 (KHTML, like Gecko; compatible; GPTBot/1.3; +https://openai.com/gptbot)"
74.7.242.15 - - [29/Mar/2026:17:41:29 +0000] "GET /shop/intreasure/reland011842408440.shtm HTTP/1.1" 301 - "https://sunra.be/sitemap.xml" "Mozilla/5.0 AppleWebKit/537.36 (KHTML, like Gecko; compatible; GPTBot/1.3; +https://openai.com/gptbot)"
104.197.234.136 - - [29/Mar/2026:17:41:30 +0000] "POST //xmlrpc.php HTTP/1.1" 200 408 "-" "Mozilla/5.0 (Windows NT 10.0; Win64; x64) AppleWebKit/537.36 (KHTML, like Gecko) Chrome/78.0.3904.108 Safari/537.36"
74.7.227.191 - - [29/Mar/2026:17:41:31 +0000] "GET /shop/cymric/costusroot011751193359.shtm HTTP/1.1" 404 38895 "https://sunra.be" "Mozilla/5.0 AppleWebKit/537.36 (KHTML, like Gecko; compatible; GPTBot/1.3; +https://openai.com/gptbot)"
216.73.216.217 - - [29/Mar/2026:17:41:31 +0000] "GET /shop/applicancy/autonomy00129694034.shtm HTTP/1.1" 301 - "-" "Mozilla/5.0 AppleWebKit/537.36 (KHTML, like Gecko; compatible; ClaudeBot/1.0; +claudebot@anthropic.com)"
104.197.234.136 - - [29/Mar/2026:17:41:31 +0000] "POST //xmlrpc.php HTTP/1.1" 200 408 "-" "Mozilla/5.0 (Windows NT 10.0; Win64; x64) AppleWebKit/537.36 (KHTML, like Gecko) Chrome/78.0.3904.108 Safari/537.36"
74.7.242.15 - - [29/Mar/2026:17:41:32 +0000] "GET /shop/cappaper/dipsosis013175157061.shtm HTTP/1.1" 301 - "https://sunra.be/sitemap.xml" "Mozilla/5.0 AppleWebKit/537.36 (KHTML, like Gecko; compatible; GPTBot/1.3; +https://openai.com/gptbot)"
104.197.234.136 - - [29/Mar/2026:17:41:34 +0000] "POST //xmlrpc.php HTTP/1.1" 200 408 "-" "Mozilla/5.0 (Windows NT 10.0; Win64; x64) AppleWebKit/537.36 (KHTML, like Gecko) Chrome/78.0.3904.108 Safari/537.36"
216.73.216.217 - - [29/Mar/2026:17:41:34 +0000] "GET /shop/applicancy/autonomy00129694034.shtm HTTP/1.1" 404 38897 "https://sunra.be/shop/applicancy/autonomy00129694034.shtm" "Mozilla/5.0 AppleWebKit/537.36 (KHTML, like Gecko; compatible; ClaudeBot/1.0; +claudebot@anthropic.com)"
74.7.227.191 - - [29/Mar/2026:17:41:34 +0000] "GET /shop/starread/capnomor012173327105.shtm HTTP/1.1" 404 38895 "https://sunra.be" "Mozilla/5.0 AppleWebKit/537.36 (KHTML, like Gecko; compatible; GPTBot/1.3; +https://openai.com/gptbot)"
74.7.242.15 - - [29/Mar/2026:17:41:35 +0000] "GET /shop/pavana/hanoverian011550675089.shtm HTTP/1.1" 301 - "https://sunra.be/sitemap.xml" "Mozilla/5.0 AppleWebKit/537.36 (KHTML, like Gecko; compatible; GPTBot/1.3; +https://openai.com/gptbot)"
104.197.234.136 - - [29/Mar/2026:17:41:36 +0000] "POST //xmlrpc.php HTTP/1.1" 200 408 "-" "Mozilla/5.0 (Windows NT 10.0; Win64; x64) AppleWebKit/537.36 (KHTML, like Gecko) Chrome/78.0.3904.108 Safari/537.36"
113.173.204.163 - - [29/Mar/2026:17:41:37 +0000] "GET /shop/advertising/nominatival001626746789.shtm HTTP/1.1" 404 38907 "-" "Mozilla/5.0 (Windows NT 10.0; Win64; x64) AppleWebKit/537.36 (KHTML, like Gecko) Chrome/129.0.6668.100 Safari/537.36"
104.197.234.136 - - [29/Mar/2026:17:41:38 +0000] "POST //xmlrpc.php HTTP/1.1" 200 408 "-" "Mozilla/5.0 (Windows NT 10.0; Win64; x64) AppleWebKit/537.36 (KHTML, like Gecko) Chrome/78.0.3904.108 Safari/537.36"
74.7.227.191 - - [29/Mar/2026:17:41:37 +0000] "GET /shop/miniment/outreach011016447060.shtm HTTP/1.1" 404 38895 "https://sunra.be" "Mozilla/5.0 AppleWebKit/537.36 (KHTML, like Gecko; compatible; GPTBot/1.3; +https://openai.com/gptbot)"
74.7.242.15 - - [29/Mar/2026:17:41:38 +0000] "GET /shop/moorhen/scaliness011620186582.shtm HTTP/1.1" 301 - "https://sunra.be/sitemap.xml" "Mozilla/5.0 AppleWebKit/537.36 (KHTML, like Gecko; compatible; GPTBot/1.3; +https://openai.com/gptbot)"
216.73.216.217 - - [29/Mar/2026:17:41:39 +0000] "GET /shop/fructuousness/cucullus004159690106.shtm HTTP/1.1" 301 - "-" "Mozilla/5.0 AppleWebKit/537.36 (KHTML, like Gecko; compatible; ClaudeBot/1.0; +claudebot@anthropic.com)"
104.197.234.136 - - [29/Mar/2026:17:41:40 +0000] "POST //xmlrpc.php HTTP/1.1" 200 408 "-" "Mozilla/5.0 (Windows NT 10.0; Win64; x64) AppleWebKit/537.36 (KHTML, like Gecko) Chrome/78.0.3904.108 Safari/537.36"
74.7.227.191 - - [29/Mar/2026:17:41:40 +0000] "GET /shop/intreasure/reland011842408440.shtm HTTP/1.1" 404 38895 "https://sunra.be" "Mozilla/5.0 AppleWebKit/537.36 (KHTML, like Gecko; compatible; GPTBot/1.3; +https://openai.com/gptbot)"
216.73.216.217 - - [29/Mar/2026:17:41:41 +0000] "GET /shop/fructuousness/cucullus004159690106.shtm HTTP/1.1" 404 38905 "https://sunra.be/shop/fructuousness/cucullus004159690106.shtm" "Mozilla/5.0 AppleWebKit/537.36 (KHTML, like Gecko; compatible; ClaudeBot/1.0; +claudebot@anthropic.com)"
74.7.242.15 - - [29/Mar/2026:17:41:41 +0000] "GET /shop/rotatoria/cometic011648094850.shtm HTTP/1.1" 301 - "https://sunra.be/sitemap.xml" "Mozilla/5.0 AppleWebKit/537.36 (KHTML, like Gecko; compatible; GPTBot/1.3; +https://openai.com/gptbot)"
104.197.234.136 - - [29/Mar/2026:17:41:42 +0000] "POST //xmlrpc.php HTTP/1.1" 200 408 "-" "Mozilla/5.0 (Windows NT 10.0; Win64; x64) AppleWebKit/537.36 (KHTML, like Gecko) Chrome/78.0.3904.108 Safari/537.36"
74.7.227.191 - - [29/Mar/2026:17:41:43 +0000] "GET /shop/cappaper/dipsosis013175157061.shtm HTTP/1.1" 404 38895 "https://sunra.be" "Mozilla/5.0 AppleWebKit/537.36 (KHTML, like Gecko; compatible; GPTBot/1.3; +https://openai.com/gptbot)"
104.197.234.136 - - [29/Mar/2026:17:41:44 +0000] "POST //xmlrpc.php HTTP/1.1" 200 408 "-" "Mozilla/5.0 (Windows NT 10.0; Win64; x64) AppleWebKit/537.36 (KHTML, like Gecko) Chrome/78.0.3904.108 Safari/537.36"
74.7.242.15 - - [29/Mar/2026:17:41:44 +0000] "GET /shop/cheapness/sneezed013649241589.shtm HTTP/1.1" 301 - "https://sunra.be/sitemap.xml" "Mozilla/5.0 AppleWebKit/537.36 (KHTML, like Gecko; compatible; GPTBot/1.3; +https://openai.com/gptbot)"
104.197.234.136 - - [29/Mar/2026:17:41:46 +0000] "POST //xmlrpc.php HTTP/1.1" 200 408 "-" "Mozilla/5.0 (Windows NT 10.0; Win64; x64) AppleWebKit/537.36 (KHTML, like Gecko) Chrome/78.0.3904.108 Safari/537.36"
74.7.227.191 - - [29/Mar/2026:17:41:47 +0000] "GET /shop/pavana/hanoverian011550675089.shtm HTTP/1.1" 404 38895 "https://sunra.be" "Mozilla/5.0 AppleWebKit/537.36 (KHTML, like Gecko; compatible; GPTBot/1.3; +https://openai.com/gptbot)"
104.197.234.136 - - [29/Mar/2026:17:41:48 +0000] "POST //xmlrpc.php HTTP/1.1" 200 408 "-" "Mozilla/5.0 (Windows NT 10.0; Win64; x64) AppleWebKit/537.36 (KHTML, like Gecko) Chrome/78.0.3904.108 Safari/537.36"
216.73.216.217 - - [29/Mar/2026:17:41:47 +0000] "GET /shop/pardus/louse00935227629.shtm HTTP/1.1" 301 - "-" "Mozilla/5.0 AppleWebKit/537.36 (KHTML, like Gecko; compatible; ClaudeBot/1.0; +claudebot@anthropic.com)"
74.7.242.15 - - [29/Mar/2026:17:41:47 +0000] "GET /shop/haliotoid/mashing011549462990.shtm HTTP/1.1" 301 - "https://sunra.be/sitemap.xml" "Mozilla/5.0 AppleWebKit/537.36 (KHTML, like Gecko; compatible; GPTBot/1.3; +https://openai.com/gptbot)"
74.7.242.15 - - [29/Mar/2026:17:41:51 +0000] "GET /shop/gittern/proustite014030453008.shtm HTTP/1.1" 301 - "https://sunra.be/sitemap.xml" "Mozilla/5.0 AppleWebKit/537.36 (KHTML, like Gecko; compatible; GPTBot/1.3; +https://openai.com/gptbot)"
74.7.227.191 - - [29/Mar/2026:17:41:50 +0000] "GET /shop/moorhen/scaliness011620186582.shtm HTTP/1.1" 404 38895 "https://sunra.be" "Mozilla/5.0 AppleWebKit/537.36 (KHTML, like Gecko; compatible; GPTBot/1.3; +https://openai.com/gptbot)"
216.73.216.217 - - [29/Mar/2026:17:41:50 +0000] "GET /shop/pardus/louse00935227629.shtm HTTP/1.1" 404 38883 "https://sunra.be/shop/pardus/louse00935227629.shtm" "Mozilla/5.0 AppleWebKit/537.36 (KHTML, like Gecko; compatible; ClaudeBot/1.0; +claudebot@anthropic.com)"
216.73.216.217 - - [29/Mar/2026:17:41:51 +0000] "GET /shop/hydromedusae/write00494083871.shtm HTTP/1.1" 301 - "-" "Mozilla/5.0 AppleWebKit/537.36 (KHTML, like Gecko; compatible; ClaudeBot/1.0; +claudebot@anthropic.com)"
66.249.74.100 - - [29/Mar/2026:17:41:52 +0000] "GET /?u=3473220199406&channel=307694&from=category-info.php?shop/inexpressibly/peregrina033215020664.shtm HTTP/1.1" 200 225197 "-" "Mozilla/5.0 (Linux; Android 6.0.1; Nexus 5X Build/MMB29P) AppleWebKit/537.36 (KHTML, like Gecko) Chrome/146.0.7680.153 Mobile Safari/537.36 (compatible; Googlebot/2.1; +http://www.google.com/bot.html)"
104.197.234.136 - - [29/Mar/2026:17:41:50 +0000] "POST //xmlrpc.php HTTP/1.1" 200 408 "-" "Mozilla/5.0 (Windows NT 10.0; Win64; x64) AppleWebKit/537.36 (KHTML, like Gecko) Chrome/78.0.3904.108 Safari/537.36"
217.182.68.102 - - [29/Mar/2026:17:41:53 +0000] "POST /wp-cron.php?doing_wp_cron=1774806113.1160960197448730468750 HTTP/1.1" 200 - "-" "WordPress/6.9.4; https://www.sunra.be"
74.7.227.191 - - [29/Mar/2026:17:41:53 +0000] "GET /shop/rotatoria/cometic011648094850.shtm HTTP/1.1" 404 38895 "https://sunra.be" "Mozilla/5.0 AppleWebKit/537.36 (KHTML, like Gecko; compatible; GPTBot/1.3; +https://openai.com/gptbot)"
74.7.242.15 - - [29/Mar/2026:17:41:54 +0000] "GET /shop/saintism/ophiodon012175914810.shtm HTTP/1.1" 301 - "https://sunra.be/sitemap.xml" "Mozilla/5.0 AppleWebKit/537.36 (KHTML, like Gecko; compatible; GPTBot/1.3; +https://openai.com/gptbot)"
216.73.216.217 - - [29/Mar/2026:17:41:53 +0000] "GET /shop/hydromedusae/write00494083871.shtm HTTP/1.1" 404 38895 "https://sunra.be/shop/hydromedusae/write00494083871.shtm" "Mozilla/5.0 AppleWebKit/537.36 (KHTML, like Gecko; compatible; ClaudeBot/1.0; +claudebot@anthropic.com)"
104.197.234.136 - - [29/Mar/2026:17:41:54 +0000] "POST //xmlrpc.php HTTP/1.1" 200 408 "-" "Mozilla/5.0 (Windows NT 10.0; Win64; x64) AppleWebKit/537.36 (KHTML, like Gecko) Chrome/78.0.3904.108 Safari/537.36"
37.59.204.128 - - [29/Mar/2026:17:41:56 +0000] "GET /?w=5002095031 HTTP/1.1" 301 - "-" "Mozilla/5.0 (compatible; AhrefsBot/7.0; +http://ahrefs.com/robot/)"
104.197.234.136 - - [29/Mar/2026:17:41:57 +0000] "POST //xmlrpc.php HTTP/1.1" 200 408 "-" "Mozilla/5.0 (Windows NT 10.0; Win64; x64) AppleWebKit/537.36 (KHTML, like Gecko) Chrome/78.0.3904.108 Safari/537.36"
74.7.242.15 - - [29/Mar/2026:17:41:57 +0000] "GET /shop/sinnet/smoldering013821128558.shtm HTTP/1.1" 301 - "https://sunra.be/sitemap.xml" "Mozilla/5.0 AppleWebKit/537.36 (KHTML, like Gecko; compatible; GPTBot/1.3; +https://openai.com/gptbot)"
74.7.227.191 - - [29/Mar/2026:17:41:56 +0000] "GET /shop/cheapness/sneezed013649241589.shtm HTTP/1.1" 404 38895 "https://sunra.be" "Mozilla/5.0 AppleWebKit/537.36 (KHTML, like Gecko; compatible; GPTBot/1.3; +https://openai.com/gptbot)"
216.73.216.217 - - [29/Mar/2026:17:41:59 +0000] "GET /shop/veronese/dodder004043943446.shtm HTTP/1.1" 301 - "-" "Mozilla/5.0 AppleWebKit/537.36 (KHTML, like Gecko; compatible; ClaudeBot/1.0; +claudebot@anthropic.com)"
104.197.234.136 - - [29/Mar/2026:17:41:59 +0000] "POST //xmlrpc.php HTTP/1.1" 200 408 "-" "Mozilla/5.0 (Windows NT 10.0; Win64; x64) AppleWebKit/537.36 (KHTML, like Gecko) Chrome/78.0.3904.108 Safari/537.36"
74.7.227.191 - - [29/Mar/2026:17:41:59 +0000] "GET /shop/haliotoid/mashing011549462990.shtm HTTP/1.1" 404 38895 "https://sunra.be" "Mozilla/5.0 AppleWebKit/537.36 (KHTML, like Gecko; compatible; GPTBot/1.3; +https://openai.com/gptbot)"
74.7.242.15 - - [29/Mar/2026:17:42:00 +0000] "GET /shop/compendium/eyecup014174571377.shtm HTTP/1.1" 301 - "https://sunra.be/sitemap.xml" "Mozilla/5.0 AppleWebKit/537.36 (KHTML, like Gecko; compatible; GPTBot/1.3; +https://openai.com/gptbot)"
216.73.216.217 - - [29/Mar/2026:17:42:01 +0000] "GET /shop/veronese/dodder004043943446.shtm HTTP/1.1" 404 38891 "https://sunra.be/shop/veronese/dodder004043943446.shtm" "Mozilla/5.0 AppleWebKit/537.36 (KHTML, like Gecko; compatible; ClaudeBot/1.0; +claudebot@anthropic.com)"
104.197.234.136 - - [29/Mar/2026:17:42:01 +0000] "POST //xmlrpc.php HTTP/1.1" 200 408 "-" "Mozilla/5.0 (Windows NT 10.0; Win64; x64) AppleWebKit/537.36 (KHTML, like Gecko) Chrome/78.0.3904.108 Safari/537.36"
74.7.227.191 - - [29/Mar/2026:17:42:02 +0000] "GET /shop/gittern/proustite014030453008.shtm HTTP/1.1" 404 38895 "https://sunra.be" "Mozilla/5.0 AppleWebKit/537.36 (KHTML, like Gecko; compatible; GPTBot/1.3; +https://openai.com/gptbot)"
74.7.242.15 - - [29/Mar/2026:17:42:03 +0000] "GET /shop/artemisia/stearyl012619967792.shtm HTTP/1.1" 301 - "https://sunra.be/sitemap.xml" "Mozilla/5.0 AppleWebKit/537.36 (KHTML, like Gecko; compatible; GPTBot/1.3; +https://openai.com/gptbot)"
104.197.234.136 - - [29/Mar/2026:17:42:04 +0000] "POST //xmlrpc.php HTTP/1.1" 200 408 "-" "Mozilla/5.0 (Windows NT 10.0; Win64; x64) AppleWebKit/537.36 (KHTML, like Gecko) Chrome/78.0.3904.108 Safari/537.36"
104.197.234.136 - - [29/Mar/2026:17:42:06 +0000] "POST //xmlrpc.php HTTP/1.1" 200 408 "-" "Mozilla/5.0 (Windows NT 10.0; Win64; x64) AppleWebKit/537.36 (KHTML, like Gecko) Chrome/78.0.3904.108 Safari/537.36"
74.7.227.191 - - [29/Mar/2026:17:42:05 +0000] "GET /shop/saintism/ophiodon012175914810.shtm HTTP/1.1" 404 38895 "https://sunra.be" "Mozilla/5.0 AppleWebKit/537.36 (KHTML, like Gecko; compatible; GPTBot/1.3; +https://openai.com/gptbot)"
216.73.216.217 - - [29/Mar/2026:17:42:07 +0000] "GET /shop/extravagancy/nardus001611224329.shtm HTTP/1.1" 301 - "-" "Mozilla/5.0 AppleWebKit/537.36 (KHTML, like Gecko; compatible; ClaudeBot/1.0; +claudebot@anthropic.com)"
74.7.242.15 - - [29/Mar/2026:17:42:06 +0000] "GET /shop/medle/stentorious013800840425.shtm HTTP/1.1" 301 - "https://sunra.be/sitemap.xml" "Mozilla/5.0 AppleWebKit/537.36 (KHTML, like Gecko; compatible; GPTBot/1.3; +https://openai.com/gptbot)"
104.197.234.136 - - [29/Mar/2026:17:42:08 +0000] "POST //xmlrpc.php HTTP/1.1" 200 408 "-" "Mozilla/5.0 (Windows NT 10.0; Win64; x64) AppleWebKit/537.36 (KHTML, like Gecko) Chrome/78.0.3904.108 Safari/537.36"
114.119.155.22 - - [29/Mar/2026:17:42:08 +0000] "GET /shop/insusceptibly/hussy06433503893.shtm HTTP/1.1" 301 - "https://sunra.be/?sitemap297.xml" "Mozilla/5.0 (Linux; Android 7.0;) AppleWebKit/537.36 (KHTML, like Gecko) Mobile Safari/537.36 (compatible; PetalBot;+https://webmaster.petalsearch.com/site/petalbot)"
216.73.216.217 - - [29/Mar/2026:17:42:09 +0000] "GET /shop/extravagancy/nardus001611224329.shtm HTTP/1.1" 404 38899 "https://sunra.be/shop/extravagancy/nardus001611224329.shtm" "Mozilla/5.0 AppleWebKit/537.36 (KHTML, like Gecko; compatible; ClaudeBot/1.0; +claudebot@anthropic.com)"
74.7.227.191 - - [29/Mar/2026:17:42:09 +0000] "GET /shop/compendium/eyecup014174571377.shtm HTTP/1.1" 404 38895 "https://sunra.be" "Mozilla/5.0 AppleWebKit/537.36 (KHTML, like Gecko; compatible; GPTBot/1.3; +https://openai.com/gptbot)"
74.7.242.15 - - [29/Mar/2026:17:42:10 +0000] "GET /shop/destinist/curdled011817531551.shtm HTTP/1.1" 301 - "https://sunra.be/sitemap.xml" "Mozilla/5.0 AppleWebKit/537.36 (KHTML, like Gecko; compatible; GPTBot/1.3; +https://openai.com/gptbot)"
104.197.234.136 - - [29/Mar/2026:17:42:10 +0000] "POST //xmlrpc.php HTTP/1.1" 200 408 "-" "Mozilla/5.0 (Windows NT 10.0; Win64; x64) AppleWebKit/537.36 (KHTML, like Gecko) Chrome/78.0.3904.108 Safari/537.36"
104.197.234.136 - - [29/Mar/2026:17:42:12 +0000] "POST //xmlrpc.php HTTP/1.1" 200 408 "-" "Mozilla/5.0 (Windows NT 10.0; Win64; x64) AppleWebKit/537.36 (KHTML, like Gecko) Chrome/78.0.3904.108 Safari/537.36"
74.7.227.191 - - [29/Mar/2026:17:42:12 +0000] "GET /shop/sinnet/smoldering013821128558.shtm HTTP/1.1" 404 38895 "https://sunra.be" "Mozilla/5.0 AppleWebKit/537.36 (KHTML, like Gecko; compatible; GPTBot/1.3; +https://openai.com/gptbot)"
74.7.242.15 - - [29/Mar/2026:17:42:13 +0000] "GET /shop/lixivious/outspin011418456213.shtm HTTP/1.1" 301 - "https://sunra.be/sitemap.xml" "Mozilla/5.0 AppleWebKit/537.36 (KHTML, like Gecko; compatible; GPTBot/1.3; +https://openai.com/gptbot)"
104.197.234.136 - - [29/Mar/2026:17:42:14 +0000] "POST //xmlrpc.php HTTP/1.1" 200 408 "-" "Mozilla/5.0 (Windows NT 10.0; Win64; x64) AppleWebKit/537.36 (KHTML, like Gecko) Chrome/78.0.3904.108 Safari/537.36"
216.73.216.217 - - [29/Mar/2026:17:42:15 +0000] "GET /shop/wolfhound/spouter003103492929.shtm HTTP/1.1" 301 - "-" "Mozilla/5.0 AppleWebKit/537.36 (KHTML, like Gecko; compatible; ClaudeBot/1.0; +claudebot@anthropic.com)"
74.7.227.191 - - [29/Mar/2026:17:42:15 +0000] "GET /shop/destinist/curdled011817531551.shtm HTTP/1.1" 404 38895 "https://sunra.be" "Mozilla/5.0 AppleWebKit/537.36 (KHTML, like Gecko; compatible; GPTBot/1.3; +https://openai.com/gptbot)"
216.73.216.217 - - [29/Mar/2026:17:42:16 +0000] "GET /shop/toothwort/austromancy001190857722.shtm HTTP/1.1" 301 - "-" "Mozilla/5.0 AppleWebKit/537.36 (KHTML, like Gecko; compatible; ClaudeBot/1.0; +claudebot@anthropic.com)"
104.197.234.136 - - [29/Mar/2026:17:42:16 +0000] "POST //xmlrpc.php HTTP/1.1" 200 408 "-" "Mozilla/5.0 (Windows NT 10.0; Win64; x64) AppleWebKit/537.36 (KHTML, like Gecko) Chrome/78.0.3904.108 Safari/537.36"
74.7.242.15 - - [29/Mar/2026:17:42:16 +0000] "GET /shop/piragua/falsettos011771317953.shtm HTTP/1.1" 301 - "https://sunra.be/sitemap.xml" "Mozilla/5.0 AppleWebKit/537.36 (KHTML, like Gecko; compatible; GPTBot/1.3; +https://openai.com/gptbot)"
216.73.216.217 - - [29/Mar/2026:17:42:17 +0000] "GET /shop/wolfhound/spouter003103492929.shtm HTTP/1.1" 404 38895 "https://sunra.be/shop/wolfhound/spouter003103492929.shtm" "Mozilla/5.0 AppleWebKit/537.36 (KHTML, like Gecko; compatible; ClaudeBot/1.0; +claudebot@anthropic.com)"
104.197.234.136 - - [29/Mar/2026:17:42:19 +0000] "POST //xmlrpc.php HTTP/1.1" 200 408 "-" "Mozilla/5.0 (Windows NT 10.0; Win64; x64) AppleWebKit/537.36 (KHTML, like Gecko) Chrome/78.0.3904.108 Safari/537.36"
74.7.242.15 - - [29/Mar/2026:17:42:19 +0000] "GET /shop/scarce/seminarian011542104646.shtm HTTP/1.1" 301 - "https://sunra.be/sitemap.xml" "Mozilla/5.0 AppleWebKit/537.36 (KHTML, like Gecko; compatible; GPTBot/1.3; +https://openai.com/gptbot)"
216.73.216.217 - - [29/Mar/2026:17:42:19 +0000] "GET /shop/toothwort/austromancy001190857722.shtm HTTP/1.1" 404 38903 "https://sunra.be/shop/toothwort/austromancy001190857722.shtm" "Mozilla/5.0 AppleWebKit/537.36 (KHTML, like Gecko; compatible; ClaudeBot/1.0; +claudebot@anthropic.com)"
74.7.227.191 - - [29/Mar/2026:17:42:18 +0000] "GET /shop/artemisia/stearyl012619967792.shtm HTTP/1.1" 404 38895 "https://sunra.be" "Mozilla/5.0 AppleWebKit/537.36 (KHTML, like Gecko; compatible; GPTBot/1.3; +https://openai.com/gptbot)"
104.197.234.136 - - [29/Mar/2026:17:42:21 +0000] "POST //xmlrpc.php HTTP/1.1" 200 408 "-" "Mozilla/5.0 (Windows NT 10.0; Win64; x64) AppleWebKit/537.36 (KHTML, like Gecko) Chrome/78.0.3904.108 Safari/537.36"
74.7.227.191 - - [29/Mar/2026:17:42:22 +0000] "GET /shop/medle/stentorious013800840425.shtm HTTP/1.1" 404 38895 "https://sunra.be" "Mozilla/5.0 AppleWebKit/537.36 (KHTML, like Gecko; compatible; GPTBot/1.3; +https://openai.com/gptbot)"
74.7.242.15 - - [29/Mar/2026:17:42:22 +0000] "GET /shop/violettip/heptade011770105854.shtm HTTP/1.1" 301 - "https://sunra.be/sitemap.xml" "Mozilla/5.0 AppleWebKit/537.36 (KHTML, like Gecko; compatible; GPTBot/1.3; +https://openai.com/gptbot)"
104.197.234.136 - - [29/Mar/2026:17:42:23 +0000] "POST //xmlrpc.php HTTP/1.1" 200 408 "-" "Mozilla/5.0 (Windows NT 10.0; Win64; x64) AppleWebKit/537.36 (KHTML, like Gecko) Chrome/78.0.3904.108 Safari/537.36"
216.73.216.217 - - [29/Mar/2026:17:42:24 +0000] "GET /shop/apportioning/futhark002552074137.shtm HTTP/1.1" 301 - "-" "Mozilla/5.0 AppleWebKit/537.36 (KHTML, like Gecko; compatible; ClaudeBot/1.0; +claudebot@anthropic.com)"
104.197.234.136 - - [29/Mar/2026:17:42:25 +0000] "POST //xmlrpc.php HTTP/1.1" 200 408 "-" "Mozilla/5.0 (Windows NT 10.0; Win64; x64) AppleWebKit/537.36 (KHTML, like Gecko) Chrome/78.0.3904.108 Safari/537.36"
74.7.242.15 - - [29/Mar/2026:17:42:25 +0000] "GET /shop/intuitivism/salmis01582342342.shtm HTTP/1.1" 301 - "https://sunra.be/sitemap.xml" "Mozilla/5.0 AppleWebKit/537.36 (KHTML, like Gecko; compatible; GPTBot/1.3; +https://openai.com/gptbot)"
74.7.227.191 - - [29/Mar/2026:17:42:25 +0000] "GET /shop/scarce/seminarian011542104646.shtm HTTP/1.1" 404 38895 "https://sunra.be" "Mozilla/5.0 AppleWebKit/537.36 (KHTML, like Gecko; compatible; GPTBot/1.3; +https://openai.com/gptbot)"
216.73.216.217 - - [29/Mar/2026:17:42:26 +0000] "GET /shop/apportioning/futhark002552074137.shtm HTTP/1.1" 404 38901 "https://sunra.be/shop/apportioning/futhark002552074137.shtm" "Mozilla/5.0 AppleWebKit/537.36 (KHTML, like Gecko; compatible; ClaudeBot/1.0; +claudebot@anthropic.com)"
104.197.234.136 - - [29/Mar/2026:17:42:27 +0000] "POST //xmlrpc.php HTTP/1.1" 200 408 "-" "Mozilla/5.0 (Windows NT 10.0; Win64; x64) AppleWebKit/537.36 (KHTML, like Gecko) Chrome/78.0.3904.108 Safari/537.36"
