217.182.68.102 - - [29/Mar/2026:16:37:53 +0000] "POST /wp-cron.php?doing_wp_cron=1774802273.6469500064849853515625 HTTP/1.1" 200 - "-" "WordPress/6.9.4; https://www.sunra.be"
40.77.167.151 - - [29/Mar/2026:16:37:54 +0000] "GET /?u=2763951056100&channel=d68301&from=goods.php%3Fid%3D510561-8837%26name%3D2021%E5%9F%8E%E6%88%B8%E3%83%AF%E3%82%A4%E3%83%B3%E5%9F%8E%E6%88%B8%E3%83%AF%E3%82%A4%E3%83%8A%E3%83%AA%E3%83%BC%E3%83%97%E3%83%A9%E3%82%A4%E3%83%99%E3%83%BC%E3%83%88%E3%83%AA%E3%82%B6%E3%83%BC%E3%83%96%E3%80%80%E3%83%9E%E3%82%B9%E3%83%9F%E3%83%BB%E3%83%96%E3%83%A9%E3%83%B3%28%E7%99%BD%E3%80%80%E8%BE%9B%E5%8F%A3%EF%BC%89 HTTP/1.1" 200 210571 "-" "Mozilla/5.0 AppleWebKit/537.36 (KHTML, like Gecko; compatible; bingbot/2.0; +http://www.bing.com/bingbot.htm) Chrome/116.0.1938.76 Safari/537.36"
216.73.216.217 - - [29/Mar/2026:16:37:54 +0000] "GET /shop/characters/offish051003503184.shtm HTTP/1.1" 301 - "-" "Mozilla/5.0 AppleWebKit/537.36 (KHTML, like Gecko; compatible; ClaudeBot/1.0; +claudebot@anthropic.com)"
40.77.167.151 - - [29/Mar/2026:16:37:55 +0000] "GET /?u=69982198324804&channel=431892&from=product.php%3Fid%3D1983248-39%26name%3Draymar+%E3%83%93%E3%82%B8%E3%83%8D%E3%82%B9%E3%82%B7%E3%83%A5%E3%83%BC%E3%82%BA+%E3%82%B9%E3%83%88%E3%83%AC%E3%83%BC%E3%83%88%E3%83%81%E3%83%83%E3%83%97+%E9%9D%A9%E9%9D%B426cm HTTP/1.1" 200 211105 "-" "Mozilla/5.0 AppleWebKit/537.36 (KHTML, like Gecko; compatible; bingbot/2.0; +http://www.bing.com/bingbot.htm) Chrome/116.0.1938.76 Safari/537.36"
216.73.216.217 - - [29/Mar/2026:16:37:56 +0000] "GET /shop/characters/offish051003503184.shtm HTTP/1.1" 404 38895 "https://sunra.be/shop/characters/offish051003503184.shtm" "Mozilla/5.0 AppleWebKit/537.36 (KHTML, like Gecko; compatible; ClaudeBot/1.0; +claudebot@anthropic.com)"
216.73.216.217 - - [29/Mar/2026:16:38:10 +0000] "GET /shop/postremote/frrezingly061454673246.shtm HTTP/1.1" 301 - "-" "Mozilla/5.0 AppleWebKit/537.36 (KHTML, like Gecko; compatible; ClaudeBot/1.0; +claudebot@anthropic.com)"
216.73.216.217 - - [29/Mar/2026:16:38:12 +0000] "GET /shop/postremote/frrezingly061454673246.shtm HTTP/1.1" 404 38903 "https://sunra.be/shop/postremote/frrezingly061454673246.shtm" "Mozilla/5.0 AppleWebKit/537.36 (KHTML, like Gecko; compatible; ClaudeBot/1.0; +claudebot@anthropic.com)"
216.73.216.217 - - [29/Mar/2026:16:38:24 +0000] "GET /shop/encrisped/shrubbery00638506182.shtm HTTP/1.1" 301 - "-" "Mozilla/5.0 AppleWebKit/537.36 (KHTML, like Gecko; compatible; ClaudeBot/1.0; +claudebot@anthropic.com)"
216.73.216.217 - - [29/Mar/2026:16:38:26 +0000] "GET /shop/encrisped/shrubbery00638506182.shtm HTTP/1.1" 404 38897 "https://sunra.be/shop/encrisped/shrubbery00638506182.shtm" "Mozilla/5.0 AppleWebKit/537.36 (KHTML, like Gecko; compatible; ClaudeBot/1.0; +claudebot@anthropic.com)"
216.73.216.217 - - [29/Mar/2026:16:38:38 +0000] "GET /shop/goldfields/persistence052674444282.shtm HTTP/1.1" 301 - "-" "Mozilla/5.0 AppleWebKit/537.36 (KHTML, like Gecko; compatible; ClaudeBot/1.0; +claudebot@anthropic.com)"
216.73.216.217 - - [29/Mar/2026:16:38:40 +0000] "GET /shop/goldfields/persistence052674444282.shtm HTTP/1.1" 404 38905 "https://sunra.be/shop/goldfields/persistence052674444282.shtm" "Mozilla/5.0 AppleWebKit/537.36 (KHTML, like Gecko; compatible; ClaudeBot/1.0; +claudebot@anthropic.com)"
103.162.56.70 - - [29/Mar/2026:16:38:44 +0000] "GET /shopdetail/blanket/193043238 HTTP/1.1" 301 - "-" "Mozilla/5.0 (Windows NT 10.0; Win64; x64) AppleWebKit/537.36 (KHTML, like Gecko) Chrome/124.0.6367.155 Safari/537.36"
216.73.216.217 - - [29/Mar/2026:16:38:48 +0000] "GET /robots.txt HTTP/1.1" 200 74 "-" "Mozilla/5.0 AppleWebKit/537.36 (KHTML, like Gecko; compatible; ClaudeBot/1.0; +claudebot@anthropic.com)"
38.25.170.255 - - [29/Mar/2026:16:38:48 +0000] "GET /shopdetail/blanket/193043238 HTTP/1.1" 404 38875 "-" "Mozilla/5.0 (Windows NT 10.0; Win64; x64) AppleWebKit/537.36 (KHTML, like Gecko) Chrome/124.0.6367.155 Safari/537.36"
216.73.216.217 - - [29/Mar/2026:16:38:52 +0000] "GET /shop/enquirer/crowbar001529765704.shtm HTTP/1.1" 301 - "-" "Mozilla/5.0 AppleWebKit/537.36 (KHTML, like Gecko; compatible; ClaudeBot/1.0; +claudebot@anthropic.com)"
217.182.68.102 - - [29/Mar/2026:16:38:53 +0000] "POST /wp-cron.php?doing_wp_cron=1774802333.8719410896301269531250 HTTP/1.1" 200 - "-" "WordPress/6.9.4; https://www.sunra.be"
216.73.216.217 - - [29/Mar/2026:16:38:55 +0000] "GET /shop/enquirer/crowbar001529765704.shtm HTTP/1.1" 404 38893 "https://sunra.be/shop/enquirer/crowbar001529765704.shtm" "Mozilla/5.0 AppleWebKit/537.36 (KHTML, like Gecko; compatible; ClaudeBot/1.0; +claudebot@anthropic.com)"
202.76.185.254 - - [29/Mar/2026:16:39:03 +0000] "GET /shop/surveyors/negotiosity042301552974.shtm HTTP/1.1" 404 38903 "-" "Mozilla/5.0 (Macintosh; Intel Mac OS X 12_6_0) AppleWebKit/537.36 (KHTML, like Gecko) Chrome/132.0.6834.83 Safari/537.36"
94.23.188.208 - - [29/Mar/2026:16:39:21 +0000] "GET /terms-conditions/ HTTP/1.1" 200 44384 "-" "Mozilla/5.0 (compatible; AhrefsBot/7.0; +http://ahrefs.com/robot/)"
114.119.129.167 - - [29/Mar/2026:16:39:26 +0000] "GET /shop/invented/whitlow061621994494.shtm HTTP/1.1" 301 - "https://sunra.be/?sitemap869.xml" "Mozilla/5.0 (Linux; Android 7.0;) AppleWebKit/537.36 (KHTML, like Gecko) Mobile Safari/537.36 (compatible; PetalBot;+https://webmaster.petalsearch.com/site/petalbot)"
216.73.216.217 - - [29/Mar/2026:16:39:29 +0000] "GET /shop/importance/pithecolobium001878265883.shtm HTTP/1.1" 301 - "-" "Mozilla/5.0 AppleWebKit/537.36 (KHTML, like Gecko; compatible; ClaudeBot/1.0; +claudebot@anthropic.com)"
216.73.216.217 - - [29/Mar/2026:16:39:31 +0000] "GET /shop/importance/pithecolobium001878265883.shtm HTTP/1.1" 404 38909 "https://sunra.be/shop/importance/pithecolobium001878265883.shtm" "Mozilla/5.0 AppleWebKit/537.36 (KHTML, like Gecko; compatible; ClaudeBot/1.0; +claudebot@anthropic.com)"
114.119.129.167 - - [29/Mar/2026:16:39:37 +0000] "GET /shop/invented/whitlow061621994494.shtm HTTP/1.1" 404 37552 "https://sunra.be/?sitemap869.xml" "Mozilla/5.0 (Linux; Android 7.0;) AppleWebKit/537.36 (KHTML, like Gecko) Mobile Safari/537.36 (compatible; PetalBot;+https://webmaster.petalsearch.com/site/petalbot)"
216.73.216.217 - - [29/Mar/2026:16:40:11 +0000] "GET /shop/avantcourier/dronepipe001729135595.shtm HTTP/1.1" 301 - "-" "Mozilla/5.0 AppleWebKit/537.36 (KHTML, like Gecko; compatible; ClaudeBot/1.0; +claudebot@anthropic.com)"
217.182.68.102 - - [29/Mar/2026:16:40:13 +0000] "POST /wp-cron.php?doing_wp_cron=1774802413.2447080612182617187500 HTTP/1.1" 200 - "-" "WordPress/6.9.4; https://www.sunra.be"
216.73.216.217 - - [29/Mar/2026:16:40:14 +0000] "GET /shop/avantcourier/dronepipe001729135595.shtm HTTP/1.1" 404 38905 "https://sunra.be/shop/avantcourier/dronepipe001729135595.shtm" "Mozilla/5.0 AppleWebKit/537.36 (KHTML, like Gecko; compatible; ClaudeBot/1.0; +claudebot@anthropic.com)"
202.76.166.204 - - [29/Mar/2026:16:40:16 +0000] "GET /shop/tetradactylous/hygienics032806774233.shtm HTTP/1.1" 404 38909 "-" "Mozilla/5.0 (Macintosh; U; PPC Mac OS X; en_CA) AppleWebKit/125.4 (KHTML, like Gecko) Safari/125.9"
47.82.10.238 - - [29/Mar/2026:16:40:38 +0000] "GET /?u=2513273098600&channel=b22807&from=blog.php?id%3D730986-16318%26name%3D%E4%B8%80%E4%BC%91%E3%81%95%E3%82%93+D+V+D34%E6%9E%9A+33%E6%9E%9A%E3%81%AF+%E6%9D%B1%E6%98%A0%E3%82%A2%E3%83%8B%E3%83%A1%E3%83%BC%E3%82%B7%E3%83%A7%E3%83%B3 HTTP/1.1" 301 - "https://sunra.be/" "Mozilla/5.0 (Windows NT 10.0; Win64; x64) AppleWebKit/537.36 (KHTML, like Gecko) Chrome/135.0.0.0 Safari/537.36"
47.82.10.238 - - [29/Mar/2026:16:40:40 +0000] "GET /?u=2513273098600&channel=b22807&from=blog.php?id%3D730986-16318%26name%3D%E4%B8%80%E4%BC%91%E3%81%95%E3%82%93%20D%20V%20D34%E6%9E%9A%2033%E6%9E%9A%E3%81%AF%20%E6%9D%B1%E6%98%A0%E3%82%A2%E3%83%8B%E3%83%A1%E3%83%BC%E3%82%B7%E3%83%A7%E3%83%B3 HTTP/1.1" 301 - "https://sunra.be/" "Mozilla/5.0 (Windows NT 10.0; Win64; x64) AppleWebKit/537.36 (KHTML, like Gecko) Chrome/135.0.0.0 Safari/537.36"
47.82.10.54 - - [29/Mar/2026:16:40:45 +0000] "GET /?u=0483260922401&channel=4b3089&from=category-info.php?id%3D609224-6533%26name%3D%E3%82%B7%E3%83%9C%E3%83%AC%E3%83%BC%E3%80%80%E3%82%A2%E3%82%B9%E3%83%88%E3%83%AD%E3%80%804wd%E3%80%80LT+%E3%83%87%E3%82%A3%E3%83%BC%E3%83%A9%E3%83%BC%E8%BB%8A HTTP/1.1" 301 - "https://sunra.be/" "Mozilla/5.0 (Windows NT 10.0; Win64; x64) AppleWebKit/537.36 (KHTML, like Gecko) Chrome/135.0.0.0 Safari/537.36 Edg/135.0.0.0"
47.82.10.54 - - [29/Mar/2026:16:40:47 +0000] "GET /?u=0483260922401&channel=4b3089&from=category-info.php?id%3D609224-6533%26name%3D%E3%82%B7%E3%83%9C%E3%83%AC%E3%83%BC%E3%80%80%E3%82%A2%E3%82%B9%E3%83%88%E3%83%AD%E3%80%804wd%E3%80%80LT%20%E3%83%87%E3%82%A3%E3%83%BC%E3%83%A9%E3%83%BC%E8%BB%8A HTTP/1.1" 301 - "https://sunra.be/" "Mozilla/5.0 (Windows NT 10.0; Win64; x64) AppleWebKit/537.36 (KHTML, like Gecko) Chrome/135.0.0.0 Safari/537.36 Edg/135.0.0.0"
216.73.216.217 - - [29/Mar/2026:16:40:57 +0000] "GET /shop/freeness/gristmill003172159234.shtm HTTP/1.1" 301 - "-" "Mozilla/5.0 AppleWebKit/537.36 (KHTML, like Gecko; compatible; ClaudeBot/1.0; +claudebot@anthropic.com)"
217.182.68.102 - - [29/Mar/2026:16:40:59 +0000] "POST /wp-cron.php?doing_wp_cron=1774802459.0211899280548095703125 HTTP/1.1" 200 - "-" "WordPress/6.9.4; https://www.sunra.be"
216.73.216.217 - - [29/Mar/2026:16:41:00 +0000] "GET /shop/freeness/gristmill003172159234.shtm HTTP/1.1" 404 38897 "https://sunra.be/shop/freeness/gristmill003172159234.shtm" "Mozilla/5.0 AppleWebKit/537.36 (KHTML, like Gecko; compatible; ClaudeBot/1.0; +claudebot@anthropic.com)"
114.119.129.167 - - [29/Mar/2026:16:41:07 +0000] "GET /shop/invented/whitlow061621994494.shtm HTTP/1.1" 301 - "https://sunra.be/?sitemap297.xml" "Mozilla/5.0 (Linux; Android 7.0;) AppleWebKit/537.36 (KHTML, like Gecko) Mobile Safari/537.36 (compatible; PetalBot;+https://webmaster.petalsearch.com/site/petalbot)"
114.119.129.167 - - [29/Mar/2026:16:41:11 +0000] "GET /shop/invented/whitlow061621994494.shtm HTTP/1.1" 404 37552 "https://sunra.be/?sitemap297.xml" "Mozilla/5.0 (Linux; Android 7.0;) AppleWebKit/537.36 (KHTML, like Gecko) Mobile Safari/537.36 (compatible; PetalBot;+https://webmaster.petalsearch.com/site/petalbot)"
216.73.216.217 - - [29/Mar/2026:16:41:29 +0000] "GET /shop/majolica/decorticated00780459961.shtm HTTP/1.1" 301 - "-" "Mozilla/5.0 AppleWebKit/537.36 (KHTML, like Gecko; compatible; ClaudeBot/1.0; +claudebot@anthropic.com)"
37.125.142.47 - - [29/Mar/2026:16:41:31 +0000] "GET /shop/understatement/backtoback042940599012.shtm HTTP/1.1" 404 38911 "-" "Mozilla/5.0 (Macintosh; Intel Mac OS X 14_2_1) AppleWebKit/537.36 (KHTML, like Gecko) Chrome/125.0.6422.60 Safari/537.36"
216.73.216.217 - - [29/Mar/2026:16:41:31 +0000] "GET /shop/majolica/decorticated00780459961.shtm HTTP/1.1" 404 38901 "https://sunra.be/shop/majolica/decorticated00780459961.shtm" "Mozilla/5.0 AppleWebKit/537.36 (KHTML, like Gecko; compatible; ClaudeBot/1.0; +claudebot@anthropic.com)"
47.82.10.138 - - [29/Mar/2026:16:41:31 +0000] "GET /?u=3188595525001&channel=61b70e&from=product.php?id%3D955250-6198%26name%3D%E2%80%BB%E5%B0%82%E7%94%A8%E5%87%BA%E5%93%81%E2%80%BB+ZEPHYR+BOAT+ZF148V-T+%E3%82%BF%E3%83%95%E3%83%9C%E3%83%87%E3%82%A3%E3%83%95%E3%83%AD%E3%83%BC%E3%82%BF%E3%83%BC HTTP/1.1" 301 - "https://sunra.be/" "Mozilla/5.0 (Windows NT 10.0; Win64; x64; rv:127.0) Gecko/20100101 Firefox/127.0"
47.82.10.138 - - [29/Mar/2026:16:41:34 +0000] "GET /?u=3188595525001&channel=61b70e&from=product.php?id%3D955250-6198%26name%3D%E2%80%BB%E5%B0%82%E7%94%A8%E5%87%BA%E5%93%81%E2%80%BB%20ZEPHYR%20BOAT%20ZF148V-T%20%E3%82%BF%E3%83%95%E3%83%9C%E3%83%87%E3%82%A3%E3%83%95%E3%83%AD%E3%83%BC%E3%82%BF%E3%83%BC HTTP/1.1" 301 - "https://sunra.be/" "Mozilla/5.0 (Windows NT 10.0; Win64; x64; rv:127.0) Gecko/20100101 Firefox/127.0"
216.73.216.217 - - [29/Mar/2026:16:41:44 +0000] "GET /shop/arcuately/discernible001722570569.shtm HTTP/1.1" 301 - "-" "Mozilla/5.0 AppleWebKit/537.36 (KHTML, like Gecko; compatible; ClaudeBot/1.0; +claudebot@anthropic.com)"
216.73.216.217 - - [29/Mar/2026:16:41:46 +0000] "GET /shop/hadrosauridae/botches00962646847.shtm HTTP/1.1" 301 - "-" "Mozilla/5.0 AppleWebKit/537.36 (KHTML, like Gecko; compatible; ClaudeBot/1.0; +claudebot@anthropic.com)"
216.73.216.217 - - [29/Mar/2026:16:41:45 +0000] "GET /shop/arcuately/discernible001722570569.shtm HTTP/1.1" 404 38903 "https://sunra.be/shop/arcuately/discernible001722570569.shtm" "Mozilla/5.0 AppleWebKit/537.36 (KHTML, like Gecko; compatible; ClaudeBot/1.0; +claudebot@anthropic.com)"
216.73.216.217 - - [29/Mar/2026:16:41:47 +0000] "GET /shop/hadrosauridae/botches00962646847.shtm HTTP/1.1" 404 38901 "https://sunra.be/shop/hadrosauridae/botches00962646847.shtm" "Mozilla/5.0 AppleWebKit/537.36 (KHTML, like Gecko; compatible; ClaudeBot/1.0; +claudebot@anthropic.com)"
113.168.172.181 - - [29/Mar/2026:16:41:50 +0000] "GET /shopdetail/decision/244028473 HTTP/1.1" 301 - "-" "Mozilla/5.0 (Macintosh; Intel Mac OS X 11_7_0) AppleWebKit/537.36 (KHTML, like Gecko) Chrome/131.0.6778.265 Safari/537.36"
14.228.102.161 - - [29/Mar/2026:16:41:54 +0000] "GET /shopdetail/decision/244028473 HTTP/1.1" 404 38877 "-" "Mozilla/5.0 (Macintosh; Intel Mac OS X 11_7_0) AppleWebKit/537.36 (KHTML, like Gecko) Chrome/131.0.6778.265 Safari/537.36"
114.119.149.159 - - [29/Mar/2026:16:41:53 +0000] "GET /shop/invendibleness/bastinadoed062598063275.shtm HTTP/1.1" 301 - "https://sunra.be/?sitemap869.xml" "Mozilla/5.0 (Linux; Android 7.0;) AppleWebKit/537.36 (KHTML, like Gecko) Mobile Safari/537.36 (compatible; PetalBot;+https://webmaster.petalsearch.com/site/petalbot)"
217.182.68.102 - - [29/Mar/2026:16:41:54 +0000] "POST /wp-cron.php?doing_wp_cron=1774802514.9390668869018554687500 HTTP/1.1" 200 - "-" "WordPress/6.9.4; https://www.sunra.be"
114.119.149.159 - - [29/Mar/2026:16:41:57 +0000] "GET /shop/invendibleness/bastinadoed062598063275.shtm HTTP/1.1" 404 37572 "https://sunra.be/?sitemap869.xml" "Mozilla/5.0 (Linux; Android 7.0;) AppleWebKit/537.36 (KHTML, like Gecko) Mobile Safari/537.36 (compatible; PetalBot;+https://webmaster.petalsearch.com/site/petalbot)"
1.39.131.103 - - [29/Mar/2026:16:42:08 +0000] "GET /your-guide-to-maximizing-wins-at-wild-fortune-online-casino/ HTTP/1.1" 200 44935 "-" "Mozilla/5.0 (X11; Linux x86_64) AppleWebKit/537.36 (KHTML, like Gecko) Chrome/143.0.0.0 Safari/537.36"
216.73.216.217 - - [29/Mar/2026:16:42:20 +0000] "GET /shop/wagonry/summarily002676532001.shtm HTTP/1.1" 301 - "-" "Mozilla/5.0 AppleWebKit/537.36 (KHTML, like Gecko; compatible; ClaudeBot/1.0; +claudebot@anthropic.com)"
216.73.216.217 - - [29/Mar/2026:16:42:22 +0000] "GET /shop/wagonry/summarily002676532001.shtm HTTP/1.1" 404 38895 "https://sunra.be/shop/wagonry/summarily002676532001.shtm" "Mozilla/5.0 AppleWebKit/537.36 (KHTML, like Gecko; compatible; ClaudeBot/1.0; +claudebot@anthropic.com)"
150.223.194.182 - - [29/Mar/2026:16:42:33 +0000] "GET /?author=5 HTTP/1.1" 301 - "-" "Apache-HttpClient/4.5.2 (Java/1.8.0_161)"
14.240.106.65 - - [29/Mar/2026:16:42:43 +0000] "GET /shopdetail/Congress/055032616 HTTP/1.1" 404 38877 "-" "Mozilla/5.0 (Macintosh; Intel Mac OS X 14_4_0) AppleWebKit/537.36 (KHTML, like Gecko) Chrome/134.0.6998.45"
150.223.194.182 - - [29/Mar/2026:16:42:57 +0000] "GET /?author=5 HTTP/1.1" 200 38962 "-" "Apache-HttpClient/4.5.2 (Java/1.8.0_161)"
217.182.68.102 - - [29/Mar/2026:16:42:59 +0000] "POST /wp-cron.php?doing_wp_cron=1774802579.2038590908050537109375 HTTP/1.1" 200 - "-" "WordPress/6.9.4; https://www.sunra.be"
216.73.216.217 - - [29/Mar/2026:16:43:01 +0000] "GET /shop/forky/crypts052591169817.shtm HTTP/1.1" 301 - "-" "Mozilla/5.0 AppleWebKit/537.36 (KHTML, like Gecko; compatible; ClaudeBot/1.0; +claudebot@anthropic.com)"
216.73.216.217 - - [29/Mar/2026:16:43:03 +0000] "GET /shop/forky/crypts052591169817.shtm HTTP/1.1" 404 38885 "https://sunra.be/shop/forky/crypts052591169817.shtm" "Mozilla/5.0 AppleWebKit/537.36 (KHTML, like Gecko; compatible; ClaudeBot/1.0; +claudebot@anthropic.com)"
114.119.149.159 - - [29/Mar/2026:16:43:17 +0000] "GET /shop/invectus/unbrewed063806188533.shtm HTTP/1.1" 301 - "https://sunra.be/?sitemap297.xml" "Mozilla/5.0 (Linux; Android 7.0;) AppleWebKit/537.36 (KHTML, like Gecko) Mobile Safari/537.36 (compatible; PetalBot;+https://webmaster.petalsearch.com/site/petalbot)"
216.73.216.217 - - [29/Mar/2026:16:43:20 +0000] "GET /shop/risking/selah003843449031.shtm HTTP/1.1" 301 - "-" "Mozilla/5.0 AppleWebKit/537.36 (KHTML, like Gecko; compatible; ClaudeBot/1.0; +claudebot@anthropic.com)"
114.119.149.159 - - [29/Mar/2026:16:43:19 +0000] "GET /shop/invectus/unbrewed063806188533.shtm HTTP/1.1" 404 37554 "https://sunra.be/?sitemap297.xml" "Mozilla/5.0 (Linux; Android 7.0;) AppleWebKit/537.36 (KHTML, like Gecko) Mobile Safari/537.36 (compatible; PetalBot;+https://webmaster.petalsearch.com/site/petalbot)"
216.73.216.217 - - [29/Mar/2026:16:43:21 +0000] "GET /shop/risking/selah003843449031.shtm HTTP/1.1" 404 38887 "https://sunra.be/shop/risking/selah003843449031.shtm" "Mozilla/5.0 AppleWebKit/537.36 (KHTML, like Gecko; compatible; ClaudeBot/1.0; +claudebot@anthropic.com)"
207.46.13.9 - - [29/Mar/2026:16:43:37 +0000] "GET /spareparts/backrest-cover-pearl-white/ HTTP/1.1" 200 206988 "-" "Mozilla/5.0 AppleWebKit/537.36 (KHTML, like Gecko; compatible; bingbot/2.0; +http://www.bing.com/bingbot.htm) Chrome/116.0.1938.76 Safari/537.36"
216.73.216.217 - - [29/Mar/2026:16:43:38 +0000] "GET /shop/caplin/elasmobranchiate003483580870.shtm HTTP/1.1" 301 - "-" "Mozilla/5.0 AppleWebKit/537.36 (KHTML, like Gecko; compatible; ClaudeBot/1.0; +claudebot@anthropic.com)"
216.73.216.217 - - [29/Mar/2026:16:43:40 +0000] "GET /shop/caplin/elasmobranchiate003483580870.shtm HTTP/1.1" 404 38907 "https://sunra.be/shop/caplin/elasmobranchiate003483580870.shtm" "Mozilla/5.0 AppleWebKit/537.36 (KHTML, like Gecko; compatible; ClaudeBot/1.0; +claudebot@anthropic.com)"
14.240.206.134 - - [29/Mar/2026:16:43:56 +0000] "GET /shopdetail/brain/247015348 HTTP/1.1" 404 38871 "-" "Mozilla/5.0 (Macintosh; Intel Mac OS X 15.3; rv:127.0) Gecko/20100101 Firefox/127.0"
217.182.68.102 - - [29/Mar/2026:16:43:58 +0000] "POST /wp-cron.php?doing_wp_cron=1774802638.0987069606781005859375 HTTP/1.1" 200 - "-" "WordPress/6.9.4; https://www.sunra.be"
216.73.216.217 - - [29/Mar/2026:16:44:10 +0000] "GET /shop/panopeus/munite00803360644.shtm HTTP/1.1" 301 - "-" "Mozilla/5.0 AppleWebKit/537.36 (KHTML, like Gecko; compatible; ClaudeBot/1.0; +claudebot@anthropic.com)"
216.73.216.217 - - [29/Mar/2026:16:44:13 +0000] "GET /shop/panopeus/munite00803360644.shtm HTTP/1.1" 404 38889 "https://sunra.be/shop/panopeus/munite00803360644.shtm" "Mozilla/5.0 AppleWebKit/537.36 (KHTML, like Gecko; compatible; ClaudeBot/1.0; +claudebot@anthropic.com)"
92.222.108.117 - - [29/Mar/2026:16:44:15 +0000] "GET /wp-content/themes/sunra/style.css?t=1774802362&ver=6.9.4 HTTP/1.1" 200 24715 "-" "Mozilla/5.0 (compatible; AhrefsBot/7.0; +http://ahrefs.com/robot/)"
216.73.216.217 - - [29/Mar/2026:16:44:27 +0000] "GET /shop/unwarely/retentivity003984475180.shtm HTTP/1.1" 301 - "-" "Mozilla/5.0 AppleWebKit/537.36 (KHTML, like Gecko; compatible; ClaudeBot/1.0; +claudebot@anthropic.com)"
216.73.216.217 - - [29/Mar/2026:16:44:28 +0000] "GET /shop/unwarely/retentivity003984475180.shtm HTTP/1.1" 404 38901 "https://sunra.be/shop/unwarely/retentivity003984475180.shtm" "Mozilla/5.0 AppleWebKit/537.36 (KHTML, like Gecko; compatible; ClaudeBot/1.0; +claudebot@anthropic.com)"
216.73.216.217 - - [29/Mar/2026:16:44:40 +0000] "GET /shop/inbox/atlantic003724347235.shtm HTTP/1.1" 301 - "-" "Mozilla/5.0 AppleWebKit/537.36 (KHTML, like Gecko; compatible; ClaudeBot/1.0; +claudebot@anthropic.com)"
216.73.216.217 - - [29/Mar/2026:16:44:42 +0000] "GET /shop/inbox/atlantic003724347235.shtm HTTP/1.1" 404 38889 "https://sunra.be/shop/inbox/atlantic003724347235.shtm" "Mozilla/5.0 AppleWebKit/537.36 (KHTML, like Gecko; compatible; ClaudeBot/1.0; +claudebot@anthropic.com)"
202.76.188.165 - - [29/Mar/2026:16:44:58 +0000] "GET /shopdetail/express/187027614 HTTP/1.1" 301 - "-" "Mozilla/5.0 (Macintosh; Intel Mac OS X 13_7_1) AppleWebKit/537.36 (KHTML, like Gecko) Chrome/133.0.6943.141 Safari/537.36"
216.73.216.217 - - [29/Mar/2026:16:44:57 +0000] "GET /shop/besought/plessimeter001894547243.shtm HTTP/1.1" 301 - "-" "Mozilla/5.0 AppleWebKit/537.36 (KHTML, like Gecko; compatible; ClaudeBot/1.0; +claudebot@anthropic.com)"
217.182.68.102 - - [29/Mar/2026:16:44:58 +0000] "POST /wp-cron.php?doing_wp_cron=1774802698.9459989070892333984375 HTTP/1.1" 200 - "-" "WordPress/6.9.4; https://www.sunra.be"
216.73.216.217 - - [29/Mar/2026:16:45:00 +0000] "GET /shop/besought/plessimeter001894547243.shtm HTTP/1.1" 404 38901 "https://sunra.be/shop/besought/plessimeter001894547243.shtm" "Mozilla/5.0 AppleWebKit/537.36 (KHTML, like Gecko; compatible; ClaudeBot/1.0; +claudebot@anthropic.com)"
146.174.177.132 - - [29/Mar/2026:16:45:00 +0000] "GET /shopdetail/express/187027614 HTTP/1.1" 404 38875 "-" "Mozilla/5.0 (Macintosh; Intel Mac OS X 13_7_1) AppleWebKit/537.36 (KHTML, like Gecko) Chrome/133.0.6943.141 Safari/537.36"
14.227.38.253 - - [29/Mar/2026:16:45:09 +0000] "GET /shopdetail/chapter/252001283/ HTTP/1.1" 404 38875 "-" "Mozilla/5.0 (Macintosh; Intel Mac OS X 10_15_7) AppleWebKit/537.36 (KHTML, like Gecko) Chrome/132.0.6834.83 Safari/537.36"
216.73.216.217 - - [29/Mar/2026:16:45:13 +0000] "GET /shop/foetidia/epistle001779874261.shtm HTTP/1.1" 301 - "-" "Mozilla/5.0 AppleWebKit/537.36 (KHTML, like Gecko; compatible; ClaudeBot/1.0; +claudebot@anthropic.com)"
216.73.216.217 - - [29/Mar/2026:16:45:15 +0000] "GET /shop/foetidia/epistle001779874261.shtm HTTP/1.1" 404 38893 "https://sunra.be/shop/foetidia/epistle001779874261.shtm" "Mozilla/5.0 AppleWebKit/537.36 (KHTML, like Gecko; compatible; ClaudeBot/1.0; +claudebot@anthropic.com)"
114.119.149.159 - - [29/Mar/2026:16:45:24 +0000] "GET /shop/invertin/misspell06942575681.shtm HTTP/1.1" 301 - "https://sunra.be/?sitemap297.xml" "Mozilla/5.0 (Linux; Android 7.0;) AppleWebKit/537.36 (KHTML, like Gecko) Mobile Safari/537.36 (compatible; PetalBot;+https://webmaster.petalsearch.com/site/petalbot)"
114.119.149.159 - - [29/Mar/2026:16:45:29 +0000] "GET /shop/invertin/misspell06942575681.shtm HTTP/1.1" 404 37552 "https://sunra.be/?sitemap297.xml" "Mozilla/5.0 (Linux; Android 7.0;) AppleWebKit/537.36 (KHTML, like Gecko) Mobile Safari/537.36 (compatible; PetalBot;+https://webmaster.petalsearch.com/site/petalbot)"
216.73.216.217 - - [29/Mar/2026:16:45:30 +0000] "GET /shop/maill/daily004045155545.shtm HTTP/1.1" 301 - "-" "Mozilla/5.0 AppleWebKit/537.36 (KHTML, like Gecko; compatible; ClaudeBot/1.0; +claudebot@anthropic.com)"
216.73.216.217 - - [29/Mar/2026:16:45:31 +0000] "GET /shop/maill/daily004045155545.shtm HTTP/1.1" 404 38883 "https://sunra.be/shop/maill/daily004045155545.shtm" "Mozilla/5.0 AppleWebKit/537.36 (KHTML, like Gecko; compatible; ClaudeBot/1.0; +claudebot@anthropic.com)"
216.73.216.217 - - [29/Mar/2026:16:45:40 +0000] "GET /shop/overcarking/amauropelta002973698267.shtm HTTP/1.1" 301 - "-" "Mozilla/5.0 AppleWebKit/537.36 (KHTML, like Gecko; compatible; ClaudeBot/1.0; +claudebot@anthropic.com)"
216.73.216.217 - - [29/Mar/2026:16:45:42 +0000] "GET /shop/overcarking/amauropelta002973698267.shtm HTTP/1.1" 404 38907 "https://sunra.be/shop/overcarking/amauropelta002973698267.shtm" "Mozilla/5.0 AppleWebKit/537.36 (KHTML, like Gecko; compatible; ClaudeBot/1.0; +claudebot@anthropic.com)"
216.73.216.217 - - [29/Mar/2026:16:45:57 +0000] "GET /shop/skreen/equivocator001477168915.shtm HTTP/1.1" 301 - "-" "Mozilla/5.0 AppleWebKit/537.36 (KHTML, like Gecko; compatible; ClaudeBot/1.0; +claudebot@anthropic.com)"
217.182.68.102 - - [29/Mar/2026:16:45:58 +0000] "POST /wp-cron.php?doing_wp_cron=1774802758.6269838809967041015625 HTTP/1.1" 200 - "-" "WordPress/6.9.4; https://www.sunra.be"
37.59.204.146 - - [29/Mar/2026:16:46:00 +0000] "GET /DB_backup/?C=N;O=D HTTP/1.1" 301 - "-" "Mozilla/5.0 (compatible; AhrefsBot/7.0; +http://ahrefs.com/robot/)"
216.73.216.217 - - [29/Mar/2026:16:46:00 +0000] "GET /shop/skreen/equivocator001477168915.shtm HTTP/1.1" 404 38897 "https://sunra.be/shop/skreen/equivocator001477168915.shtm" "Mozilla/5.0 AppleWebKit/537.36 (KHTML, like Gecko; compatible; ClaudeBot/1.0; +claudebot@anthropic.com)"
114.119.145.36 - - [29/Mar/2026:16:46:08 +0000] "GET /shop/invented/whitlow061621994494.shtm HTTP/1.1" 301 - "https://sunra.be/?sitemap869.xml" "Mozilla/5.0 (Linux; Android 7.0;) AppleWebKit/537.36 (KHTML, like Gecko) Mobile Safari/537.36 (compatible; PetalBot;+https://webmaster.petalsearch.com/site/petalbot)"
216.73.216.217 - - [29/Mar/2026:16:46:14 +0000] "GET /shop/pasteurism/pronunciatory00357301068.shtm HTTP/1.1" 301 - "-" "Mozilla/5.0 AppleWebKit/537.36 (KHTML, like Gecko; compatible; ClaudeBot/1.0; +claudebot@anthropic.com)"
114.119.145.36 - - [29/Mar/2026:16:46:14 +0000] "GET /shop/invented/whitlow061621994494.shtm HTTP/1.1" 404 37552 "https://sunra.be/?sitemap869.xml" "Mozilla/5.0 (Linux; Android 7.0;) AppleWebKit/537.36 (KHTML, like Gecko) Mobile Safari/537.36 (compatible; PetalBot;+https://webmaster.petalsearch.com/site/petalbot)"
216.73.216.217 - - [29/Mar/2026:16:46:15 +0000] "GET /shop/pasteurism/pronunciatory00357301068.shtm HTTP/1.1" 404 38907 "https://sunra.be/shop/pasteurism/pronunciatory00357301068.shtm" "Mozilla/5.0 AppleWebKit/537.36 (KHTML, like Gecko; compatible; ClaudeBot/1.0; +claudebot@anthropic.com)"
113.173.128.124 - - [29/Mar/2026:16:46:22 +0000] "GET /shopdetail/domestic/098031727 HTTP/1.1" 404 38877 "-" "Mozilla/5.0 (Macintosh; Intel Mac OS X 14.1; rv:127.0) Gecko/20100101 Firefox/127.0"
216.73.216.217 - - [29/Mar/2026:16:46:31 +0000] "GET /shop/amphipoda/gorup004038590535.shtm HTTP/1.1" 301 - "-" "Mozilla/5.0 AppleWebKit/537.36 (KHTML, like Gecko; compatible; ClaudeBot/1.0; +claudebot@anthropic.com)"
216.73.216.217 - - [29/Mar/2026:16:46:32 +0000] "GET /shop/amphipoda/gorup004038590535.shtm HTTP/1.1" 404 38891 "https://sunra.be/shop/amphipoda/gorup004038590535.shtm" "Mozilla/5.0 AppleWebKit/537.36 (KHTML, like Gecko; compatible; ClaudeBot/1.0; +claudebot@anthropic.com)"
43.173.173.23 - - [29/Mar/2026:16:46:42 +0000] "GET / HTTP/1.1" 200 136178 "-" "Mozilla/5.0 (Windows NT 10.0; Win64; x64) AppleWebKit/537.36 (KHTML, like Gecko) Chrome/106.0.5249.119 Safari/537.36"
43.173.178.204 - - [29/Mar/2026:16:46:46 +0000] "GET /wp-content/themes/sunra/style.css?t=1774802804&ver=6.9.4 HTTP/1.1" 200 24715 "https://www.sunra.be/" "Mozilla/5.0 (Windows NT 10.0; Win64; x64) AppleWebKit/537.36 (KHTML, like Gecko) Chrome/106.0.5249.119 Safari/537.36"
216.73.216.217 - - [29/Mar/2026:16:46:48 +0000] "GET /shop/profligateness/veneer00575174376.shtm HTTP/1.1" 301 - "-" "Mozilla/5.0 AppleWebKit/537.36 (KHTML, like Gecko; compatible; ClaudeBot/1.0; +claudebot@anthropic.com)"
216.73.216.217 - - [29/Mar/2026:16:46:50 +0000] "GET /shop/profligateness/veneer00575174376.shtm HTTP/1.1" 404 38901 "https://sunra.be/shop/profligateness/veneer00575174376.shtm" "Mozilla/5.0 AppleWebKit/537.36 (KHTML, like Gecko; compatible; ClaudeBot/1.0; +claudebot@anthropic.com)"
43.173.173.172 - - [29/Mar/2026:16:46:50 +0000] "GET /wp-json/contact-form-7/v1/contact-forms/6624/feedback/schema HTTP/1.1" 200 1938 "https://www.sunra.be/" "Mozilla/5.0 (Windows NT 10.0; Win64; x64) AppleWebKit/537.36 (KHTML, like Gecko) Chrome/106.0.5249.119 Safari/537.36"
43.172.196.21 - - [29/Mar/2026:16:46:56 +0000] "GET / HTTP/1.1" 200 136174 "http://www.sunra.be" "Mozilla/5.0 (Windows NT 10.0; Win64; x64) AppleWebKit/537.36 (KHTML, like Gecko) Chrome/116.0.0.0 Safari/537.36"
216.73.216.217 - - [29/Mar/2026:16:47:01 +0000] "GET /shop/signalled/pupas00632546122.shtm HTTP/1.1" 301 - "-" "Mozilla/5.0 AppleWebKit/537.36 (KHTML, like Gecko; compatible; ClaudeBot/1.0; +claudebot@anthropic.com)"
216.73.216.217 - - [29/Mar/2026:16:47:03 +0000] "GET /shop/signalled/pupas00632546122.shtm HTTP/1.1" 404 38889 "https://sunra.be/shop/signalled/pupas00632546122.shtm" "Mozilla/5.0 AppleWebKit/537.36 (KHTML, like Gecko; compatible; ClaudeBot/1.0; +claudebot@anthropic.com)"
216.73.216.217 - - [29/Mar/2026:16:47:18 +0000] "GET /shop/nutritiously/undeadliness001596455803.shtm HTTP/1.1" 301 - "-" "Mozilla/5.0 AppleWebKit/537.36 (KHTML, like Gecko; compatible; ClaudeBot/1.0; +claudebot@anthropic.com)"
216.73.216.217 - - [29/Mar/2026:16:47:20 +0000] "GET /shop/nutritiously/undeadliness001596455803.shtm HTTP/1.1" 404 38911 "https://sunra.be/shop/nutritiously/undeadliness001596455803.shtm" "Mozilla/5.0 AppleWebKit/537.36 (KHTML, like Gecko; compatible; ClaudeBot/1.0; +claudebot@anthropic.com)"
216.73.216.217 - - [29/Mar/2026:16:47:35 +0000] "GET /shop/oxaldehyde/guttering002085748307.shtm HTTP/1.1" 301 - "-" "Mozilla/5.0 AppleWebKit/537.36 (KHTML, like Gecko; compatible; ClaudeBot/1.0; +claudebot@anthropic.com)"
216.73.216.217 - - [29/Mar/2026:16:47:36 +0000] "GET /shop/oxaldehyde/guttering002085748307.shtm HTTP/1.1" 404 38901 "https://sunra.be/shop/oxaldehyde/guttering002085748307.shtm" "Mozilla/5.0 AppleWebKit/537.36 (KHTML, like Gecko; compatible; ClaudeBot/1.0; +claudebot@anthropic.com)"
216.73.216.217 - - [29/Mar/2026:16:47:52 +0000] "GET /shop/diluviate/longwinded003122805793.shtm HTTP/1.1" 301 - "-" "Mozilla/5.0 AppleWebKit/537.36 (KHTML, like Gecko; compatible; ClaudeBot/1.0; +claudebot@anthropic.com)"
217.182.68.102 - - [29/Mar/2026:16:47:54 +0000] "POST /wp-cron.php?doing_wp_cron=1774802874.3233590126037597656250 HTTP/1.1" 200 - "-" "WordPress/6.9.4; https://www.sunra.be"
114.119.129.167 - - [29/Mar/2026:16:47:54 +0000] "GET /shop/invaluably/spittle064104467421.shtm HTTP/1.1" 301 - "https://sunra.be/?sitemap297.xml" "Mozilla/5.0 (Linux; Android 7.0;) AppleWebKit/537.36 (KHTML, like Gecko) Mobile Safari/537.36 (compatible; PetalBot;+https://webmaster.petalsearch.com/site/petalbot)"
216.73.216.217 - - [29/Mar/2026:16:47:55 +0000] "GET /shop/diluviate/longwinded003122805793.shtm HTTP/1.1" 404 38901 "https://sunra.be/shop/diluviate/longwinded003122805793.shtm" "Mozilla/5.0 AppleWebKit/537.36 (KHTML, like Gecko; compatible; ClaudeBot/1.0; +claudebot@anthropic.com)"
114.119.129.167 - - [29/Mar/2026:16:47:58 +0000] "GET /shop/invaluably/spittle064104467421.shtm HTTP/1.1" 404 37556 "https://sunra.be/?sitemap297.xml" "Mozilla/5.0 (Linux; Android 7.0;) AppleWebKit/537.36 (KHTML, like Gecko) Mobile Safari/537.36 (compatible; PetalBot;+https://webmaster.petalsearch.com/site/petalbot)"
113.172.67.113 - - [29/Mar/2026:16:48:08 +0000] "GET /shopdetail/express/250017855 HTTP/1.1" 301 - "-" "Mozilla/5.0 (Macintosh; Intel Mac OS X 14.1; rv:127.0) Gecko/20100101 Firefox/127.0"
216.73.216.217 - - [29/Mar/2026:16:48:08 +0000] "GET /shop/nightbird/inwith002689830830.shtm HTTP/1.1" 301 - "-" "Mozilla/5.0 AppleWebKit/537.36 (KHTML, like Gecko; compatible; ClaudeBot/1.0; +claudebot@anthropic.com)"
216.73.216.217 - - [29/Mar/2026:16:48:10 +0000] "GET /shop/nightbird/inwith002689830830.shtm HTTP/1.1" 404 38893 "https://sunra.be/shop/nightbird/inwith002689830830.shtm" "Mozilla/5.0 AppleWebKit/537.36 (KHTML, like Gecko; compatible; ClaudeBot/1.0; +claudebot@anthropic.com)"
181.26.152.190 - - [29/Mar/2026:16:48:12 +0000] "GET /shopdetail/express/250017855 HTTP/1.1" 404 38875 "-" "Mozilla/5.0 (Macintosh; Intel Mac OS X 14.1; rv:127.0) Gecko/20100101 Firefox/127.0"
207.46.13.6 - - [29/Mar/2026:16:48:17 +0000] "GET /en/spareparts/under-fender/ HTTP/1.1" 200 207437 "-" "Mozilla/5.0 AppleWebKit/537.36 (KHTML, like Gecko; compatible; bingbot/2.0; +http://www.bing.com/bingbot.htm) Chrome/116.0.1938.76 Safari/537.36"
216.73.216.217 - - [29/Mar/2026:16:48:25 +0000] "GET /shop/sarcoptes/theretofore002303130294.shtm HTTP/1.1" 301 - "-" "Mozilla/5.0 AppleWebKit/537.36 (KHTML, like Gecko; compatible; ClaudeBot/1.0; +claudebot@anthropic.com)"
216.73.216.217 - - [29/Mar/2026:16:48:28 +0000] "GET /shop/sarcoptes/theretofore002303130294.shtm HTTP/1.1" 404 38903 "https://sunra.be/shop/sarcoptes/theretofore002303130294.shtm" "Mozilla/5.0 AppleWebKit/537.36 (KHTML, like Gecko; compatible; ClaudeBot/1.0; +claudebot@anthropic.com)"
216.73.216.217 - - [29/Mar/2026:16:48:42 +0000] "GET /shop/espouse/almsgiving001645679195.shtm HTTP/1.1" 301 - "-" "Mozilla/5.0 AppleWebKit/537.36 (KHTML, like Gecko; compatible; ClaudeBot/1.0; +claudebot@anthropic.com)"
216.73.216.217 - - [29/Mar/2026:16:48:45 +0000] "GET /shop/espouse/almsgiving001645679195.shtm HTTP/1.1" 404 38897 "https://sunra.be/shop/espouse/almsgiving001645679195.shtm" "Mozilla/5.0 AppleWebKit/537.36 (KHTML, like Gecko; compatible; ClaudeBot/1.0; +claudebot@anthropic.com)"
122.168.1.233 - - [29/Mar/2026:16:48:48 +0000] "GET /shopdetail/eyebrow/039014064/ HTTP/1.1" 404 38875 "-" "Mozilla/5.0 (Macintosh; Intel Mac OS X 13_3_1) AppleWebKit/537.36 (KHTML, like Gecko) Chrome/124.0.6367.207 Safari/537.36"
5.39.1.252 - - [29/Mar/2026:16:48:50 +0000] "GET /?z=2924977450 HTTP/1.1" 301 - "-" "Mozilla/5.0 (compatible; AhrefsBot/7.0; +http://ahrefs.com/robot/)"
216.73.216.217 - - [29/Mar/2026:16:48:56 +0000] "GET /shop/foregoer/sentisection00989925172.shtm HTTP/1.1" 301 - "-" "Mozilla/5.0 AppleWebKit/537.36 (KHTML, like Gecko; compatible; ClaudeBot/1.0; +claudebot@anthropic.com)"
217.182.68.102 - - [29/Mar/2026:16:48:58 +0000] "POST /wp-cron.php?doing_wp_cron=1774802938.3433489799499511718750 HTTP/1.1" 200 - "-" "WordPress/6.9.4; https://www.sunra.be"
216.73.216.217 - - [29/Mar/2026:16:48:59 +0000] "GET /shop/peevishness/whited004162232419.shtm HTTP/1.1" 301 - "-" "Mozilla/5.0 AppleWebKit/537.36 (KHTML, like Gecko; compatible; ClaudeBot/1.0; +claudebot@anthropic.com)"
216.73.216.217 - - [29/Mar/2026:16:48:59 +0000] "GET /shop/foregoer/sentisection00989925172.shtm HTTP/1.1" 404 38901 "https://sunra.be/shop/foregoer/sentisection00989925172.shtm" "Mozilla/5.0 AppleWebKit/537.36 (KHTML, like Gecko; compatible; ClaudeBot/1.0; +claudebot@anthropic.com)"
216.73.216.217 - - [29/Mar/2026:16:49:01 +0000] "GET /shop/peevishness/whited004162232419.shtm HTTP/1.1" 404 38897 "https://sunra.be/shop/peevishness/whited004162232419.shtm" "Mozilla/5.0 AppleWebKit/537.36 (KHTML, like Gecko; compatible; ClaudeBot/1.0; +claudebot@anthropic.com)"
114.119.155.38 - - [29/Mar/2026:16:49:03 +0000] "GET /shop/invaletudinary/cartman062026192092.shtm HTTP/1.1" 301 - "https://sunra.be/?sitemap550.xml" "Mozilla/5.0 (Linux; Android 7.0;) AppleWebKit/537.36 (KHTML, like Gecko) Mobile Safari/537.36 (compatible; PetalBot;+https://webmaster.petalsearch.com/site/petalbot)"
52.167.144.175 - - [29/Mar/2026:16:49:04 +0000] "GET /?u=81598115261100&channel=d90ff9&from=news.php%3Fid%3D1152611-19711%26name%3D%E5%9B%9E%E8%BB%A2%E5%88%87%E6%9B%BF%E3%82%B9%E3%82%A4%E3%83%83%E3%83%81+LW26-10X+0-4%2F2+5+%E3%83%9D%E3%82%B8%E3%82%B7%E3%83%A7%E3%83%B3+2+%E3%82%BB%E3%82%AF%E3%82%B7%E3%83%A7%E3%83%B3+1+%E7%B7%9A%E5%BC%8F+4+%E6%96%B9%E5%90%91%E9%9B%BB%E5%9C%A7%E4%BF%A1%E5%8F%B7%E3%82%B9%E3%82%A4%E3%83%83%E3%83%81%E3%83%B3%E3%82%B0+10A+%E3%83%AD%E3%83%BC HTTP/1.1" 200 210631 "-" "Mozilla/5.0 AppleWebKit/537.36 (KHTML, like Gecko; compatible; bingbot/2.0; +http://www.bing.com/bingbot.htm) Chrome/116.0.1938.76 Safari/537.36"
114.119.155.38 - - [29/Mar/2026:16:49:07 +0000] "GET /shop/invaletudinary/cartman062026192092.shtm HTTP/1.1" 404 37564 "https://sunra.be/?sitemap550.xml" "Mozilla/5.0 (Linux; Android 7.0;) AppleWebKit/537.36 (KHTML, like Gecko) Mobile Safari/537.36 (compatible; PetalBot;+https://webmaster.petalsearch.com/site/petalbot)"
216.73.216.217 - - [29/Mar/2026:16:49:10 +0000] "GET /shop/cephalophus/permittee0056179317.shtm HTTP/1.1" 301 - "-" "Mozilla/5.0 AppleWebKit/537.36 (KHTML, like Gecko; compatible; ClaudeBot/1.0; +claudebot@anthropic.com)"
216.73.216.217 - - [29/Mar/2026:16:49:11 +0000] "GET /shop/cephalophus/permittee0056179317.shtm HTTP/1.1" 404 38899 "https://sunra.be/shop/cephalophus/permittee0056179317.shtm" "Mozilla/5.0 AppleWebKit/537.36 (KHTML, like Gecko; compatible; ClaudeBot/1.0; +claudebot@anthropic.com)"
216.73.216.217 - - [29/Mar/2026:16:49:27 +0000] "GET /shop/rigidness/artistic001560788838.shtm HTTP/1.1" 301 - "-" "Mozilla/5.0 AppleWebKit/537.36 (KHTML, like Gecko; compatible; ClaudeBot/1.0; +claudebot@anthropic.com)"
216.73.216.217 - - [29/Mar/2026:16:49:28 +0000] "GET /shop/rigidness/artistic001560788838.shtm HTTP/1.1" 404 38897 "https://sunra.be/shop/rigidness/artistic001560788838.shtm" "Mozilla/5.0 AppleWebKit/537.36 (KHTML, like Gecko; compatible; ClaudeBot/1.0; +claudebot@anthropic.com)"
216.73.216.217 - - [29/Mar/2026:16:49:42 +0000] "GET /shop/fastened/anastomozed003197272969.shtm HTTP/1.1" 301 - "-" "Mozilla/5.0 AppleWebKit/537.36 (KHTML, like Gecko; compatible; ClaudeBot/1.0; +claudebot@anthropic.com)"
216.73.216.217 - - [29/Mar/2026:16:49:44 +0000] "GET /shop/fastened/anastomozed003197272969.shtm HTTP/1.1" 404 38901 "https://sunra.be/shop/fastened/anastomozed003197272969.shtm" "Mozilla/5.0 AppleWebKit/537.36 (KHTML, like Gecko; compatible; ClaudeBot/1.0; +claudebot@anthropic.com)"
52.167.144.175 - - [29/Mar/2026:16:49:45 +0000] "GET /?u=10042152277804&channel=8acdc0&from=shop.php%3Fid%3D1522778-18202%26name%3D%E9%85%92%E5%B1%8B%E3%81%95%E3%81%BE%E5%B0%82%E7%94%A8%E2%98%86FULCRUM+RACING5+DB%E2%98%86+%E3%83%95%E3%83%AB%E3%82%AF%E3%83%A9%E3%83%A0+%E3%83%AC%E3%83%BC%E3%82%B7%E3%83%B3%E3%82%B05 HTTP/1.1" 200 210160 "-" "Mozilla/5.0 AppleWebKit/537.36 (KHTML, like Gecko; compatible; bingbot/2.0; +http://www.bing.com/bingbot.htm) Chrome/116.0.1938.76 Safari/537.36"
216.73.216.217 - - [29/Mar/2026:16:49:59 +0000] "GET /shop/merchantmen/kinaesthesia00605245035.shtm HTTP/1.1" 301 - "-" "Mozilla/5.0 AppleWebKit/537.36 (KHTML, like Gecko; compatible; ClaudeBot/1.0; +claudebot@anthropic.com)"
217.182.68.102 - - [29/Mar/2026:16:50:00 +0000] "POST /wp-cron.php?doing_wp_cron=1774803000.5713620185852050781250 HTTP/1.1" 200 - "-" "WordPress/6.9.4; https://www.sunra.be"
216.73.216.217 - - [29/Mar/2026:16:50:01 +0000] "GET /shop/merchantmen/kinaesthesia00605245035.shtm HTTP/1.1" 404 38907 "https://sunra.be/shop/merchantmen/kinaesthesia00605245035.shtm" "Mozilla/5.0 AppleWebKit/537.36 (KHTML, like Gecko; compatible; ClaudeBot/1.0; +claudebot@anthropic.com)"
177.184.78.200 - - [29/Mar/2026:16:50:02 +0000] "GET /shopdetail/feeling/090014799 HTTP/1.1" 404 38875 "-" "Mozilla/5.0 (Macintosh; Intel Mac OS X 13.2; rv:126.0) Gecko/20100101 Firefox/126.0"
216.73.216.217 - - [29/Mar/2026:16:50:13 +0000] "GET /shop/balderdash/nemathelminthes003507296369.shtm HTTP/1.1" 301 - "-" "Mozilla/5.0 AppleWebKit/537.36 (KHTML, like Gecko; compatible; ClaudeBot/1.0; +claudebot@anthropic.com)"
216.73.216.217 - - [29/Mar/2026:16:50:15 +0000] "GET /shop/balderdash/nemathelminthes003507296369.shtm HTTP/1.1" 404 38913 "https://sunra.be/shop/balderdash/nemathelminthes003507296369.shtm" "Mozilla/5.0 AppleWebKit/537.36 (KHTML, like Gecko; compatible; ClaudeBot/1.0; +claudebot@anthropic.com)"
216.73.216.217 - - [29/Mar/2026:16:50:30 +0000] "GET /shop/homework/healthsome00426370041.shtm HTTP/1.1" 301 - "-" "Mozilla/5.0 AppleWebKit/537.36 (KHTML, like Gecko; compatible; ClaudeBot/1.0; +claudebot@anthropic.com)"
216.73.216.217 - - [29/Mar/2026:16:50:32 +0000] "GET /shop/homework/healthsome00426370041.shtm HTTP/1.1" 404 38897 "https://sunra.be/shop/homework/healthsome00426370041.shtm" "Mozilla/5.0 AppleWebKit/537.36 (KHTML, like Gecko; compatible; ClaudeBot/1.0; +claudebot@anthropic.com)"
114.119.131.232 - - [29/Mar/2026:16:50:34 +0000] "GET /shop/introvenient/countenanced06370818111.shtm HTTP/1.1" 301 - "https://sunra.be/?sitemap485.xml" "Mozilla/5.0 (Linux; Android 7.0;) AppleWebKit/537.36 (KHTML, like Gecko) Mobile Safari/537.36 (compatible; PetalBot;+https://webmaster.petalsearch.com/site/petalbot)"
114.119.131.232 - - [29/Mar/2026:16:50:39 +0000] "GET /shop/introvenient/countenanced06370818111.shtm HTTP/1.1" 404 37568 "https://sunra.be/?sitemap485.xml" "Mozilla/5.0 (Linux; Android 7.0;) AppleWebKit/537.36 (KHTML, like Gecko) Mobile Safari/537.36 (compatible; PetalBot;+https://webmaster.petalsearch.com/site/petalbot)"
216.73.216.217 - - [29/Mar/2026:16:50:43 +0000] "GET /shop/dawish/auxis00237961163.shtm HTTP/1.1" 301 - "-" "Mozilla/5.0 AppleWebKit/537.36 (KHTML, like Gecko; compatible; ClaudeBot/1.0; +claudebot@anthropic.com)"
216.73.216.217 - - [29/Mar/2026:16:50:46 +0000] "GET /shop/dawish/auxis00237961163.shtm HTTP/1.1" 404 38883 "https://sunra.be/shop/dawish/auxis00237961163.shtm" "Mozilla/5.0 AppleWebKit/537.36 (KHTML, like Gecko; compatible; ClaudeBot/1.0; +claudebot@anthropic.com)"
216.73.216.217 - - [29/Mar/2026:16:51:00 +0000] "GET /shop/irresponsibly/wyclifite001690443832.shtm HTTP/1.1" 301 - "-" "Mozilla/5.0 AppleWebKit/537.36 (KHTML, like Gecko; compatible; ClaudeBot/1.0; +claudebot@anthropic.com)"
217.182.68.102 - - [29/Mar/2026:16:51:02 +0000] "POST /wp-cron.php?doing_wp_cron=1774803062.5211939811706542968750 HTTP/1.1" 200 - "-" "WordPress/6.9.4; https://www.sunra.be"
216.73.216.217 - - [29/Mar/2026:16:51:03 +0000] "GET /shop/irresponsibly/wyclifite001690443832.shtm HTTP/1.1" 404 38907 "https://sunra.be/shop/irresponsibly/wyclifite001690443832.shtm" "Mozilla/5.0 AppleWebKit/537.36 (KHTML, like Gecko; compatible; ClaudeBot/1.0; +claudebot@anthropic.com)"
122.169.59.103 - - [29/Mar/2026:16:51:14 +0000] "GET /shopdetail/general/144001765 HTTP/1.1" 404 38875 "-" "Mozilla/5.0 (Macintosh; Intel Mac OS X 13_6_4) AppleWebKit/537.36 (KHTML, like Gecko) Chrome/133.0.6943.141 Safari/537.36"
216.73.216.217 - - [29/Mar/2026:16:51:17 +0000] "GET /shop/proportionate/releasement002198983209.shtm HTTP/1.1" 301 - "-" "Mozilla/5.0 AppleWebKit/537.36 (KHTML, like Gecko; compatible; ClaudeBot/1.0; +claudebot@anthropic.com)"
216.73.216.217 - - [29/Mar/2026:16:51:19 +0000] "GET /shop/proportionate/releasement002198983209.shtm HTTP/1.1" 404 38911 "https://sunra.be/shop/proportionate/releasement002198983209.shtm" "Mozilla/5.0 AppleWebKit/537.36 (KHTML, like Gecko; compatible; ClaudeBot/1.0; +claudebot@anthropic.com)"
216.73.216.217 - - [29/Mar/2026:16:51:34 +0000] "GET /shop/grimy/inlaied002386987063.shtm HTTP/1.1" 301 - "-" "Mozilla/5.0 AppleWebKit/537.36 (KHTML, like Gecko; compatible; ClaudeBot/1.0; +claudebot@anthropic.com)"
216.73.216.217 - - [29/Mar/2026:16:51:36 +0000] "GET /shop/grimy/inlaied002386987063.shtm HTTP/1.1" 404 38887 "https://sunra.be/shop/grimy/inlaied002386987063.shtm" "Mozilla/5.0 AppleWebKit/537.36 (KHTML, like Gecko; compatible; ClaudeBot/1.0; +claudebot@anthropic.com)"
216.73.216.217 - - [29/Mar/2026:16:51:50 +0000] "GET /shop/tautogolabrus/shooty001092047335.shtm HTTP/1.1" 301 - "-" "Mozilla/5.0 AppleWebKit/537.36 (KHTML, like Gecko; compatible; ClaudeBot/1.0; +claudebot@anthropic.com)"
216.73.216.217 - - [29/Mar/2026:16:51:52 +0000] "GET /shop/tautogolabrus/shooty001092047335.shtm HTTP/1.1" 404 38901 "https://sunra.be/shop/tautogolabrus/shooty001092047335.shtm" "Mozilla/5.0 AppleWebKit/537.36 (KHTML, like Gecko; compatible; ClaudeBot/1.0; +claudebot@anthropic.com)"
217.182.68.102 - - [29/Mar/2026:16:51:53 +0000] "POST /wp-cron.php?doing_wp_cron=1774803113.8769381046295166015625 HTTP/1.1" 200 - "-" "WordPress/6.9.4; https://www.sunra.be"
216.73.216.217 - - [29/Mar/2026:16:51:56 +0000] "GET /shop/modernness/fidejussion001463654739.shtm HTTP/1.1" 301 - "-" "Mozilla/5.0 AppleWebKit/537.36 (KHTML, like Gecko; compatible; ClaudeBot/1.0; +claudebot@anthropic.com)"
216.73.216.217 - - [29/Mar/2026:16:51:57 +0000] "GET /shop/modernness/fidejussion001463654739.shtm HTTP/1.1" 404 38905 "https://sunra.be/shop/modernness/fidejussion001463654739.shtm" "Mozilla/5.0 AppleWebKit/537.36 (KHTML, like Gecko; compatible; ClaudeBot/1.0; +claudebot@anthropic.com)"
216.73.216.217 - - [29/Mar/2026:16:52:02 +0000] "GET /shop/lenticula/paddlecock004017899850.shtm HTTP/1.1" 301 - "-" "Mozilla/5.0 AppleWebKit/537.36 (KHTML, like Gecko; compatible; ClaudeBot/1.0; +claudebot@anthropic.com)"
216.73.216.217 - - [29/Mar/2026:16:52:04 +0000] "GET /shop/lenticula/paddlecock004017899850.shtm HTTP/1.1" 404 38901 "https://sunra.be/shop/lenticula/paddlecock004017899850.shtm" "Mozilla/5.0 AppleWebKit/537.36 (KHTML, like Gecko; compatible; ClaudeBot/1.0; +claudebot@anthropic.com)"
216.73.216.217 - - [29/Mar/2026:16:52:08 +0000] "GET /shop/nonresistance/ovant003166642800.shtm HTTP/1.1" 301 - "-" "Mozilla/5.0 AppleWebKit/537.36 (KHTML, like Gecko; compatible; ClaudeBot/1.0; +claudebot@anthropic.com)"
216.73.216.217 - - [29/Mar/2026:16:52:10 +0000] "GET /shop/nonresistance/ovant003166642800.shtm HTTP/1.1" 404 38899 "https://sunra.be/shop/nonresistance/ovant003166642800.shtm" "Mozilla/5.0 AppleWebKit/537.36 (KHTML, like Gecko; compatible; ClaudeBot/1.0; +claudebot@anthropic.com)"
114.119.155.22 - - [29/Mar/2026:16:52:11 +0000] "GET /shop/introvenient/countenanced06370818111.shtm HTTP/1.1" 301 - "https://sunra.be/?sitemap297.xml" "Mozilla/5.0 (Linux; Android 7.0;) AppleWebKit/537.36 (KHTML, like Gecko) Mobile Safari/537.36 (compatible; PetalBot;+https://webmaster.petalsearch.com/site/petalbot)"
216.73.216.217 - - [29/Mar/2026:16:52:14 +0000] "GET /shop/uncouth/gonoblastidium001935224101.shtm HTTP/1.1" 301 - "-" "Mozilla/5.0 AppleWebKit/537.36 (KHTML, like Gecko; compatible; ClaudeBot/1.0; +claudebot@anthropic.com)"
216.73.216.217 - - [29/Mar/2026:16:52:16 +0000] "GET /shop/uncouth/gonoblastidium001935224101.shtm HTTP/1.1" 404 38905 "https://sunra.be/shop/uncouth/gonoblastidium001935224101.shtm" "Mozilla/5.0 AppleWebKit/537.36 (KHTML, like Gecko; compatible; ClaudeBot/1.0; +claudebot@anthropic.com)"
51.68.247.220 - - [29/Mar/2026:16:52:19 +0000] "GET /?z=2924956406 HTTP/1.1" 301 - "-" "Mozilla/5.0 (compatible; AhrefsBot/7.0; +http://ahrefs.com/robot/)"
216.73.216.217 - - [29/Mar/2026:16:52:20 +0000] "GET /shop/arrear/sirtalis002021670790.shtm HTTP/1.1" 301 - "-" "Mozilla/5.0 AppleWebKit/537.36 (KHTML, like Gecko; compatible; ClaudeBot/1.0; +claudebot@anthropic.com)"
216.73.216.217 - - [29/Mar/2026:16:52:22 +0000] "GET /shop/arrear/sirtalis002021670790.shtm HTTP/1.1" 404 38891 "https://sunra.be/shop/arrear/sirtalis002021670790.shtm" "Mozilla/5.0 AppleWebKit/537.36 (KHTML, like Gecko; compatible; ClaudeBot/1.0; +claudebot@anthropic.com)"
216.73.216.217 - - [29/Mar/2026:16:52:26 +0000] "GET /shop/trenchant/becomingness051454390543.shtm HTTP/1.1" 301 - "-" "Mozilla/5.0 AppleWebKit/537.36 (KHTML, like Gecko; compatible; ClaudeBot/1.0; +claudebot@anthropic.com)"
216.73.216.217 - - [29/Mar/2026:16:52:28 +0000] "GET /shop/trenchant/becomingness051454390543.shtm HTTP/1.1" 404 38905 "https://sunra.be/shop/trenchant/becomingness051454390543.shtm" "Mozilla/5.0 AppleWebKit/537.36 (KHTML, like Gecko; compatible; ClaudeBot/1.0; +claudebot@anthropic.com)"
196.189.127.223 - - [29/Mar/2026:16:52:30 +0000] "GET /shopdetail/hardware/068012953 HTTP/1.1" 404 38877 "-" "Mozilla/5.0 (Macintosh; Intel Mac OS X 14_4_0) AppleWebKit/537.36 (KHTML, like Gecko) Chrome/134.0.6998.45"
216.73.216.217 - - [29/Mar/2026:16:52:31 +0000] "GET /shop/enterography/antipyrotic052046436214.shtm HTTP/1.1" 301 - "-" "Mozilla/5.0 AppleWebKit/537.36 (KHTML, like Gecko; compatible; ClaudeBot/1.0; +claudebot@anthropic.com)"
216.73.216.217 - - [29/Mar/2026:16:52:34 +0000] "GET /shop/enterography/antipyrotic052046436214.shtm HTTP/1.1" 404 38909 "https://sunra.be/shop/enterography/antipyrotic052046436214.shtm" "Mozilla/5.0 AppleWebKit/537.36 (KHTML, like Gecko; compatible; ClaudeBot/1.0; +claudebot@anthropic.com)"
216.73.216.217 - - [29/Mar/2026:16:52:37 +0000] "GET /shop/aquifolium/coccobacterium001770114397.shtm HTTP/1.1" 301 - "-" "Mozilla/5.0 AppleWebKit/537.36 (KHTML, like Gecko; compatible; ClaudeBot/1.0; +claudebot@anthropic.com)"
216.73.216.217 - - [29/Mar/2026:16:52:39 +0000] "GET /shop/aquifolium/coccobacterium001770114397.shtm HTTP/1.1" 404 38911 "https://sunra.be/shop/aquifolium/coccobacterium001770114397.shtm" "Mozilla/5.0 AppleWebKit/537.36 (KHTML, like Gecko; compatible; ClaudeBot/1.0; +claudebot@anthropic.com)"
216.73.216.217 - - [29/Mar/2026:16:52:44 +0000] "GET /shop/agouti/syllabicated003151059387.shtm HTTP/1.1" 301 - "-" "Mozilla/5.0 AppleWebKit/537.36 (KHTML, like Gecko; compatible; ClaudeBot/1.0; +claudebot@anthropic.com)"
216.73.216.217 - - [29/Mar/2026:16:52:45 +0000] "GET /shop/agouti/syllabicated003151059387.shtm HTTP/1.1" 404 38899 "https://sunra.be/shop/agouti/syllabicated003151059387.shtm" "Mozilla/5.0 AppleWebKit/537.36 (KHTML, like Gecko; compatible; ClaudeBot/1.0; +claudebot@anthropic.com)"
216.73.216.217 - - [29/Mar/2026:16:52:51 +0000] "GET /shop/insteeping/cestraciont001316063612.shtm HTTP/1.1" 301 - "-" "Mozilla/5.0 AppleWebKit/537.36 (KHTML, like Gecko; compatible; ClaudeBot/1.0; +claudebot@anthropic.com)"
216.73.216.217 - - [29/Mar/2026:16:52:52 +0000] "GET /shop/insteeping/cestraciont001316063612.shtm HTTP/1.1" 404 38905 "https://sunra.be/shop/insteeping/cestraciont001316063612.shtm" "Mozilla/5.0 AppleWebKit/537.36 (KHTML, like Gecko; compatible; ClaudeBot/1.0; +claudebot@anthropic.com)"
217.182.68.102 - - [29/Mar/2026:16:52:54 +0000] "POST /wp-cron.php?doing_wp_cron=1774803174.3864960670471191406250 HTTP/1.1" 200 - "-" "WordPress/6.9.4; https://www.sunra.be"
216.73.216.217 - - [29/Mar/2026:16:52:58 +0000] "GET /shop/overrefine/pennsylvanica0059185703.shtm HTTP/1.1" 301 - "-" "Mozilla/5.0 AppleWebKit/537.36 (KHTML, like Gecko; compatible; ClaudeBot/1.0; +claudebot@anthropic.com)"
216.73.216.217 - - [29/Mar/2026:16:52:59 +0000] "GET /shop/overrefine/pennsylvanica0059185703.shtm HTTP/1.1" 404 38905 "https://sunra.be/shop/overrefine/pennsylvanica0059185703.shtm" "Mozilla/5.0 AppleWebKit/537.36 (KHTML, like Gecko; compatible; ClaudeBot/1.0; +claudebot@anthropic.com)"
216.73.216.217 - - [29/Mar/2026:16:53:05 +0000] "GET /shop/parseeism/volcanicity002131356971.shtm HTTP/1.1" 301 - "-" "Mozilla/5.0 AppleWebKit/537.36 (KHTML, like Gecko; compatible; ClaudeBot/1.0; +claudebot@anthropic.com)"
