216.73.216.217 - - [29/Mar/2026:17:11:38 +0000] "GET /shop/topcloth/putties062046555410.shtm HTTP/1.1" 404 38893 "https://sunra.be/shop/topcloth/putties062046555410.shtm" "Mozilla/5.0 AppleWebKit/537.36 (KHTML, like Gecko; compatible; ClaudeBot/1.0; +claudebot@anthropic.com)"
146.174.178.54 - - [29/Mar/2026:17:11:39 +0000] "GET /shopdetail/decision/021016544 HTTP/1.1" 404 38877 "-" "Mozilla/5.0 (Macintosh; Intel Mac OS X 12.1; rv:131.0) Gecko/20100101 Firefox/131.0"
114.119.151.83 - - [29/Mar/2026:17:11:45 +0000] "GET /shop/interthoracic/huckster063747787581.shtm HTTP/1.1" 301 - "https://sunra.be/?sitemap297.xml" "Mozilla/5.0 (Linux; Android 7.0;) AppleWebKit/537.36 (KHTML, like Gecko) Mobile Safari/537.36 (compatible; PetalBot;+https://webmaster.petalsearch.com/site/petalbot)"
114.119.151.83 - - [29/Mar/2026:17:11:49 +0000] "GET /shop/interthoracic/huckster063747787581.shtm HTTP/1.1" 404 37564 "https://sunra.be/?sitemap297.xml" "Mozilla/5.0 (Linux; Android 7.0;) AppleWebKit/537.36 (KHTML, like Gecko) Mobile Safari/537.36 (compatible; PetalBot;+https://webmaster.petalsearch.com/site/petalbot)"
216.73.216.217 - - [29/Mar/2026:17:11:51 +0000] "GET /shop/pointed/scurrilous062648237628.shtm HTTP/1.1" 301 - "-" "Mozilla/5.0 AppleWebKit/537.36 (KHTML, like Gecko; compatible; ClaudeBot/1.0; +claudebot@anthropic.com)"
216.73.216.217 - - [29/Mar/2026:17:11:53 +0000] "GET /shop/pointed/scurrilous062648237628.shtm HTTP/1.1" 404 38897 "https://sunra.be/shop/pointed/scurrilous062648237628.shtm" "Mozilla/5.0 AppleWebKit/537.36 (KHTML, like Gecko; compatible; ClaudeBot/1.0; +claudebot@anthropic.com)"
217.182.68.102 - - [29/Mar/2026:17:11:54 +0000] "POST /wp-cron.php?doing_wp_cron=1774804314.7755849361419677734375 HTTP/1.1" 200 - "-" "WordPress/6.9.4; https://www.sunra.be"
37.59.204.156 - - [29/Mar/2026:17:12:04 +0000] "GET /?w=8046665573 HTTP/1.1" 301 - "-" "Mozilla/5.0 (compatible; AhrefsBot/7.0; +http://ahrefs.com/robot/)"
216.73.216.217 - - [29/Mar/2026:17:12:06 +0000] "GET /shop/teens/seemed063679494196.shtm HTTP/1.1" 301 - "-" "Mozilla/5.0 AppleWebKit/537.36 (KHTML, like Gecko; compatible; ClaudeBot/1.0; +claudebot@anthropic.com)"
216.73.216.217 - - [29/Mar/2026:17:12:08 +0000] "GET /shop/teens/seemed063679494196.shtm HTTP/1.1" 404 38885 "https://sunra.be/shop/teens/seemed063679494196.shtm" "Mozilla/5.0 AppleWebKit/537.36 (KHTML, like Gecko; compatible; ClaudeBot/1.0; +claudebot@anthropic.com)"
216.73.216.217 - - [29/Mar/2026:17:12:21 +0000] "GET /shop/farsightedness/uppercase061219521599.shtm HTTP/1.1" 301 - "-" "Mozilla/5.0 AppleWebKit/537.36 (KHTML, like Gecko; compatible; ClaudeBot/1.0; +claudebot@anthropic.com)"
216.73.216.217 - - [29/Mar/2026:17:12:23 +0000] "GET /shop/farsightedness/uppercase061219521599.shtm HTTP/1.1" 404 38909 "https://sunra.be/shop/farsightedness/uppercase061219521599.shtm" "Mozilla/5.0 AppleWebKit/537.36 (KHTML, like Gecko; compatible; ClaudeBot/1.0; +claudebot@anthropic.com)"
216.73.216.217 - - [29/Mar/2026:17:12:36 +0000] "GET /shop/aguardiente/sinuosity06265879470.shtm HTTP/1.1" 301 - "-" "Mozilla/5.0 AppleWebKit/537.36 (KHTML, like Gecko; compatible; ClaudeBot/1.0; +claudebot@anthropic.com)"
216.73.216.217 - - [29/Mar/2026:17:12:38 +0000] "GET /shop/aguardiente/sinuosity06265879470.shtm HTTP/1.1" 404 38901 "https://sunra.be/shop/aguardiente/sinuosity06265879470.shtm" "Mozilla/5.0 AppleWebKit/537.36 (KHTML, like Gecko; compatible; ClaudeBot/1.0; +claudebot@anthropic.com)"
161.22.3.95 - - [29/Mar/2026:17:12:43 +0000] "GET /shopdetail/lane/211019854 HTTP/1.1" 404 38869 "-" "Mozilla/5.0 (Macintosh; Intel Mac OS X 12_4_1) AppleWebKit/537.36 (KHTML, like Gecko) Chrome/128.0.6613.36 Safari/537.36"
216.73.216.217 - - [29/Mar/2026:17:12:47 +0000] "GET /shop/toxodon/preterist053280641826.shtm HTTP/1.1" 301 - "-" "Mozilla/5.0 AppleWebKit/537.36 (KHTML, like Gecko; compatible; ClaudeBot/1.0; +claudebot@anthropic.com)"
216.73.216.217 - - [29/Mar/2026:17:12:49 +0000] "GET /shop/toxodon/preterist053280641826.shtm HTTP/1.1" 404 38895 "https://sunra.be/shop/toxodon/preterist053280641826.shtm" "Mozilla/5.0 AppleWebKit/537.36 (KHTML, like Gecko; compatible; ClaudeBot/1.0; +claudebot@anthropic.com)"
216.73.216.217 - - [29/Mar/2026:17:12:55 +0000] "GET /shop/interchurch/semibarbarous0548439334.shtm HTTP/1.1" 301 - "-" "Mozilla/5.0 AppleWebKit/537.36 (KHTML, like Gecko; compatible; ClaudeBot/1.0; +claudebot@anthropic.com)"
147.185.132.138 - - [29/Mar/2026:17:12:57 +0000] "GET /.well-known/security.txt HTTP/1.1" 404 5749 "-" "Hello from Palo Alto Networks, find out more about our scans in https://docs-cortex.paloaltonetworks.com/r/1/Cortex-Xpanse/Scanning-activity"
114.119.129.167 - - [29/Mar/2026:17:12:54 +0000] "GET /shop/interstices/conspiracies061427344533.shtm HTTP/1.1" 301 - "https://sunra.be/?sitemap297.xml" "Mozilla/5.0 (Linux; Android 7.0;) AppleWebKit/537.36 (KHTML, like Gecko) Mobile Safari/537.36 (compatible; PetalBot;+https://webmaster.petalsearch.com/site/petalbot)"
217.182.68.102 - - [29/Mar/2026:17:12:56 +0000] "POST /wp-cron.php?doing_wp_cron=1774804376.6571369171142578125000 HTTP/1.1" 200 - "-" "WordPress/6.9.4; https://www.sunra.be"
216.73.216.217 - - [29/Mar/2026:17:12:57 +0000] "GET /shop/interchurch/semibarbarous0548439334.shtm HTTP/1.1" 404 38907 "https://sunra.be/shop/interchurch/semibarbarous0548439334.shtm" "Mozilla/5.0 AppleWebKit/537.36 (KHTML, like Gecko; compatible; ClaudeBot/1.0; +claudebot@anthropic.com)"
114.119.129.167 - - [29/Mar/2026:17:12:59 +0000] "GET /shop/interstices/conspiracies061427344533.shtm HTTP/1.1" 404 37568 "https://sunra.be/?sitemap297.xml" "Mozilla/5.0 (Linux; Android 7.0;) AppleWebKit/537.36 (KHTML, like Gecko) Mobile Safari/537.36 (compatible; PetalBot;+https://webmaster.petalsearch.com/site/petalbot)"
216.73.216.217 - - [29/Mar/2026:17:13:11 +0000] "GET /shop/crocetin/reacher002990957220.shtm HTTP/1.1" 301 - "-" "Mozilla/5.0 AppleWebKit/537.36 (KHTML, like Gecko; compatible; ClaudeBot/1.0; +claudebot@anthropic.com)"
216.73.216.217 - - [29/Mar/2026:17:13:13 +0000] "GET /shop/crocetin/reacher002990957220.shtm HTTP/1.1" 404 38893 "https://sunra.be/shop/crocetin/reacher002990957220.shtm" "Mozilla/5.0 AppleWebKit/537.36 (KHTML, like Gecko; compatible; ClaudeBot/1.0; +claudebot@anthropic.com)"
150.223.194.182 - - [29/Mar/2026:17:13:19 +0000] "GET /?author=8 HTTP/1.1" 301 - "-" "Apache-HttpClient/4.5.2 (Java/1.8.0_161)"
150.223.194.182 - - [29/Mar/2026:17:13:26 +0000] "GET /author/sys_halo/ HTTP/1.1" 200 52390 "-" "Apache-HttpClient/4.5.2 (Java/1.8.0_161)"
216.73.216.217 - - [29/Mar/2026:17:13:27 +0000] "GET /shop/uranology/probationer003670488400.shtm HTTP/1.1" 301 - "-" "Mozilla/5.0 AppleWebKit/537.36 (KHTML, like Gecko; compatible; ClaudeBot/1.0; +claudebot@anthropic.com)"
216.73.216.217 - - [29/Mar/2026:17:13:29 +0000] "GET /shop/uranology/probationer003670488400.shtm HTTP/1.1" 404 38903 "https://sunra.be/shop/uranology/probationer003670488400.shtm" "Mozilla/5.0 AppleWebKit/537.36 (KHTML, like Gecko; compatible; ClaudeBot/1.0; +claudebot@anthropic.com)"
113.183.157.19 - - [29/Mar/2026:17:13:38 +0000] "GET /shopdetail/living/239049418/ HTTP/1.1" 404 38873 "-" "Mozilla/5.0 (Macintosh; Intel Mac OS X 11.4; rv:129.0) Gecko/20100101 Firefox/129.0"
216.73.216.217 - - [29/Mar/2026:17:13:42 +0000] "GET /shop/diagramma/elenchtic003816918600.shtm HTTP/1.1" 301 - "-" "Mozilla/5.0 AppleWebKit/537.36 (KHTML, like Gecko; compatible; ClaudeBot/1.0; +claudebot@anthropic.com)"
216.73.216.217 - - [29/Mar/2026:17:13:43 +0000] "GET /shop/diagramma/elenchtic003816918600.shtm HTTP/1.1" 404 38899 "https://sunra.be/shop/diagramma/elenchtic003816918600.shtm" "Mozilla/5.0 AppleWebKit/537.36 (KHTML, like Gecko; compatible; ClaudeBot/1.0; +claudebot@anthropic.com)"
37.104.9.170 - - [29/Mar/2026:17:13:51 +0000] "GET /shopdetail/election/267008264 HTTP/1.1" 301 - "-" "Mozilla/5.0 (Macintosh; Intel Mac OS X 15.0; rv:133.0) Gecko/20100101 Firefox/133.0"
14.229.35.123 - - [29/Mar/2026:17:13:54 +0000] "GET /shopdetail/election/267008264 HTTP/1.1" 404 38877 "-" "Mozilla/5.0 (Macintosh; Intel Mac OS X 15.0; rv:133.0) Gecko/20100101 Firefox/133.0"
216.73.216.217 - - [29/Mar/2026:17:13:54 +0000] "GET /shop/dumpiest/gainlessness053408418817.shtm HTTP/1.1" 301 - "-" "Mozilla/5.0 AppleWebKit/537.36 (KHTML, like Gecko; compatible; ClaudeBot/1.0; +claudebot@anthropic.com)"
217.182.68.102 - - [29/Mar/2026:17:13:56 +0000] "POST /wp-cron.php?doing_wp_cron=1774804436.0144040584564208984375 HTTP/1.1" 200 - "-" "WordPress/6.9.4; https://www.sunra.be"
216.73.216.217 - - [29/Mar/2026:17:13:57 +0000] "GET /shop/dumpiest/gainlessness053408418817.shtm HTTP/1.1" 404 38903 "https://sunra.be/shop/dumpiest/gainlessness053408418817.shtm" "Mozilla/5.0 AppleWebKit/537.36 (KHTML, like Gecko; compatible; ClaudeBot/1.0; +claudebot@anthropic.com)"
216.73.216.217 - - [29/Mar/2026:17:14:09 +0000] "GET /shop/tierod/experrection051613725414.shtm HTTP/1.1" 301 - "-" "Mozilla/5.0 AppleWebKit/537.36 (KHTML, like Gecko; compatible; ClaudeBot/1.0; +claudebot@anthropic.com)"
216.73.216.217 - - [29/Mar/2026:17:14:11 +0000] "GET /shop/tierod/experrection051613725414.shtm HTTP/1.1" 404 38899 "https://sunra.be/shop/tierod/experrection051613725414.shtm" "Mozilla/5.0 AppleWebKit/537.36 (KHTML, like Gecko; compatible; ClaudeBot/1.0; +claudebot@anthropic.com)"
114.119.155.22 - - [29/Mar/2026:17:14:19 +0000] "GET /shop/interpunction/beeper061126901087.shtm HTTP/1.1" 301 - "https://sunra.be/?sitemap297.xml" "Mozilla/5.0 (Linux; Android 7.0;) AppleWebKit/537.36 (KHTML, like Gecko) Mobile Safari/537.36 (compatible; PetalBot;+https://webmaster.petalsearch.com/site/petalbot)"
216.73.216.217 - - [29/Mar/2026:17:14:24 +0000] "GET /shop/azide/citrous052910140909.shtm HTTP/1.1" 301 - "-" "Mozilla/5.0 AppleWebKit/537.36 (KHTML, like Gecko; compatible; ClaudeBot/1.0; +claudebot@anthropic.com)"
216.73.216.217 - - [29/Mar/2026:17:14:26 +0000] "GET /shop/azide/citrous052910140909.shtm HTTP/1.1" 404 38887 "https://sunra.be/shop/azide/citrous052910140909.shtm" "Mozilla/5.0 AppleWebKit/537.36 (KHTML, like Gecko; compatible; ClaudeBot/1.0; +claudebot@anthropic.com)"
114.119.155.22 - - [29/Mar/2026:17:14:27 +0000] "GET /shop/interpunction/beeper061126901087.shtm HTTP/1.1" 404 37560 "https://sunra.be/?sitemap297.xml" "Mozilla/5.0 (Linux; Android 7.0;) AppleWebKit/537.36 (KHTML, like Gecko) Mobile Safari/537.36 (compatible; PetalBot;+https://webmaster.petalsearch.com/site/petalbot)"
216.73.216.217 - - [29/Mar/2026:17:14:39 +0000] "GET /shop/sandari/garnering05599469093.shtm HTTP/1.1" 301 - "-" "Mozilla/5.0 AppleWebKit/537.36 (KHTML, like Gecko; compatible; ClaudeBot/1.0; +claudebot@anthropic.com)"
216.73.216.217 - - [29/Mar/2026:17:14:41 +0000] "GET /shop/sandari/garnering05599469093.shtm HTTP/1.1" 404 38893 "https://sunra.be/shop/sandari/garnering05599469093.shtm" "Mozilla/5.0 AppleWebKit/537.36 (KHTML, like Gecko; compatible; ClaudeBot/1.0; +claudebot@anthropic.com)"
186.82.101.95 - - [29/Mar/2026:17:14:42 +0000] "GET /shopdetail/living/260008423/ HTTP/1.1" 404 38873 "-" "Mozilla/5.0 (Macintosh; Intel Mac OS X 13_6_3) AppleWebKit/537.36 (KHTML, like Gecko) Chrome/131.0.6778.139 Safari/537.36"
216.73.216.217 - - [29/Mar/2026:17:14:57 +0000] "GET /shop/siliciuretted/unlisted001164692939.shtm HTTP/1.1" 301 - "-" "Mozilla/5.0 AppleWebKit/537.36 (KHTML, like Gecko; compatible; ClaudeBot/1.0; +claudebot@anthropic.com)"
217.182.68.102 - - [29/Mar/2026:17:14:59 +0000] "POST /wp-cron.php?doing_wp_cron=1774804499.3305289745330810546875 HTTP/1.1" 200 - "-" "WordPress/6.9.4; https://www.sunra.be"
216.73.216.217 - - [29/Mar/2026:17:15:00 +0000] "GET /shop/siliciuretted/unlisted001164692939.shtm HTTP/1.1" 404 38905 "https://sunra.be/shop/siliciuretted/unlisted001164692939.shtm" "Mozilla/5.0 AppleWebKit/537.36 (KHTML, like Gecko; compatible; ClaudeBot/1.0; +claudebot@anthropic.com)"
216.73.216.217 - - [29/Mar/2026:17:15:12 +0000] "GET /shop/haematobia/pretended003879458966.shtm HTTP/1.1" 301 - "-" "Mozilla/5.0 AppleWebKit/537.36 (KHTML, like Gecko; compatible; ClaudeBot/1.0; +claudebot@anthropic.com)"
216.73.216.217 - - [29/Mar/2026:17:15:14 +0000] "GET /shop/haematobia/pretended003879458966.shtm HTTP/1.1" 404 38901 "https://sunra.be/shop/haematobia/pretended003879458966.shtm" "Mozilla/5.0 AppleWebKit/537.36 (KHTML, like Gecko; compatible; ClaudeBot/1.0; +claudebot@anthropic.com)"
43.135.143.189 - - [29/Mar/2026:17:15:18 +0000] "GET / HTTP/1.1" 200 136168 "-" "Mozilla/5.0 (Windows NT 10.0; Win64; x64) AppleWebKit/537.36 (KHTML, like Gecko) Chrome/122.0.0.0 Safari/537.36"
150.223.194.182 - - [29/Mar/2026:17:15:23 +0000] "GET /?author=9 HTTP/1.1" 301 - "-" "Apache-HttpClient/4.5.2 (Java/1.8.0_161)"
114.119.151.83 - - [29/Mar/2026:17:15:25 +0000] "GET /shop/interpres/subsoil062931027632.shtm HTTP/1.1" 301 - "https://sunra.be/?sitemap869.xml" "Mozilla/5.0 (Linux; Android 7.0;) AppleWebKit/537.36 (KHTML, like Gecko) Mobile Safari/537.36 (compatible; PetalBot;+https://webmaster.petalsearch.com/site/petalbot)"
3.237.22.209 - - [29/Mar/2026:17:15:25 +0000] "GET / HTTP/1.1" 200 136178 "-" "Mozilla/5.0 (Macintosh; Intel Mac OS X 10_15_7) AppleWebKit/537.36 (KHTML, like Gecko) Chrome/144.0.0.0 Safari/537.36"
216.73.216.217 - - [29/Mar/2026:17:15:27 +0000] "GET /shop/nonasid/foodful00632889108.shtm HTTP/1.1" 301 - "-" "Mozilla/5.0 AppleWebKit/537.36 (KHTML, like Gecko; compatible; ClaudeBot/1.0; +claudebot@anthropic.com)"
3.237.22.209 - - [29/Mar/2026:17:15:28 +0000] "GET /about-brand/ HTTP/1.1" 200 53694 "-" "Mozilla/5.0 (X11; Linux x86_64) AppleWebKit/537.36 (KHTML, like Gecko; compatible; pageburst) Chrome/143.0.7499.192 Safari/537.36"
3.237.22.209 - - [29/Mar/2026:17:15:28 +0000] "GET /about-company/ HTTP/1.1" 200 65611 "-" "Mozilla/5.0 (Macintosh; Intel Mac OS X 10_15_7) AppleWebKit/537.36 (KHTML, like Gecko) Chrome/144.0.0.0 Safari/537.36"
3.237.22.209 - - [29/Mar/2026:17:15:28 +0000] "GET /contact-us HTTP/1.1" 301 - "-" "Mozilla/5.0 (Windows NT 10.0; Win64; x64) AppleWebKit/537.36 (KHTML, like Gecko) Chrome/144.0.0.0 Safari/537.36 Edg/144.0.0.0"
114.119.151.83 - - [29/Mar/2026:17:15:29 +0000] "GET /shop/interpres/subsoil062931027632.shtm HTTP/1.1" 404 37554 "https://sunra.be/?sitemap869.xml" "Mozilla/5.0 (Linux; Android 7.0;) AppleWebKit/537.36 (KHTML, like Gecko) Mobile Safari/537.36 (compatible; PetalBot;+https://webmaster.petalsearch.com/site/petalbot)"
216.73.216.217 - - [29/Mar/2026:17:15:29 +0000] "GET /shop/nonasid/foodful00632889108.shtm HTTP/1.1" 404 38889 "https://sunra.be/shop/nonasid/foodful00632889108.shtm" "Mozilla/5.0 AppleWebKit/537.36 (KHTML, like Gecko; compatible; ClaudeBot/1.0; +claudebot@anthropic.com)"
3.237.22.209 - - [29/Mar/2026:17:15:31 +0000] "GET /contact-us/ HTTP/1.1" 200 63929 "https://www.sunra.be/contact-us" "Mozilla/5.0 (Windows NT 10.0; Win64; x64) AppleWebKit/537.36 (KHTML, like Gecko) Chrome/144.0.0.0 Safari/537.36 Edg/144.0.0.0"
5.39.1.250 - - [29/Mar/2026:17:15:35 +0000] "GET /?w=8046654957 HTTP/1.1" 301 - "-" "Mozilla/5.0 (compatible; AhrefsBot/7.0; +http://ahrefs.com/robot/)"
150.223.194.182 - - [29/Mar/2026:17:15:35 +0000] "GET /?author=9 HTTP/1.1" 200 38982 "-" "Apache-HttpClient/4.5.2 (Java/1.8.0_161)"
216.73.216.217 - - [29/Mar/2026:17:15:42 +0000] "GET /shop/englishry/polemoniaceae003910091350.shtm HTTP/1.1" 301 - "-" "Mozilla/5.0 AppleWebKit/537.36 (KHTML, like Gecko; compatible; ClaudeBot/1.0; +claudebot@anthropic.com)"
216.73.216.217 - - [29/Mar/2026:17:15:44 +0000] "GET /shop/englishry/polemoniaceae003910091350.shtm HTTP/1.1" 404 38907 "https://sunra.be/shop/englishry/polemoniaceae003910091350.shtm" "Mozilla/5.0 AppleWebKit/537.36 (KHTML, like Gecko; compatible; ClaudeBot/1.0; +claudebot@anthropic.com)"
78.177.131.8 - - [29/Mar/2026:17:15:45 +0000] "GET /shopdetail/load/155037126 HTTP/1.1" 404 38869 "-" "Mozilla/5.0 (Macintosh; Intel Mac OS X 14.6; rv:133.0) Gecko/20100101 Firefox/133.0"
14.175.221.12 - - [29/Mar/2026:17:16:04 +0000] "GET /shopdetail/express/259041222 HTTP/1.1" 301 - "-" "Mozilla/5.0 (Windows NT 10.0; WOW64; rv:126.0) Gecko/20100101 Firefox/126.0"
217.182.68.102 - - [29/Mar/2026:17:16:05 +0000] "POST /wp-cron.php?doing_wp_cron=1774804565.5057830810546875000000 HTTP/1.1" 200 - "-" "WordPress/6.9.4; https://www.sunra.be"
123.18.123.200 - - [29/Mar/2026:17:16:08 +0000] "GET /shopdetail/express/259041222 HTTP/1.1" 404 38875 "-" "Mozilla/5.0 (Windows NT 10.0; WOW64; rv:126.0) Gecko/20100101 Firefox/126.0"
175.107.255.5 - - [29/Mar/2026:17:16:49 +0000] "GET /shopdetail/local/067027658 HTTP/1.1" 404 38871 "-" "Mozilla/5.0 (Macintosh; Intel Mac OS X 13_4_1) AppleWebKit/537.36 (KHTML, like Gecko) Chrome/126.0.6478.182 Safari/537.36"
114.119.151.83 - - [29/Mar/2026:17:17:00 +0000] "GET /shop/interpres/subsoil062931027632.shtm HTTP/1.1" 301 - "https://sunra.be/?sitemap297.xml" "Mozilla/5.0 (Linux; Android 7.0;) AppleWebKit/537.36 (KHTML, like Gecko) Mobile Safari/537.36 (compatible; PetalBot;+https://webmaster.petalsearch.com/site/petalbot)"
217.182.68.102 - - [29/Mar/2026:17:17:01 +0000] "POST /wp-cron.php?doing_wp_cron=1774804621.8827850818634033203125 HTTP/1.1" 200 - "-" "WordPress/6.9.4; https://www.sunra.be"
114.119.151.83 - - [29/Mar/2026:17:17:05 +0000] "GET /shop/interpres/subsoil062931027632.shtm HTTP/1.1" 404 37554 "https://sunra.be/?sitemap297.xml" "Mozilla/5.0 (Linux; Android 7.0;) AppleWebKit/537.36 (KHTML, like Gecko) Mobile Safari/537.36 (compatible; PetalBot;+https://webmaster.petalsearch.com/site/petalbot)"
40.77.167.158 - - [29/Mar/2026:17:17:22 +0000] "GET /spareparts/main-body-panel-r-yellow/ HTTP/1.1" 200 204665 "-" "Mozilla/5.0 AppleWebKit/537.36 (KHTML, like Gecko; compatible; bingbot/2.0; +http://www.bing.com/bingbot.htm) Chrome/116.0.1938.76 Safari/537.36"
222.252.88.138 - - [29/Mar/2026:17:17:53 +0000] "GET /shopdetail/operator/122023295 HTTP/1.1" 404 38877 "-" "Mozilla/5.0 (Macintosh; Intel Mac OS X 10_15_7) AppleWebKit/537.36 (KHTML, like Gecko) Chrome/130.0.6723.69 Safari/537.36"
217.182.68.102 - - [29/Mar/2026:17:17:55 +0000] "POST /wp-cron.php?doing_wp_cron=1774804675.4412970542907714843750 HTTP/1.1" 200 - "-" "WordPress/6.9.4; https://www.sunra.be"
66.249.74.100 - - [29/Mar/2026:17:18:01 +0000] "GET /?u=41157144513003&channel=159477&from=shop.php?shop/pg/1sancyoku HTTP/1.1" 200 211449 "-" "Mozilla/5.0 (Linux; Android 6.0.1; Nexus 5X Build/MMB29P) AppleWebKit/537.36 (KHTML, like Gecko) Chrome/146.0.7680.153 Mobile Safari/537.36 (compatible; Googlebot/2.1; +http://www.google.com/bot.html)"
40.77.167.55 - - [29/Mar/2026:17:18:02 +0000] "GET /shop/benzal/disrate062849062764.shtml HTTP/1.1" 200 221794 "-" "Mozilla/5.0 AppleWebKit/537.36 (KHTML, like Gecko; compatible; bingbot/2.0; +http://www.bing.com/bingbot.htm) Chrome/116.0.1938.76 Safari/537.36"
66.249.73.11 - - [29/Mar/2026:17:18:03 +0000] "GET /shop/exampless/inductoria902509291019.shtm HTTP/1.1" 200 213672 "-" "Mozilla/5.0 (Linux; Android 6.0.1; Nexus 5X Build/MMB29P) AppleWebKit/537.36 (KHTML, like Gecko) Chrome/146.0.7680.153 Mobile Safari/537.36 (compatible; Googlebot/2.1; +http://www.google.com/bot.html)"
66.249.74.102 - - [29/Mar/2026:17:18:05 +0000] "GET /?u=1276916013600&channel=299496&from=pin.php%3Fid%3D160136-6073%26name%3D%E3%82%AA%E3%83%AA%E3%82%B8%E3%83%8A%E3%83%ABMD200T0.4B%E3%82%A4%E3%83%B3%E3%83%90%E3%83%BC%E3%82%BF0.4kW++%E5%8F%AF%E5%A4%89%E5%91%A8%E6%B3%A2%E6%95%B0%E3%83%89%E3%83%A9%E3%82%A4%E3%83%96%EF%BC%88%E7%B5%8C%E6%B8%88%E7%9A%84%E3%81%AA+VFD+%E5%8F%AF%E5%A4%89%E5%91%A8%E6%B3%A2%E6%95%B0%E3%83%89%E3%83%A9%E3%82%A4%E3%83%96%E3%82%B3%E3%83%B3%E3%83%90%E3%83%BC%E3%82%BF%E3%82%A4%E3%83%B3%E3%83%90%E3%83%BC%E3%82%BF+0.75%2F1.5%2F2.2%2F4%2F5.5KW+%E3%83%A2%E3%83%BC%E3%82%BF%E3%83%BC%E9%80%9F%E5%BA%A6%E3%82%B3%E3%83%B3%E3%83%88%E3%83%AD%E3%83%BC%E3%83%A9+-+%E3%83%91%EF%BC%88%E3%83%A2%E3%83%BC%E3%82%BF%E3%83%BC%E3%83%89%E3%83%A9%E3%82%A4%E3%83%90++%E5%91%A8%E6%B3%A2%E6%95%B0%E3%82%B3%E3%83%B3%E3%83%90%E3%83%BC%E3%82%BF+380V+3+%E7%9B%B8%E3%82%A4%E3%83%B3%E3%83%90%E3%83%BC%E3%82%BF+VFD+4kW%E3%80%815.5kW%E3%80%817.5kW%E3%80%8111KW%E3%80%8115kW+%E5%8F%AF%E5%A4%89+%E5%91%A8%E6%B3%A2%EF%BC%88%E3%82%B9%E3%83%86%E3%83%83%E3%83%97%E3%83%80%E3%82%A6%E3%83%B3%E9%9B%BB%E5%9C%A7%E5%8D%98%E4%B8%89%E7%9B%B8%E3%83%A2%E3%83%BC%E3%82%BF+%E3%82%A4%E3%83%B3%E3%83%90%E3%83%BC%E3%82%BF+AC+...%EF%BC%89 HTTP/1.1" 200 212199 "-" "Mozilla/5.0 (Linux; Android 6.0.1; Nexus 5X Build/MMB29P) AppleWebKit/537.36 (KHTML, like Gecko) Chrome/146.0.7680.153 Mobile Safari/537.36 (compatible; Googlebot/2.1; +http://www.google.com/bot.html)"
66.249.74.101 - - [29/Mar/2026:17:18:07 +0000] "GET /?u=2268326015202 HTTP/1.1" 200 203922 "-" "Mozilla/5.0 (Linux; Android 6.0.1; Nexus 5X Build/MMB29P) AppleWebKit/537.36 (KHTML, like Gecko) Chrome/146.0.7680.153 Mobile Safari/537.36 (compatible; Googlebot/2.1; +http://www.google.com/bot.html)"
66.249.74.100 - - [29/Mar/2026:17:18:08 +0000] "GET /?u=1863998733800&channel=3f6cad&from=shop.php?shop/hybridous/keelman033123642060.shtm HTTP/1.1" 200 228004 "-" "Mozilla/5.0 (Linux; Android 6.0.1; Nexus 5X Build/MMB29P) AppleWebKit/537.36 (KHTML, like Gecko) Chrome/146.0.7680.153 Mobile Safari/537.36 (compatible; Googlebot/2.1; +http://www.google.com/bot.html)"
66.249.74.100 - - [29/Mar/2026:17:18:10 +0000] "GET /?u=5920049722705&channel=431892&from=form.php%3Fid%3D497227-39%26name%3DVANS+%E3%83%B4%E3%82%A1%E3%83%B3%E3%82%BA+THE+NORTH++FACE+%E3%82%B6%E3%83%BB%E3%83%8E%E3%83%BC%E3%82%B9%E3%83%BB%E3%83%95%E3%82%A7%E3%82%A4%E3%82%B9%E3%80%80SK8%EF%BC%88%E3%83%B4%E3%82%A1%E3%83%B3%E3%82%BA%E3%81%AE%E7%A4%BE%E9%95%B7%E3%81%8C%E8%BE%9E%E4%BB%BB%E3%80%81%E5%8F%8E%E7%9B%8A21%EF%BC%85%E6%B8%9B%E3%81%A8%E6%A5%AD%E7%B8%BE%E6%8C%AF%E3%82%8B%E3%82%8F%E3%81%9A+%E5%BE%8C%E4%BB%BB%E3%81%AF%E6%9C%AA%E5%AE%9A+%282023%E5%B9%B411%E6%9C%881%E6%97%A5%E6%8E%B2%E8%BC%89%29+-+%E3%83%A9%E3%82%A4%E3%83%96%E3%83%89%E3%82%A2%E3%83%8B%E3%83%A5%E3%83%BC%E3%82%B9%EF%BC%89 HTTP/1.1" 200 210974 "-" "Mozilla/5.0 (Linux; Android 6.0.1; Nexus 5X Build/MMB29P) AppleWebKit/537.36 (KHTML, like Gecko) Chrome/146.0.7680.153 Mobile Safari/537.36 (compatible; Googlebot/2.1; +http://www.google.com/bot.html)"
66.249.74.100 - - [29/Mar/2026:17:18:11 +0000] "GET /?u=97476126392501&channel=ff1595&from=shop.php%3Fid%3D1263925-8831%26name%3DDickies+%C3%97++TRIPSTER+BLACK+SUIT%EF%BC%88DICKIES+%C3%97+TRIPSTER+SUIT+BLACK+2024+M%E3%82%B5%E3%82%A4%E3%82%BA+zVWFu-m19344583271+%E3%83%A1%E3%83%B3%E3%82%BA%EF%BC%89 HTTP/1.1" 200 210112 "-" "Mozilla/5.0 (Linux; Android 6.0.1; Nexus 5X Build/MMB29P) AppleWebKit/537.36 (KHTML, like Gecko) Chrome/146.0.7680.153 Mobile Safari/537.36 (compatible; Googlebot/2.1; +http://www.google.com/bot.html)"
94.23.188.214 - - [29/Mar/2026:17:18:11 +0000] "GET /?w=8046643574 HTTP/1.1" 301 - "-" "Mozilla/5.0 (compatible; AhrefsBot/7.0; +http://ahrefs.com/robot/)"
66.249.73.11 - - [29/Mar/2026:17:18:13 +0000] "GET /?u=47912109003 HTTP/1.1" 200 201105 "-" "Mozilla/5.0 (Linux; Android 6.0.1; Nexus 5X Build/MMB29P) AppleWebKit/537.36 (KHTML, like Gecko) Chrome/146.0.7680.153 Mobile Safari/537.36 (compatible; Googlebot/2.1; +http://www.google.com/bot.html)"
66.249.73.12 - - [29/Mar/2026:17:18:15 +0000] "GET /?u=9196818118802 HTTP/1.1" 200 213097 "-" "Mozilla/5.0 (Linux; Android 6.0.1; Nexus 5X Build/MMB29P) AppleWebKit/537.36 (KHTML, like Gecko) Chrome/146.0.7680.153 Mobile Safari/537.36 (compatible; Googlebot/2.1; +http://www.google.com/bot.html)"
66.249.73.12 - - [29/Mar/2026:17:18:16 +0000] "GET /?u=89510178069402&channel=f6ec1d&from=form.php?shop/dentatus/reputable052571084783.shtm HTTP/1.1" 200 215050 "-" "Mozilla/5.0 (Linux; Android 6.0.1; Nexus 5X Build/MMB29P) AppleWebKit/537.36 (KHTML, like Gecko) Chrome/146.0.7680.153 Mobile Safari/537.36 (compatible; Googlebot/2.1; +http://www.google.com/bot.html)"
66.249.73.11 - - [29/Mar/2026:17:18:18 +0000] "GET /?u=89510178069402&channel=f6ec1d&from=form.php?shop/unshroud/necrophorus051307002451.shtm HTTP/1.1" 200 225471 "-" "Mozilla/5.0 (Linux; Android 6.0.1; Nexus 5X Build/MMB29P) AppleWebKit/537.36 (KHTML, like Gecko) Chrome/146.0.7680.153 Mobile Safari/537.36 (compatible; Googlebot/2.1; +http://www.google.com/bot.html)"
201.198.177.29 - - [29/Mar/2026:17:18:18 +0000] "GET /shopdetail/framework/157010924 HTTP/1.1" 301 - "-" "Mozilla/5.0 (Macintosh; Intel Mac OS X 14_6_1) AppleWebKit/537.36 (KHTML, like Gecko) Chrome/131.0.6778.204 Safari/537.36"
66.249.73.11 - - [29/Mar/2026:17:18:20 +0000] "GET /?u=73819104308402 HTTP/1.1" 200 210734 "-" "Mozilla/5.0 (Linux; Android 6.0.1; Nexus 5X Build/MMB29P) AppleWebKit/537.36 (KHTML, like Gecko) Chrome/146.0.7680.153 Mobile Safari/537.36 (compatible; Googlebot/2.1; +http://www.google.com/bot.html)"
176.233.66.26 - - [29/Mar/2026:17:18:21 +0000] "GET /shopdetail/framework/157010924 HTTP/1.1" 404 38879 "-" "Mozilla/5.0 (Macintosh; Intel Mac OS X 14_6_1) AppleWebKit/537.36 (KHTML, like Gecko) Chrome/131.0.6778.204 Safari/537.36"
66.249.74.100 - - [29/Mar/2026:17:18:22 +0000] "GET /?u=19188326910600 HTTP/1.1" 200 204735 "-" "Mozilla/5.0 (Linux; Android 6.0.1; Nexus 5X Build/MMB29P) AppleWebKit/537.36 (KHTML, like Gecko) Chrome/146.0.7680.153 Mobile Safari/537.36 (compatible; Googlebot/2.1; +http://www.google.com/bot.html)"
66.249.73.11 - - [29/Mar/2026:17:18:23 +0000] "GET /?u=1994831979103 HTTP/1.1" 200 205526 "-" "Mozilla/5.0 (Linux; Android 6.0.1; Nexus 5X Build/MMB29P) AppleWebKit/537.36 (KHTML, like Gecko) Chrome/146.0.7680.153 Mobile Safari/537.36 (compatible; Googlebot/2.1; +http://www.google.com/bot.html)"
66.249.74.101 - - [29/Mar/2026:17:18:25 +0000] "GET /?u=35852166227900&channel=21606f&from=form.php%3Fid%3D1662279-1629%26name%3DLONGCHAMP++%E3%83%89%E3%82%AF%E3%82%BF%E3%83%BC%E3%82%BA%E3%83%90%E3%83%83%E3%82%B0%E3%80%80%E3%82%A8%E3%83%8A%E3%83%A1%E3%83%AB%E3%83%AC%E3%82%B6%E3%83%BC%EF%BC%88%E3%82%B1%E3%82%A4%E3%83%88%E3%83%A2%E3%82%B9%E7%9D%80%2F%E3%83%9E%E3%83%89%E3%83%B3%E3%83%8A%E7%9D%80%2F%E3%83%95%E3%83%A9%E3%83%B3%E3%82%B9%E8%A3%BD%E3%80%91%E3%83%AD%E3%83%B3%E3%82%B7%E3%83%A3%E3%83%B3LONGCHAMP%2F%E3%83%AC%E3%82%B8%E3%82%A7%E3%83%B3%E3%83%89%2F%E3%82%A8%E3%83%8A%E3%83%A1%E3%83%AB%E3%83%AC%E3%82%B6%E3%83%BC%2F%E3%83%91%E3%83%86%E3%83%B3%E3%83%88%2F%E3%83%89%E3%82%AF%E3%82%BF%E3%83%BC%E3%82%BA%E3%83%90%E3%83%83%E3%82%B0%2F%E3%83%8F%E3%83%B3%E3%83%89%E3%83%90%E3%83%83%E3%82%B0%2F%E3%83%9C%E3%82%B9%E3%83%88%E3%83%B3%E3%83%90%E3%83%83%E3%82%B0%2F%E8%8C%B6%2FRC15TMO5%2F004%2F++%7C+%E5%8F%A4%E7%9D%80%E5%B1%8BRAINBOWFIELD+Since+2006%EF%BC%89 HTTP/1.1" 200 212083 "-" "Mozilla/5.0 (Linux; Android 6.0.1; Nexus 5X Build/MMB29P) AppleWebKit/537.36 (KHTML, like Gecko) Chrome/146.0.7680.153 Mobile Safari/537.36 (compatible; Googlebot/2.1; +http://www.google.com/bot.html)"
198.235.24.206 - - [29/Mar/2026:17:18:27 +0000] "GET /.well-known/security.txt HTTP/1.1" 404 5750 "-" "Hello from Palo Alto Networks, find out more about our scans in https://docs-cortex.paloaltonetworks.com/r/1/Cortex-Xpanse/Scanning-activity"
66.249.74.100 - - [29/Mar/2026:17:18:26 +0000] "GET /?56888797 HTTP/1.1" 200 219268 "-" "Mozilla/5.0 (Linux; Android 6.0.1; Nexus 5X Build/MMB29P) AppleWebKit/537.36 (KHTML, like Gecko) Chrome/146.0.7680.153 Mobile Safari/537.36 (compatible; Googlebot/2.1; +http://www.google.com/bot.html)"
66.249.74.100 - - [29/Mar/2026:17:18:28 +0000] "GET /shop/extraprofessional/picryl171654444581.shtm HTTP/1.1" 200 224398 "-" "Mozilla/5.0 (Linux; Android 6.0.1; Nexus 5X Build/MMB29P) AppleWebKit/537.36 (KHTML, like Gecko) Chrome/146.0.7680.153 Mobile Safari/537.36 (compatible; Googlebot/2.1; +http://www.google.com/bot.html)"
114.119.150.254 - - [29/Mar/2026:17:18:30 +0000] "GET /shop/internationale/capollin063557637417.shtm HTTP/1.1" 301 - "https://sunra.be/?sitemap297.xml" "Mozilla/5.0 (Linux; Android 7.0;) AppleWebKit/537.36 (KHTML, like Gecko) Mobile Safari/537.36 (compatible; PetalBot;+https://webmaster.petalsearch.com/site/petalbot)"
114.119.150.254 - - [29/Mar/2026:17:18:33 +0000] "GET /shop/internationale/capollin063557637417.shtm HTTP/1.1" 404 37566 "https://sunra.be/?sitemap297.xml" "Mozilla/5.0 (Linux; Android 7.0;) AppleWebKit/537.36 (KHTML, like Gecko) Mobile Safari/537.36 (compatible; PetalBot;+https://webmaster.petalsearch.com/site/petalbot)"
66.249.73.11 - - [29/Mar/2026:17:18:49 +0000] "GET /nl/opening-of-the-new-showroom-sunra/ HTTP/1.1" 200 213611 "-" "Mozilla/5.0 (Linux; Android 6.0.1; Nexus 5X Build/MMB29P) AppleWebKit/537.36 (KHTML, like Gecko) Chrome/146.0.7680.153 Mobile Safari/537.36 (compatible; Googlebot/2.1; +http://www.google.com/bot.html)"
45.172.222.101 - - [29/Mar/2026:17:18:58 +0000] "GET /shopdetail/operator/247008884 HTTP/1.1" 404 38877 "-" "Mozilla/5.0 (Macintosh; Intel Mac OS X 14_2_1) AppleWebKit/537.36 (KHTML, like Gecko) Chrome/125.0.6422.60 Safari/537.36"
217.182.68.102 - - [29/Mar/2026:17:19:00 +0000] "POST /wp-cron.php?doing_wp_cron=1774804740.3089370727539062500000 HTTP/1.1" 200 - "-" "WordPress/6.9.4; https://www.sunra.be"
66.249.73.13 - - [29/Mar/2026:17:19:13 +0000] "GET /our-models/miku-super/ HTTP/1.1" 200 202176 "-" "Mozilla/5.0 (Linux; Android 6.0.1; Nexus 5X Build/MMB29P) AppleWebKit/537.36 (KHTML, like Gecko) Chrome/146.0.7680.153 Mobile Safari/537.36 (compatible; Googlebot/2.1; +http://www.google.com/bot.html)"
114.119.131.232 - - [29/Mar/2026:17:19:35 +0000] "GET /shop/intermittently/postea061439340143.shtm HTTP/1.1" 301 - "-" "Mozilla/5.0 (Linux; Android 7.0;) AppleWebKit/537.36 (HTML, like Gecko) Mobile Safari/537.36 (compatible; PetalBot;+https://webmaster.petalsearch.com/site/petalbot)"
66.249.74.100 - - [29/Mar/2026:17:19:36 +0000] "GET /?u=32958267827804 HTTP/1.1" 200 211966 "-" "Mozilla/5.0 (Linux; Android 6.0.1; Nexus 5X Build/MMB29P) AppleWebKit/537.36 (KHTML, like Gecko) Chrome/146.0.7680.153 Mobile Safari/537.36 (compatible; Googlebot/2.1; +http://www.google.com/bot.html)"
114.119.131.232 - - [29/Mar/2026:17:19:37 +0000] "GET /shop/intermittently/postea061439340143.shtm HTTP/1.1" 404 37562 "https://sunra.be/shop/intermittently/postea061439340143.shtm" "Mozilla/5.0 (Linux; Android 7.0;) AppleWebKit/537.36 (HTML, like Gecko) Mobile Safari/537.36 (compatible; PetalBot;+https://webmaster.petalsearch.com/site/petalbot)"
66.249.74.100 - - [29/Mar/2026:17:19:59 +0000] "GET /?u=7923815507100&channel=27c7e3&from=brands.php?shop/climatography/intermediacy073827820518.shtm HTTP/1.1" 200 224288 "-" "Mozilla/5.0 (Linux; Android 6.0.1; Nexus 5X Build/MMB29P) AppleWebKit/537.36 (KHTML, like Gecko) Chrome/146.0.7680.153 Mobile Safari/537.36 (compatible; Googlebot/2.1; +http://www.google.com/bot.html)"
14.191.92.232 - - [29/Mar/2026:17:20:01 +0000] "GET /shopdetail/participation/162038169 HTTP/1.1" 404 38887 "-" "Mozilla/5.0 (Windows NT 10.0; Win64; x64) AppleWebKit/537.36 (KHTML, like Gecko) Chrome/131.0.6778.265 Safari/537.36"
217.182.68.102 - - [29/Mar/2026:17:20:03 +0000] "POST /wp-cron.php?doing_wp_cron=1774804803.6948239803314208984375 HTTP/1.1" 200 - "-" "WordPress/6.9.4; https://www.sunra.be"
66.249.73.13 - - [29/Mar/2026:17:20:22 +0000] "GET /?u=5185216500001 HTTP/1.1" 200 208192 "-" "Mozilla/5.0 (Linux; Android 6.0.1; Nexus 5X Build/MMB29P) AppleWebKit/537.36 (KHTML, like Gecko) Chrome/146.0.7680.153 Mobile Safari/537.36 (compatible; Googlebot/2.1; +http://www.google.com/bot.html)"
102.169.0.201 - - [29/Mar/2026:17:20:30 +0000] "GET /shopdetail/high-tech/273012322 HTTP/1.1" 301 - "-" "Mozilla/5.0 (Macintosh; Intel Mac OS X 10_15_7) AppleWebKit/537.36 (KHTML, like Gecko) Chrome/134.0.6998.45 Safari/537.36"
14.181.127.60 - - [29/Mar/2026:17:20:34 +0000] "GET /shopdetail/high-tech/273012322 HTTP/1.1" 404 38879 "-" "Mozilla/5.0 (Macintosh; Intel Mac OS X 10_15_7) AppleWebKit/537.36 (KHTML, like Gecko) Chrome/134.0.6998.45 Safari/537.36"
114.119.151.83 - - [29/Mar/2026:17:20:54 +0000] "GET /shop/interlucation/henpecked06982383442.shtm HTTP/1.1" 301 - "https://sunra.be/?sitemap297.xml" "Mozilla/5.0 (Linux; Android 7.0;) AppleWebKit/537.36 (KHTML, like Gecko) Mobile Safari/537.36 (compatible; PetalBot;+https://webmaster.petalsearch.com/site/petalbot)"
217.182.68.102 - - [29/Mar/2026:17:20:56 +0000] "POST /wp-cron.php?doing_wp_cron=1774804856.3836750984191894531250 HTTP/1.1" 200 - "-" "WordPress/6.9.4; https://www.sunra.be"
14.173.136.141 - - [29/Mar/2026:17:21:05 +0000] "GET /shopdetail/political/199016044 HTTP/1.1" 404 38879 "-" "Mozilla/5.0 (Macintosh; U; PPC Mac OS X; de-ch) AppleWebKit/85 (KHTML, like Gecko) Safari/85"
66.249.74.101 - - [29/Mar/2026:17:21:06 +0000] "GET /?u=7923815507100&channel=27c7e3&from=brands.php?shop/swarthily/snudge071533213209.shtm HTTP/1.1" 200 227946 "-" "Mozilla/5.0 (Linux; Android 6.0.1; Nexus 5X Build/MMB29P) AppleWebKit/537.36 (KHTML, like Gecko) Chrome/146.0.7680.153 Mobile Safari/537.36 (compatible; Googlebot/2.1; +http://www.google.com/bot.html)"
92.222.108.126 - - [29/Mar/2026:17:21:06 +0000] "GET /?w=8046642595 HTTP/1.1" 301 - "-" "Mozilla/5.0 (compatible; AhrefsBot/7.0; +http://ahrefs.com/robot/)"
114.119.151.83 - - [29/Mar/2026:17:21:09 +0000] "GET /shop/interlucation/henpecked06982383442.shtm HTTP/1.1" 404 37564 "https://sunra.be/?sitemap297.xml" "Mozilla/5.0 (Linux; Android 7.0;) AppleWebKit/537.36 (KHTML, like Gecko) Mobile Safari/537.36 (compatible; PetalBot;+https://webmaster.petalsearch.com/site/petalbot)"
43.135.143.189 - - [29/Mar/2026:17:21:14 +0000] "GET / HTTP/1.1" 200 136174 "-" "Mozilla/5.0"
40.77.167.158 - - [29/Mar/2026:17:21:32 +0000] "GET /mi-vizel-kimer-t-imbolyog-t-t-a-el-ny-sebben-szerencsej-t-k-kaszin-online-hu/ HTTP/1.1" 200 205322 "-" "Mozilla/5.0 AppleWebKit/537.36 (KHTML, like Gecko; compatible; bingbot/2.0; +http://www.bing.com/bingbot.htm) Chrome/116.0.1938.76 Safari/537.36"
216.73.216.217 - - [29/Mar/2026:17:21:50 +0000] "GET /shop/intuitionalist/doling0515159473.shtm HTTP/1.1" 301 - "-" "Mozilla/5.0 AppleWebKit/537.36 (KHTML, like Gecko; compatible; ClaudeBot/1.0; +claudebot@anthropic.com)"
66.249.74.100 - - [29/Mar/2026:17:21:52 +0000] "GET /?u=7923815507100&channel=27c7e3&from=brands.php?shop/partycoated/demisuit0711526538.shtm HTTP/1.1" 200 218905 "-" "Mozilla/5.0 (Linux; Android 6.0.1; Nexus 5X Build/MMB29P) AppleWebKit/537.36 (KHTML, like Gecko) Chrome/146.0.7680.153 Mobile Safari/537.36 (compatible; Googlebot/2.1; +http://www.google.com/bot.html)"
216.73.216.217 - - [29/Mar/2026:17:21:52 +0000] "GET /shop/intuitionalist/doling0515159473.shtm HTTP/1.1" 404 38899 "https://sunra.be/shop/intuitionalist/doling0515159473.shtm" "Mozilla/5.0 AppleWebKit/537.36 (KHTML, like Gecko; compatible; ClaudeBot/1.0; +claudebot@anthropic.com)"
217.182.68.102 - - [29/Mar/2026:17:21:54 +0000] "POST /wp-cron.php?doing_wp_cron=1774804914.2729620933532714843750 HTTP/1.1" 200 - "-" "WordPress/6.9.4; https://www.sunra.be"
202.76.181.109 - - [29/Mar/2026:17:22:08 +0000] "GET /shopdetail/popularity/211041080 HTTP/1.1" 404 38881 "-" "Mozilla/5.0 (Windows NT 10.0; Win64; x64) AppleWebKit/537.36 (KHTML, like Gecko) Chrome/129.0.6668.58 Safari/537.36"
216.73.216.217 - - [29/Mar/2026:17:22:10 +0000] "GET /shop/raphani/hepatitis051870213754.shtm HTTP/1.1" 301 - "-" "Mozilla/5.0 AppleWebKit/537.36 (KHTML, like Gecko; compatible; ClaudeBot/1.0; +claudebot@anthropic.com)"
216.73.216.217 - - [29/Mar/2026:17:22:12 +0000] "GET /shop/raphani/hepatitis051870213754.shtm HTTP/1.1" 404 38895 "https://sunra.be/shop/raphani/hepatitis051870213754.shtm" "Mozilla/5.0 AppleWebKit/537.36 (KHTML, like Gecko; compatible; ClaudeBot/1.0; +claudebot@anthropic.com)"
216.73.216.217 - - [29/Mar/2026:17:22:25 +0000] "GET /shop/homoeothermal/parser065131618.shtm HTTP/1.1" 301 - "-" "Mozilla/5.0 AppleWebKit/537.36 (KHTML, like Gecko; compatible; ClaudeBot/1.0; +claudebot@anthropic.com)"
216.73.216.217 - - [29/Mar/2026:17:22:27 +0000] "GET /shop/homoeothermal/parser065131618.shtm HTTP/1.1" 404 38895 "https://sunra.be/shop/homoeothermal/parser065131618.shtm" "Mozilla/5.0 AppleWebKit/537.36 (KHTML, like Gecko; compatible; ClaudeBot/1.0; +claudebot@anthropic.com)"
114.119.145.36 - - [29/Mar/2026:17:22:34 +0000] "GET /shop/interjectionary/muleteer061717356936.shtm HTTP/1.1" 301 - "https://sunra.be/?sitemap297.xml" "Mozilla/5.0 (Linux; Android 7.0;) AppleWebKit/537.36 (KHTML, like Gecko) Mobile Safari/537.36 (compatible; PetalBot;+https://webmaster.petalsearch.com/site/petalbot)"
104.197.234.136 - - [29/Mar/2026:17:22:34 +0000] "GET / HTTP/1.1" 200 136172 "-" "Mozilla/5.0 (Windows NT 10.0; Win64; x64) AppleWebKit/537.36 (KHTML, like Gecko) Chrome/78.0.3904.108 Safari/537.36"
104.197.234.136 - - [29/Mar/2026:17:22:36 +0000] "GET //wp-includes/wlwmanifest.xml HTTP/1.1" 301 - "-" "Mozilla/5.0 (Windows NT 10.0; Win64; x64) AppleWebKit/537.36 (KHTML, like Gecko) Chrome/78.0.3904.108 Safari/537.36"
104.197.234.136 - - [29/Mar/2026:17:22:38 +0000] "GET //xmlrpc.php?rsd HTTP/1.1" 200 786 "-" "Mozilla/5.0 (Windows NT 10.0; Win64; x64) AppleWebKit/537.36 (KHTML, like Gecko) Chrome/78.0.3904.108 Safari/537.36"
66.249.74.100 - - [29/Mar/2026:17:22:38 +0000] "GET /?u=7923815507100&channel=27c7e3&from=brands.php?shop/jugularis/fabaceous07907833819.shtm HTTP/1.1" 200 213759 "-" "Mozilla/5.0 (Linux; Android 6.0.1; Nexus 5X Build/MMB29P) AppleWebKit/537.36 (KHTML, like Gecko) Chrome/146.0.7680.153 Mobile Safari/537.36 (compatible; Googlebot/2.1; +http://www.google.com/bot.html)"
114.119.145.36 - - [29/Mar/2026:17:22:38 +0000] "GET /shop/interjectionary/muleteer061717356936.shtm HTTP/1.1" 404 37568 "https://sunra.be/?sitemap297.xml" "Mozilla/5.0 (Linux; Android 7.0;) AppleWebKit/537.36 (KHTML, like Gecko) Mobile Safari/537.36 (compatible; PetalBot;+https://webmaster.petalsearch.com/site/petalbot)"
104.197.234.136 - - [29/Mar/2026:17:22:39 +0000] "GET //?author=1 HTTP/1.1" 301 - "-" "Mozilla/5.0 (Windows NT 10.0; Win64; x64) AppleWebKit/537.36 (KHTML, like Gecko) Chrome/78.0.3904.108 Safari/537.36"
104.197.234.136 - - [29/Mar/2026:17:22:41 +0000] "GET //?author=2 HTTP/1.1" 301 - "-" "Mozilla/5.0 (Windows NT 10.0; Win64; x64) AppleWebKit/537.36 (KHTML, like Gecko) Chrome/78.0.3904.108 Safari/537.36"
202.76.138.96 - - [29/Mar/2026:17:22:43 +0000] "GET /shopdetail/inflation/070044401 HTTP/1.1" 301 - "-" "Mozilla/5.0 (Macintosh; Intel Mac OS X 13_6_4) AppleWebKit/537.36 (KHTML, like Gecko) Chrome/133.0.6943.141 Safari/537.36"
104.197.234.136 - - [29/Mar/2026:17:22:42 +0000] "GET //wp-json/wp/v2/users/ HTTP/1.1" 200 3622 "-" "Mozilla/5.0 (Windows NT 10.0; Win64; x64) AppleWebKit/537.36 (KHTML, like Gecko) Chrome/78.0.3904.108 Safari/537.36"
104.197.234.136 - - [29/Mar/2026:17:22:45 +0000] "POST //xmlrpc.php HTTP/1.1" 200 408 "-" "Mozilla/5.0 (Windows NT 10.0; Win64; x64) AppleWebKit/537.36 (KHTML, like Gecko) Chrome/78.0.3904.108 Safari/537.36"
202.76.187.33 - - [29/Mar/2026:17:22:45 +0000] "GET /shopdetail/inflation/070044401 HTTP/1.1" 404 38879 "-" "Mozilla/5.0 (Macintosh; Intel Mac OS X 13_6_4) AppleWebKit/537.36 (KHTML, like Gecko) Chrome/133.0.6943.141 Safari/537.36"
104.197.234.136 - - [29/Mar/2026:17:22:46 +0000] "POST //xmlrpc.php HTTP/1.1" 200 408 "-" "Mozilla/5.0 (Windows NT 10.0; Win64; x64) AppleWebKit/537.36 (KHTML, like Gecko) Chrome/78.0.3904.108 Safari/537.36"
216.73.216.217 - - [29/Mar/2026:17:22:47 +0000] "GET /shop/thirstily/struthious06608958699.shtm HTTP/1.1" 301 - "-" "Mozilla/5.0 AppleWebKit/537.36 (KHTML, like Gecko; compatible; ClaudeBot/1.0; +claudebot@anthropic.com)"
104.197.234.136 - - [29/Mar/2026:17:22:48 +0000] "POST //xmlrpc.php HTTP/1.1" 200 408 "-" "Mozilla/5.0 (Windows NT 10.0; Win64; x64) AppleWebKit/537.36 (KHTML, like Gecko) Chrome/78.0.3904.108 Safari/537.36"
216.73.216.217 - - [29/Mar/2026:17:22:49 +0000] "GET /shop/thirstily/struthious06608958699.shtm HTTP/1.1" 404 38899 "https://sunra.be/shop/thirstily/struthious06608958699.shtm" "Mozilla/5.0 AppleWebKit/537.36 (KHTML, like Gecko; compatible; ClaudeBot/1.0; +claudebot@anthropic.com)"
104.197.234.136 - - [29/Mar/2026:17:22:50 +0000] "POST //xmlrpc.php HTTP/1.1" 200 408 "-" "Mozilla/5.0 (Windows NT 10.0; Win64; x64) AppleWebKit/537.36 (KHTML, like Gecko) Chrome/78.0.3904.108 Safari/537.36"
104.197.234.136 - - [29/Mar/2026:17:22:52 +0000] "POST //xmlrpc.php HTTP/1.1" 200 408 "-" "Mozilla/5.0 (Windows NT 10.0; Win64; x64) AppleWebKit/537.36 (KHTML, like Gecko) Chrome/78.0.3904.108 Safari/537.36"
217.182.68.102 - - [29/Mar/2026:17:22:53 +0000] "POST /wp-cron.php?doing_wp_cron=1774804973.6029009819030761718750 HTTP/1.1" 200 - "-" "WordPress/6.9.4; https://www.sunra.be"
104.197.234.136 - - [29/Mar/2026:17:22:55 +0000] "POST //xmlrpc.php HTTP/1.1" 200 408 "-" "Mozilla/5.0 (Windows NT 10.0; Win64; x64) AppleWebKit/537.36 (KHTML, like Gecko) Chrome/78.0.3904.108 Safari/537.36"
216.73.216.217 - - [29/Mar/2026:17:22:55 +0000] "GET /shop/keeve/breamed05843899827.shtm HTTP/1.1" 301 - "-" "Mozilla/5.0 AppleWebKit/537.36 (KHTML, like Gecko; compatible; ClaudeBot/1.0; +claudebot@anthropic.com)"
104.197.234.136 - - [29/Mar/2026:17:22:57 +0000] "POST //xmlrpc.php HTTP/1.1" 200 408 "-" "Mozilla/5.0 (Windows NT 10.0; Win64; x64) AppleWebKit/537.36 (KHTML, like Gecko) Chrome/78.0.3904.108 Safari/537.36"
216.73.216.217 - - [29/Mar/2026:17:22:57 +0000] "GET /shop/keeve/breamed05843899827.shtm HTTP/1.1" 404 38885 "https://sunra.be/shop/keeve/breamed05843899827.shtm" "Mozilla/5.0 AppleWebKit/537.36 (KHTML, like Gecko; compatible; ClaudeBot/1.0; +claudebot@anthropic.com)"
104.197.234.136 - - [29/Mar/2026:17:22:58 +0000] "POST //xmlrpc.php HTTP/1.1" 200 408 "-" "Mozilla/5.0 (Windows NT 10.0; Win64; x64) AppleWebKit/537.36 (KHTML, like Gecko) Chrome/78.0.3904.108 Safari/537.36"
104.197.234.136 - - [29/Mar/2026:17:23:00 +0000] "POST //xmlrpc.php HTTP/1.1" 200 408 "-" "Mozilla/5.0 (Windows NT 10.0; Win64; x64) AppleWebKit/537.36 (KHTML, like Gecko) Chrome/78.0.3904.108 Safari/537.36"
104.197.234.136 - - [29/Mar/2026:17:23:02 +0000] "POST //xmlrpc.php HTTP/1.1" 200 408 "-" "Mozilla/5.0 (Windows NT 10.0; Win64; x64) AppleWebKit/537.36 (KHTML, like Gecko) Chrome/78.0.3904.108 Safari/537.36"
104.197.234.136 - - [29/Mar/2026:17:23:04 +0000] "POST //xmlrpc.php HTTP/1.1" 200 408 "-" "Mozilla/5.0 (Windows NT 10.0; Win64; x64) AppleWebKit/537.36 (KHTML, like Gecko) Chrome/78.0.3904.108 Safari/537.36"
104.197.234.136 - - [29/Mar/2026:17:23:06 +0000] "POST //xmlrpc.php HTTP/1.1" 200 408 "-" "Mozilla/5.0 (Windows NT 10.0; Win64; x64) AppleWebKit/537.36 (KHTML, like Gecko) Chrome/78.0.3904.108 Safari/537.36"
104.197.234.136 - - [29/Mar/2026:17:23:08 +0000] "POST //xmlrpc.php HTTP/1.1" 200 408 "-" "Mozilla/5.0 (Windows NT 10.0; Win64; x64) AppleWebKit/537.36 (KHTML, like Gecko) Chrome/78.0.3904.108 Safari/537.36"
104.197.234.136 - - [29/Mar/2026:17:23:09 +0000] "POST //xmlrpc.php HTTP/1.1" 200 408 "-" "Mozilla/5.0 (Windows NT 10.0; Win64; x64) AppleWebKit/537.36 (KHTML, like Gecko) Chrome/78.0.3904.108 Safari/537.36"
104.197.234.136 - - [29/Mar/2026:17:23:11 +0000] "POST //xmlrpc.php HTTP/1.1" 200 408 "-" "Mozilla/5.0 (Windows NT 10.0; Win64; x64) AppleWebKit/537.36 (KHTML, like Gecko) Chrome/78.0.3904.108 Safari/537.36"
104.197.234.136 - - [29/Mar/2026:17:23:13 +0000] "POST //xmlrpc.php HTTP/1.1" 200 408 "-" "Mozilla/5.0 (Windows NT 10.0; Win64; x64) AppleWebKit/537.36 (KHTML, like Gecko) Chrome/78.0.3904.108 Safari/537.36"
189.142.23.79 - - [29/Mar/2026:17:23:13 +0000] "GET /shopdetail/provide/047019972/ HTTP/1.1" 404 38875 "-" "Mozilla/5.0 (Windows NT 10.0; Win64; x64) AppleWebKit/537.36 (KHTML, like Gecko) Chrome/130.0.6723.69 Safari/537.36"
104.197.234.136 - - [29/Mar/2026:17:23:15 +0000] "POST //xmlrpc.php HTTP/1.1" 200 408 "-" "Mozilla/5.0 (Windows NT 10.0; Win64; x64) AppleWebKit/537.36 (KHTML, like Gecko) Chrome/78.0.3904.108 Safari/537.36"
104.197.234.136 - - [29/Mar/2026:17:23:17 +0000] "POST //xmlrpc.php HTTP/1.1" 200 408 "-" "Mozilla/5.0 (Windows NT 10.0; Win64; x64) AppleWebKit/537.36 (KHTML, like Gecko) Chrome/78.0.3904.108 Safari/537.36"
45.227.253.15 - - [29/Mar/2026:17:23:19 +0000] "GET /index.php/jk HTTP/1.1" 200 43 "-" "Mozilla/5.0 (Windows NT 10.0; Win64; x64; rv:80.0) Gecko/20100101 Firefox/80.0"
104.197.234.136 - - [29/Mar/2026:17:23:18 +0000] "POST //xmlrpc.php HTTP/1.1" 200 408 "-" "Mozilla/5.0 (Windows NT 10.0; Win64; x64) AppleWebKit/537.36 (KHTML, like Gecko) Chrome/78.0.3904.108 Safari/537.36"
104.197.234.136 - - [29/Mar/2026:17:23:20 +0000] "POST //xmlrpc.php HTTP/1.1" 200 408 "-" "Mozilla/5.0 (Windows NT 10.0; Win64; x64) AppleWebKit/537.36 (KHTML, like Gecko) Chrome/78.0.3904.108 Safari/537.36"
104.197.234.136 - - [29/Mar/2026:17:23:22 +0000] "POST //xmlrpc.php HTTP/1.1" 200 408 "-" "Mozilla/5.0 (Windows NT 10.0; Win64; x64) AppleWebKit/537.36 (KHTML, like Gecko) Chrome/78.0.3904.108 Safari/537.36"
104.197.234.136 - - [29/Mar/2026:17:23:24 +0000] "POST //xmlrpc.php HTTP/1.1" 200 408 "-" "Mozilla/5.0 (Windows NT 10.0; Win64; x64) AppleWebKit/537.36 (KHTML, like Gecko) Chrome/78.0.3904.108 Safari/537.36"
66.249.74.102 - - [29/Mar/2026:17:23:25 +0000] "GET /?u=18485136571502&channel=2d6862&from=pin.php?shop/farinosa/hyperthyrion032647948838.shtm HTTP/1.1" 200 228257 "-" "Mozilla/5.0 (Linux; Android 6.0.1; Nexus 5X Build/MMB29P) AppleWebKit/537.36 (KHTML, like Gecko) Chrome/146.0.7680.153 Mobile Safari/537.36 (compatible; Googlebot/2.1; +http://www.google.com/bot.html)"
104.197.234.136 - - [29/Mar/2026:17:23:26 +0000] "POST //xmlrpc.php HTTP/1.1" 200 408 "-" "Mozilla/5.0 (Windows NT 10.0; Win64; x64) AppleWebKit/537.36 (KHTML, like Gecko) Chrome/78.0.3904.108 Safari/537.36"
104.197.234.136 - - [29/Mar/2026:17:23:27 +0000] "POST //xmlrpc.php HTTP/1.1" 200 408 "-" "Mozilla/5.0 (Windows NT 10.0; Win64; x64) AppleWebKit/537.36 (KHTML, like Gecko) Chrome/78.0.3904.108 Safari/537.36"
104.197.234.136 - - [29/Mar/2026:17:23:29 +0000] "POST //xmlrpc.php HTTP/1.1" 200 408 "-" "Mozilla/5.0 (Windows NT 10.0; Win64; x64) AppleWebKit/537.36 (KHTML, like Gecko) Chrome/78.0.3904.108 Safari/537.36"
104.197.234.136 - - [29/Mar/2026:17:23:31 +0000] "POST //xmlrpc.php HTTP/1.1" 200 408 "-" "Mozilla/5.0 (Windows NT 10.0; Win64; x64) AppleWebKit/537.36 (KHTML, like Gecko) Chrome/78.0.3904.108 Safari/537.36"
104.197.234.136 - - [29/Mar/2026:17:23:33 +0000] "POST //xmlrpc.php HTTP/1.1" 200 408 "-" "Mozilla/5.0 (Windows NT 10.0; Win64; x64) AppleWebKit/537.36 (KHTML, like Gecko) Chrome/78.0.3904.108 Safari/537.36"
104.197.234.136 - - [29/Mar/2026:17:23:34 +0000] "POST //xmlrpc.php HTTP/1.1" 200 408 "-" "Mozilla/5.0 (Windows NT 10.0; Win64; x64) AppleWebKit/537.36 (KHTML, like Gecko) Chrome/78.0.3904.108 Safari/537.36"
104.197.234.136 - - [29/Mar/2026:17:23:36 +0000] "POST //xmlrpc.php HTTP/1.1" 200 408 "-" "Mozilla/5.0 (Windows NT 10.0; Win64; x64) AppleWebKit/537.36 (KHTML, like Gecko) Chrome/78.0.3904.108 Safari/537.36"
104.197.234.136 - - [29/Mar/2026:17:23:38 +0000] "POST //xmlrpc.php HTTP/1.1" 200 408 "-" "Mozilla/5.0 (Windows NT 10.0; Win64; x64) AppleWebKit/537.36 (KHTML, like Gecko) Chrome/78.0.3904.108 Safari/537.36"
104.197.234.136 - - [29/Mar/2026:17:23:39 +0000] "POST //xmlrpc.php HTTP/1.1" 200 408 "-" "Mozilla/5.0 (Windows NT 10.0; Win64; x64) AppleWebKit/537.36 (KHTML, like Gecko) Chrome/78.0.3904.108 Safari/537.36"
104.197.234.136 - - [29/Mar/2026:17:23:41 +0000] "POST //xmlrpc.php HTTP/1.1" 200 408 "-" "Mozilla/5.0 (Windows NT 10.0; Win64; x64) AppleWebKit/537.36 (KHTML, like Gecko) Chrome/78.0.3904.108 Safari/537.36"
104.197.234.136 - - [29/Mar/2026:17:23:43 +0000] "POST //xmlrpc.php HTTP/1.1" 200 408 "-" "Mozilla/5.0 (Windows NT 10.0; Win64; x64) AppleWebKit/537.36 (KHTML, like Gecko) Chrome/78.0.3904.108 Safari/537.36"
104.197.234.136 - - [29/Mar/2026:17:23:44 +0000] "POST //xmlrpc.php HTTP/1.1" 200 408 "-" "Mozilla/5.0 (Windows NT 10.0; Win64; x64) AppleWebKit/537.36 (KHTML, like Gecko) Chrome/78.0.3904.108 Safari/537.36"
104.197.234.136 - - [29/Mar/2026:17:23:46 +0000] "POST //xmlrpc.php HTTP/1.1" 200 408 "-" "Mozilla/5.0 (Windows NT 10.0; Win64; x64) AppleWebKit/537.36 (KHTML, like Gecko) Chrome/78.0.3904.108 Safari/537.36"
104.197.234.136 - - [29/Mar/2026:17:23:48 +0000] "POST //xmlrpc.php HTTP/1.1" 200 408 "-" "Mozilla/5.0 (Windows NT 10.0; Win64; x64) AppleWebKit/537.36 (KHTML, like Gecko) Chrome/78.0.3904.108 Safari/537.36"
104.197.234.136 - - [29/Mar/2026:17:23:49 +0000] "POST //xmlrpc.php HTTP/1.1" 200 408 "-" "Mozilla/5.0 (Windows NT 10.0; Win64; x64) AppleWebKit/537.36 (KHTML, like Gecko) Chrome/78.0.3904.108 Safari/537.36"
104.197.234.136 - - [29/Mar/2026:17:23:51 +0000] "POST //xmlrpc.php HTTP/1.1" 200 408 "-" "Mozilla/5.0 (Windows NT 10.0; Win64; x64) AppleWebKit/537.36 (KHTML, like Gecko) Chrome/78.0.3904.108 Safari/537.36"
40.77.167.55 - - [29/Mar/2026:17:23:52 +0000] "GET /shop/retrenchment/pillaged00520002092.shtml HTTP/1.1" 200 231044 "-" "Mozilla/5.0 AppleWebKit/537.36 (KHTML, like Gecko; compatible; bingbot/2.0; +http://www.bing.com/bingbot.htm) Chrome/116.0.1938.76 Safari/537.36"
104.197.234.136 - - [29/Mar/2026:17:23:53 +0000] "POST //xmlrpc.php HTTP/1.1" 200 408 "-" "Mozilla/5.0 (Windows NT 10.0; Win64; x64) AppleWebKit/537.36 (KHTML, like Gecko) Chrome/78.0.3904.108 Safari/537.36"
85.208.96.198 - - [29/Mar/2026:17:23:55 +0000] "GET /robots.txt HTTP/1.1" 200 74 "-" "Mozilla/5.0 (compatible; SemrushBot/7~bl; +http://www.semrush.com/bot.html)"
217.182.68.102 - - [29/Mar/2026:17:23:54 +0000] "POST /wp-cron.php?doing_wp_cron=1774805034.4863400459289550781250 HTTP/1.1" 200 - "-" "WordPress/6.9.4; https://www.sunra.be"
104.197.234.136 - - [29/Mar/2026:17:23:56 +0000] "POST //xmlrpc.php HTTP/1.1" 200 408 "-" "Mozilla/5.0 (Windows NT 10.0; Win64; x64) AppleWebKit/537.36 (KHTML, like Gecko) Chrome/78.0.3904.108 Safari/537.36"
85.208.96.199 - - [29/Mar/2026:17:23:55 +0000] "GET /comment-maximiser-votre-exprience-sur-stake-casino-en-france/ HTTP/1.1" 200 47266 "-" "Mozilla/5.0 (compatible; SemrushBot/7~bl; +http://www.semrush.com/bot.html)"
104.197.234.136 - - [29/Mar/2026:17:23:57 +0000] "POST //xmlrpc.php HTTP/1.1" 200 408 "-" "Mozilla/5.0 (Windows NT 10.0; Win64; x64) AppleWebKit/537.36 (KHTML, like Gecko) Chrome/78.0.3904.108 Safari/537.36"
