66.249.74.102 - - [29/Mar/2026:15:55:48 +0000] "GET /?u=41157144513003&channel=159477&from=shop.php?shop/boilers/formosissima031372038865.shtm HTTP/1.1" 200 225848 "-" "Mozilla/5.0 (Linux; Android 6.0.1; Nexus 5X Build/MMB29P) AppleWebKit/537.36 (KHTML, like Gecko) Chrome/146.0.7680.153 Mobile Safari/537.36 (compatible; Googlebot/2.1; +http://www.google.com/bot.html)"
114.119.129.167 - - [29/Mar/2026:15:55:55 +0000] "GET /shop/jalapin/seslerioides063031798028.shtm HTTP/1.1" 301 - "https://sunra.be/?sitemap297.xml" "Mozilla/5.0 (Linux; Android 7.0;) AppleWebKit/537.36 (KHTML, like Gecko) Mobile Safari/537.36 (compatible; PetalBot;+https://webmaster.petalsearch.com/site/petalbot)"
217.182.68.102 - - [29/Mar/2026:15:55:56 +0000] "POST /wp-cron.php?doing_wp_cron=1774799756.8975689411163330078125 HTTP/1.1" 200 - "-" "WordPress/6.9.4; https://www.sunra.be"
114.119.129.167 - - [29/Mar/2026:15:56:00 +0000] "GET /shop/jalapin/seslerioides063031798028.shtm HTTP/1.1" 404 37560 "https://sunra.be/?sitemap297.xml" "Mozilla/5.0 (Linux; Android 7.0;) AppleWebKit/537.36 (KHTML, like Gecko) Mobile Safari/537.36 (compatible; PetalBot;+https://webmaster.petalsearch.com/site/petalbot)"
216.73.216.217 - - [29/Mar/2026:15:56:05 +0000] "GET /shop/preferred/watchfulness051164702310.shtm HTTP/1.1" 301 - "-" "Mozilla/5.0 AppleWebKit/537.36 (KHTML, like Gecko; compatible; ClaudeBot/1.0; +claudebot@anthropic.com)"
5.39.1.234 - - [29/Mar/2026:15:56:06 +0000] "GET /?u=70740189652102&channel=53981e&from=news.php%3Fid%3D1896521-8370%26name%3D%E3%80%90%E7%BE%8E%E5%93%81%E3%80%91%E3%83%90%E3%82%A4%E3%82%AA%E3%83%97%E3%83%AD%E3%82%B0%E3%83%A9%E3%83%9F%E3%83%B3%E3%82%B0%20%E3%83%98%E3%82%A2%E3%83%93%E3%83%A5%E3%83%BC%E3%83%AD%E3%83%B34Dplus%20%E3%82%B9%E3%83%88%E3%83%AC%E3%83%BC%E3%83%88%E3%82%A2%E3%82%A4%E3%83%AD%E3%83%B3 HTTP/1.1" 200 136542 "-" "Mozilla/5.0 (compatible; AhrefsBot/7.0; +http://ahrefs.com/robot/)"
216.73.216.217 - - [29/Mar/2026:15:56:09 +0000] "GET /shop/preferred/watchfulness051164702310.shtm HTTP/1.1" 404 38905 "https://sunra.be/shop/preferred/watchfulness051164702310.shtm" "Mozilla/5.0 AppleWebKit/537.36 (KHTML, like Gecko; compatible; ClaudeBot/1.0; +claudebot@anthropic.com)"
182.69.176.197 - - [29/Mar/2026:15:56:12 +0000] "GET /shopdetail/communication/147041460 HTTP/1.1" 301 - "-" "Mozilla/5.0 (Macintosh; Intel Mac OS X 11.5; rv:136.0) Gecko/20100101 Firefox/136.0"
216.73.216.217 - - [29/Mar/2026:15:56:13 +0000] "GET /shop/hydrofluate/stupifacient05570937961.shtm HTTP/1.1" 301 - "-" "Mozilla/5.0 AppleWebKit/537.36 (KHTML, like Gecko; compatible; ClaudeBot/1.0; +claudebot@anthropic.com)"
216.73.216.217 - - [29/Mar/2026:15:56:14 +0000] "GET /shop/hydrofluate/stupifacient05570937961.shtm HTTP/1.1" 404 38907 "https://sunra.be/shop/hydrofluate/stupifacient05570937961.shtm" "Mozilla/5.0 AppleWebKit/537.36 (KHTML, like Gecko; compatible; ClaudeBot/1.0; +claudebot@anthropic.com)"
37.111.155.14 - - [29/Mar/2026:15:56:19 +0000] "GET /shopdetail/communication/147041460 HTTP/1.1" 404 38887 "-" "Mozilla/5.0 (Macintosh; Intel Mac OS X 11.5; rv:136.0) Gecko/20100101 Firefox/136.0"
216.73.216.217 - - [29/Mar/2026:15:56:21 +0000] "GET /shop/distressed/netveined05996078448.shtm HTTP/1.1" 301 - "-" "Mozilla/5.0 AppleWebKit/537.36 (KHTML, like Gecko; compatible; ClaudeBot/1.0; +claudebot@anthropic.com)"
216.73.216.217 - - [29/Mar/2026:15:56:22 +0000] "GET /shop/distressed/netveined05996078448.shtm HTTP/1.1" 404 38899 "https://sunra.be/shop/distressed/netveined05996078448.shtm" "Mozilla/5.0 AppleWebKit/537.36 (KHTML, like Gecko; compatible; ClaudeBot/1.0; +claudebot@anthropic.com)"
216.73.216.217 - - [29/Mar/2026:15:56:29 +0000] "GET /shop/exhibitory/crock052986593926.shtm HTTP/1.1" 301 - "-" "Mozilla/5.0 AppleWebKit/537.36 (KHTML, like Gecko; compatible; ClaudeBot/1.0; +claudebot@anthropic.com)"
216.73.216.217 - - [29/Mar/2026:15:56:30 +0000] "GET /shop/exhibitory/crock052986593926.shtm HTTP/1.1" 404 38893 "https://sunra.be/shop/exhibitory/crock052986593926.shtm" "Mozilla/5.0 AppleWebKit/537.36 (KHTML, like Gecko; compatible; ClaudeBot/1.0; +claudebot@anthropic.com)"
216.73.216.217 - - [29/Mar/2026:15:56:35 +0000] "GET /shop/tylosis/copacetic053589292443.shtm HTTP/1.1" 301 - "-" "Mozilla/5.0 AppleWebKit/537.36 (KHTML, like Gecko; compatible; ClaudeBot/1.0; +claudebot@anthropic.com)"
113.170.207.67 - - [29/Mar/2026:15:56:36 +0000] "GET /shopdetail/growing/050002989 HTTP/1.1" 404 38875 "-" "Mozilla/5.0 (Windows NT 10.0; Win64; x64) AppleWebKit/537.36 (KHTML, like Gecko) Chrome/128.0.6613.137 Safari/537.36"
216.73.216.217 - - [29/Mar/2026:15:56:37 +0000] "GET /shop/tylosis/copacetic053589292443.shtm HTTP/1.1" 404 38895 "https://sunra.be/shop/tylosis/copacetic053589292443.shtm" "Mozilla/5.0 AppleWebKit/537.36 (KHTML, like Gecko; compatible; ClaudeBot/1.0; +claudebot@anthropic.com)"
216.73.216.217 - - [29/Mar/2026:15:56:41 +0000] "GET /shop/deepen/transportment052284106334.shtm HTTP/1.1" 301 - "-" "Mozilla/5.0 AppleWebKit/537.36 (KHTML, like Gecko; compatible; ClaudeBot/1.0; +claudebot@anthropic.com)"
216.73.216.217 - - [29/Mar/2026:15:56:42 +0000] "GET /shop/deepen/transportment052284106334.shtm HTTP/1.1" 404 38901 "https://sunra.be/shop/deepen/transportment052284106334.shtm" "Mozilla/5.0 AppleWebKit/537.36 (KHTML, like Gecko; compatible; ClaudeBot/1.0; +claudebot@anthropic.com)"
216.73.216.217 - - [29/Mar/2026:15:56:52 +0000] "GET /shop/abseybook/thiamin061601215797.shtm HTTP/1.1" 301 - "-" "Mozilla/5.0 AppleWebKit/537.36 (KHTML, like Gecko; compatible; ClaudeBot/1.0; +claudebot@anthropic.com)"
217.182.68.102 - - [29/Mar/2026:15:56:53 +0000] "POST /wp-cron.php?doing_wp_cron=1774799813.8622469902038574218750 HTTP/1.1" 200 - "-" "WordPress/6.9.4; https://www.sunra.be"
216.73.216.217 - - [29/Mar/2026:15:56:55 +0000] "GET /shop/abseybook/thiamin061601215797.shtm HTTP/1.1" 404 38895 "https://sunra.be/shop/abseybook/thiamin061601215797.shtm" "Mozilla/5.0 AppleWebKit/537.36 (KHTML, like Gecko; compatible; ClaudeBot/1.0; +claudebot@anthropic.com)"
14.167.124.213 - - [29/Mar/2026:15:56:56 +0000] "GET /shopdetail/communication/291039108 HTTP/1.1" 301 - "-" "Mozilla/5.0 (Macintosh; Intel Mac OS X 12_6_0) AppleWebKit/537.36 (KHTML, like Gecko) Chrome/132.0.6834.83 Safari/537.36"
216.73.216.217 - - [29/Mar/2026:15:57:00 +0000] "GET /shop/micrometric/cicatricle063093135782.shtm HTTP/1.1" 301 - "-" "Mozilla/5.0 AppleWebKit/537.36 (KHTML, like Gecko; compatible; ClaudeBot/1.0; +claudebot@anthropic.com)"
14.180.4.6 - - [29/Mar/2026:15:57:00 +0000] "GET /shopdetail/communication/291039108 HTTP/1.1" 404 38887 "-" "Mozilla/5.0 (Macintosh; Intel Mac OS X 12_6_0) AppleWebKit/537.36 (KHTML, like Gecko) Chrome/132.0.6834.83 Safari/537.36"
216.73.216.217 - - [29/Mar/2026:15:57:02 +0000] "GET /shop/micrometric/cicatricle063093135782.shtm HTTP/1.1" 404 38905 "https://sunra.be/shop/micrometric/cicatricle063093135782.shtm" "Mozilla/5.0 AppleWebKit/537.36 (KHTML, like Gecko; compatible; ClaudeBot/1.0; +claudebot@anthropic.com)"
216.73.216.217 - - [29/Mar/2026:15:57:12 +0000] "GET /shop/sparker/gentianic053360222448.shtm HTTP/1.1" 301 - "-" "Mozilla/5.0 AppleWebKit/537.36 (KHTML, like Gecko; compatible; ClaudeBot/1.0; +claudebot@anthropic.com)"
216.73.216.217 - - [29/Mar/2026:15:57:15 +0000] "GET /shop/sparker/gentianic053360222448.shtm HTTP/1.1" 404 38895 "https://sunra.be/shop/sparker/gentianic053360222448.shtm" "Mozilla/5.0 AppleWebKit/537.36 (KHTML, like Gecko; compatible; ClaudeBot/1.0; +claudebot@anthropic.com)"
216.73.216.217 - - [29/Mar/2026:15:57:20 +0000] "GET /shop/mesocephalous/sceptral05146148304.shtm HTTP/1.1" 301 - "-" "Mozilla/5.0 AppleWebKit/537.36 (KHTML, like Gecko; compatible; ClaudeBot/1.0; +claudebot@anthropic.com)"
216.73.216.217 - - [29/Mar/2026:15:57:22 +0000] "GET /shop/mesocephalous/sceptral05146148304.shtm HTTP/1.1" 404 38903 "https://sunra.be/shop/mesocephalous/sceptral05146148304.shtm" "Mozilla/5.0 AppleWebKit/537.36 (KHTML, like Gecko; compatible; ClaudeBot/1.0; +claudebot@anthropic.com)"
216.73.216.217 - - [29/Mar/2026:15:57:29 +0000] "GET /shop/incomprehensiveness/theobroma053488522047.shtm HTTP/1.1" 301 - "-" "Mozilla/5.0 AppleWebKit/537.36 (KHTML, like Gecko; compatible; ClaudeBot/1.0; +claudebot@anthropic.com)"
202.76.172.159 - - [29/Mar/2026:15:57:29 +0000] "GET /shopdetail/heal/285038200 HTTP/1.1" 404 38869 "-" "Mozilla/5.0 (Macintosh; Intel Mac OS X 13_5_1) AppleWebKit/537.36 (KHTML, like Gecko) Chrome/125.0.6422.60 Safari/537.36"
216.73.216.217 - - [29/Mar/2026:15:57:31 +0000] "GET /shop/incomprehensiveness/theobroma053488522047.shtm HTTP/1.1" 404 38919 "https://sunra.be/shop/incomprehensiveness/theobroma053488522047.shtm" "Mozilla/5.0 AppleWebKit/537.36 (KHTML, like Gecko; compatible; ClaudeBot/1.0; +claudebot@anthropic.com)"
216.73.216.217 - - [29/Mar/2026:15:57:36 +0000] "GET /shop/irremediableness/onomantic053668351111.shtm HTTP/1.1" 301 - "-" "Mozilla/5.0 AppleWebKit/537.36 (KHTML, like Gecko; compatible; ClaudeBot/1.0; +claudebot@anthropic.com)"
216.73.216.217 - - [29/Mar/2026:15:57:38 +0000] "GET /shop/irremediableness/onomantic053668351111.shtm HTTP/1.1" 404 38913 "https://sunra.be/shop/irremediableness/onomantic053668351111.shtm" "Mozilla/5.0 AppleWebKit/537.36 (KHTML, like Gecko; compatible; ClaudeBot/1.0; +claudebot@anthropic.com)"
14.172.178.180 - - [29/Mar/2026:15:57:43 +0000] "GET /shopdetail/consistent/113037578 HTTP/1.1" 301 - "-" "Mozilla/5.0 (Macintosh; Intel Mac OS X 14.1; rv:127.0) Gecko/20100101 Firefox/127.0"
216.73.216.217 - - [29/Mar/2026:15:57:44 +0000] "GET /shop/axolotl/manslaughter052069419199.shtm HTTP/1.1" 301 - "-" "Mozilla/5.0 AppleWebKit/537.36 (KHTML, like Gecko; compatible; ClaudeBot/1.0; +claudebot@anthropic.com)"
114.119.155.22 - - [29/Mar/2026:15:57:45 +0000] "GET /shop/jahweh/alish063456867037.shtm HTTP/1.1" 301 - "https://sunra.be/?sitemap297.xml" "Mozilla/5.0 (Linux; Android 7.0;) AppleWebKit/537.36 (KHTML, like Gecko) Mobile Safari/537.36 (compatible; PetalBot;+https://webmaster.petalsearch.com/site/petalbot)"
216.73.216.217 - - [29/Mar/2026:15:57:46 +0000] "GET /shop/axolotl/manslaughter052069419199.shtm HTTP/1.1" 404 38901 "https://sunra.be/shop/axolotl/manslaughter052069419199.shtm" "Mozilla/5.0 AppleWebKit/537.36 (KHTML, like Gecko; compatible; ClaudeBot/1.0; +claudebot@anthropic.com)"
88.242.137.117 - - [29/Mar/2026:15:57:46 +0000] "GET /shopdetail/consistent/113037578 HTTP/1.1" 404 38881 "-" "Mozilla/5.0 (Macintosh; Intel Mac OS X 14.1; rv:127.0) Gecko/20100101 Firefox/127.0"
216.73.216.217 - - [29/Mar/2026:15:57:52 +0000] "GET /shop/detonation/lobelin063415874755.shtm HTTP/1.1" 301 - "-" "Mozilla/5.0 AppleWebKit/537.36 (KHTML, like Gecko; compatible; ClaudeBot/1.0; +claudebot@anthropic.com)"
217.182.68.102 - - [29/Mar/2026:15:57:53 +0000] "POST /wp-cron.php?doing_wp_cron=1774799873.9367570877075195312500 HTTP/1.1" 200 - "-" "WordPress/6.9.4; https://www.sunra.be"
114.119.155.22 - - [29/Mar/2026:15:57:54 +0000] "GET /shop/jahweh/alish063456867037.shtm HTTP/1.1" 404 37544 "https://sunra.be/?sitemap297.xml" "Mozilla/5.0 (Linux; Android 7.0;) AppleWebKit/537.36 (KHTML, like Gecko) Mobile Safari/537.36 (compatible; PetalBot;+https://webmaster.petalsearch.com/site/petalbot)"
216.73.216.217 - - [29/Mar/2026:15:57:55 +0000] "GET /shop/detonation/lobelin063415874755.shtm HTTP/1.1" 404 38897 "https://sunra.be/shop/detonation/lobelin063415874755.shtm" "Mozilla/5.0 AppleWebKit/537.36 (KHTML, like Gecko; compatible; ClaudeBot/1.0; +claudebot@anthropic.com)"
216.73.216.217 - - [29/Mar/2026:15:58:01 +0000] "GET /shop/outwhore/clambake053906888913.shtm HTTP/1.1" 301 - "-" "Mozilla/5.0 AppleWebKit/537.36 (KHTML, like Gecko; compatible; ClaudeBot/1.0; +claudebot@anthropic.com)"
216.73.216.217 - - [29/Mar/2026:15:58:03 +0000] "GET /shop/outwhore/clambake053906888913.shtm HTTP/1.1" 404 38895 "https://sunra.be/shop/outwhore/clambake053906888913.shtm" "Mozilla/5.0 AppleWebKit/537.36 (KHTML, like Gecko; compatible; ClaudeBot/1.0; +claudebot@anthropic.com)"
66.249.73.12 - - [29/Mar/2026:15:58:08 +0000] "GET /?u=7837252630800 HTTP/1.1" 200 215954 "-" "Mozilla/5.0 (Linux; Android 6.0.1; Nexus 5X Build/MMB29P) AppleWebKit/537.36 (KHTML, like Gecko) Chrome/146.0.7680.153 Mobile Safari/537.36 (compatible; Googlebot/2.1; +http://www.google.com/bot.html)"
216.73.216.217 - - [29/Mar/2026:15:58:11 +0000] "GET /shop/chimpanzee/ponderingly05465302198.shtm HTTP/1.1" 301 - "-" "Mozilla/5.0 AppleWebKit/537.36 (KHTML, like Gecko; compatible; ClaudeBot/1.0; +claudebot@anthropic.com)"
216.73.216.217 - - [29/Mar/2026:15:58:13 +0000] "GET /shop/chimpanzee/ponderingly05465302198.shtm HTTP/1.1" 404 38903 "https://sunra.be/shop/chimpanzee/ponderingly05465302198.shtm" "Mozilla/5.0 AppleWebKit/537.36 (KHTML, like Gecko; compatible; ClaudeBot/1.0; +claudebot@anthropic.com)"
216.73.216.217 - - [29/Mar/2026:15:58:16 +0000] "GET /shop/wagones/vaginismus05568246139.shtm HTTP/1.1" 301 - "-" "Mozilla/5.0 AppleWebKit/537.36 (KHTML, like Gecko; compatible; ClaudeBot/1.0; +claudebot@anthropic.com)"
216.73.216.217 - - [29/Mar/2026:15:58:18 +0000] "GET /shop/wagones/vaginismus05568246139.shtm HTTP/1.1" 404 38895 "https://sunra.be/shop/wagones/vaginismus05568246139.shtm" "Mozilla/5.0 AppleWebKit/537.36 (KHTML, like Gecko; compatible; ClaudeBot/1.0; +claudebot@anthropic.com)"
51.68.247.220 - - [29/Mar/2026:15:58:20 +0000] "GET /wp-content/themes/sunra/style.css?t=1774799768&ver=6.9.4 HTTP/1.1" 200 24715 "-" "Mozilla/5.0 (compatible; AhrefsBot/7.0; +http://ahrefs.com/robot/)"
92.222.104.209 - - [29/Mar/2026:15:58:21 +0000] "GET /?u=70740189652102&channel=53981e&from=news.php%3Fid%3D1896521-8370%26name%3D%E3%80%90%E7%BE%8E%E5%93%81%E3%80%91%E3%83%90%E3%82%A4%E3%82%AA%E3%83%97%E3%83%AD%E3%82%B0%E3%83%A9%E3%83%9F%E3%83%B3%E3%82%B0%20%E3%83%98%E3%82%A2%E3%83%93%E3%83%A5%E3%83%BC%E3%83%AD%E3%83%B34Dplus%20%E3%82%B9%E3%83%88%E3%83%AC%E3%83%BC%E3%83%88%E3%82%A2%E3%82%A4%E3%83%AD%E3%83%B3 HTTP/1.1" 200 136533 "-" "Mozilla/5.0 (compatible; AhrefsBot/7.0; +http://ahrefs.com/robot/)"
140.235.83.60 - - [29/Mar/2026:15:58:23 +0000] "GET /shopdetail/indigenous/232017119 HTTP/1.1" 404 38881 "-" "Mozilla/5.0 (Macintosh; Intel Mac OS X 10_15_7) AppleWebKit/537.36 (KHTML, like Gecko) Chrome/126.0.6478.55 Safari/537.36"
216.73.216.217 - - [29/Mar/2026:15:58:26 +0000] "GET /shop/ciliata/deuto051305608839.shtm HTTP/1.1" 301 - "-" "Mozilla/5.0 AppleWebKit/537.36 (KHTML, like Gecko; compatible; ClaudeBot/1.0; +claudebot@anthropic.com)"
216.73.216.217 - - [29/Mar/2026:15:58:28 +0000] "GET /shop/ciliata/deuto051305608839.shtm HTTP/1.1" 404 38887 "https://sunra.be/shop/ciliata/deuto051305608839.shtm" "Mozilla/5.0 AppleWebKit/537.36 (KHTML, like Gecko; compatible; ClaudeBot/1.0; +claudebot@anthropic.com)"
204.157.168.234 - - [29/Mar/2026:15:58:28 +0000] "GET /shopdetail/cruel/128023815 HTTP/1.1" 301 - "-" "Mozilla/4.0 (compatible; MSIE 5.01; Windows NT 5.0; YComp 5.0.0.0; Hotbar 4.1.8.0)"
102.38.2.105 - - [29/Mar/2026:15:58:31 +0000] "GET /shopdetail/cruel/128023815 HTTP/1.1" 404 38871 "-" "Mozilla/4.0 (compatible; MSIE 5.01; Windows NT 5.0; YComp 5.0.0.0; Hotbar 4.1.8.0)"
216.73.216.217 - - [29/Mar/2026:15:58:36 +0000] "GET /shop/lechanorales/cannibal053508748878.shtm HTTP/1.1" 301 - "-" "Mozilla/5.0 AppleWebKit/537.36 (KHTML, like Gecko; compatible; ClaudeBot/1.0; +claudebot@anthropic.com)"
216.73.216.217 - - [29/Mar/2026:15:58:38 +0000] "GET /shop/lechanorales/cannibal053508748878.shtm HTTP/1.1" 404 38903 "https://sunra.be/shop/lechanorales/cannibal053508748878.shtm" "Mozilla/5.0 AppleWebKit/537.36 (KHTML, like Gecko; compatible; ClaudeBot/1.0; +claudebot@anthropic.com)"
216.73.216.217 - - [29/Mar/2026:15:58:46 +0000] "GET /shop/scorodoprasum/traipse05964793491.shtm HTTP/1.1" 301 - "-" "Mozilla/5.0 AppleWebKit/537.36 (KHTML, like Gecko; compatible; ClaudeBot/1.0; +claudebot@anthropic.com)"
52.167.144.184 - - [29/Mar/2026:15:58:48 +0000] "GET /shop/shallowbodied/gompholobium053351213989.shtml HTTP/1.1" 200 218608 "-" "Mozilla/5.0 AppleWebKit/537.36 (KHTML, like Gecko; compatible; bingbot/2.0; +http://www.bing.com/bingbot.htm) Chrome/116.0.1938.76 Safari/537.36"
216.73.216.217 - - [29/Mar/2026:15:58:48 +0000] "GET /shop/scorodoprasum/traipse05964793491.shtm HTTP/1.1" 404 38901 "https://sunra.be/shop/scorodoprasum/traipse05964793491.shtm" "Mozilla/5.0 AppleWebKit/537.36 (KHTML, like Gecko; compatible; ClaudeBot/1.0; +claudebot@anthropic.com)"
216.73.216.217 - - [29/Mar/2026:15:58:57 +0000] "GET /shop/masqueraded/testiculate053061172119.shtm HTTP/1.1" 301 - "-" "Mozilla/5.0 AppleWebKit/537.36 (KHTML, like Gecko; compatible; ClaudeBot/1.0; +claudebot@anthropic.com)"
217.182.68.102 - - [29/Mar/2026:15:58:58 +0000] "POST /wp-cron.php?doing_wp_cron=1774799938.7895479202270507812500 HTTP/1.1" 200 - "-" "WordPress/6.9.4; https://www.sunra.be"
114.119.131.232 - - [29/Mar/2026:15:58:59 +0000] "GET /shop/jagger/individual064076820976.shtm HTTP/1.1" 301 - "https://sunra.be/?sitemap297.xml" "Mozilla/5.0 (Linux; Android 7.0;) AppleWebKit/537.36 (KHTML, like Gecko) Mobile Safari/537.36 (compatible; PetalBot;+https://webmaster.petalsearch.com/site/petalbot)"
216.73.216.217 - - [29/Mar/2026:15:59:00 +0000] "GET /shop/masqueraded/testiculate053061172119.shtm HTTP/1.1" 404 38907 "https://sunra.be/shop/masqueraded/testiculate053061172119.shtm" "Mozilla/5.0 AppleWebKit/537.36 (KHTML, like Gecko; compatible; ClaudeBot/1.0; +claudebot@anthropic.com)"
114.119.131.232 - - [29/Mar/2026:15:59:02 +0000] "GET /shop/jagger/individual064076820976.shtm HTTP/1.1" 404 37554 "https://sunra.be/?sitemap297.xml" "Mozilla/5.0 (Linux; Android 7.0;) AppleWebKit/537.36 (KHTML, like Gecko) Mobile Safari/537.36 (compatible; PetalBot;+https://webmaster.petalsearch.com/site/petalbot)"
216.73.216.217 - - [29/Mar/2026:15:59:08 +0000] "GET /shop/awoken/bisontine06168863486.shtm HTTP/1.1" 301 - "-" "Mozilla/5.0 AppleWebKit/537.36 (KHTML, like Gecko; compatible; ClaudeBot/1.0; +claudebot@anthropic.com)"
216.73.216.217 - - [29/Mar/2026:15:59:10 +0000] "GET /shop/awoken/bisontine06168863486.shtm HTTP/1.1" 404 38891 "https://sunra.be/shop/awoken/bisontine06168863486.shtm" "Mozilla/5.0 AppleWebKit/537.36 (KHTML, like Gecko; compatible; ClaudeBot/1.0; +claudebot@anthropic.com)"
14.239.39.126 - - [29/Mar/2026:15:59:15 +0000] "GET /shopdetail/cruel/133018774 HTTP/1.1" 301 - "-" "Mozilla/5.0 (Macintosh; Intel Mac OS X 14.5; rv:126.0) Gecko/20100101 Firefox/126.0"
146.174.186.104 - - [29/Mar/2026:15:59:16 +0000] "GET /shopdetail/international/222020303/ HTTP/1.1" 404 38887 "-" "Mozilla/5.0 (Macintosh; Intel Mac OS X 11_7_0) AppleWebKit/537.36 (KHTML, like Gecko) Chrome/131.0.6778.265 Safari/537.36"
14.180.153.65 - - [29/Mar/2026:15:59:19 +0000] "GET /shopdetail/cruel/133018774 HTTP/1.1" 404 38871 "-" "Mozilla/5.0 (Macintosh; Intel Mac OS X 14.5; rv:126.0) Gecko/20100101 Firefox/126.0"
216.73.216.217 - - [29/Mar/2026:15:59:20 +0000] "GET /shop/sweetwood/instructible0522058444.shtm HTTP/1.1" 301 - "-" "Mozilla/5.0 AppleWebKit/537.36 (KHTML, like Gecko; compatible; ClaudeBot/1.0; +claudebot@anthropic.com)"
216.73.216.217 - - [29/Mar/2026:15:59:22 +0000] "GET /shop/sweetwood/instructible0522058444.shtm HTTP/1.1" 404 38901 "https://sunra.be/shop/sweetwood/instructible0522058444.shtm" "Mozilla/5.0 AppleWebKit/537.36 (KHTML, like Gecko; compatible; ClaudeBot/1.0; +claudebot@anthropic.com)"
66.249.74.102 - - [29/Mar/2026:15:59:30 +0000] "GET /?w=80466114887 HTTP/1.1" 200 212039 "-" "Mozilla/5.0 (Linux; Android 6.0.1; Nexus 5X Build/MMB29P) AppleWebKit/537.36 (KHTML, like Gecko) Chrome/146.0.7680.153 Mobile Safari/537.36 (compatible; Googlebot/2.1; +http://www.google.com/bot.html)"
216.73.216.217 - - [29/Mar/2026:15:59:33 +0000] "GET /shop/enmure/repelling053986528289.shtm HTTP/1.1" 301 - "-" "Mozilla/5.0 AppleWebKit/537.36 (KHTML, like Gecko; compatible; ClaudeBot/1.0; +claudebot@anthropic.com)"
216.73.216.217 - - [29/Mar/2026:15:59:35 +0000] "GET /shop/enmure/repelling053986528289.shtm HTTP/1.1" 404 38893 "https://sunra.be/shop/enmure/repelling053986528289.shtm" "Mozilla/5.0 AppleWebKit/537.36 (KHTML, like Gecko; compatible; ClaudeBot/1.0; +claudebot@anthropic.com)"
216.73.216.217 - - [29/Mar/2026:15:59:47 +0000] "GET /shop/ingrave/upward053703010558.shtm HTTP/1.1" 301 - "-" "Mozilla/5.0 AppleWebKit/537.36 (KHTML, like Gecko; compatible; ClaudeBot/1.0; +claudebot@anthropic.com)"
216.73.216.217 - - [29/Mar/2026:15:59:49 +0000] "GET /shop/ingrave/upward053703010558.shtm HTTP/1.1" 404 38889 "https://sunra.be/shop/ingrave/upward053703010558.shtm" "Mozilla/5.0 AppleWebKit/537.36 (KHTML, like Gecko; compatible; ClaudeBot/1.0; +claudebot@anthropic.com)"
216.73.216.217 - - [29/Mar/2026:15:59:54 +0000] "GET /shop/alienee/keddah001741989573.shtm HTTP/1.1" 301 - "-" "Mozilla/5.0 AppleWebKit/537.36 (KHTML, like Gecko; compatible; ClaudeBot/1.0; +claudebot@anthropic.com)"
217.182.68.102 - - [29/Mar/2026:15:59:56 +0000] "POST /wp-cron.php?doing_wp_cron=1774799996.2128629684448242187500 HTTP/1.1" 200 - "-" "WordPress/6.9.4; https://www.sunra.be"
216.73.216.217 - - [29/Mar/2026:15:59:57 +0000] "GET /shop/alienee/keddah001741989573.shtm HTTP/1.1" 404 38889 "https://sunra.be/shop/alienee/keddah001741989573.shtm" "Mozilla/5.0 AppleWebKit/537.36 (KHTML, like Gecko; compatible; ClaudeBot/1.0; +claudebot@anthropic.com)"
114.119.155.22 - - [29/Mar/2026:15:59:58 +0000] "GET /shop/jackstone/coheirship06199562162.shtm HTTP/1.1" 301 - "https://sunra.be/?sitemap869.xml" "Mozilla/5.0 (Linux; Android 7.0;) AppleWebKit/537.36 (KHTML, like Gecko) Mobile Safari/537.36 (compatible; PetalBot;+https://webmaster.petalsearch.com/site/petalbot)"
154.125.194.67 - - [29/Mar/2026:16:00:00 +0000] "GET /shopdetail/cruel/247030090 HTTP/1.1" 301 - "-" "Mozilla/5.0 (Macintosh; Intel Mac OS X 14_7_0) AppleWebKit/537.36 (KHTML, like Gecko) Chrome/134.0.6998.45 Safari/537.36"
114.119.155.22 - - [29/Mar/2026:16:00:02 +0000] "GET /shop/jackstone/coheirship06199562162.shtm HTTP/1.1" 404 37558 "https://sunra.be/?sitemap869.xml" "Mozilla/5.0 (Linux; Android 7.0;) AppleWebKit/537.36 (KHTML, like Gecko) Mobile Safari/537.36 (compatible; PetalBot;+https://webmaster.petalsearch.com/site/petalbot)"
216.73.216.217 - - [29/Mar/2026:16:00:03 +0000] "GET /shop/aerialist/antcattle051014661316.shtm HTTP/1.1" 301 - "-" "Mozilla/5.0 AppleWebKit/537.36 (KHTML, like Gecko; compatible; ClaudeBot/1.0; +claudebot@anthropic.com)"
216.73.216.217 - - [29/Mar/2026:16:00:05 +0000] "GET /shop/aerialist/antcattle051014661316.shtm HTTP/1.1" 404 38899 "https://sunra.be/shop/aerialist/antcattle051014661316.shtm" "Mozilla/5.0 AppleWebKit/537.36 (KHTML, like Gecko; compatible; ClaudeBot/1.0; +claudebot@anthropic.com)"
197.185.180.95 - - [29/Mar/2026:16:00:05 +0000] "GET /shopdetail/cruel/247030090 HTTP/1.1" 404 38871 "-" "Mozilla/5.0 (Macintosh; Intel Mac OS X 14_7_0) AppleWebKit/537.36 (KHTML, like Gecko) Chrome/134.0.6998.45 Safari/537.36"
216.73.216.217 - - [29/Mar/2026:16:00:11 +0000] "GET /shop/greasiest/coquettishly052489503384.shtm HTTP/1.1" 301 - "-" "Mozilla/5.0 AppleWebKit/537.36 (KHTML, like Gecko; compatible; ClaudeBot/1.0; +claudebot@anthropic.com)"
216.73.216.217 - - [29/Mar/2026:16:00:13 +0000] "GET /shop/greasiest/coquettishly052489503384.shtm HTTP/1.1" 404 38905 "https://sunra.be/shop/greasiest/coquettishly052489503384.shtm" "Mozilla/5.0 AppleWebKit/537.36 (KHTML, like Gecko; compatible; ClaudeBot/1.0; +claudebot@anthropic.com)"
14.162.57.31 - - [29/Mar/2026:16:00:44 +0000] "GET /shopdetail/migration/233027460 HTTP/1.1" 301 - "-" "Mozilla/5.0 (Macintosh; Intel Mac OS X 12.5; rv:136.0) Gecko/20100101 Firefox/136.0"
14.191.153.29 - - [29/Mar/2026:16:00:47 +0000] "GET /shopdetail/migration/233027460 HTTP/1.1" 404 38879 "-" "Mozilla/5.0 (Macintosh; Intel Mac OS X 12.5; rv:136.0) Gecko/20100101 Firefox/136.0"
216.73.216.217 - - [29/Mar/2026:16:00:51 +0000] "GET /shop/cowardice/peise0575696762.shtm HTTP/1.1" 301 - "-" "Mozilla/5.0 AppleWebKit/537.36 (KHTML, like Gecko; compatible; ClaudeBot/1.0; +claudebot@anthropic.com)"
217.182.68.102 - - [29/Mar/2026:16:00:53 +0000] "POST /wp-cron.php?doing_wp_cron=1774800053.3516800403594970703125 HTTP/1.1" 200 - "-" "WordPress/6.9.4; https://www.sunra.be"
216.73.216.217 - - [29/Mar/2026:16:00:54 +0000] "GET /shop/cowardice/peise0575696762.shtm HTTP/1.1" 404 38887 "https://sunra.be/shop/cowardice/peise0575696762.shtm" "Mozilla/5.0 AppleWebKit/537.36 (KHTML, like Gecko; compatible; ClaudeBot/1.0; +claudebot@anthropic.com)"
146.174.167.65 - - [29/Mar/2026:16:00:57 +0000] "GET /shopdetail/mix/067035806 HTTP/1.1" 404 38867 "-" "Mozilla/5.0 (Macintosh; Intel Mac OS X 12.3; rv:125.0) Gecko/20100101 Firefox/125.0"
47.82.11.126 - - [29/Mar/2026:16:01:01 +0000] "GET /?u=11142180717200&channel=17e1eb&from=jp.php?id%3D1807172-8591%26name%3D%E2%96%A0iPhone6Splus+64GB+au+%E3%83%AD%E3%83%BC%E3%82%BA%E3%82%B4%E3%83%BC%E3%83%AB%E3%83%89+%E5%88%A4%E5%AE%9A%E2%97%AF+%E6%AE%8B%E5%82%B5%E3%81%AA%E3%81%97%E2%96%A0 HTTP/1.1" 301 - "https://sunra.be/" "Mozilla/5.0 (Windows NT 10.0; Win64; x64) AppleWebKit/537.36 (KHTML, like Gecko) Chrome/135.0.0.0 Safari/537.36"
42.200.231.39 - - [29/Mar/2026:16:01:03 +0000] "GET /robots.txt HTTP/1.1" 200 74 "-" "Mozilla/5.0 (compatible; MJ12bot/v1.4.8; http://mj12bot.com/)"
47.82.11.126 - - [29/Mar/2026:16:01:03 +0000] "GET /?u=11142180717200&channel=17e1eb&from=jp.php?id%3D1807172-8591%26name%3D%E2%96%A0iPhone6Splus%2064GB%20au%20%E3%83%AD%E3%83%BC%E3%82%BA%E3%82%B4%E3%83%BC%E3%83%AB%E3%83%89%20%E5%88%A4%E5%AE%9A%E2%97%AF%20%E6%AE%8B%E5%82%B5%E3%81%AA%E3%81%97%E2%96%A0 HTTP/1.1" 301 - "https://sunra.be/" "Mozilla/5.0 (Windows NT 10.0; Win64; x64) AppleWebKit/537.36 (KHTML, like Gecko) Chrome/135.0.0.0 Safari/537.36"
42.200.231.39 - - [29/Mar/2026:16:01:07 +0000] "GET /cazinou-mobil-ignition-ro-claim-free-spins/ HTTP/1.1" 200 53247 "-" "Mozilla/5.0 (compatible; MJ12bot/v1.4.8; http://mj12bot.com/)"
216.73.216.217 - - [29/Mar/2026:16:01:10 +0000] "GET /shop/napha/myxobacter052627993854.shtm HTTP/1.1" 301 - "-" "Mozilla/5.0 AppleWebKit/537.36 (KHTML, like Gecko; compatible; ClaudeBot/1.0; +claudebot@anthropic.com)"
47.82.10.72 - - [29/Mar/2026:16:01:12 +0000] "GET /?u=902494414600&channel=844f7c&from=product.php?id%3D44146-3257%26name%3DGoPro+HERO+CHDHB-501-RW+%E3%82%A2%E3%82%AF%E3%82%B7%E3%83%A7%E3%83%B3%E3%82%AB%E3%83%A1%E3%83%A9%E3%80%80%E4%BB%98%E5%B1%9E%E5%93%81%E8%89%B2%E3%80%85%E4%BB%98%E3%81%8D HTTP/1.1" 301 - "https://sunra.be/" "Mozilla/5.0 (X11; Linux x86_64; rv:125.0) Gecko/20100101 Firefox/125.0"
216.73.216.217 - - [29/Mar/2026:16:01:12 +0000] "GET /shop/napha/myxobacter052627993854.shtm HTTP/1.1" 404 38893 "https://sunra.be/shop/napha/myxobacter052627993854.shtm" "Mozilla/5.0 AppleWebKit/537.36 (KHTML, like Gecko; compatible; ClaudeBot/1.0; +claudebot@anthropic.com)"
42.200.231.39 - - [29/Mar/2026:16:01:13 +0000] "GET /cazinou-mobil-ignition-ro-claim-free-spins/feed/ HTTP/1.1" 200 892 "-" "Mozilla/5.0 (compatible; MJ12bot/v1.4.8; http://mj12bot.com/)"
47.82.10.72 - - [29/Mar/2026:16:01:15 +0000] "GET /?u=902494414600&channel=844f7c&from=product.php?id%3D44146-3257%26name%3DGoPro%20HERO%20CHDHB-501-RW%20%E3%82%A2%E3%82%AF%E3%82%B7%E3%83%A7%E3%83%B3%E3%82%AB%E3%83%A1%E3%83%A9%E3%80%80%E4%BB%98%E5%B1%9E%E5%93%81%E8%89%B2%E3%80%85%E4%BB%98%E3%81%8D HTTP/1.1" 301 - "https://sunra.be/" "Mozilla/5.0 (X11; Linux x86_64; rv:125.0) Gecko/20100101 Firefox/125.0"
47.82.11.120 - - [29/Mar/2026:16:01:15 +0000] "GET /?u=30250174791603&channel=77ae17&from=shared.php?id%3D1747916-636%26name%3D%E3%83%9E%E3%83%83%E3%82%AD%E3%83%B3%E3%83%88%E3%83%83%E3%82%B7%E3%83%A5%E3%83%AD%E3%83%B3%E3%83%89%E3%83%B3+%E3%82%AD%E3%83%BC%E3%82%B9%E3%83%AA%E3%83%BC+38 HTTP/1.1" 301 - "https://sunra.be/" "Mozilla/5.0 (Windows NT 10.0; Win64; x64) AppleWebKit/537.36 (KHTML, like Gecko) Chrome/135.0.0.0 Safari/537.36"
47.82.11.120 - - [29/Mar/2026:16:01:17 +0000] "GET /?u=30250174791603&channel=77ae17&from=shared.php?id%3D1747916-636%26name%3D%E3%83%9E%E3%83%83%E3%82%AD%E3%83%B3%E3%83%88%E3%83%83%E3%82%B7%E3%83%A5%E3%83%AD%E3%83%B3%E3%83%89%E3%83%B3%20%E3%82%AD%E3%83%BC%E3%82%B9%E3%83%AA%E3%83%BC%2038 HTTP/1.1" 301 - "https://sunra.be/" "Mozilla/5.0 (Windows NT 10.0; Win64; x64) AppleWebKit/537.36 (KHTML, like Gecko) Chrome/135.0.0.0 Safari/537.36"
42.200.231.39 - - [29/Mar/2026:16:01:19 +0000] "GET /en/cazinou-mobil-ignition-ro-claim-free-spins/ HTTP/1.1" 301 - "-" "Mozilla/5.0 (compatible; MJ12bot/v1.4.8; http://mj12bot.com/)"
216.73.216.217 - - [29/Mar/2026:16:01:25 +0000] "GET /shop/gombo/incrustation022401028853.shtm HTTP/1.1" 301 - "-" "Mozilla/5.0 AppleWebKit/537.36 (KHTML, like Gecko; compatible; ClaudeBot/1.0; +claudebot@anthropic.com)"
216.75.132.52 - - [29/Mar/2026:16:01:25 +0000] "GET /wp-json/oembed/1.0/embed?url=https%3A%2F%2Fwww.sunra.be%2Fspareparts%2Fmeter-4%2F HTTP/1.1" 200 2366 "-" "Mozilla/5.0 (Macintosh; Intel Mac OS X 10_15_7) AppleWebKit/537.36 (KHTML, like Gecko) Chrome/135.0.0.0 Safari/537.36"
42.200.231.39 - - [29/Mar/2026:16:01:25 +0000] "GET /cazinou-mobil-ignition-ro-claim-free-spins/ HTTP/1.1" 200 53247 "-" "Mozilla/5.0 (compatible; MJ12bot/v1.4.8; http://mj12bot.com/)"
216.73.216.217 - - [29/Mar/2026:16:01:27 +0000] "GET /shop/gombo/incrustation022401028853.shtm HTTP/1.1" 404 38897 "https://sunra.be/shop/gombo/incrustation022401028853.shtm" "Mozilla/5.0 AppleWebKit/537.36 (KHTML, like Gecko; compatible; ClaudeBot/1.0; +claudebot@anthropic.com)"
42.200.231.39 - - [29/Mar/2026:16:01:32 +0000] "GET /en/recevoir-avantage-d-tails-toulouse-play-now/ HTTP/1.1" 301 - "-" "Mozilla/5.0 (compatible; MJ12bot/v1.4.8; http://mj12bot.com/)"
216.73.216.217 - - [29/Mar/2026:16:01:34 +0000] "GET /shop/sergeant/signification002285772884.shtm HTTP/1.1" 301 - "-" "Mozilla/5.0 AppleWebKit/537.36 (KHTML, like Gecko; compatible; ClaudeBot/1.0; +claudebot@anthropic.com)"
216.73.216.217 - - [29/Mar/2026:16:01:36 +0000] "GET /shop/sergeant/signification002285772884.shtm HTTP/1.1" 404 38905 "https://sunra.be/shop/sergeant/signification002285772884.shtm" "Mozilla/5.0 AppleWebKit/537.36 (KHTML, like Gecko; compatible; ClaudeBot/1.0; +claudebot@anthropic.com)"
42.200.231.39 - - [29/Mar/2026:16:01:39 +0000] "GET /recevoir-avantage-d-tails-toulouse-play-now/ HTTP/1.1" 200 62976 "-" "Mozilla/5.0 (compatible; MJ12bot/v1.4.8; http://mj12bot.com/)"
114.119.150.254 - - [29/Mar/2026:16:01:41 +0000] "GET /shop/jaunty/subjunction064208221541.shtm HTTP/1.1" 301 - "https://sunra.be/?sitemap297.xml" "Mozilla/5.0 (Linux; Android 7.0;) AppleWebKit/537.36 (KHTML, like Gecko) Mobile Safari/537.36 (compatible; PetalBot;+https://webmaster.petalsearch.com/site/petalbot)"
42.200.231.39 - - [29/Mar/2026:16:01:45 +0000] "GET /en/report-brango-casino-incitation-dactylographie-et-fruit-cl-condition-marseille-get-bonus-now/ HTTP/1.1" 301 - "-" "Mozilla/5.0 (compatible; MJ12bot/v1.4.8; http://mj12bot.com/)"
114.119.150.254 - - [29/Mar/2026:16:01:45 +0000] "GET /shop/jaunty/subjunction064208221541.shtm HTTP/1.1" 404 37556 "https://sunra.be/?sitemap297.xml" "Mozilla/5.0 (Linux; Android 7.0;) AppleWebKit/537.36 (KHTML, like Gecko) Mobile Safari/537.36 (compatible; PetalBot;+https://webmaster.petalsearch.com/site/petalbot)"
42.200.231.39 - - [29/Mar/2026:16:01:51 +0000] "GET /report-brango-casino-incitation-dactylographie-et-fruit-cl-condition-marseille-get-bonus-now/ HTTP/1.1" 200 60428 "-" "Mozilla/5.0 (compatible; MJ12bot/v1.4.8; http://mj12bot.com/)"
217.182.68.102 - - [29/Mar/2026:16:01:53 +0000] "POST /wp-cron.php?doing_wp_cron=1774800113.4123129844665527343750 HTTP/1.1" 200 - "-" "WordPress/6.9.4; https://www.sunra.be"
42.200.231.39 - - [29/Mar/2026:16:01:59 +0000] "GET /nl/cazinou-mobil-ignition-ro-claim-free-spins/ HTTP/1.1" 301 - "-" "Mozilla/5.0 (compatible; MJ12bot/v1.4.8; http://mj12bot.com/)"
42.200.231.39 - - [29/Mar/2026:16:02:05 +0000] "GET /cazinou-mobil-ignition-ro-claim-free-spins/ HTTP/1.1" 200 53247 "-" "Mozilla/5.0 (compatible; MJ12bot/v1.4.8; http://mj12bot.com/)"
42.200.231.39 - - [29/Mar/2026:16:02:11 +0000] "GET /nl/recevoir-avantage-d-tails-toulouse-play-now/ HTTP/1.1" 301 - "-" "Mozilla/5.0 (compatible; MJ12bot/v1.4.8; http://mj12bot.com/)"
37.77.51.21 - - [29/Mar/2026:16:02:11 +0000] "GET /shopdetail/museum/276021299 HTTP/1.1" 404 38873 "-" "Mozilla/5.0 (Macintosh; Intel Mac OS X 14_3_0) AppleWebKit/537.36 (KHTML, like Gecko) Chrome/128.0.6613.137 Safari/537.36"
42.200.231.39 - - [29/Mar/2026:16:02:17 +0000] "GET /recevoir-avantage-d-tails-toulouse-play-now/ HTTP/1.1" 200 62976 "-" "Mozilla/5.0 (compatible; MJ12bot/v1.4.8; http://mj12bot.com/)"
42.200.231.39 - - [29/Mar/2026:16:02:24 +0000] "GET /nl/report-brango-casino-incitation-dactylographie-et-fruit-cl-condition-marseille-get-bonus-now/ HTTP/1.1" 301 - "-" "Mozilla/5.0 (compatible; MJ12bot/v1.4.8; http://mj12bot.com/)"
216.73.216.217 - - [29/Mar/2026:16:02:24 +0000] "GET /shop/willy/robber002736651561.shtm HTTP/1.1" 301 - "-" "Mozilla/5.0 AppleWebKit/537.36 (KHTML, like Gecko; compatible; ClaudeBot/1.0; +claudebot@anthropic.com)"
216.73.216.217 - - [29/Mar/2026:16:02:26 +0000] "GET /shop/willy/robber002736651561.shtm HTTP/1.1" 404 38885 "https://sunra.be/shop/willy/robber002736651561.shtm" "Mozilla/5.0 AppleWebKit/537.36 (KHTML, like Gecko; compatible; ClaudeBot/1.0; +claudebot@anthropic.com)"
42.200.231.39 - - [29/Mar/2026:16:02:31 +0000] "GET /report-brango-casino-incitation-dactylographie-et-fruit-cl-condition-marseille-get-bonus-now/ HTTP/1.1" 200 60428 "-" "Mozilla/5.0 (compatible; MJ12bot/v1.4.8; http://mj12bot.com/)"
42.200.231.39 - - [29/Mar/2026:16:02:39 +0000] "GET /recevoir-avantage-d-tails-toulouse-play-now/ HTTP/1.1" 200 62976 "-" "Mozilla/5.0 (compatible; MJ12bot/v1.4.8; http://mj12bot.com/)"
216.73.216.217 - - [29/Mar/2026:16:02:42 +0000] "GET /shop/catchweight/leaping00905686141.shtm HTTP/1.1" 301 - "-" "Mozilla/5.0 AppleWebKit/537.36 (KHTML, like Gecko; compatible; ClaudeBot/1.0; +claudebot@anthropic.com)"
216.73.216.217 - - [29/Mar/2026:16:02:44 +0000] "GET /shop/catchweight/leaping00905686141.shtm HTTP/1.1" 404 38897 "https://sunra.be/shop/catchweight/leaping00905686141.shtm" "Mozilla/5.0 AppleWebKit/537.36 (KHTML, like Gecko; compatible; ClaudeBot/1.0; +claudebot@anthropic.com)"
42.200.231.39 - - [29/Mar/2026:16:02:45 +0000] "GET /recevoir-avantage-d-tails-toulouse-play-now/feed/ HTTP/1.1" 200 896 "-" "Mozilla/5.0 (compatible; MJ12bot/v1.4.8; http://mj12bot.com/)"
216.73.216.217 - - [29/Mar/2026:16:02:52 +0000] "GET /shop/polarizable/electioneerer043966327230.shtm HTTP/1.1" 301 - "-" "Mozilla/5.0 AppleWebKit/537.36 (KHTML, like Gecko; compatible; ClaudeBot/1.0; +claudebot@anthropic.com)"
42.200.231.39 - - [29/Mar/2026:16:02:51 +0000] "GET /report-brango-casino-incitation-dactylographie-et-fruit-cl-condition-marseille-get-bonus-now/ HTTP/1.1" 200 60428 "-" "Mozilla/5.0 (compatible; MJ12bot/v1.4.8; http://mj12bot.com/)"
217.182.68.102 - - [29/Mar/2026:16:02:53 +0000] "POST /wp-cron.php?doing_wp_cron=1774800173.4303319454193115234375 HTTP/1.1" 200 - "-" "WordPress/6.9.4; https://www.sunra.be"
216.73.216.217 - - [29/Mar/2026:16:02:54 +0000] "GET /shop/polarizable/electioneerer043966327230.shtm HTTP/1.1" 404 38911 "https://sunra.be/shop/polarizable/electioneerer043966327230.shtm" "Mozilla/5.0 AppleWebKit/537.36 (KHTML, like Gecko; compatible; ClaudeBot/1.0; +claudebot@anthropic.com)"
114.119.151.83 - - [29/Mar/2026:16:02:56 +0000] "GET /shop/jackstone/coheirship06199562162.shtm HTTP/1.1" 301 - "https://sunra.be/?sitemap484.xml" "Mozilla/5.0 (Linux; Android 7.0;) AppleWebKit/537.36 (KHTML, like Gecko) Mobile Safari/537.36 (compatible; PetalBot;+https://webmaster.petalsearch.com/site/petalbot)"
42.200.231.39 - - [29/Mar/2026:16:02:59 +0000] "GET /report-brango-casino-incitation-dactylographie-et-fruit-cl-condition-marseille-get-bonus-now/feed/ HTTP/1.1" 200 1044 "-" "Mozilla/5.0 (compatible; MJ12bot/v1.4.8; http://mj12bot.com/)"
114.119.151.83 - - [29/Mar/2026:16:03:02 +0000] "GET /shop/jackstone/coheirship06199562162.shtm HTTP/1.1" 404 37558 "https://sunra.be/?sitemap484.xml" "Mozilla/5.0 (Linux; Android 7.0;) AppleWebKit/537.36 (KHTML, like Gecko) Mobile Safari/537.36 (compatible; PetalBot;+https://webmaster.petalsearch.com/site/petalbot)"
157.55.39.9 - - [29/Mar/2026:16:03:21 +0000] "GET /come-scaricare-e-utilizzare-lapp-di-eurobet-una-guida-completa-per-il-gioco-mobile/ HTTP/1.1" 200 207590 "-" "Mozilla/5.0 AppleWebKit/537.36 (KHTML, like Gecko; compatible; bingbot/2.0; +http://www.bing.com/bingbot.htm) Chrome/116.0.1938.76 Safari/537.36"
151.248.41.113 - - [29/Mar/2026:16:03:24 +0000] "GET /shopdetail/participation/268032031 HTTP/1.1" 404 38887 "-" "Mozilla/5.0 (Macintosh; Intel Mac OS X 12.3; rv:136.0) Gecko/20100101 Firefox/136.0"
113.186.48.152 - - [29/Mar/2026:16:03:53 +0000] "GET /shopdetail/pregnancy/030026733 HTTP/1.1" 301 - "-" "Mozilla/5.0 (Macintosh; Intel Mac OS X 13_2_1) AppleWebKit/537.36 (KHTML, like Gecko) Chrome/126.0.6478.126 Safari/537.36"
217.182.68.102 - - [29/Mar/2026:16:03:55 +0000] "POST /wp-cron.php?doing_wp_cron=1774800235.3329460620880126953125 HTTP/1.1" 200 - "-" "WordPress/6.9.4; https://www.sunra.be"
216.73.216.217 - - [29/Mar/2026:16:03:55 +0000] "GET /shop/aglossa/equalize003126525468.shtm HTTP/1.1" 301 - "-" "Mozilla/5.0 AppleWebKit/537.36 (KHTML, like Gecko; compatible; ClaudeBot/1.0; +claudebot@anthropic.com)"
54.37.118.88 - - [29/Mar/2026:16:03:56 +0000] "GET /DB_backup/?C=N;O=D HTTP/1.1" 404 38763 "-" "Mozilla/5.0 (compatible; AhrefsBot/7.0; +http://ahrefs.com/robot/)"
216.73.216.217 - - [29/Mar/2026:16:03:57 +0000] "GET /shop/aglossa/equalize003126525468.shtm HTTP/1.1" 404 38893 "https://sunra.be/shop/aglossa/equalize003126525468.shtm" "Mozilla/5.0 AppleWebKit/537.36 (KHTML, like Gecko; compatible; ClaudeBot/1.0; +claudebot@anthropic.com)"
51.223.74.139 - - [29/Mar/2026:16:03:58 +0000] "GET /shopdetail/pregnancy/030026733 HTTP/1.1" 404 38879 "-" "Mozilla/5.0 (Macintosh; Intel Mac OS X 13_2_1) AppleWebKit/537.36 (KHTML, like Gecko) Chrome/126.0.6478.126 Safari/537.36"
216.73.216.217 - - [29/Mar/2026:16:04:08 +0000] "GET /shop/purposed/susurration003764924405.shtm HTTP/1.1" 301 - "-" "Mozilla/5.0 AppleWebKit/537.36 (KHTML, like Gecko; compatible; ClaudeBot/1.0; +claudebot@anthropic.com)"
216.73.216.217 - - [29/Mar/2026:16:04:09 +0000] "GET /shop/trinitrocellulose/decentralization00901097337.shtm HTTP/1.1" 301 - "-" "Mozilla/5.0 AppleWebKit/537.36 (KHTML, like Gecko; compatible; ClaudeBot/1.0; +claudebot@anthropic.com)"
216.73.216.217 - - [29/Mar/2026:16:04:10 +0000] "GET /shop/purposed/susurration003764924405.shtm HTTP/1.1" 404 38901 "https://sunra.be/shop/purposed/susurration003764924405.shtm" "Mozilla/5.0 AppleWebKit/537.36 (KHTML, like Gecko; compatible; ClaudeBot/1.0; +claudebot@anthropic.com)"
216.73.216.217 - - [29/Mar/2026:16:04:11 +0000] "GET /shop/trinitrocellulose/decentralization00901097337.shtm HTTP/1.1" 404 38927 "https://sunra.be/shop/trinitrocellulose/decentralization00901097337.shtm" "Mozilla/5.0 AppleWebKit/537.36 (KHTML, like Gecko; compatible; ClaudeBot/1.0; +claudebot@anthropic.com)"
114.119.149.159 - - [29/Mar/2026:16:04:14 +0000] "GET /shop/ixodes/ironmaster062747842863.shtm HTTP/1.1" 301 - "https://sunra.be/?sitemap869.xml" "Mozilla/5.0 (Linux; Android 7.0;) AppleWebKit/537.36 (KHTML, like Gecko) Mobile Safari/537.36 (compatible; PetalBot;+https://webmaster.petalsearch.com/site/petalbot)"
14.161.117.25 - - [29/Mar/2026:16:04:37 +0000] "GET /shopdetail/perspective/009006328 HTTP/1.1" 404 38883 "-" "Mozilla/5.0 (Windows NT 10.0; Win64; x64) AppleWebKit/537.36 (KHTML, like Gecko) Chrome/131.0.6778.204 Safari/537.36"
157.55.39.14 - - [29/Mar/2026:16:05:14 +0000] "GET /shop/coverpoint/telemechanic041215549275.shtml HTTP/1.1" 200 227286 "-" "Mozilla/5.0 AppleWebKit/537.36 (KHTML, like Gecko; compatible; bingbot/2.0; +http://www.bing.com/bingbot.htm) Chrome/116.0.1938.76 Safari/537.36"
216.73.216.217 - - [29/Mar/2026:16:05:16 +0000] "GET /shop/pundit/outrun001967802336.shtm HTTP/1.1" 301 - "-" "Mozilla/5.0 AppleWebKit/537.36 (KHTML, like Gecko; compatible; ClaudeBot/1.0; +claudebot@anthropic.com)"
217.182.68.102 - - [29/Mar/2026:16:05:18 +0000] "POST /wp-cron.php?doing_wp_cron=1774800318.1542980670928955078125 HTTP/1.1" 200 - "-" "WordPress/6.9.4; https://www.sunra.be"
216.73.216.217 - - [29/Mar/2026:16:05:19 +0000] "GET /shop/pundit/outrun001967802336.shtm HTTP/1.1" 404 38887 "https://sunra.be/shop/pundit/outrun001967802336.shtm" "Mozilla/5.0 AppleWebKit/537.36 (KHTML, like Gecko; compatible; ClaudeBot/1.0; +claudebot@anthropic.com)"
66.249.74.100 - - [29/Mar/2026:16:05:22 +0000] "GET /?u=41157144513003&channel=159477&from=shop.php?shop/exemplarily/principia032807186785.shtm HTTP/1.1" 200 228636 "-" "Mozilla/5.0 (Linux; Android 6.0.1; Nexus 5X Build/MMB29P) AppleWebKit/537.36 (KHTML, like Gecko) Chrome/146.0.7680.153 Mobile Safari/537.36 (compatible; Googlebot/2.1; +http://www.google.com/bot.html)"
216.73.216.217 - - [29/Mar/2026:16:05:38 +0000] "GET /shop/hereafter/agist003583482153.shtm HTTP/1.1" 301 - "-" "Mozilla/5.0 AppleWebKit/537.36 (KHTML, like Gecko; compatible; ClaudeBot/1.0; +claudebot@anthropic.com)"
216.73.216.217 - - [29/Mar/2026:16:05:40 +0000] "GET /shop/hereafter/agist003583482153.shtm HTTP/1.1" 404 38891 "https://sunra.be/shop/hereafter/agist003583482153.shtm" "Mozilla/5.0 AppleWebKit/537.36 (KHTML, like Gecko; compatible; ClaudeBot/1.0; +claudebot@anthropic.com)"
49.43.153.124 - - [29/Mar/2026:16:05:51 +0000] "GET /shopdetail/policy/207008036 HTTP/1.1" 404 38873 "-" "Mozilla/5.0 (Macintosh; Intel Mac OS X 13.5; rv:136.0) Gecko/20100101 Firefox/136.0"
217.182.68.102 - - [29/Mar/2026:16:05:53 +0000] "POST /wp-cron.php?doing_wp_cron=1774800353.1445629596710205078125 HTTP/1.1" 200 - "-" "WordPress/6.9.4; https://www.sunra.be"
216.73.216.217 - - [29/Mar/2026:16:05:53 +0000] "GET /shop/materialist/crownlet003952160088.shtm HTTP/1.1" 301 - "-" "Mozilla/5.0 AppleWebKit/537.36 (KHTML, like Gecko; compatible; ClaudeBot/1.0; +claudebot@anthropic.com)"
216.73.216.217 - - [29/Mar/2026:16:05:55 +0000] "GET /shop/materialist/crownlet003952160088.shtm HTTP/1.1" 404 38901 "https://sunra.be/shop/materialist/crownlet003952160088.shtm" "Mozilla/5.0 AppleWebKit/537.36 (KHTML, like Gecko; compatible; ClaudeBot/1.0; +claudebot@anthropic.com)"
114.119.155.38 - - [29/Mar/2026:16:06:29 +0000] "GET /shop/iulus/inquest062905380039.shtm HTTP/1.1" 301 - "https://sunra.be/?sitemap550.xml" "Mozilla/5.0 (Linux; Android 7.0;) AppleWebKit/537.36 (KHTML, like Gecko) Mobile Safari/537.36 (compatible; PetalBot;+https://webmaster.petalsearch.com/site/petalbot)"
114.119.145.36 - - [29/Mar/2026:16:07:01 +0000] "GET /shop/isokephaleia/inadvertent061841792138.shtm HTTP/1.1" 301 - "https://sunra.be/?sitemap297.xml" "Mozilla/5.0 (Linux; Android 7.0;) AppleWebKit/537.36 (KHTML, like Gecko) Mobile Safari/537.36 (compatible; PetalBot;+https://webmaster.petalsearch.com/site/petalbot)"
14.233.35.46 - - [29/Mar/2026:16:07:02 +0000] "GET /shopdetail/proof/145006716 HTTP/1.1" 301 - "-" "Mozilla/5.0 (Macintosh; Intel Mac OS X 11.7; rv:136.0) Gecko/20100101 Firefox/136.0"
217.182.68.102 - - [29/Mar/2026:16:07:03 +0000] "POST /wp-cron.php?doing_wp_cron=1774800423.0492539405822753906250 HTTP/1.1" 200 - "-" "WordPress/6.9.4; https://www.sunra.be"
223.233.67.47 - - [29/Mar/2026:16:07:04 +0000] "GET /shopdetail/popularity/218036261 HTTP/1.1" 404 38881 "-" "Mozilla/5.0 (Macintosh; Intel Mac OS X 14_5_0) AppleWebKit/537.36 (KHTML, like Gecko) Chrome/133.0.6943.98 Safari/537.36"
216.73.216.217 - - [29/Mar/2026:16:07:05 +0000] "GET /shop/tetrarchies/acceptant003715701013.shtm HTTP/1.1" 301 - "-" "Mozilla/5.0 AppleWebKit/537.36 (KHTML, like Gecko; compatible; ClaudeBot/1.0; +claudebot@anthropic.com)"
87.250.192.141 - - [29/Mar/2026:16:07:06 +0000] "GET /shopdetail/proof/145006716 HTTP/1.1" 404 38871 "-" "Mozilla/5.0 (Macintosh; Intel Mac OS X 11.7; rv:136.0) Gecko/20100101 Firefox/136.0"
114.119.145.36 - - [29/Mar/2026:16:07:07 +0000] "GET /shop/isokephaleia/inadvertent061841792138.shtm HTTP/1.1" 404 37568 "https://sunra.be/?sitemap297.xml" "Mozilla/5.0 (Linux; Android 7.0;) AppleWebKit/537.36 (KHTML, like Gecko) Mobile Safari/537.36 (compatible; PetalBot;+https://webmaster.petalsearch.com/site/petalbot)"
216.73.216.217 - - [29/Mar/2026:16:07:08 +0000] "GET /shop/tetrarchies/acceptant003715701013.shtm HTTP/1.1" 404 38903 "https://sunra.be/shop/tetrarchies/acceptant003715701013.shtm" "Mozilla/5.0 AppleWebKit/537.36 (KHTML, like Gecko; compatible; ClaudeBot/1.0; +claudebot@anthropic.com)"
40.77.177.255 - - [29/Mar/2026:16:07:13 +0000] "GET /shop/widgeon/stygial013974870779.shtml HTTP/1.1" 200 223200 "-" "Mozilla/5.0 AppleWebKit/537.36 (KHTML, like Gecko; compatible; bingbot/2.0; +http://www.bing.com/bingbot.htm) Chrome/100.0.4896.127 Safari/537.36"
216.73.216.217 - - [29/Mar/2026:16:07:14 +0000] "GET /shop/saloon/unicapsular051951441760.shtm HTTP/1.1" 301 - "-" "Mozilla/5.0 AppleWebKit/537.36 (KHTML, like Gecko; compatible; ClaudeBot/1.0; +claudebot@anthropic.com)"
216.73.216.217 - - [29/Mar/2026:16:07:16 +0000] "GET /shop/saloon/unicapsular051951441760.shtm HTTP/1.1" 404 38897 "https://sunra.be/shop/saloon/unicapsular051951441760.shtm" "Mozilla/5.0 AppleWebKit/537.36 (KHTML, like Gecko; compatible; ClaudeBot/1.0; +claudebot@anthropic.com)"
216.73.216.217 - - [29/Mar/2026:16:07:29 +0000] "GET /shop/phraseogram/stirred063471758728.shtm HTTP/1.1" 301 - "-" "Mozilla/5.0 AppleWebKit/537.36 (KHTML, like Gecko; compatible; ClaudeBot/1.0; +claudebot@anthropic.com)"
216.73.216.217 - - [29/Mar/2026:16:07:30 +0000] "GET /shop/phraseogram/stirred063471758728.shtm HTTP/1.1" 404 38899 "https://sunra.be/shop/phraseogram/stirred063471758728.shtm" "Mozilla/5.0 AppleWebKit/537.36 (KHTML, like Gecko; compatible; ClaudeBot/1.0; +claudebot@anthropic.com)"
216.73.216.217 - - [29/Mar/2026:16:07:42 +0000] "GET /shop/enduing/pernor063930980621.shtm HTTP/1.1" 301 - "-" "Mozilla/5.0 AppleWebKit/537.36 (KHTML, like Gecko; compatible; ClaudeBot/1.0; +claudebot@anthropic.com)"
216.73.216.217 - - [29/Mar/2026:16:07:44 +0000] "GET /shop/enduing/pernor063930980621.shtm HTTP/1.1" 404 38889 "https://sunra.be/shop/enduing/pernor063930980621.shtm" "Mozilla/5.0 AppleWebKit/537.36 (KHTML, like Gecko; compatible; ClaudeBot/1.0; +claudebot@anthropic.com)"
51.68.247.198 - - [29/Mar/2026:16:07:57 +0000] "GET /become-a-dealer/ HTTP/1.1" 200 62949 "-" "Mozilla/5.0 (compatible; AhrefsBot/7.0; +http://ahrefs.com/robot/)"
150.223.194.182 - - [29/Mar/2026:16:07:57 +0000] "GET /wp-login.php HTTP/1.1" 200 10088 "-" "Apache-HttpClient/4.5.2 (Java/1.8.0_161)"
217.182.68.102 - - [29/Mar/2026:16:07:58 +0000] "POST /wp-cron.php?doing_wp_cron=1774800478.9685211181640625000000 HTTP/1.1" 200 - "-" "WordPress/6.9.4; https://www.sunra.be"
216.73.216.217 - - [29/Mar/2026:16:08:13 +0000] "GET /shop/crisis/hangar00408382736.shtm HTTP/1.1" 301 - "-" "Mozilla/5.0 AppleWebKit/537.36 (KHTML, like Gecko; compatible; ClaudeBot/1.0; +claudebot@anthropic.com)"
216.73.216.217 - - [29/Mar/2026:16:08:14 +0000] "GET /shop/crisis/hangar00408382736.shtm HTTP/1.1" 404 38885 "https://sunra.be/shop/crisis/hangar00408382736.shtm" "Mozilla/5.0 AppleWebKit/537.36 (KHTML, like Gecko; compatible; ClaudeBot/1.0; +claudebot@anthropic.com)"
216.73.216.217 - - [29/Mar/2026:16:08:20 +0000] "GET /shop/nullifier/inusitation062740185778.shtm HTTP/1.1" 301 - "-" "Mozilla/5.0 AppleWebKit/537.36 (KHTML, like Gecko; compatible; ClaudeBot/1.0; +claudebot@anthropic.com)"
202.37.41.143 - - [29/Mar/2026:16:08:21 +0000] "GET /shopdetail/really/165047070 HTTP/1.1" 404 38873 "-" "Mozilla/5.0 (Macintosh; Intel Mac OS X 14_7_1) AppleWebKit/537.36 (KHTML, like Gecko) Chrome/132.0.6834.160 Safari/537.36"
216.73.216.217 - - [29/Mar/2026:16:08:22 +0000] "GET /shop/nullifier/inusitation062740185778.shtm HTTP/1.1" 404 38903 "https://sunra.be/shop/nullifier/inusitation062740185778.shtm" "Mozilla/5.0 AppleWebKit/537.36 (KHTML, like Gecko; compatible; ClaudeBot/1.0; +claudebot@anthropic.com)"
114.119.131.232 - - [29/Mar/2026:16:08:56 +0000] "GET /shop/isocyanuric/ditolyl062073012823.shtm HTTP/1.1" 301 - "https://sunra.be/?sitemap550.xml" "Mozilla/5.0 (Linux; Android 7.0;) AppleWebKit/537.36 (KHTML, like Gecko) Mobile Safari/537.36 (compatible; PetalBot;+https://webmaster.petalsearch.com/site/petalbot)"
217.182.68.102 - - [29/Mar/2026:16:08:58 +0000] "POST /wp-cron.php?doing_wp_cron=1774800538.0002620220184326171875 HTTP/1.1" 200 - "-" "WordPress/6.9.4; https://www.sunra.be"
216.73.216.217 - - [29/Mar/2026:16:08:58 +0000] "GET /shop/aspiring/griper004034344749.shtm HTTP/1.1" 301 - "-" "Mozilla/5.0 AppleWebKit/537.36 (KHTML, like Gecko; compatible; ClaudeBot/1.0; +claudebot@anthropic.com)"
216.73.216.217 - - [29/Mar/2026:16:09:00 +0000] "GET /shop/aspiring/griper004034344749.shtm HTTP/1.1" 404 38891 "https://sunra.be/shop/aspiring/griper004034344749.shtm" "Mozilla/5.0 AppleWebKit/537.36 (KHTML, like Gecko; compatible; ClaudeBot/1.0; +claudebot@anthropic.com)"
114.119.131.232 - - [29/Mar/2026:16:09:07 +0000] "GET /shop/isocyanuric/ditolyl062073012823.shtm HTTP/1.1" 404 37558 "https://sunra.be/?sitemap550.xml" "Mozilla/5.0 (Linux; Android 7.0;) AppleWebKit/537.36 (KHTML, like Gecko) Mobile Safari/537.36 (compatible; PetalBot;+https://webmaster.petalsearch.com/site/petalbot)"
216.73.216.217 - - [29/Mar/2026:16:09:17 +0000] "GET /shop/thinning/otiosity003947734521.shtm HTTP/1.1" 301 - "-" "Mozilla/5.0 AppleWebKit/537.36 (KHTML, like Gecko; compatible; ClaudeBot/1.0; +claudebot@anthropic.com)"
216.73.216.217 - - [29/Mar/2026:16:09:19 +0000] "GET /shop/thinning/otiosity003947734521.shtm HTTP/1.1" 404 38895 "https://sunra.be/shop/thinning/otiosity003947734521.shtm" "Mozilla/5.0 AppleWebKit/537.36 (KHTML, like Gecko; compatible; ClaudeBot/1.0; +claudebot@anthropic.com)"
113.173.254.194 - - [29/Mar/2026:16:09:29 +0000] "GET /shopdetail/regulator/277014006 HTTP/1.1" 404 38879 "-" "Mozilla/5.0 (Windows NT 10.0; Win64; x64) AppleWebKit/537.36 (KHTML, like Gecko) Chrome/124.0.6367.155 Safari/537.36"
