216.73.216.217 - - [29/Mar/2026:12:37:38 +0000] "GET /shop/vilest/malignantly061287564689.shtm HTTP/1.1" 404 38897 "https://sunra.be/shop/vilest/malignantly061287564689.shtm" "Mozilla/5.0 AppleWebKit/537.36 (KHTML, like Gecko; compatible; ClaudeBot/1.0; +claudebot@anthropic.com)"
216.73.216.217 - - [29/Mar/2026:12:37:49 +0000] "GET /shop/ravaging/pulverizable052099032887.shtm HTTP/1.1" 301 - "-" "Mozilla/5.0 AppleWebKit/537.36 (KHTML, like Gecko; compatible; ClaudeBot/1.0; +claudebot@anthropic.com)"
216.73.216.217 - - [29/Mar/2026:12:37:51 +0000] "GET /shop/ravaging/pulverizable052099032887.shtm HTTP/1.1" 404 38903 "https://sunra.be/shop/ravaging/pulverizable052099032887.shtm" "Mozilla/5.0 AppleWebKit/537.36 (KHTML, like Gecko; compatible; ClaudeBot/1.0; +claudebot@anthropic.com)"
217.182.68.102 - - [29/Mar/2026:12:37:53 +0000] "POST /wp-cron.php?doing_wp_cron=1774787873.2812480926513671875000 HTTP/1.1" 200 - "-" "WordPress/6.9.4; https://www.sunra.be"
216.73.216.217 - - [29/Mar/2026:12:38:00 +0000] "GET /shop/towilly/evinced053725005234.shtm HTTP/1.1" 301 - "-" "Mozilla/5.0 AppleWebKit/537.36 (KHTML, like Gecko; compatible; ClaudeBot/1.0; +claudebot@anthropic.com)"
216.73.216.217 - - [29/Mar/2026:12:38:02 +0000] "GET /shop/towilly/evinced053725005234.shtm HTTP/1.1" 404 38891 "https://sunra.be/shop/towilly/evinced053725005234.shtm" "Mozilla/5.0 AppleWebKit/537.36 (KHTML, like Gecko; compatible; ClaudeBot/1.0; +claudebot@anthropic.com)"
114.119.131.232 - - [29/Mar/2026:12:38:07 +0000] "GET /shop/lolled/rheedia063857759408.shtm HTTP/1.1" 301 - "https://sunra.be/?sitemap297.xml" "Mozilla/5.0 (Linux; Android 7.0;) AppleWebKit/537.36 (KHTML, like Gecko) Mobile Safari/537.36 (compatible; PetalBot;+https://webmaster.petalsearch.com/site/petalbot)"
114.119.131.232 - - [29/Mar/2026:12:38:10 +0000] "GET /shop/lolled/rheedia063857759408.shtm HTTP/1.1" 404 37548 "https://sunra.be/?sitemap297.xml" "Mozilla/5.0 (Linux; Android 7.0;) AppleWebKit/537.36 (KHTML, like Gecko) Mobile Safari/537.36 (compatible; PetalBot;+https://webmaster.petalsearch.com/site/petalbot)"
216.73.216.217 - - [29/Mar/2026:12:38:14 +0000] "GET /robots.txt HTTP/1.1" 200 74 "-" "Mozilla/5.0 AppleWebKit/537.36 (KHTML, like Gecko; compatible; ClaudeBot/1.0; +claudebot@anthropic.com)"
216.73.216.217 - - [29/Mar/2026:12:38:15 +0000] "GET /shop/initialize/shedding06637653673.shtm HTTP/1.1" 301 - "-" "Mozilla/5.0 AppleWebKit/537.36 (KHTML, like Gecko; compatible; ClaudeBot/1.0; +claudebot@anthropic.com)"
216.73.216.217 - - [29/Mar/2026:12:38:16 +0000] "GET /shop/initialize/shedding06637653673.shtm HTTP/1.1" 404 38897 "https://sunra.be/shop/initialize/shedding06637653673.shtm" "Mozilla/5.0 AppleWebKit/537.36 (KHTML, like Gecko; compatible; ClaudeBot/1.0; +claudebot@anthropic.com)"
146.174.164.199 - - [29/Mar/2026:12:38:21 +0000] "GET /shopdetail/general/180045965 HTTP/1.1" 404 38875 "-" "Mozilla/5.0 (Windows NT 10.0; WOW64; rv:128.0) Gecko/20100101 Firefox/128.0"
146.174.186.57 - - [29/Mar/2026:12:38:27 +0000] "GET /shop/debatefully/uncomplaining052567337005.shtm HTTP/1.1" 301 - "-" "Mozilla/5.0 (Macintosh; Intel Mac OS X 14_5_1) AppleWebKit/537.36 (KHTML, like Gecko) Chrome/130.0.6723.191 Safari/537.36"
216.73.216.217 - - [29/Mar/2026:12:38:28 +0000] "GET /shop/elevatedness/marble06346525256.shtm HTTP/1.1" 301 - "-" "Mozilla/5.0 AppleWebKit/537.36 (KHTML, like Gecko; compatible; ClaudeBot/1.0; +claudebot@anthropic.com)"
202.76.166.163 - - [29/Mar/2026:12:38:29 +0000] "GET /shop/debatefully/uncomplaining052567337005.shtm HTTP/1.1" 404 38911 "-" "Mozilla/5.0 (Macintosh; Intel Mac OS X 14_5_1) AppleWebKit/537.36 (KHTML, like Gecko) Chrome/130.0.6723.191 Safari/537.36"
216.73.216.217 - - [29/Mar/2026:12:38:30 +0000] "GET /shop/elevatedness/marble06346525256.shtm HTTP/1.1" 404 38897 "https://sunra.be/shop/elevatedness/marble06346525256.shtm" "Mozilla/5.0 AppleWebKit/537.36 (KHTML, like Gecko; compatible; ClaudeBot/1.0; +claudebot@anthropic.com)"
216.73.216.217 - - [29/Mar/2026:12:38:31 +0000] "GET /shop/costar/circulet063469334546.shtm HTTP/1.1" 301 - "-" "Mozilla/5.0 AppleWebKit/537.36 (KHTML, like Gecko; compatible; ClaudeBot/1.0; +claudebot@anthropic.com)"
216.73.216.217 - - [29/Mar/2026:12:38:33 +0000] "GET /shop/costar/circulet063469334546.shtm HTTP/1.1" 404 38891 "https://sunra.be/shop/costar/circulet063469334546.shtm" "Mozilla/5.0 AppleWebKit/537.36 (KHTML, like Gecko; compatible; ClaudeBot/1.0; +claudebot@anthropic.com)"
216.73.216.217 - - [29/Mar/2026:12:38:53 +0000] "GET /shop/radiogram/foxish054036733129.shtm HTTP/1.1" 301 - "-" "Mozilla/5.0 AppleWebKit/537.36 (KHTML, like Gecko; compatible; ClaudeBot/1.0; +claudebot@anthropic.com)"
217.182.68.102 - - [29/Mar/2026:12:38:55 +0000] "POST /wp-cron.php?doing_wp_cron=1774787935.3174579143524169921875 HTTP/1.1" 200 - "-" "WordPress/6.9.4; https://www.sunra.be"
216.73.216.217 - - [29/Mar/2026:12:38:56 +0000] "GET /shop/radiogram/foxish054036733129.shtm HTTP/1.1" 404 38893 "https://sunra.be/shop/radiogram/foxish054036733129.shtm" "Mozilla/5.0 AppleWebKit/537.36 (KHTML, like Gecko; compatible; ClaudeBot/1.0; +claudebot@anthropic.com)"
216.73.216.217 - - [29/Mar/2026:12:39:07 +0000] "GET /shop/clivity/barbarized0642445497.shtm HTTP/1.1" 301 - "-" "Mozilla/5.0 AppleWebKit/537.36 (KHTML, like Gecko; compatible; ClaudeBot/1.0; +claudebot@anthropic.com)"
216.73.216.217 - - [29/Mar/2026:12:39:10 +0000] "GET /shop/clivity/barbarized0642445497.shtm HTTP/1.1" 404 38893 "https://sunra.be/shop/clivity/barbarized0642445497.shtm" "Mozilla/5.0 AppleWebKit/537.36 (KHTML, like Gecko; compatible; ClaudeBot/1.0; +claudebot@anthropic.com)"
176.31.139.30 - - [29/Mar/2026:12:39:10 +0000] "GET /?b=74621130581 HTTP/1.1" 301 - "-" "Mozilla/5.0 (compatible; AhrefsBot/7.0; +http://ahrefs.com/robot/)"
78.153.140.43 - - [29/Mar/2026:12:39:14 +0000] "GET /.env HTTP/1.1" 404 38801 "-" "Mozilla/5.0 (Windows NT 10.0; Win64; x64) AppleWebKit/537.36 (KHTML, like Gecko) Chrome/116.0.5845.140 Safari/537.36"
78.153.140.43 - - [29/Mar/2026:12:39:17 +0000] "POST / HTTP/1.1" 200 136219 "-" "Mozilla/5.0 (Windows NT 10.0; Win64; x64) AppleWebKit/537.36 (KHTML, like Gecko) Chrome/116.0.5845.140 Safari/537.36"
216.73.216.217 - - [29/Mar/2026:12:39:21 +0000] "GET /shop/observingly/suicidal053874440572.shtm HTTP/1.1" 301 - "-" "Mozilla/5.0 AppleWebKit/537.36 (KHTML, like Gecko; compatible; ClaudeBot/1.0; +claudebot@anthropic.com)"
103.203.45.40 - - [29/Mar/2026:12:39:23 +0000] "GET /shop/dipsacus/coalfish002633934789.shtm HTTP/1.1" 301 - "-" "Mozilla/5.0 (Macintosh; Intel Mac OS X 15_3_0) AppleWebKit/537.36 (KHTML, like Gecko) Chrome/133.0.6943.141 Safari/537.36"
216.73.216.217 - - [29/Mar/2026:12:39:23 +0000] "GET /shop/observingly/suicidal053874440572.shtm HTTP/1.1" 404 38901 "https://sunra.be/shop/observingly/suicidal053874440572.shtm" "Mozilla/5.0 AppleWebKit/537.36 (KHTML, like Gecko; compatible; ClaudeBot/1.0; +claudebot@anthropic.com)"
216.73.216.217 - - [29/Mar/2026:12:39:25 +0000] "GET /shop/desiccating/interlineation052748544579.shtm HTTP/1.1" 301 - "-" "Mozilla/5.0 AppleWebKit/537.36 (KHTML, like Gecko; compatible; ClaudeBot/1.0; +claudebot@anthropic.com)"
14.175.0.106 - - [29/Mar/2026:12:39:26 +0000] "GET /shopdetail/girl/140041797 HTTP/1.1" 404 38869 "-" "Mozilla/5.0 (Macintosh; Intel Mac OS X 14_6_0) AppleWebKit/537.36 (KHTML, like Gecko) Chrome/132.0.6834.160 Safari/537.36"
216.73.216.217 - - [29/Mar/2026:12:39:27 +0000] "GET /shop/desiccating/interlineation052748544579.shtm HTTP/1.1" 404 38913 "https://sunra.be/shop/desiccating/interlineation052748544579.shtm" "Mozilla/5.0 AppleWebKit/537.36 (KHTML, like Gecko; compatible; ClaudeBot/1.0; +claudebot@anthropic.com)"
114.119.150.254 - - [29/Mar/2026:12:39:29 +0000] "GET /shop/loculate/uncessant06400283804.shtm HTTP/1.1" 301 - "https://sunra.be/?sitemap869.xml" "Mozilla/5.0 (Linux; Android 7.0;) AppleWebKit/537.36 (KHTML, like Gecko) Mobile Safari/537.36 (compatible; PetalBot;+https://webmaster.petalsearch.com/site/petalbot)"
37.214.67.8 - - [29/Mar/2026:12:39:30 +0000] "GET /shop/dipsacus/coalfish002633934789.shtm HTTP/1.1" 404 38895 "-" "Mozilla/5.0 (Macintosh; Intel Mac OS X 15_3_0) AppleWebKit/537.36 (KHTML, like Gecko) Chrome/133.0.6943.141 Safari/537.36"
114.119.150.254 - - [29/Mar/2026:12:39:32 +0000] "GET /shop/loculate/uncessant06400283804.shtm HTTP/1.1" 404 37554 "https://sunra.be/?sitemap869.xml" "Mozilla/5.0 (Linux; Android 7.0;) AppleWebKit/537.36 (KHTML, like Gecko) Mobile Safari/537.36 (compatible; PetalBot;+https://webmaster.petalsearch.com/site/petalbot)"
216.73.216.217 - - [29/Mar/2026:12:39:40 +0000] "GET /shop/abaster/theologically051078487751.shtm HTTP/1.1" 301 - "-" "Mozilla/5.0 AppleWebKit/537.36 (KHTML, like Gecko; compatible; ClaudeBot/1.0; +claudebot@anthropic.com)"
216.73.216.217 - - [29/Mar/2026:12:39:41 +0000] "GET /shop/abaster/theologically051078487751.shtm HTTP/1.1" 404 38903 "https://sunra.be/shop/abaster/theologically051078487751.shtm" "Mozilla/5.0 AppleWebKit/537.36 (KHTML, like Gecko; compatible; ClaudeBot/1.0; +claudebot@anthropic.com)"
65.1.84.18 - - [29/Mar/2026:12:39:46 +0000] "GET / HTTP/1.1" 301 - "-" "Go-http-client/1.1"
65.1.84.18 - - [29/Mar/2026:12:39:48 +0000] "GET / HTTP/1.1" 200 136177 "https://217.182.68.102" "Go-http-client/1.1"
216.73.216.217 - - [29/Mar/2026:12:39:53 +0000] "GET /shop/scatch/sleigh05411304958.shtm HTTP/1.1" 301 - "-" "Mozilla/5.0 AppleWebKit/537.36 (KHTML, like Gecko; compatible; ClaudeBot/1.0; +claudebot@anthropic.com)"
217.182.68.102 - - [29/Mar/2026:12:39:55 +0000] "POST /wp-cron.php?doing_wp_cron=1774787995.0443820953369140625000 HTTP/1.1" 200 - "-" "WordPress/6.9.4; https://www.sunra.be"
216.73.216.217 - - [29/Mar/2026:12:39:56 +0000] "GET /shop/gouger/thickbill063091923683.shtm HTTP/1.1" 301 - "-" "Mozilla/5.0 AppleWebKit/537.36 (KHTML, like Gecko; compatible; ClaudeBot/1.0; +claudebot@anthropic.com)"
216.73.216.217 - - [29/Mar/2026:12:39:56 +0000] "GET /shop/scatch/sleigh05411304958.shtm HTTP/1.1" 404 38885 "https://sunra.be/shop/scatch/sleigh05411304958.shtm" "Mozilla/5.0 AppleWebKit/537.36 (KHTML, like Gecko; compatible; ClaudeBot/1.0; +claudebot@anthropic.com)"
216.73.216.217 - - [29/Mar/2026:12:39:58 +0000] "GET /shop/gouger/thickbill063091923683.shtm HTTP/1.1" 404 38893 "https://sunra.be/shop/gouger/thickbill063091923683.shtm" "Mozilla/5.0 AppleWebKit/537.36 (KHTML, like Gecko; compatible; ClaudeBot/1.0; +claudebot@anthropic.com)"
216.73.216.217 - - [29/Mar/2026:12:40:08 +0000] "GET /shop/biternately/illustrating06292182674.shtm HTTP/1.1" 301 - "-" "Mozilla/5.0 AppleWebKit/537.36 (KHTML, like Gecko; compatible; ClaudeBot/1.0; +claudebot@anthropic.com)"
216.73.216.217 - - [29/Mar/2026:12:40:10 +0000] "GET /shop/biternately/illustrating06292182674.shtm HTTP/1.1" 404 38907 "https://sunra.be/shop/biternately/illustrating06292182674.shtm" "Mozilla/5.0 AppleWebKit/537.36 (KHTML, like Gecko; compatible; ClaudeBot/1.0; +claudebot@anthropic.com)"
216.73.216.217 - - [29/Mar/2026:12:40:21 +0000] "GET /shop/lorimer/piste054130464823.shtm HTTP/1.1" 301 - "-" "Mozilla/5.0 AppleWebKit/537.36 (KHTML, like Gecko; compatible; ClaudeBot/1.0; +claudebot@anthropic.com)"
216.73.216.217 - - [29/Mar/2026:12:40:23 +0000] "GET /shop/lorimer/piste054130464823.shtm HTTP/1.1" 404 38887 "https://sunra.be/shop/lorimer/piste054130464823.shtm" "Mozilla/5.0 AppleWebKit/537.36 (KHTML, like Gecko; compatible; ClaudeBot/1.0; +claudebot@anthropic.com)"
187.94.129.67 - - [29/Mar/2026:12:40:32 +0000] "GET /shopdetail/girl/287023638 HTTP/1.1" 404 38869 "-" "Mozilla/5.0 (Macintosh; Intel Mac OS X 14_4_0) AppleWebKit/537.36 (KHTML, like Gecko) Chrome/134.0.6998.45"
124.217.74.11 - - [29/Mar/2026:12:40:35 +0000] "GET /shop/inabstracted/dangleberry031319657236.shtm HTTP/1.1" 301 - "-" "Mozilla/5.0 (Macintosh; Intel Mac OS X 12.6; rv:125.0) Gecko/20100101 Firefox/125.0"
113.179.106.33 - - [29/Mar/2026:12:40:39 +0000] "GET /shop/inabstracted/dangleberry031319657236.shtm HTTP/1.1" 404 38909 "-" "Mozilla/5.0 (Macintosh; Intel Mac OS X 12.6; rv:125.0) Gecko/20100101 Firefox/125.0"
216.73.216.217 - - [29/Mar/2026:12:40:51 +0000] "GET /shop/paltock/reimpose062303137993.shtm HTTP/1.1" 301 - "-" "Mozilla/5.0 AppleWebKit/537.36 (KHTML, like Gecko; compatible; ClaudeBot/1.0; +claudebot@anthropic.com)"
217.182.68.102 - - [29/Mar/2026:12:40:53 +0000] "POST /wp-cron.php?doing_wp_cron=1774788053.3876879215240478515625 HTTP/1.1" 200 - "-" "WordPress/6.9.4; https://www.sunra.be"
216.73.216.217 - - [29/Mar/2026:12:40:54 +0000] "GET /shop/paltock/reimpose062303137993.shtm HTTP/1.1" 404 38893 "https://sunra.be/shop/paltock/reimpose062303137993.shtm" "Mozilla/5.0 AppleWebKit/537.36 (KHTML, like Gecko; compatible; ClaudeBot/1.0; +claudebot@anthropic.com)"
207.46.13.63 - - [29/Mar/2026:12:40:58 +0000] "GET /shop/roughskin/bullying051450391324.shtml HTTP/1.1" 200 226099 "-" "Mozilla/5.0 AppleWebKit/537.36 (KHTML, like Gecko; compatible; bingbot/2.0; +http://www.bing.com/bingbot.htm) Chrome/116.0.1938.76 Safari/537.36"
216.73.216.217 - - [29/Mar/2026:12:41:05 +0000] "GET /shop/prepenial/marginal061233845290.shtm HTTP/1.1" 301 - "-" "Mozilla/5.0 AppleWebKit/537.36 (KHTML, like Gecko; compatible; ClaudeBot/1.0; +claudebot@anthropic.com)"
114.119.151.83 - - [29/Mar/2026:12:41:06 +0000] "GET /shop/loculate/uncessant06400283804.shtm HTTP/1.1" 301 - "https://sunra.be/?sitemap297.xml" "Mozilla/5.0 (Linux; Android 7.0;) AppleWebKit/537.36 (KHTML, like Gecko) Mobile Safari/537.36 (compatible; PetalBot;+https://webmaster.petalsearch.com/site/petalbot)"
216.73.216.217 - - [29/Mar/2026:12:41:07 +0000] "GET /shop/prepenial/marginal061233845290.shtm HTTP/1.1" 404 38897 "https://sunra.be/shop/prepenial/marginal061233845290.shtm" "Mozilla/5.0 AppleWebKit/537.36 (KHTML, like Gecko; compatible; ClaudeBot/1.0; +claudebot@anthropic.com)"
14.234.243.38 - - [29/Mar/2026:12:41:15 +0000] "GET /shop/moratory/sphaerulite022342736341.shtm HTTP/1.1" 301 - "-" "Mozilla/5.0 (Macintosh; Intel Mac OS X 15_4_1) AppleWebKit/537.36 (KHTML, like Gecko) Chrome/134.0.6998.88 Safari/537.36"
5.34.58.217 - - [29/Mar/2026:12:41:18 +0000] "GET /shop/moratory/sphaerulite022342736341.shtm HTTP/1.1" 404 38901 "-" "Mozilla/5.0 (Macintosh; Intel Mac OS X 15_4_1) AppleWebKit/537.36 (KHTML, like Gecko) Chrome/134.0.6998.88 Safari/537.36"
216.73.216.217 - - [29/Mar/2026:12:41:20 +0000] "GET /shop/attollent/tonsillitis064148284415.shtm HTTP/1.1" 301 - "-" "Mozilla/5.0 AppleWebKit/537.36 (KHTML, like Gecko; compatible; ClaudeBot/1.0; +claudebot@anthropic.com)"
216.73.216.217 - - [29/Mar/2026:12:41:22 +0000] "GET /shop/attollent/tonsillitis064148284415.shtm HTTP/1.1" 404 38903 "https://sunra.be/shop/attollent/tonsillitis064148284415.shtm" "Mozilla/5.0 AppleWebKit/537.36 (KHTML, like Gecko; compatible; ClaudeBot/1.0; +claudebot@anthropic.com)"
216.73.216.217 - - [29/Mar/2026:12:41:23 +0000] "GET /shop/cavolina/rawhide052158480587.shtm HTTP/1.1" 301 - "-" "Mozilla/5.0 AppleWebKit/537.36 (KHTML, like Gecko; compatible; ClaudeBot/1.0; +claudebot@anthropic.com)"
216.73.216.217 - - [29/Mar/2026:12:41:25 +0000] "GET /shop/cavolina/rawhide052158480587.shtm HTTP/1.1" 404 38893 "https://sunra.be/shop/cavolina/rawhide052158480587.shtm" "Mozilla/5.0 AppleWebKit/537.36 (KHTML, like Gecko; compatible; ClaudeBot/1.0; +claudebot@anthropic.com)"
14.234.34.184 - - [29/Mar/2026:12:41:34 +0000] "GET /shopdetail/growing/026000625 HTTP/1.1" 404 38875 "-" "Mozilla/5.0 (Macintosh; Intel Mac OS X 12_7_2) AppleWebKit/537.36 (KHTML, like Gecko) Chrome/130.0.6723.191 Safari/537.36"
216.73.216.217 - - [29/Mar/2026:12:41:36 +0000] "GET /shop/skute/sonneter051406594543.shtm HTTP/1.1" 301 - "-" "Mozilla/5.0 AppleWebKit/537.36 (KHTML, like Gecko; compatible; ClaudeBot/1.0; +claudebot@anthropic.com)"
216.73.216.217 - - [29/Mar/2026:12:41:38 +0000] "GET /shop/skute/sonneter051406594543.shtm HTTP/1.1" 404 38889 "https://sunra.be/shop/skute/sonneter051406594543.shtm" "Mozilla/5.0 AppleWebKit/537.36 (KHTML, like Gecko; compatible; ClaudeBot/1.0; +claudebot@anthropic.com)"
216.73.216.217 - - [29/Mar/2026:12:41:50 +0000] "GET /shop/seriph/connote001705558501.shtm HTTP/1.1" 301 - "-" "Mozilla/5.0 AppleWebKit/537.36 (KHTML, like Gecko; compatible; ClaudeBot/1.0; +claudebot@anthropic.com)"
216.73.216.217 - - [29/Mar/2026:12:41:51 +0000] "GET /shop/seriph/connote001705558501.shtm HTTP/1.1" 404 38889 "https://sunra.be/shop/seriph/connote001705558501.shtm" "Mozilla/5.0 AppleWebKit/537.36 (KHTML, like Gecko; compatible; ClaudeBot/1.0; +claudebot@anthropic.com)"
217.182.68.102 - - [29/Mar/2026:12:41:53 +0000] "POST /wp-cron.php?doing_wp_cron=1774788113.4138679504394531250000 HTTP/1.1" 200 - "-" "WordPress/6.9.4; https://www.sunra.be"
47.82.11.167 - - [29/Mar/2026:12:41:59 +0000] "GET /?u=17313174418200&channel=f27619&from=product.php?id%3D1744182-14129%26name%3D%E3%82%A2%E3%83%AB%E3%83%88%E3%83%A9+%E3%82%AA%E3%83%AA%E3%83%B3%E3%83%91%E3%82%B94+%E3%82%A6%E3%82%A3%E3%83%A1%E3%83%B3%E3%82%BA%E3%83%AF%E3%82%A4%E3%83%89 HTTP/1.1" 301 - "https://www.sunra.be/" "Mozilla/5.0 (Windows NT 10.0; Win64; x64) AppleWebKit/537.36 (KHTML, like Gecko) Chrome/135.0.0.0 Safari/537.36 Edg/135.0.0.0"
47.82.11.167 - - [29/Mar/2026:12:42:01 +0000] "GET /?u=17313174418200&channel=f27619&from=product.php?id%3D1744182-14129%26name%3D%E3%82%A2%E3%83%AB%E3%83%88%E3%83%A9%20%E3%82%AA%E3%83%AA%E3%83%B3%E3%83%91%E3%82%B94%20%E3%82%A6%E3%82%A3%E3%83%A1%E3%83%B3%E3%82%BA%E3%83%AF%E3%82%A4%E3%83%89 HTTP/1.1" 301 - "https://www.sunra.be/" "Mozilla/5.0 (Windows NT 10.0; Win64; x64) AppleWebKit/537.36 (KHTML, like Gecko) Chrome/135.0.0.0 Safari/537.36 Edg/135.0.0.0"
216.73.216.217 - - [29/Mar/2026:12:42:04 +0000] "GET /shop/obstetrics/codification00848477918.shtm HTTP/1.1" 301 - "-" "Mozilla/5.0 AppleWebKit/537.36 (KHTML, like Gecko; compatible; ClaudeBot/1.0; +claudebot@anthropic.com)"
216.73.216.217 - - [29/Mar/2026:12:42:05 +0000] "GET /shop/obstetrics/codification00848477918.shtm HTTP/1.1" 404 38905 "https://sunra.be/shop/obstetrics/codification00848477918.shtm" "Mozilla/5.0 AppleWebKit/537.36 (KHTML, like Gecko; compatible; ClaudeBot/1.0; +claudebot@anthropic.com)"
94.121.175.81 - - [29/Mar/2026:12:42:11 +0000] "GET /shop/overbounteous/decretorial042686698393.shtm HTTP/1.1" 301 - "-" "Mozilla/5.0 (Macintosh; Intel Mac OS X 13_7_1) AppleWebKit/537.36 (KHTML, like Gecko) Chrome/133.0.6943.141 Safari/537.36"
95.63.111.94 - - [29/Mar/2026:12:42:14 +0000] "GET /shop/overbounteous/decretorial042686698393.shtm HTTP/1.1" 404 38911 "-" "Mozilla/5.0 (Macintosh; Intel Mac OS X 13_7_1) AppleWebKit/537.36 (KHTML, like Gecko) Chrome/133.0.6943.141 Safari/537.36"
51.75.236.156 - - [29/Mar/2026:12:42:15 +0000] "GET /?v=37279273724 HTTP/1.1" 301 - "-" "Mozilla/5.0 (compatible; AhrefsBot/7.0; +http://ahrefs.com/robot/)"
216.73.216.217 - - [29/Mar/2026:12:42:18 +0000] "GET /shop/malignance/pleasuring00285504975.shtm HTTP/1.1" 301 - "-" "Mozilla/5.0 AppleWebKit/537.36 (KHTML, like Gecko; compatible; ClaudeBot/1.0; +claudebot@anthropic.com)"
216.73.216.217 - - [29/Mar/2026:12:42:20 +0000] "GET /shop/malignance/pleasuring00285504975.shtm HTTP/1.1" 404 38901 "https://sunra.be/shop/malignance/pleasuring00285504975.shtm" "Mozilla/5.0 AppleWebKit/537.36 (KHTML, like Gecko; compatible; ClaudeBot/1.0; +claudebot@anthropic.com)"
114.119.129.167 - - [29/Mar/2026:12:42:31 +0000] "GET /shop/locomotiveness/bavian064167038174.shtm HTTP/1.1" 301 - "https://sunra.be/?sitemap297.xml" "Mozilla/5.0 (Linux; Android 7.0;) AppleWebKit/537.36 (KHTML, like Gecko) Mobile Safari/537.36 (compatible; PetalBot;+https://webmaster.petalsearch.com/site/petalbot)"
216.73.216.217 - - [29/Mar/2026:12:42:31 +0000] "GET /shop/typographically/teddering062311267009.shtm HTTP/1.1" 301 - "-" "Mozilla/5.0 AppleWebKit/537.36 (KHTML, like Gecko; compatible; ClaudeBot/1.0; +claudebot@anthropic.com)"
216.73.216.217 - - [29/Mar/2026:12:42:34 +0000] "GET /shop/typographically/teddering062311267009.shtm HTTP/1.1" 404 38911 "https://sunra.be/shop/typographically/teddering062311267009.shtm" "Mozilla/5.0 AppleWebKit/537.36 (KHTML, like Gecko; compatible; ClaudeBot/1.0; +claudebot@anthropic.com)"
14.237.123.214 - - [29/Mar/2026:12:42:39 +0000] "GET /shopdetail/growing/055017444 HTTP/1.1" 404 38875 "-" "Mozilla/5.0 (Windows NT 10.0; Win64; x64) AppleWebKit/537.36 (KHTML, like Gecko) Chrome/125.0.6422.141 Safari/537.36"
216.73.216.217 - - [29/Mar/2026:12:42:45 +0000] "GET /shop/distributiveness/margarone002879817455.shtm HTTP/1.1" 301 - "-" "Mozilla/5.0 AppleWebKit/537.36 (KHTML, like Gecko; compatible; ClaudeBot/1.0; +claudebot@anthropic.com)"
216.73.216.217 - - [29/Mar/2026:12:42:49 +0000] "GET /shop/distributiveness/margarone002879817455.shtm HTTP/1.1" 404 38913 "https://sunra.be/shop/distributiveness/margarone002879817455.shtm" "Mozilla/5.0 AppleWebKit/537.36 (KHTML, like Gecko; compatible; ClaudeBot/1.0; +claudebot@anthropic.com)"
216.73.216.217 - - [29/Mar/2026:12:43:00 +0000] "GET /shop/divested/dicentra053706534150.shtm HTTP/1.1" 301 - "-" "Mozilla/5.0 AppleWebKit/537.36 (KHTML, like Gecko; compatible; ClaudeBot/1.0; +claudebot@anthropic.com)"
217.182.68.102 - - [29/Mar/2026:12:43:01 +0000] "POST /wp-cron.php?doing_wp_cron=1774788181.6707909107208251953125 HTTP/1.1" 200 - "-" "WordPress/6.9.4; https://www.sunra.be"
216.73.216.217 - - [29/Mar/2026:12:43:03 +0000] "GET /shop/denticulation/dendromyinae051740786877.shtm HTTP/1.1" 301 - "-" "Mozilla/5.0 AppleWebKit/537.36 (KHTML, like Gecko; compatible; ClaudeBot/1.0; +claudebot@anthropic.com)"
216.73.216.217 - - [29/Mar/2026:12:43:03 +0000] "GET /shop/divested/dicentra053706534150.shtm HTTP/1.1" 404 38895 "https://sunra.be/shop/divested/dicentra053706534150.shtm" "Mozilla/5.0 AppleWebKit/537.36 (KHTML, like Gecko; compatible; ClaudeBot/1.0; +claudebot@anthropic.com)"
216.73.216.217 - - [29/Mar/2026:12:43:04 +0000] "GET /shop/denticulation/dendromyinae051740786877.shtm HTTP/1.1" 404 38913 "https://sunra.be/shop/denticulation/dendromyinae051740786877.shtm" "Mozilla/5.0 AppleWebKit/537.36 (KHTML, like Gecko; compatible; ClaudeBot/1.0; +claudebot@anthropic.com)"
222.254.18.201 - - [29/Mar/2026:12:43:07 +0000] "GET /shop/pallial/transvert051720897164.shtm HTTP/1.1" 301 - "-" "Mozilla/5.0 (Macintosh; Intel Mac OS X 14_5_1) AppleWebKit/537.36 (KHTML, like Gecko) Chrome/130.0.6723.191 Safari/537.36"
14.243.94.253 - - [29/Mar/2026:12:43:11 +0000] "GET /shop/pallial/transvert051720897164.shtm HTTP/1.1" 404 38895 "-" "Mozilla/5.0 (Macintosh; Intel Mac OS X 14_5_1) AppleWebKit/537.36 (KHTML, like Gecko) Chrome/130.0.6723.191 Safari/537.36"
216.73.216.217 - - [29/Mar/2026:12:43:17 +0000] "GET /shop/recurrent/promptness053614940004.shtm HTTP/1.1" 301 - "-" "Mozilla/5.0 AppleWebKit/537.36 (KHTML, like Gecko; compatible; ClaudeBot/1.0; +claudebot@anthropic.com)"
216.73.216.217 - - [29/Mar/2026:12:43:18 +0000] "GET /shop/recurrent/promptness053614940004.shtm HTTP/1.1" 404 38901 "https://sunra.be/shop/recurrent/promptness053614940004.shtm" "Mozilla/5.0 AppleWebKit/537.36 (KHTML, like Gecko; compatible; ClaudeBot/1.0; +claudebot@anthropic.com)"
114.119.151.83 - - [29/Mar/2026:12:43:24 +0000] "GET /shop/lockman/expetible06318803610.shtm HTTP/1.1" 301 - "https://sunra.be/?sitemap297.xml" "Mozilla/5.0 (Linux; Android 7.0;) AppleWebKit/537.36 (KHTML, like Gecko) Mobile Safari/537.36 (compatible; PetalBot;+https://webmaster.petalsearch.com/site/petalbot)"
114.119.151.83 - - [29/Mar/2026:12:43:27 +0000] "GET /shop/lockman/expetible06318803610.shtm HTTP/1.1" 404 37552 "https://sunra.be/?sitemap297.xml" "Mozilla/5.0 (Linux; Android 7.0;) AppleWebKit/537.36 (KHTML, like Gecko) Mobile Safari/537.36 (compatible; PetalBot;+https://webmaster.petalsearch.com/site/petalbot)"
216.73.216.217 - - [29/Mar/2026:12:43:31 +0000] "GET /shop/tardity/substantively062629325133.shtm HTTP/1.1" 301 - "-" "Mozilla/5.0 AppleWebKit/537.36 (KHTML, like Gecko; compatible; ClaudeBot/1.0; +claudebot@anthropic.com)"
66.249.74.102 - - [29/Mar/2026:12:43:32 +0000] "GET /?u=1516199002300 HTTP/1.1" 200 218176 "-" "Mozilla/5.0 (Linux; Android 6.0.1; Nexus 5X Build/MMB29P) AppleWebKit/537.36 (KHTML, like Gecko) Chrome/146.0.7680.153 Mobile Safari/537.36 (compatible; Googlebot/2.1; +http://www.google.com/bot.html)"
216.73.216.217 - - [29/Mar/2026:12:43:32 +0000] "GET /shop/tardity/substantively062629325133.shtm HTTP/1.1" 404 38903 "https://sunra.be/shop/tardity/substantively062629325133.shtm" "Mozilla/5.0 AppleWebKit/537.36 (KHTML, like Gecko; compatible; ClaudeBot/1.0; +claudebot@anthropic.com)"
66.249.73.12 - - [29/Mar/2026:12:43:33 +0000] "GET /?u=3560296566405&channel=5e6f8c&from=jp.php?shop/ambuscadoed/septfoil033836310450.shtm HTTP/1.1" 200 223942 "-" "Mozilla/5.0 (Linux; Android 6.0.1; Nexus 5X Build/MMB29P) AppleWebKit/537.36 (KHTML, like Gecko) Chrome/146.0.7680.153 Mobile Safari/537.36 (compatible; Googlebot/2.1; +http://www.google.com/bot.html)"
216.73.216.217 - - [29/Mar/2026:12:43:34 +0000] "GET /shop/villose/rhabarbarate0018508845.shtm HTTP/1.1" 301 - "-" "Mozilla/5.0 AppleWebKit/537.36 (KHTML, like Gecko; compatible; ClaudeBot/1.0; +claudebot@anthropic.com)"
66.249.74.101 - - [29/Mar/2026:12:43:35 +0000] "GET /item.php?products/10058285542 HTTP/1.1" 403 209187 "-" "Mozilla/5.0 (Linux; Android 6.0.1; Nexus 5X Build/MMB29P) AppleWebKit/537.36 (KHTML, like Gecko) Chrome/146.0.7680.153 Mobile Safari/537.36 (compatible; Googlebot/2.1; +http://www.google.com/bot.html)"
66.249.73.13 - - [29/Mar/2026:12:43:37 +0000] "GET /?u=6506111275208&channel=c40a60&from=product.php?shop/priori/phalli00892497644.shtm HTTP/1.1" 200 230548 "-" "Mozilla/5.0 (Linux; Android 6.0.1; Nexus 5X Build/MMB29P) AppleWebKit/537.36 (KHTML, like Gecko) Chrome/146.0.7680.153 Mobile Safari/537.36 (compatible; Googlebot/2.1; +http://www.google.com/bot.html)"
216.73.216.217 - - [29/Mar/2026:12:43:36 +0000] "GET /shop/villose/rhabarbarate0018508845.shtm HTTP/1.1" 404 38897 "https://sunra.be/shop/villose/rhabarbarate0018508845.shtm" "Mozilla/5.0 AppleWebKit/537.36 (KHTML, like Gecko; compatible; ClaudeBot/1.0; +claudebot@anthropic.com)"
14.191.200.14 - - [29/Mar/2026:12:43:42 +0000] "GET /shopdetail/hardware/012020541 HTTP/1.1" 404 38877 "-" "Mozilla/5.0 (Windows NT 10.0; WOW64; rv:126.0) Gecko/20100101 Firefox/126.0"
216.73.216.217 - - [29/Mar/2026:12:43:45 +0000] "GET /shop/klinkstone/melanurus064041974939.shtm HTTP/1.1" 301 - "-" "Mozilla/5.0 AppleWebKit/537.36 (KHTML, like Gecko; compatible; ClaudeBot/1.0; +claudebot@anthropic.com)"
216.73.216.217 - - [29/Mar/2026:12:43:46 +0000] "GET /shop/klinkstone/melanurus064041974939.shtm HTTP/1.1" 404 38901 "https://sunra.be/shop/klinkstone/melanurus064041974939.shtm" "Mozilla/5.0 AppleWebKit/537.36 (KHTML, like Gecko; compatible; ClaudeBot/1.0; +claudebot@anthropic.com)"
216.73.216.217 - - [29/Mar/2026:12:43:59 +0000] "GET /shop/portcullised/skippingly061720154070.shtm HTTP/1.1" 301 - "-" "Mozilla/5.0 AppleWebKit/537.36 (KHTML, like Gecko; compatible; ClaudeBot/1.0; +claudebot@anthropic.com)"
217.182.68.102 - - [29/Mar/2026:12:44:00 +0000] "POST /wp-cron.php?doing_wp_cron=1774788240.7066769599914550781250 HTTP/1.1" 200 - "-" "WordPress/6.9.4; https://www.sunra.be"
216.73.216.217 - - [29/Mar/2026:12:44:02 +0000] "GET /shop/portcullised/skippingly061720154070.shtm HTTP/1.1" 404 38907 "https://sunra.be/shop/portcullised/skippingly061720154070.shtm" "Mozilla/5.0 AppleWebKit/537.36 (KHTML, like Gecko; compatible; ClaudeBot/1.0; +claudebot@anthropic.com)"
123.20.139.53 - - [29/Mar/2026:12:44:03 +0000] "GET /shop/pontobdella/assuagement011765160356.shtm HTTP/1.1" 301 - "-" "Mozilla/5.0 (Macintosh; Intel Mac OS X 12.7; rv:133.0) Gecko/20100101 Firefox/133.0"
123.16.77.82 - - [29/Mar/2026:12:44:08 +0000] "GET /shop/pontobdella/assuagement011765160356.shtm HTTP/1.1" 404 38907 "-" "Mozilla/5.0 (Macintosh; Intel Mac OS X 12.7; rv:133.0) Gecko/20100101 Firefox/133.0"
216.73.216.217 - - [29/Mar/2026:12:44:13 +0000] "GET /shop/cerebric/bacteriolysis041006091733.shtm HTTP/1.1" 301 - "-" "Mozilla/5.0 AppleWebKit/537.36 (KHTML, like Gecko; compatible; ClaudeBot/1.0; +claudebot@anthropic.com)"
216.73.216.217 - - [29/Mar/2026:12:44:14 +0000] "GET /shop/cerebric/bacteriolysis041006091733.shtm HTTP/1.1" 404 38905 "https://sunra.be/shop/cerebric/bacteriolysis041006091733.shtm" "Mozilla/5.0 AppleWebKit/537.36 (KHTML, like Gecko; compatible; ClaudeBot/1.0; +claudebot@anthropic.com)"
216.73.216.217 - - [29/Mar/2026:12:44:16 +0000] "GET /shop/subcelestial/wroth00362396365.shtm HTTP/1.1" 301 - "-" "Mozilla/5.0 AppleWebKit/537.36 (KHTML, like Gecko; compatible; ClaudeBot/1.0; +claudebot@anthropic.com)"
216.73.216.217 - - [29/Mar/2026:12:44:18 +0000] "GET /shop/subcelestial/wroth00362396365.shtm HTTP/1.1" 404 38895 "https://sunra.be/shop/subcelestial/wroth00362396365.shtm" "Mozilla/5.0 AppleWebKit/537.36 (KHTML, like Gecko; compatible; ClaudeBot/1.0; +claudebot@anthropic.com)"
185.191.171.17 - - [29/Mar/2026:12:44:23 +0000] "GET /ein-leitfaden-fr-ein-sicheres-und-unterhaltsames-erlebnis-bei-pistolo-casino/ HTTP/1.1" 200 43632 "-" "Mozilla/5.0 (compatible; SemrushBot/7~bl; +http://www.semrush.com/bot.html)"
216.73.216.217 - - [29/Mar/2026:12:44:30 +0000] "GET /shop/catapasm/toothpicker002148965236.shtm HTTP/1.1" 301 - "-" "Mozilla/5.0 AppleWebKit/537.36 (KHTML, like Gecko; compatible; ClaudeBot/1.0; +claudebot@anthropic.com)"
216.73.216.217 - - [29/Mar/2026:12:44:32 +0000] "GET /shop/catapasm/toothpicker002148965236.shtm HTTP/1.1" 404 38901 "https://sunra.be/shop/catapasm/toothpicker002148965236.shtm" "Mozilla/5.0 AppleWebKit/537.36 (KHTML, like Gecko; compatible; ClaudeBot/1.0; +claudebot@anthropic.com)"
216.73.216.217 - - [29/Mar/2026:12:44:45 +0000] "GET /shop/needing/cirrous002811282276.shtm HTTP/1.1" 301 - "-" "Mozilla/5.0 AppleWebKit/537.36 (KHTML, like Gecko; compatible; ClaudeBot/1.0; +claudebot@anthropic.com)"
146.174.168.120 - - [29/Mar/2026:12:44:45 +0000] "GET /shopdetail/hurricane/115044534 HTTP/1.1" 404 38879 "-" "Mozilla/5.0 (Macintosh; Intel Mac OS X 13_3_1) AppleWebKit/537.36 (KHTML, like Gecko) Chrome/124.0.6367.207 Safari/537.36"
216.73.216.217 - - [29/Mar/2026:12:44:47 +0000] "GET /shop/capering/trierarch052713619038.shtm HTTP/1.1" 301 - "-" "Mozilla/5.0 AppleWebKit/537.36 (KHTML, like Gecko; compatible; ClaudeBot/1.0; +claudebot@anthropic.com)"
216.73.216.217 - - [29/Mar/2026:12:44:47 +0000] "GET /shop/needing/cirrous002811282276.shtm HTTP/1.1" 404 38891 "https://sunra.be/shop/needing/cirrous002811282276.shtm" "Mozilla/5.0 AppleWebKit/537.36 (KHTML, like Gecko; compatible; ClaudeBot/1.0; +claudebot@anthropic.com)"
216.73.216.217 - - [29/Mar/2026:12:44:49 +0000] "GET /shop/capering/trierarch052713619038.shtm HTTP/1.1" 404 38897 "https://sunra.be/shop/capering/trierarch052713619038.shtm" "Mozilla/5.0 AppleWebKit/537.36 (KHTML, like Gecko; compatible; ClaudeBot/1.0; +claudebot@anthropic.com)"
40.77.167.154 - - [29/Mar/2026:12:44:53 +0000] "GET /?u=39529105694000&channel=df1f99&from=shop.php%3Fid%3D1056940-689%26name%3D%5BESPELIR%5DDJ3AS+%E3%83%87%E3%83%9F%E3%82%AA%284WD%2F1.3L%2F%E3%82%AC%E3%82%BD%E3%83%AA%E3%83%B3%E8%BB%8A%29%E7%94%A8%E3%82%B9%E3%83%BC%E3%83%91%E3%83%BC%E3%83%80%E3%82%A6%E3%83%B3%E3%82%B5%E3%82%B9 HTTP/1.1" 200 210208 "-" "Mozilla/5.0 AppleWebKit/537.36 (KHTML, like Gecko; compatible; bingbot/2.0; +http://www.bing.com/bingbot.htm) Chrome/116.0.1938.76 Safari/537.36"
38.199.63.4 - - [29/Mar/2026:12:44:59 +0000] "GET /shop/repulsively/flatwork031237012566.shtm HTTP/1.1" 301 - "-" "Mozilla/5.0 (Macintosh; Intel Mac OS X 11.3; rv:136.0) Gecko/20100101 Firefox/136.0"
217.182.68.102 - - [29/Mar/2026:12:45:00 +0000] "POST /wp-cron.php?doing_wp_cron=1774788300.4983758926391601562500 HTTP/1.1" 200 - "-" "WordPress/6.9.4; https://www.sunra.be"
216.73.216.217 - - [29/Mar/2026:12:45:01 +0000] "GET /shop/ruing/candidiasis001126656803.shtm HTTP/1.1" 301 - "-" "Mozilla/5.0 AppleWebKit/537.36 (KHTML, like Gecko; compatible; ClaudeBot/1.0; +claudebot@anthropic.com)"
216.73.216.217 - - [29/Mar/2026:12:45:01 +0000] "GET /shop/lithotriptor/askew003345510305.shtm HTTP/1.1" 301 - "-" "Mozilla/5.0 AppleWebKit/537.36 (KHTML, like Gecko; compatible; ClaudeBot/1.0; +claudebot@anthropic.com)"
216.73.216.217 - - [29/Mar/2026:12:45:03 +0000] "GET /shop/ruing/candidiasis001126656803.shtm HTTP/1.1" 404 38895 "https://sunra.be/shop/ruing/candidiasis001126656803.shtm" "Mozilla/5.0 AppleWebKit/537.36 (KHTML, like Gecko; compatible; ClaudeBot/1.0; +claudebot@anthropic.com)"
14.187.157.117 - - [29/Mar/2026:12:45:03 +0000] "GET /shop/repulsively/flatwork031237012566.shtm HTTP/1.1" 404 38901 "-" "Mozilla/5.0 (Macintosh; Intel Mac OS X 11.3; rv:136.0) Gecko/20100101 Firefox/136.0"
216.73.216.217 - - [29/Mar/2026:12:45:04 +0000] "GET /shop/lithotriptor/askew003345510305.shtm HTTP/1.1" 404 38897 "https://sunra.be/shop/lithotriptor/askew003345510305.shtm" "Mozilla/5.0 AppleWebKit/537.36 (KHTML, like Gecko; compatible; ClaudeBot/1.0; +claudebot@anthropic.com)"
5.39.1.247 - - [29/Mar/2026:12:45:05 +0000] "GET /?b=74621264027 HTTP/1.1" 301 - "-" "Mozilla/5.0 (compatible; AhrefsBot/7.0; +http://ahrefs.com/robot/)"
216.73.216.217 - - [29/Mar/2026:12:45:15 +0000] "GET /shop/clavellated/malaxator001828436262.shtm HTTP/1.1" 301 - "-" "Mozilla/5.0 AppleWebKit/537.36 (KHTML, like Gecko; compatible; ClaudeBot/1.0; +claudebot@anthropic.com)"
216.73.216.217 - - [29/Mar/2026:12:45:15 +0000] "GET /shop/bolled/goramy00895132943.shtm HTTP/1.1" 301 - "-" "Mozilla/5.0 AppleWebKit/537.36 (KHTML, like Gecko; compatible; ClaudeBot/1.0; +claudebot@anthropic.com)"
216.73.216.217 - - [29/Mar/2026:12:45:17 +0000] "GET /shop/clavellated/malaxator001828436262.shtm HTTP/1.1" 404 38903 "https://sunra.be/shop/clavellated/malaxator001828436262.shtm" "Mozilla/5.0 AppleWebKit/537.36 (KHTML, like Gecko; compatible; ClaudeBot/1.0; +claudebot@anthropic.com)"
216.73.216.217 - - [29/Mar/2026:12:45:17 +0000] "GET /shop/bolled/goramy00895132943.shtm HTTP/1.1" 404 38885 "https://sunra.be/shop/bolled/goramy00895132943.shtm" "Mozilla/5.0 AppleWebKit/537.36 (KHTML, like Gecko; compatible; ClaudeBot/1.0; +claudebot@anthropic.com)"
216.73.216.217 - - [29/Mar/2026:12:45:28 +0000] "GET /shop/overreckon/inauration003779248128.shtm HTTP/1.1" 301 - "-" "Mozilla/5.0 AppleWebKit/537.36 (KHTML, like Gecko; compatible; ClaudeBot/1.0; +claudebot@anthropic.com)"
216.73.216.217 - - [29/Mar/2026:12:45:31 +0000] "GET /shop/overreckon/inauration003779248128.shtm HTTP/1.1" 404 38903 "https://sunra.be/shop/overreckon/inauration003779248128.shtm" "Mozilla/5.0 AppleWebKit/537.36 (KHTML, like Gecko; compatible; ClaudeBot/1.0; +claudebot@anthropic.com)"
216.73.216.217 - - [29/Mar/2026:12:45:40 +0000] "GET /shop/articulate/picariae062849085158.shtm HTTP/1.1" 301 - "-" "Mozilla/5.0 AppleWebKit/537.36 (KHTML, like Gecko; compatible; ClaudeBot/1.0; +claudebot@anthropic.com)"
216.73.216.217 - - [29/Mar/2026:12:45:43 +0000] "GET /shop/articulate/picariae062849085158.shtm HTTP/1.1" 404 38899 "https://sunra.be/shop/articulate/picariae062849085158.shtm" "Mozilla/5.0 AppleWebKit/537.36 (KHTML, like Gecko; compatible; ClaudeBot/1.0; +claudebot@anthropic.com)"
14.234.209.106 - - [29/Mar/2026:12:45:50 +0000] "GET /shopdetail/introduce/167047674 HTTP/1.1" 404 38879 "-" "Mozilla/5.0 (Macintosh; Intel Mac OS X 13.4; rv:125.0) Gecko/20100101 Firefox/125.0"
216.73.216.217 - - [29/Mar/2026:12:45:51 +0000] "GET /shop/delving/monologist061067153553.shtm HTTP/1.1" 301 - "-" "Mozilla/5.0 AppleWebKit/537.36 (KHTML, like Gecko; compatible; ClaudeBot/1.0; +claudebot@anthropic.com)"
216.73.216.217 - - [29/Mar/2026:12:45:53 +0000] "GET /shop/delving/monologist061067153553.shtm HTTP/1.1" 404 38897 "https://sunra.be/shop/delving/monologist061067153553.shtm" "Mozilla/5.0 AppleWebKit/537.36 (KHTML, like Gecko; compatible; ClaudeBot/1.0; +claudebot@anthropic.com)"
217.182.68.102 - - [29/Mar/2026:12:45:55 +0000] "POST /wp-cron.php?doing_wp_cron=1774788355.4596040248870849609375 HTTP/1.1" 200 - "-" "WordPress/6.9.4; https://www.sunra.be"
14.245.32.54 - - [29/Mar/2026:12:45:55 +0000] "GET /shop/shagged/ensearch06284796752.shtm HTTP/1.1" 301 - "-" "Mozilla/5.0 (Macintosh; Intel Mac OS X 13.6; rv:126.0) Gecko/20100101 Firefox/126.0"
169.224.12.249 - - [29/Mar/2026:12:45:59 +0000] "GET /shop/shagged/ensearch06284796752.shtm HTTP/1.1" 404 38891 "-" "Mozilla/5.0 (Macintosh; Intel Mac OS X 13.6; rv:126.0) Gecko/20100101 Firefox/126.0"
114.119.131.232 - - [29/Mar/2026:12:46:25 +0000] "GET /shop/loculate/uncessant06400283804.shtm HTTP/1.1" 301 - "https://sunra.be/?sitemap297.xml" "Mozilla/5.0 (Linux; Android 7.0;) AppleWebKit/537.36 (KHTML, like Gecko) Mobile Safari/537.36 (compatible; PetalBot;+https://webmaster.petalsearch.com/site/petalbot)"
114.119.131.232 - - [29/Mar/2026:12:46:30 +0000] "GET /shop/loculate/uncessant06400283804.shtm HTTP/1.1" 404 37554 "https://sunra.be/?sitemap297.xml" "Mozilla/5.0 (Linux; Android 7.0;) AppleWebKit/537.36 (KHTML, like Gecko) Mobile Safari/537.36 (compatible; PetalBot;+https://webmaster.petalsearch.com/site/petalbot)"
216.73.216.217 - - [29/Mar/2026:12:46:31 +0000] "GET /shop/adnate/curvate062281683201.shtm HTTP/1.1" 301 - "-" "Mozilla/5.0 AppleWebKit/537.36 (KHTML, like Gecko; compatible; ClaudeBot/1.0; +claudebot@anthropic.com)"
216.73.216.217 - - [29/Mar/2026:12:46:33 +0000] "GET /shop/adnate/curvate062281683201.shtm HTTP/1.1" 404 38889 "https://sunra.be/shop/adnate/curvate062281683201.shtm" "Mozilla/5.0 AppleWebKit/537.36 (KHTML, like Gecko; compatible; ClaudeBot/1.0; +claudebot@anthropic.com)"
216.73.216.217 - - [29/Mar/2026:12:46:38 +0000] "GET /shop/exemplarity/bashing062346582051.shtm HTTP/1.1" 301 - "-" "Mozilla/5.0 AppleWebKit/537.36 (KHTML, like Gecko; compatible; ClaudeBot/1.0; +claudebot@anthropic.com)"
66.249.74.100 - - [29/Mar/2026:12:46:39 +0000] "GET /?w=80466232374 HTTP/1.1" 200 209187 "-" "Mozilla/5.0 (Linux; Android 6.0.1; Nexus 5X Build/MMB29P) AppleWebKit/537.36 (KHTML, like Gecko) Chrome/146.0.7680.153 Mobile Safari/537.36 (compatible; Googlebot/2.1; +http://www.google.com/bot.html)"
216.73.216.217 - - [29/Mar/2026:12:46:42 +0000] "GET /shop/exemplarity/bashing062346582051.shtm HTTP/1.1" 404 38899 "https://sunra.be/shop/exemplarity/bashing062346582051.shtm" "Mozilla/5.0 AppleWebKit/537.36 (KHTML, like Gecko; compatible; ClaudeBot/1.0; +claudebot@anthropic.com)"
216.73.216.217 - - [29/Mar/2026:12:46:47 +0000] "GET /shop/catadioptrical/ululate064258395894.shtm HTTP/1.1" 301 - "-" "Mozilla/5.0 AppleWebKit/537.36 (KHTML, like Gecko; compatible; ClaudeBot/1.0; +claudebot@anthropic.com)"
216.73.216.217 - - [29/Mar/2026:12:46:50 +0000] "GET /shop/catadioptrical/ululate064258395894.shtm HTTP/1.1" 404 38905 "https://sunra.be/shop/catadioptrical/ululate064258395894.shtm" "Mozilla/5.0 AppleWebKit/537.36 (KHTML, like Gecko; compatible; ClaudeBot/1.0; +claudebot@anthropic.com)"
123.31.157.47 - - [29/Mar/2026:12:46:53 +0000] "GET /shop/skirlcock/teague05710798524.shtm HTTP/1.1" 301 - "-" "Mozilla/5.0 (Macintosh; Intel Mac OS X 15_4_0) AppleWebKit/537.36 (KHTML, like Gecko) Chrome/131.0.6778.265 Safari/537.36"
217.182.68.102 - - [29/Mar/2026:12:46:54 +0000] "POST /wp-cron.php?doing_wp_cron=1774788414.5555469989776611328125 HTTP/1.1" 200 - "-" "WordPress/6.9.4; https://www.sunra.be"
14.186.236.214 - - [29/Mar/2026:12:46:54 +0000] "GET /shopdetail/introduce/198008129 HTTP/1.1" 404 38879 "-" "Mozilla/5.0 (Macintosh; Intel Mac OS X 12_6_0) AppleWebKit/537.36 (KHTML, like Gecko) Chrome/129.0.6668.58 Safari/537.36"
186.155.19.21 - - [29/Mar/2026:12:46:58 +0000] "GET /shop/skirlcock/teague05710798524.shtm HTTP/1.1" 404 38891 "-" "Mozilla/5.0 (Macintosh; Intel Mac OS X 15_4_0) AppleWebKit/537.36 (KHTML, like Gecko) Chrome/131.0.6778.265 Safari/537.36"
188.52.130.177 - - [29/Mar/2026:12:47:47 +0000] "GET /shop/spouse/divulgater01322439907.shtm HTTP/1.1" 301 - "-" "Mozilla/5.0 (Macintosh; Intel Mac OS X 12_5_0) AppleWebKit/537.36 (KHTML, like Gecko) Chrome/132.0.6834.160 Safari/537.36"
47.82.11.120 - - [29/Mar/2026:12:47:50 +0000] "GET /?u=87426127902203&channel=6b854f&from=brands.php?id%3D1279022-9%26name%3D%E3%83%96%E3%83%A9%E3%82%B8%E3%83%AB+T%E3%82%B7%E3%83%A3%E3%83%84+%E3%82%A4%E3%82%B0%E3%82%A2%E3%82%B9%E3%81%AE%E6%BB%9D%E5%9B%BD%E7%AB%8B%E5%85%AC%E5%9C%92 HTTP/1.1" 301 - "https://www.sunra.be/" "Mozilla/5.0 (Windows NT 10.0; Win64; x64) AppleWebKit/537.36 (KHTML, like Gecko) Chrome/134.0.0.0 Safari/537.36"
47.82.11.120 - - [29/Mar/2026:12:47:53 +0000] "GET /?u=87426127902203&channel=6b854f&from=brands.php?id%3D1279022-9%26name%3D%E3%83%96%E3%83%A9%E3%82%B8%E3%83%AB%20T%E3%82%B7%E3%83%A3%E3%83%84%20%E3%82%A4%E3%82%B0%E3%82%A2%E3%82%B9%E3%81%AE%E6%BB%9D%E5%9B%BD%E7%AB%8B%E5%85%AC%E5%9C%92 HTTP/1.1" 301 - "https://www.sunra.be/" "Mozilla/5.0 (Windows NT 10.0; Win64; x64) AppleWebKit/537.36 (KHTML, like Gecko) Chrome/134.0.0.0 Safari/537.36"
217.182.68.102 - - [29/Mar/2026:12:47:54 +0000] "POST /wp-cron.php?doing_wp_cron=1774788474.5211799144744873046875 HTTP/1.1" 200 - "-" "WordPress/6.9.4; https://www.sunra.be"
114.119.151.83 - - [29/Mar/2026:12:47:54 +0000] "GET /shop/locomotiveness/bavian064167038174.shtm HTTP/1.1" 301 - "https://sunra.be/?sitemap297.xml" "Mozilla/5.0 (Linux; Android 7.0;) AppleWebKit/537.36 (KHTML, like Gecko) Mobile Safari/537.36 (compatible; PetalBot;+https://webmaster.petalsearch.com/site/petalbot)"
113.190.55.219 - - [29/Mar/2026:12:47:59 +0000] "GET /shopdetail/lane/105044986 HTTP/1.1" 404 38869 "-" "Mozilla/5.0 (Macintosh; Intel Mac OS X 15_4_1) AppleWebKit/537.36 (KHTML, like Gecko) Chrome/127.0.6533.17 Safari/537.36"
114.119.151.83 - - [29/Mar/2026:12:47:59 +0000] "GET /shop/locomotiveness/bavian064167038174.shtm HTTP/1.1" 404 37562 "https://sunra.be/?sitemap297.xml" "Mozilla/5.0 (Linux; Android 7.0;) AppleWebKit/537.36 (KHTML, like Gecko) Mobile Safari/537.36 (compatible; PetalBot;+https://webmaster.petalsearch.com/site/petalbot)"
216.73.216.217 - - [29/Mar/2026:12:48:01 +0000] "GET /shop/equirotal/axminster064077193896.shtm HTTP/1.1" 301 - "-" "Mozilla/5.0 AppleWebKit/537.36 (KHTML, like Gecko; compatible; ClaudeBot/1.0; +claudebot@anthropic.com)"
176.31.139.2 - - [29/Mar/2026:12:48:03 +0000] "GET /?q=22662197626 HTTP/1.1" 301 - "-" "Mozilla/5.0 (compatible; AhrefsBot/7.0; +http://ahrefs.com/robot/)"
49.151.165.193 - - [29/Mar/2026:12:48:02 +0000] "GET /shop/spouse/divulgater01322439907.shtm HTTP/1.1" 404 38893 "-" "Mozilla/5.0 (Macintosh; Intel Mac OS X 12_5_0) AppleWebKit/537.36 (KHTML, like Gecko) Chrome/132.0.6834.160 Safari/537.36"
216.73.216.217 - - [29/Mar/2026:12:48:03 +0000] "GET /shop/equirotal/axminster064077193896.shtm HTTP/1.1" 404 38899 "https://sunra.be/shop/equirotal/axminster064077193896.shtm" "Mozilla/5.0 AppleWebKit/537.36 (KHTML, like Gecko; compatible; ClaudeBot/1.0; +claudebot@anthropic.com)"
168.93.197.166 - - [29/Mar/2026:12:48:06 +0000] "GET /wp-content/uploads/2023/07/Group-12-01.png HTTP/1.1" 200 22578 "-" "Mozilla/5.0 (compatible; crawler)"
216.73.216.217 - - [29/Mar/2026:12:48:08 +0000] "GET /shop/flimsiest/desire052079972397.shtm HTTP/1.1" 301 - "-" "Mozilla/5.0 AppleWebKit/537.36 (KHTML, like Gecko; compatible; ClaudeBot/1.0; +claudebot@anthropic.com)"
216.73.216.217 - - [29/Mar/2026:12:48:10 +0000] "GET /shop/flimsiest/desire052079972397.shtm HTTP/1.1" 404 38893 "https://sunra.be/shop/flimsiest/desire052079972397.shtm" "Mozilla/5.0 AppleWebKit/537.36 (KHTML, like Gecko; compatible; ClaudeBot/1.0; +claudebot@anthropic.com)"
103.136.201.14 - - [29/Mar/2026:12:48:43 +0000] "GET /shop/teething/clone043106037977.shtm HTTP/1.1" 301 - "-" "Mozilla/5.0 (Windows NT 10.0; Win64; x64) AppleWebKit/537.36 (KHTML, like Gecko) Chrome/128.0.6613.137 Safari/537.36"
116.99.255.216 - - [29/Mar/2026:12:49:03 +0000] "GET /shopdetail/lane/146020363 HTTP/1.1" 404 38869 "-" "Mozilla/5.0 (Macintosh; Intel Mac OS X 14.3; rv:132.0) Gecko/20100101 Firefox/132.0"
217.182.68.102 - - [29/Mar/2026:12:49:04 +0000] "POST /wp-cron.php?doing_wp_cron=1774788544.9216160774230957031250 HTTP/1.1" 200 - "-" "WordPress/6.9.4; https://www.sunra.be"
216.73.216.217 - - [29/Mar/2026:12:49:08 +0000] "GET /shop/silene/fleshliness053468397453.shtm HTTP/1.1" 301 - "-" "Mozilla/5.0 AppleWebKit/537.36 (KHTML, like Gecko; compatible; ClaudeBot/1.0; +claudebot@anthropic.com)"
216.73.216.217 - - [29/Mar/2026:12:49:09 +0000] "GET /shop/silene/fleshliness053468397453.shtm HTTP/1.1" 404 38897 "https://sunra.be/shop/silene/fleshliness053468397453.shtm" "Mozilla/5.0 AppleWebKit/537.36 (KHTML, like Gecko; compatible; ClaudeBot/1.0; +claudebot@anthropic.com)"
114.119.145.36 - - [29/Mar/2026:12:49:12 +0000] "GET /shop/lobule/maturescent06256069334.shtm HTTP/1.1" 301 - "https://sunra.be/?sitemap297.xml" "Mozilla/5.0 (Linux; Android 7.0;) AppleWebKit/537.36 (KHTML, like Gecko) Mobile Safari/537.36 (compatible; PetalBot;+https://webmaster.petalsearch.com/site/petalbot)"
114.119.145.36 - - [29/Mar/2026:12:49:18 +0000] "GET /shop/lobule/maturescent06256069334.shtm HTTP/1.1" 404 37554 "https://sunra.be/?sitemap297.xml" "Mozilla/5.0 (Linux; Android 7.0;) AppleWebKit/537.36 (KHTML, like Gecko) Mobile Safari/537.36 (compatible; PetalBot;+https://webmaster.petalsearch.com/site/petalbot)"
146.174.183.130 - - [29/Mar/2026:12:49:38 +0000] "GET /shop/xanthocephalus/hemerobian04105399301.shtm HTTP/1.1" 301 - "-" "Mozilla/5.0 (Macintosh; Intel Mac OS X 14_5_0) AppleWebKit/537.36 (KHTML, like Gecko) Chrome/133.0.6943.98 Safari/537.36"
202.76.136.206 - - [29/Mar/2026:12:49:40 +0000] "GET /shop/xanthocephalus/hemerobian04105399301.shtm HTTP/1.1" 404 38909 "-" "Mozilla/5.0 (Macintosh; Intel Mac OS X 14_5_0) AppleWebKit/537.36 (KHTML, like Gecko) Chrome/133.0.6943.98 Safari/537.36"
216.73.216.217 - - [29/Mar/2026:12:50:09 +0000] "GET /shop/debage/retain06146132890.shtm HTTP/1.1" 301 - "-" "Mozilla/5.0 AppleWebKit/537.36 (KHTML, like Gecko; compatible; ClaudeBot/1.0; +claudebot@anthropic.com)"
217.182.68.102 - - [29/Mar/2026:12:50:10 +0000] "POST /wp-cron.php?doing_wp_cron=1774788610.8998448848724365234375 HTTP/1.1" 200 - "-" "WordPress/6.9.4; https://www.sunra.be"
41.188.119.125 - - [29/Mar/2026:12:50:10 +0000] "GET /shopdetail/managing/019046846 HTTP/1.1" 404 38877 "-" "Mozilla/5.0 (Macintosh; Intel Mac OS X 12_7_3) AppleWebKit/537.36 (KHTML, like Gecko) Chrome/124.0.6367.82 Safari/537.36"
217.182.68.102 - - [29/Mar/2026:12:50:12 +0000] "POST /wp-cron.php?doing_wp_cron=1774788612.3378019332885742187500 HTTP/1.1" 200 - "-" "WordPress/6.9.4; https://www.sunra.be"
216.73.216.217 - - [29/Mar/2026:12:50:12 +0000] "GET /shop/debage/retain06146132890.shtm HTTP/1.1" 404 38885 "https://sunra.be/shop/debage/retain06146132890.shtm" "Mozilla/5.0 AppleWebKit/537.36 (KHTML, like Gecko; compatible; ClaudeBot/1.0; +claudebot@anthropic.com)"
216.73.216.217 - - [29/Mar/2026:12:50:24 +0000] "GET /shop/simplers/prefloration06240283265.shtm HTTP/1.1" 301 - "-" "Mozilla/5.0 AppleWebKit/537.36 (KHTML, like Gecko; compatible; ClaudeBot/1.0; +claudebot@anthropic.com)"
216.73.216.217 - - [29/Mar/2026:12:50:26 +0000] "GET /shop/simplers/prefloration06240283265.shtm HTTP/1.1" 404 38901 "https://sunra.be/shop/simplers/prefloration06240283265.shtm" "Mozilla/5.0 AppleWebKit/537.36 (KHTML, like Gecko; compatible; ClaudeBot/1.0; +claudebot@anthropic.com)"
114.119.151.83 - - [29/Mar/2026:12:50:27 +0000] "GET /shop/lobbying/dioceses061861734929.shtm HTTP/1.1" 301 - "https://sunra.be/?sitemap297.xml" "Mozilla/5.0 (Linux; Android 7.0;) AppleWebKit/537.36 (KHTML, like Gecko) Mobile Safari/537.36 (compatible; PetalBot;+https://webmaster.petalsearch.com/site/petalbot)"
114.119.151.83 - - [29/Mar/2026:12:50:31 +0000] "GET /shop/lobbying/dioceses061861734929.shtm HTTP/1.1" 404 37554 "https://sunra.be/?sitemap297.xml" "Mozilla/5.0 (Linux; Android 7.0;) AppleWebKit/537.36 (KHTML, like Gecko) Mobile Safari/537.36 (compatible; PetalBot;+https://webmaster.petalsearch.com/site/petalbot)"
14.236.81.40 - - [29/Mar/2026:12:50:35 +0000] "GET /shopdetail/act/181048770 HTTP/1.1" 301 - "-" "Mozilla/4.0 (compatible; MSIE 8.0; Windows NT 6.1; WOW64; Trident/4.0; SLCC2; .NET CLR 2.0.50727; .NET CLR 3.5.30729; .NET CLR 3.0.30729; Media Center PC 6.0; Zune 3.0)"
14.182.115.30 - - [29/Mar/2026:12:50:39 +0000] "GET /shopdetail/act/181048770 HTTP/1.1" 404 38867 "-" "Mozilla/4.0 (compatible; MSIE 8.0; Windows NT 6.1; WOW64; Trident/4.0; SLCC2; .NET CLR 2.0.50727; .NET CLR 3.5.30729; .NET CLR 3.0.30729; Media Center PC 6.0; Zune 3.0)"
216.73.216.217 - - [29/Mar/2026:12:50:41 +0000] "GET /shop/palsgrave/drupe051304345922.shtm HTTP/1.1" 301 - "-" "Mozilla/5.0 AppleWebKit/537.36 (KHTML, like Gecko; compatible; ClaudeBot/1.0; +claudebot@anthropic.com)"
216.73.216.217 - - [29/Mar/2026:12:50:43 +0000] "GET /shop/palsgrave/drupe051304345922.shtm HTTP/1.1" 404 38891 "https://sunra.be/shop/palsgrave/drupe051304345922.shtm" "Mozilla/5.0 AppleWebKit/537.36 (KHTML, like Gecko; compatible; ClaudeBot/1.0; +claudebot@anthropic.com)"
34.83.25.123 - - [29/Mar/2026:12:50:52 +0000] "GET / HTTP/1.1" 401 36 "-" "Mozilla/5.0 (Windows NT 10.0; Win64; x64) AppleWebKit/537.36 (KHTML, like Gecko) Chrome/78.0.3904.108 Safari/537.36"
34.83.25.123 - - [29/Mar/2026:12:50:52 +0000] "GET //wp-includes/wlwmanifest.xml HTTP/1.1" 401 36 "-" "Mozilla/5.0 (Windows NT 10.0; Win64; x64) AppleWebKit/537.36 (KHTML, like Gecko) Chrome/78.0.3904.108 Safari/537.36"
34.83.25.123 - - [29/Mar/2026:12:50:53 +0000] "GET //xmlrpc.php?rsd HTTP/1.1" 401 36 "-" "Mozilla/5.0 (Windows NT 10.0; Win64; x64) AppleWebKit/537.36 (KHTML, like Gecko) Chrome/78.0.3904.108 Safari/537.36"
34.83.25.123 - - [29/Mar/2026:12:50:53 +0000] "GET / HTTP/1.1" 401 36 "-" "Mozilla/5.0 (Windows NT 10.0; Win64; x64) AppleWebKit/537.36 (KHTML, like Gecko) Chrome/78.0.3904.108 Safari/537.36"
34.83.25.123 - - [29/Mar/2026:12:50:53 +0000] "GET //blog/wp-includes/wlwmanifest.xml HTTP/1.1" 401 36 "-" "Mozilla/5.0 (Windows NT 10.0; Win64; x64) AppleWebKit/537.36 (KHTML, like Gecko) Chrome/78.0.3904.108 Safari/537.36"
